[INFO] fetching crate fbxscii 0.1.2...
[INFO] testing fbxscii-0.1.2 against 1.100.0-beta.1+cargoflags=--release for beta-release-1.100-2
[INFO] extracting crate fbxscii 0.1.2 into /workspace/builds/worker-0-tc2/source
[INFO] started tweaking crates.io crate fbxscii 0.1.2
[INFO] removed 0 missing tests
[INFO] finished tweaking crates.io crate fbxscii 0.1.2
[INFO] tweaked toml for crates.io crate fbxscii 0.1.2 written to /workspace/builds/worker-0-tc2/source/Cargo.toml
[INFO] validating manifest of crates.io crate fbxscii 0.1.2 on toolchain 1.100.0-beta.1
[INFO] running `Command { std: CARGO_HOME="/workspace/cargo-home" RUSTUP_HOME="/workspace/rustup-home" "/workspace/cargo-home/bin/cargo" "+1.100.0-beta.1" "metadata" "--manifest-path" "Cargo.toml" "--no-deps", kill_on_drop: false }`
[INFO] crate crates.io crate fbxscii 0.1.2 already has a lockfile, it will not be regenerated
[INFO] running `Command { std: CARGO_HOME="/workspace/cargo-home" RUSTUP_HOME="/workspace/rustup-home" "/workspace/cargo-home/bin/cargo" "+1.100.0-beta.1" "fetch" "--manifest-path" "Cargo.toml", kill_on_drop: false }`
[INFO] running `Command { std: "docker" "create" "-v" "/var/lib/crater-agent-workspace/builds/worker-0-tc2/source:/opt/rustwide/workdir:ro,Z" "-v" "/var/lib/crater-agent-workspace/builds/worker-0-tc2/target:/opt/rustwide/target:rw,Z" "-v" "/var/lib/crater-agent-workspace/cargo-home:/opt/rustwide/cargo-home:ro,Z" "-v" "/var/lib/crater-agent-workspace/rustup-home:/opt/rustwide/rustup-home:ro,Z" "-m" "1610612736" "--network" "none" "ghcr.io/rust-lang/crates-build-env/linux@sha256:77db811e55d90add9212f6832c23229e3de5f1c1f9905e8cb07319ea15df73ac" "sleep" "infinity", kill_on_drop: false }`
[INFO] [stdout] 043591e17a96ce80635e39db1ea19552627591f7e0f0d6446be83016787d5578
[INFO] running `Command { std: "docker" "start" "043591e17a96ce80635e39db1ea19552627591f7e0f0d6446be83016787d5578", kill_on_drop: false }`
[INFO] running `Command { std: "docker" "inspect" "043591e17a96ce80635e39db1ea19552627591f7e0f0d6446be83016787d5578", kill_on_drop: false }`
[INFO] running `Command { std: "docker" "exec" "-e" "SOURCE_DIR=/opt/rustwide/workdir" "-e" "CARGO_HOME=/opt/rustwide/cargo-home" "-e" "RUSTUP_HOME=/opt/rustwide/rustup-home" "-e" "CARGO_TARGET_DIR=/opt/rustwide/target" "-w" "/opt/rustwide/workdir" "--user" "0:0" "043591e17a96ce80635e39db1ea19552627591f7e0f0d6446be83016787d5578" "/opt/rustwide/cargo-home/bin/cargo" "+1.100.0-beta.1" "metadata" "--no-deps" "--format-version=1", kill_on_drop: false }`
[INFO] running `Command { std: "docker" "inspect" "043591e17a96ce80635e39db1ea19552627591f7e0f0d6446be83016787d5578", kill_on_drop: false }`
[INFO] running `Command { std: "docker" "exec" "-e" "SOURCE_DIR=/opt/rustwide/workdir" "-e" "CARGO_HOME=/opt/rustwide/cargo-home" "-e" "RUSTUP_HOME=/opt/rustwide/rustup-home" "-e" "CARGO_TARGET_DIR=/opt/rustwide/target" "-e" "CARGO_INCREMENTAL=0" "-e" "RUST_BACKTRACE=full" "-e" "RUSTFLAGS=--cap-lints=warn" "-e" "RUSTDOCFLAGS=--cap-lints=warn" "-w" "/opt/rustwide/workdir" "--user" "0:0" "043591e17a96ce80635e39db1ea19552627591f7e0f0d6446be83016787d5578" "/opt/rustwide/cargo-home/bin/cargo" "+1.100.0-beta.1" "build" "--frozen" "--message-format=json" "--release", kill_on_drop: false }`
[INFO] [stderr]    Compiling fbxscii v0.1.2 (/opt/rustwide/workdir)
[INFO] [stdout] warning: variable does not need to be mutable
[INFO] [stdout]    --> src/parser.rs:608:13
[INFO] [stdout]     |
[INFO] [stdout] 608 |         let mut iter = self.iter();
[INFO] [stdout]     |             ----^^^^
[INFO] [stdout]     |             |
[INFO] [stdout]     |             help: remove this `mut`
[INFO] [stdout]     |
[INFO] [stdout]     = note: `#[warn(unused_mut)]` (part of `#[warn(unused)]`) on by default
[INFO] [stdout] 
[INFO] [stdout] 
[INFO] [stderr]     Finished `release` profile [optimized] target(s) in 0.76s
[INFO] running `Command { std: "docker" "inspect" "043591e17a96ce80635e39db1ea19552627591f7e0f0d6446be83016787d5578", kill_on_drop: false }`
[INFO] running `Command { std: "docker" "exec" "-e" "SOURCE_DIR=/opt/rustwide/workdir" "-e" "CARGO_HOME=/opt/rustwide/cargo-home" "-e" "RUSTUP_HOME=/opt/rustwide/rustup-home" "-e" "CARGO_TARGET_DIR=/opt/rustwide/target" "-e" "CARGO_INCREMENTAL=0" "-e" "RUST_BACKTRACE=full" "-e" "RUSTFLAGS=--cap-lints=warn" "-e" "RUSTDOCFLAGS=--cap-lints=warn" "-w" "/opt/rustwide/workdir" "--user" "0:0" "043591e17a96ce80635e39db1ea19552627591f7e0f0d6446be83016787d5578" "/opt/rustwide/cargo-home/bin/cargo" "+1.100.0-beta.1" "test" "--frozen" "--no-run" "--message-format=json" "--release", kill_on_drop: false }`
[INFO] [stderr]    Compiling fbxscii v0.1.2 (/opt/rustwide/workdir)
[INFO] [stdout] warning: variable does not need to be mutable
[INFO] [stdout]    --> src/parser.rs:608:13
[INFO] [stdout]     |
[INFO] [stdout] 608 |         let mut iter = self.iter();
[INFO] [stdout]     |             ----^^^^
[INFO] [stdout]     |             |
[INFO] [stdout]     |             help: remove this `mut`
[INFO] [stdout]     |
[INFO] [stdout]     = note: `#[warn(unused_mut)]` (part of `#[warn(unused)]`) on by default
[INFO] [stdout] 
[INFO] [stdout] 
[INFO] [stdout] warning: variable does not need to be mutable
[INFO] [stdout]    --> src/parser.rs:608:13
[INFO] [stdout]     |
[INFO] [stdout] 608 |         let mut iter = self.iter();
[INFO] [stdout]     |             ----^^^^
[INFO] [stdout]     |             |
[INFO] [stdout]     |             help: remove this `mut`
[INFO] [stdout]     |
[INFO] [stdout]     = note: `#[warn(unused_mut)]` (part of `#[warn(unused)]`) on by default
[INFO] [stdout] 
[INFO] [stdout] 
[INFO] [stderr]     Finished `release` profile [optimized] target(s) in 1.78s
[INFO] running `Command { std: "docker" "inspect" "043591e17a96ce80635e39db1ea19552627591f7e0f0d6446be83016787d5578", kill_on_drop: false }`
[INFO] running `Command { std: "docker" "exec" "-e" "SOURCE_DIR=/opt/rustwide/workdir" "-e" "CARGO_HOME=/opt/rustwide/cargo-home" "-e" "RUSTUP_HOME=/opt/rustwide/rustup-home" "-e" "CARGO_TARGET_DIR=/opt/rustwide/target" "-e" "CARGO_INCREMENTAL=0" "-e" "RUST_BACKTRACE=full" "-e" "RUSTFLAGS=--cap-lints=warn" "-e" "RUSTDOCFLAGS=--cap-lints=warn" "-w" "/opt/rustwide/workdir" "--user" "0:0" "043591e17a96ce80635e39db1ea19552627591f7e0f0d6446be83016787d5578" "/opt/rustwide/cargo-home/bin/cargo" "+1.100.0-beta.1" "test" "--frozen" "--release", kill_on_drop: false }`
[INFO] [stderr] warning: variable does not need to be mutable
[INFO] [stderr]    --> src/parser.rs:608:13
[INFO] [stderr]     |
[INFO] [stderr] 608 |         let mut iter = self.iter();
[INFO] [stderr]     |             ----^^^^
[INFO] [stderr]     |             |
[INFO] [stderr]     |             help: remove this `mut`
[INFO] [stderr]     |
[INFO] [stderr]     = note: `#[warn(unused_mut)]` (part of `#[warn(unused)]`) on by default
[INFO] [stderr] 
[INFO] [stderr] warning: `fbxscii` (lib) generated 1 warning (run `cargo fix --lib -p fbxscii` to apply 1 suggestion)
[INFO] [stderr] warning: `fbxscii` (lib test) generated 1 warning (1 duplicate)
[INFO] [stderr]     Finished `release` profile [optimized] target(s) in 0.02s
[INFO] [stderr]      Running unittests src/lib.rs (/opt/rustwide/target/release/build/fbxscii/20929b6e954b12da/out/fbxscii-20929b6e954b12da)
[INFO] [stdout] 
[INFO] [stdout] running 23 tests
[INFO] [stdout] test tokenizer::tests::test_read_line_braces ... ok
[INFO] [stdout] test parser::tests::extract_subtree_from_parsed_fbx_header_matches_leaf_and_subtree ... ok
[INFO] [stdout] test tokenizer::tests::test_read_line_comment ... ok
[INFO] [stdout] test tokenizer::tests::test_read_line ... ok
[INFO] [stdout] test tokenizer::tests::test_read_line_data_with_quotes ... ok
[INFO] [stdout] test parser::tests::extract_subtree_subtree_has_consistent_parent_child_links ... ok
[INFO] [stdout] test parser::tests::extract_subtree_inner_node_is_leaf_in_new_arena ... ok
[INFO] [stdout] test tokenizer::tests::test_read_line_empty ... ok
[INFO] [stdout] test parser::tests::extract_subtree_leaf_element_attribute ... ok
[INFO] [stdout] test tokenizer::tests::test_read_line_empty_line ... ok
[INFO] [stdout] test parser::tests::test_parser_load_empty ... ok
[INFO] [stdout] test tokenizer::tests::test_read_line_key ... ok
[INFO] [stdout] test tokenizer::tests::test_read_line_key_with_whitespace ... ok
[INFO] [stdout] test tokenizer::tests::test_read_line_data_key_value ... ok
[INFO] [stdout] test tokenizer::tests::test_read_line_data_with_quotes_and_whitespace ... ok
[INFO] [stdout] test tokenizer::tests::test_read_multiline_data_with_quotes ... ok
[INFO] [stdout] test tokenizer::tests::test_read_line_unescape_quote ... ok
[INFO] [stdout] test parser::tests::extract_subtree_oob_returns_none ... ok
[INFO] [stdout] test parser::tests::extract_subtree_nested_yields_subtree_element_attribute ... ok
[INFO] [stdout] test tokenizer::tests::test_read_line_data_with_multiple_quotes ... ok
[INFO] [stdout] test parser::tests::test_parser_read_line ... ok
[INFO] [stdout] test parser::tests::extract_subtree_deep_chain_preserves_tokens_at_each_level ... ok
[INFO] [stdout] test parser::tests::test_parser_read_line_key ... ok
[INFO] [stdout] 
[INFO] [stdout] test result: ok. 23 passed; 0 failed; 0 ignored; 0 measured; 0 filtered out; finished in 0.02s
[INFO] [stdout] 
[INFO] [stderr]      Running tests/load.rs (/opt/rustwide/target/release/build/fbxscii/57478c2c68122131/out/load-57478c2c68122131)
[INFO] [stdout] 
[INFO] [stdout] running 3 tests
[INFO] [stdout] test duck_fbx_fixture_semantics_match_fbx_dom_asset ... FAILED
[INFO] [stdout] test test_tokenizer_load_duck ... FAILED
[INFO] [stdout] test test_parser_load_duck ... FAILED
[INFO] [stdout] 
[INFO] [stdout] failures:
[INFO] [stdout] 
[INFO] [stdout] ---- duck_fbx_fixture_semantics_match_fbx_dom_asset stdout ----
[INFO] [stdout] 
[INFO] [stdout] thread 'duck_fbx_fixture_semantics_match_fbx_dom_asset' (216) panicked at tests/load.rs:61:5:
[INFO] [stdout] duck.fbx missing at /opt/rustwide/workdir/../fbx-dom/assets/duck.fbx
[INFO] [stdout] stack backtrace:
[INFO] [stdout]    0:     0x58e2fc7529b1 - <<std[617be2ca0a6fd877]::sys::backtrace::BacktraceLock>::print::DisplayBacktrace as core[a373ad73a504971]::fmt::Display>::fmt
[INFO] [stdout]    1:     0x58e2fc7668fa - core[a373ad73a504971]::fmt::write
[INFO] [stdout]    2:     0x58e2fc756bec - <alloc[2e1b2a31b91974c5]::vec::Vec<u8> as core[a373ad73a504971]::io::write::Write>::write_fmt
[INFO] [stdout]    3:     0x58e2fc72ec86 - std[617be2ca0a6fd877]::panicking::default_hook::{closure#0}
[INFO] [stdout]    4:     0x58e2fc74b049 - std[617be2ca0a6fd877]::panicking::default_hook
[INFO] [stdout]    5:     0x58e2fc6e7230 - test[aada8e7e76ba119b]::test_main_inner::{closure#0}
[INFO] [stdout]    6:     0x58e2fc74b202 - std[617be2ca0a6fd877]::panicking::panic_with_hook
[INFO] [stdout]    7:     0x58e2fc72ed32 - std[617be2ca0a6fd877]::panicking::panic_handler::{closure#0}
[INFO] [stdout]    8:     0x58e2fc727a49 - std[617be2ca0a6fd877]::sys::backtrace::__rust_end_short_backtrace::<std[617be2ca0a6fd877]::panicking::panic_handler::{closure#0}, !>
[INFO] [stdout]    9:     0x58e2fc72f93d - __rustc[ea4f61d10b84890b]::rust_begin_unwind
[INFO] [stdout]   10:     0x58e2fc76702c - core[a373ad73a504971]::panicking::panic_fmt
[INFO] [stdout]   11:     0x58e2fc6d758a - <load[c7f9935438632758]::duck_fbx_fixture_semantics_match_fbx_dom_asset::{closure#0} as core[a373ad73a504971]::ops::function::FnOnce<()>>::call_once
[INFO] [stdout]   12:     0x58e2fc6da67b - test[aada8e7e76ba119b]::__rust_begin_short_backtrace::<core[a373ad73a504971]::result::Result<(), alloc[2e1b2a31b91974c5]::string::String>, fn() -> core[a373ad73a504971]::result::Result<(), alloc[2e1b2a31b91974c5]::string::String>>
[INFO] [stdout]   13:     0x58e2fc6e7855 - test[aada8e7e76ba119b]::run_test::{closure#0}
[INFO] [stdout]   14:     0x58e2fc6e1144 - std[617be2ca0a6fd877]::sys::backtrace::__rust_begin_short_backtrace::<test[aada8e7e76ba119b]::run_test::{closure#1}, ()>
[INFO] [stdout]   15:     0x58e2fc6ea8e2 - <std[617be2ca0a6fd877]::thread::lifecycle::spawn_unchecked<test[aada8e7e76ba119b]::run_test::{closure#1}, ()>::{closure#1} as core[a373ad73a504971]::ops::function::FnOnce<()>>::call_once::{shim:vtable#0}
[INFO] [stdout]   16:     0x58e2fc75220f - <std[617be2ca0a6fd877]::sys::thread::unix::Thread>::new::thread_start
[INFO] [stdout]   17:     0x74c0ad156dfa - <unknown>
[INFO] [stdout]   18:     0x74c0ad1ea3d4 - clone
[INFO] [stdout]   19:                0x0 - <unknown>
[INFO] [stdout] 
[INFO] [stdout] ---- test_tokenizer_load_duck stdout ----
[INFO] [stdout] 
[INFO] [stdout] thread 'test_tokenizer_load_duck' (218) panicked at tests/load.rs:28:5:
[INFO] [stdout] duck.fbx missing at /opt/rustwide/workdir/../fbx-dom/assets/duck.fbx (expected fbx-dom test asset)
[INFO] [stdout] stack backtrace:
[INFO] [stdout]    0:     0x58e2fc7529b1 - <<std[617be2ca0a6fd877]::sys::backtrace::BacktraceLock>::print::DisplayBacktrace as core[a373ad73a504971]::fmt::Display>::fmt
[INFO] [stdout]    1:     0x58e2fc7668fa - core[a373ad73a504971]::fmt::write
[INFO] [stdout]    2:     0x58e2fc756bec - <alloc[2e1b2a31b91974c5]::vec::Vec<u8> as core[a373ad73a504971]::io::write::Write>::write_fmt
[INFO] [stdout]    3:     0x58e2fc72ec86 - std[617be2ca0a6fd877]::panicking::default_hook::{closure#0}
[INFO] [stdout]    4:     0x58e2fc74b049 - std[617be2ca0a6fd877]::panicking::default_hook
[INFO] [stdout]    5:     0x58e2fc6e7230 - test[aada8e7e76ba119b]::test_main_inner::{closure#0}
[INFO] [stdout]    6:     0x58e2fc74b202 - std[617be2ca0a6fd877]::panicking::panic_with_hook
[INFO] [stdout]    7:     0x58e2fc72ed32 - std[617be2ca0a6fd877]::panicking::panic_handler::{closure#0}
[INFO] [stdout]    8:     0x58e2fc727a49 - std[617be2ca0a6fd877]::sys::backtrace::__rust_end_short_backtrace::<std[617be2ca0a6fd877]::panicking::panic_handler::{closure#0}, !>
[INFO] [stdout]    9:     0x58e2fc72f93d - __rustc[ea4f61d10b84890b]::rust_begin_unwind
[INFO] [stdout]   10:     0x58e2fc76702c - core[a373ad73a504971]::panicking::panic_fmt
[INFO] [stdout]   11:     0x58e2fc6d6c1a - <load[c7f9935438632758]::test_tokenizer_load_duck::{closure#0} as core[a373ad73a504971]::ops::function::FnOnce<()>>::call_once
[INFO] [stdout]   12:     0x58e2fc6da67b - test[aada8e7e76ba119b]::__rust_begin_short_backtrace::<core[a373ad73a504971]::result::Result<(), alloc[2e1b2a31b91974c5]::string::String>, fn() -> core[a373ad73a504971]::result::Result<(), alloc[2e1b2a31b91974c5]::string::String>>
[INFO] [stdout]   13:     0x58e2fc6e7855 - test[aada8e7e76ba119b]::run_test::{closure#0}
[INFO] [stdout]   14:     0x58e2fc6e1144 - std[617be2ca0a6fd877]::sys::backtrace::__rust_begin_short_backtrace::<test[aada8e7e76ba119b]::run_test::{closure#1}, ()>
[INFO] [stdout]   15:     0x58e2fc6ea8e2 - <std[617be2ca0a6fd877]::thread::lifecycle::spawn_unchecked<test[aada8e7e76ba119b]::run_test::{closure#1}, ()>::{closure#1} as core[a373ad73a504971]::ops::function::FnOnce<()>>::call_once::{shim:vtable#0}
[INFO] [stdout]   16:     0x58e2fc75220f - <std[617be2ca0a6fd877]::sys::thread::unix::Thread>::new::thread_start
[INFO] [stdout]   17:     0x74c0ad156dfa - <unknown>
[INFO] [stdout]   18:     0x74c0ad1ea3d4 - clone
[INFO] [stdout]   19:                0x0 - <unknown>
[INFO] [stdout] 
[INFO] [stdout] ---- test_parser_load_duck stdout ----
[INFO] [stdout] 
[INFO] [stdout] thread 'test_parser_load_duck' (217) panicked at tests/load.rs:45:5:
[INFO] [stdout] duck.fbx missing at /opt/rustwide/workdir/../fbx-dom/assets/duck.fbx (expected fbx-dom test asset)
[INFO] [stdout] stack backtrace:
[INFO] [stdout]    0:     0x58e2fc7529b1 - <<std[617be2ca0a6fd877]::sys::backtrace::BacktraceLock>::print::DisplayBacktrace as core[a373ad73a504971]::fmt::Display>::fmt
[INFO] [stdout]    1:     0x58e2fc7668fa - core[a373ad73a504971]::fmt::write
[INFO] [stdout]    2:     0x58e2fc756bec - <alloc[2e1b2a31b91974c5]::vec::Vec<u8> as core[a373ad73a504971]::io::write::Write>::write_fmt
[INFO] [stdout]    3:     0x58e2fc72ec86 - std[617be2ca0a6fd877]::panicking::default_hook::{closure#0}
[INFO] [stdout]    4:     0x58e2fc74b049 - std[617be2ca0a6fd877]::panicking::default_hook
[INFO] [stdout]    5:     0x58e2fc6e7230 - test[aada8e7e76ba119b]::test_main_inner::{closure#0}
[INFO] [stdout]    6:     0x58e2fc74b202 - std[617be2ca0a6fd877]::panicking::panic_with_hook
[INFO] [stdout]    7:     0x58e2fc72ed32 - std[617be2ca0a6fd877]::panicking::panic_handler::{closure#0}
[INFO] [stdout]    8:     0x58e2fc727a49 - std[617be2ca0a6fd877]::sys::backtrace::__rust_end_short_backtrace::<std[617be2ca0a6fd877]::panicking::panic_handler::{closure#0}, !>
[INFO] [stdout]    9:     0x58e2fc72f93d - __rustc[ea4f61d10b84890b]::rust_begin_unwind
[INFO] [stdout]   10:     0x58e2fc76702c - core[a373ad73a504971]::panicking::panic_fmt
[INFO] [stdout]   11:     0x58e2fc6d6606 - <load[c7f9935438632758]::test_parser_load_duck::{closure#0} as core[a373ad73a504971]::ops::function::FnOnce<()>>::call_once
[INFO] [stdout]   12:     0x58e2fc6da67b - test[aada8e7e76ba119b]::__rust_begin_short_backtrace::<core[a373ad73a504971]::result::Result<(), alloc[2e1b2a31b91974c5]::string::String>, fn() -> core[a373ad73a504971]::result::Result<(), alloc[2e1b2a31b91974c5]::string::String>>
[INFO] [stdout]   13:     0x58e2fc6e7855 - test[aada8e7e76ba119b]::run_test::{closure#0}
[INFO] [stdout]   14:     0x58e2fc6e1144 - std[617be2ca0a6fd877]::sys::backtrace::__rust_begin_short_backtrace::<test[aada8e7e76ba119b]::run_test::{closure#1}, ()>
[INFO] [stdout]   15:     0x58e2fc6ea8e2 - <std[617be2ca0a6fd877]::thread::lifecycle::spawn_unchecked<test[aada8e7e76ba119b]::run_test::{closure#1}, ()>::{closure#1} as core[a373ad73a504971]::ops::function::FnOnce<()>>::call_once::{shim:vtable#0}
[INFO] [stdout]   16:     0x58e2fc75220f - <std[617be2ca0a6fd877]::sys::thread::unix::Thread>::new::thread_start
[INFO] [stdout]   17:     0x74c0ad156dfa - <unknown>
[INFO] [stdout]   18:     0x74c0ad1ea3d4 - clone
[INFO] [stdout]   19:                0x0 - <unknown>
[INFO] [stdout] 
[INFO] [stdout] 
[INFO] [stdout] failures:
[INFO] [stdout]     duck_fbx_fixture_semantics_match_fbx_dom_asset
[INFO] [stdout]     test_parser_load_duck
[INFO] [stdout]     test_tokenizer_load_duck
[INFO] [stdout] 
[INFO] [stdout] test result: FAILED. 0 passed; 3 failed; 0 ignored; 0 measured; 0 filtered out; finished in 0.00s
[INFO] [stdout] 
[INFO] [stderr] error: test failed, to rerun pass `--test load`
[INFO] running `Command { std: "docker" "inspect" "043591e17a96ce80635e39db1ea19552627591f7e0f0d6446be83016787d5578", kill_on_drop: false }`
[INFO] running `Command { std: "docker" "rm" "-f" "043591e17a96ce80635e39db1ea19552627591f7e0f0d6446be83016787d5578", kill_on_drop: false }`
[INFO] [stdout] 043591e17a96ce80635e39db1ea19552627591f7e0f0d6446be83016787d5578
