[INFO] fetching crate fawkes-crypto-pairing_ce 0.18.1...
[INFO] testing fawkes-crypto-pairing_ce-0.18.1 against 1.100.0-beta.1+cargoflags=--release for beta-release-1.100-2
[INFO] extracting crate fawkes-crypto-pairing_ce 0.18.1 into /workspace/builds/worker-2-tc2/source
[INFO] started tweaking crates.io crate fawkes-crypto-pairing_ce 0.18.1
[INFO] finished tweaking crates.io crate fawkes-crypto-pairing_ce 0.18.1
[INFO] tweaked toml for crates.io crate fawkes-crypto-pairing_ce 0.18.1 written to /workspace/builds/worker-2-tc2/source/Cargo.toml
[INFO] validating manifest of crates.io crate fawkes-crypto-pairing_ce 0.18.1 on toolchain 1.100.0-beta.1
[INFO] running `Command { std: CARGO_HOME="/workspace/cargo-home" RUSTUP_HOME="/workspace/rustup-home" "/workspace/cargo-home/bin/cargo" "+1.100.0-beta.1" "metadata" "--manifest-path" "Cargo.toml" "--no-deps", kill_on_drop: false }`
[INFO] running `Command { std: CARGO_HOME="/workspace/cargo-home" RUSTUP_HOME="/workspace/rustup-home" "/workspace/cargo-home/bin/cargo" "+1.100.0-beta.1" "generate-lockfile" "--manifest-path" "Cargo.toml", kill_on_drop: false }`
[INFO] [stderr]     Updating crates.io index
[INFO] [stderr]      Locking 21 packages to highest compatible versions
[INFO] [stderr]       Adding ff_ce v0.7.1 (available: v0.14.3)
[INFO] [stderr]       Adding rand v0.4.6 (available: v0.10.3)
[INFO] running `Command { std: CARGO_HOME="/workspace/cargo-home" RUSTUP_HOME="/workspace/rustup-home" "/workspace/cargo-home/bin/cargo" "+1.100.0-beta.1" "fetch" "--manifest-path" "Cargo.toml", kill_on_drop: false }`
[INFO] [stderr] warning: `package.homepage` is redundant with `package.repository`
[INFO] [stderr]   --> Cargo.toml:21:12
[INFO] [stderr]    |
[INFO] [stderr] 21 | homepage = "https://github.com/zeropoolnetwork/phase2-bn254"
[INFO] [stderr]    |            ^^^^^^^^^^^^^^^^^^^^^^^^^^^^^^^^^^^^^^^^^^^^^^^^^
[INFO] [stderr] ...
[INFO] [stderr] 24 | repository = "https://github.com/zeropoolnetwork/phase2-bn254"
[INFO] [stderr]    |              -------------------------------------------------
[INFO] [stderr]    |
[INFO] [stderr]    = note: `cargo::redundant_homepage` is set to `warn` by default
[INFO] [stderr] help: consider removing `package.homepage`
[INFO] [stderr] warning: `fawkes-crypto-pairing_ce` (manifest) generated 1 warning
[INFO] running `Command { std: "docker" "create" "-v" "/var/lib/crater-agent-workspace/builds/worker-2-tc2/source:/opt/rustwide/workdir:ro,Z" "-v" "/var/lib/crater-agent-workspace/builds/worker-2-tc2/target:/opt/rustwide/target:rw,Z" "-v" "/var/lib/crater-agent-workspace/cargo-home:/opt/rustwide/cargo-home:ro,Z" "-v" "/var/lib/crater-agent-workspace/rustup-home:/opt/rustwide/rustup-home:ro,Z" "-m" "1610612736" "--network" "none" "ghcr.io/rust-lang/crates-build-env/linux@sha256:77db811e55d90add9212f6832c23229e3de5f1c1f9905e8cb07319ea15df73ac" "sleep" "infinity", kill_on_drop: false }`
[INFO] [stdout] 45ab501ab5e16fc07bdeb8dc13b11864688b62bb514ea07471b29c9a7cddf3f8
[INFO] running `Command { std: "docker" "start" "45ab501ab5e16fc07bdeb8dc13b11864688b62bb514ea07471b29c9a7cddf3f8", kill_on_drop: false }`
[INFO] running `Command { std: "docker" "inspect" "45ab501ab5e16fc07bdeb8dc13b11864688b62bb514ea07471b29c9a7cddf3f8", kill_on_drop: false }`
[INFO] running `Command { std: "docker" "exec" "-e" "SOURCE_DIR=/opt/rustwide/workdir" "-e" "CARGO_HOME=/opt/rustwide/cargo-home" "-e" "RUSTUP_HOME=/opt/rustwide/rustup-home" "-e" "CARGO_TARGET_DIR=/opt/rustwide/target" "-w" "/opt/rustwide/workdir" "--user" "0:0" "45ab501ab5e16fc07bdeb8dc13b11864688b62bb514ea07471b29c9a7cddf3f8" "/opt/rustwide/cargo-home/bin/cargo" "+1.100.0-beta.1" "metadata" "--no-deps" "--format-version=1", kill_on_drop: false }`
[INFO] running `Command { std: "docker" "inspect" "45ab501ab5e16fc07bdeb8dc13b11864688b62bb514ea07471b29c9a7cddf3f8", kill_on_drop: false }`
[INFO] running `Command { std: "docker" "exec" "-e" "SOURCE_DIR=/opt/rustwide/workdir" "-e" "CARGO_HOME=/opt/rustwide/cargo-home" "-e" "RUSTUP_HOME=/opt/rustwide/rustup-home" "-e" "CARGO_TARGET_DIR=/opt/rustwide/target" "-e" "CARGO_INCREMENTAL=0" "-e" "RUST_BACKTRACE=full" "-e" "RUSTFLAGS=--cap-lints=warn" "-e" "RUSTDOCFLAGS=--cap-lints=warn" "-w" "/opt/rustwide/workdir" "--user" "0:0" "45ab501ab5e16fc07bdeb8dc13b11864688b62bb514ea07471b29c9a7cddf3f8" "/opt/rustwide/cargo-home/bin/cargo" "+1.100.0-beta.1" "build" "--frozen" "--message-format=json" "--release", kill_on_drop: false }`
[INFO] [stderr] warning: `package.homepage` is redundant with `package.repository`
[INFO] [stderr]   --> Cargo.toml:21:12
[INFO] [stderr]    |
[INFO] [stderr] 21 | homepage = "https://github.com/zeropoolnetwork/phase2-bn254"
[INFO] [stderr]    |            ^^^^^^^^^^^^^^^^^^^^^^^^^^^^^^^^^^^^^^^^^^^^^^^^^
[INFO] [stderr] ...
[INFO] [stderr] 24 | repository = "https://github.com/zeropoolnetwork/phase2-bn254"
[INFO] [stderr]    |              -------------------------------------------------
[INFO] [stderr]    |
[INFO] [stderr]    = note: `cargo::redundant_homepage` is set to `warn` by default
[INFO] [stderr] help: consider removing `package.homepage`
[INFO] [stderr] warning: `fawkes-crypto-pairing_ce` (manifest) generated 1 warning
[INFO] [stderr]    Compiling proc-macro2 v0.4.30
[INFO] [stderr]    Compiling num-bigint v0.2.6
[INFO] [stderr]    Compiling hex v0.3.2
[INFO] [stderr]    Compiling num-integer v0.1.47
[INFO] [stderr]    Compiling rand v0.4.6
[INFO] [stderr]    Compiling quote v0.6.13
[INFO] [stderr]    Compiling syn v0.14.9
[INFO] [stderr]    Compiling ff_derive_ce v0.5.1
[INFO] [stderr]    Compiling ff_ce v0.7.1
[INFO] [stderr]    Compiling fawkes-crypto-pairing_ce v0.18.1 (/opt/rustwide/workdir)
[INFO] [stdout] warning: unexpected `cfg` condition value: `cargo-clippy`
[INFO] [stdout]  --> src/lib.rs:4:13
[INFO] [stdout]   |
[INFO] [stdout] 4 | #![cfg_attr(feature = "cargo-clippy", deny(warnings))]
[INFO] [stdout]   |             ^^^^^^^^^^^^^^^^^^^^^^^^
[INFO] [stdout]   |
[INFO] [stdout]   = note: expected values for `feature` are: `default` and `expose-arith`
[INFO] [stdout]   = help: consider adding `cargo-clippy` as a feature in `Cargo.toml`
[INFO] [stdout]   = note: see <https://doc.rust-lang.org/nightly/rustc/check-cfg/cargo-specifics.html> for more information about checking conditional configuration
[INFO] [stdout]   = note: `#[warn(unexpected_cfgs)]` on by default
[INFO] [stdout] 
[INFO] [stdout] 
[INFO] [stdout] warning: private item shadows public glob re-export
[INFO] [stdout]   --> src/lib.rs:30:10
[INFO] [stdout]    |
[INFO] [stdout] 30 | use ff::{Field, PrimeField, PrimeFieldDecodingError, PrimeFieldRepr, ScalarEngine, SqrtField};
[INFO] [stdout]    |          ^^^^^
[INFO] [stdout]    |
[INFO] [stdout] note: the name `Field` in the type namespace is supposed to be publicly re-exported here
[INFO] [stdout]   --> src/lib.rs:22:9
[INFO] [stdout]    |
[INFO] [stdout] 22 | pub use ff::*;
[INFO] [stdout]    |         ^^^^^
[INFO] [stdout] note: but the private item here shadows it
[INFO] [stdout]   --> src/lib.rs:30:10
[INFO] [stdout]    |
[INFO] [stdout] 30 | use ff::{Field, PrimeField, PrimeFieldDecodingError, PrimeFieldRepr, ScalarEngine, SqrtField};
[INFO] [stdout]    |          ^^^^^
[INFO] [stdout]    = note: `#[warn(hidden_glob_reexports)]` on by default
[INFO] [stdout] 
[INFO] [stdout] 
[INFO] [stdout] warning: private item shadows public glob re-export
[INFO] [stdout]   --> src/lib.rs:30:17
[INFO] [stdout]    |
[INFO] [stdout] 30 | use ff::{Field, PrimeField, PrimeFieldDecodingError, PrimeFieldRepr, ScalarEngine, SqrtField};
[INFO] [stdout]    |                 ^^^^^^^^^^
[INFO] [stdout]    |
[INFO] [stdout] note: the name `PrimeField` in the type namespace is supposed to be publicly re-exported here
[INFO] [stdout]   --> src/lib.rs:22:9
[INFO] [stdout]    |
[INFO] [stdout] 22 | pub use ff::*;
[INFO] [stdout]    |         ^^^^^
[INFO] [stdout] note: but the private item here shadows it
[INFO] [stdout]   --> src/lib.rs:30:17
[INFO] [stdout]    |
[INFO] [stdout] 30 | use ff::{Field, PrimeField, PrimeFieldDecodingError, PrimeFieldRepr, ScalarEngine, SqrtField};
[INFO] [stdout]    |                 ^^^^^^^^^^
[INFO] [stdout] 
[INFO] [stdout] 
[INFO] [stdout] warning: private item shadows public glob re-export
[INFO] [stdout]   --> src/lib.rs:30:17
[INFO] [stdout]    |
[INFO] [stdout] 30 | use ff::{Field, PrimeField, PrimeFieldDecodingError, PrimeFieldRepr, ScalarEngine, SqrtField};
[INFO] [stdout]    |                 ^^^^^^^^^^
[INFO] [stdout]    |
[INFO] [stdout] note: the name `PrimeField` in the macro namespace is supposed to be publicly re-exported here
[INFO] [stdout]   --> src/lib.rs:22:9
[INFO] [stdout]    |
[INFO] [stdout] 22 | pub use ff::*;
[INFO] [stdout]    |         ^^^^^
[INFO] [stdout] note: but the private item here shadows it
[INFO] [stdout]   --> src/lib.rs:30:17
[INFO] [stdout]    |
[INFO] [stdout] 30 | use ff::{Field, PrimeField, PrimeFieldDecodingError, PrimeFieldRepr, ScalarEngine, SqrtField};
[INFO] [stdout]    |                 ^^^^^^^^^^
[INFO] [stdout] 
[INFO] [stdout] 
[INFO] [stdout] warning: private item shadows public glob re-export
[INFO] [stdout]   --> src/lib.rs:30:29
[INFO] [stdout]    |
[INFO] [stdout] 30 | use ff::{Field, PrimeField, PrimeFieldDecodingError, PrimeFieldRepr, ScalarEngine, SqrtField};
[INFO] [stdout]    |                             ^^^^^^^^^^^^^^^^^^^^^^^
[INFO] [stdout]    |
[INFO] [stdout] note: the name `PrimeFieldDecodingError` in the type namespace is supposed to be publicly re-exported here
[INFO] [stdout]   --> src/lib.rs:22:9
[INFO] [stdout]    |
[INFO] [stdout] 22 | pub use ff::*;
[INFO] [stdout]    |         ^^^^^
[INFO] [stdout] note: but the private item here shadows it
[INFO] [stdout]   --> src/lib.rs:30:29
[INFO] [stdout]    |
[INFO] [stdout] 30 | use ff::{Field, PrimeField, PrimeFieldDecodingError, PrimeFieldRepr, ScalarEngine, SqrtField};
[INFO] [stdout]    |                             ^^^^^^^^^^^^^^^^^^^^^^^
[INFO] [stdout] 
[INFO] [stdout] 
[INFO] [stdout] warning: private item shadows public glob re-export
[INFO] [stdout]   --> src/lib.rs:30:54
[INFO] [stdout]    |
[INFO] [stdout] 30 | use ff::{Field, PrimeField, PrimeFieldDecodingError, PrimeFieldRepr, ScalarEngine, SqrtField};
[INFO] [stdout]    |                                                      ^^^^^^^^^^^^^^
[INFO] [stdout]    |
[INFO] [stdout] note: the name `PrimeFieldRepr` in the type namespace is supposed to be publicly re-exported here
[INFO] [stdout]   --> src/lib.rs:22:9
[INFO] [stdout]    |
[INFO] [stdout] 22 | pub use ff::*;
[INFO] [stdout]    |         ^^^^^
[INFO] [stdout] note: but the private item here shadows it
[INFO] [stdout]   --> src/lib.rs:30:54
[INFO] [stdout]    |
[INFO] [stdout] 30 | use ff::{Field, PrimeField, PrimeFieldDecodingError, PrimeFieldRepr, ScalarEngine, SqrtField};
[INFO] [stdout]    |                                                      ^^^^^^^^^^^^^^
[INFO] [stdout] 
[INFO] [stdout] 
[INFO] [stdout] warning: private item shadows public glob re-export
[INFO] [stdout]   --> src/lib.rs:30:70
[INFO] [stdout]    |
[INFO] [stdout] 30 | use ff::{Field, PrimeField, PrimeFieldDecodingError, PrimeFieldRepr, ScalarEngine, SqrtField};
[INFO] [stdout]    |                                                                      ^^^^^^^^^^^^
[INFO] [stdout]    |
[INFO] [stdout] note: the name `ScalarEngine` in the type namespace is supposed to be publicly re-exported here
[INFO] [stdout]   --> src/lib.rs:22:9
[INFO] [stdout]    |
[INFO] [stdout] 22 | pub use ff::*;
[INFO] [stdout]    |         ^^^^^
[INFO] [stdout] note: but the private item here shadows it
[INFO] [stdout]   --> src/lib.rs:30:70
[INFO] [stdout]    |
[INFO] [stdout] 30 | use ff::{Field, PrimeField, PrimeFieldDecodingError, PrimeFieldRepr, ScalarEngine, SqrtField};
[INFO] [stdout]    |                                                                      ^^^^^^^^^^^^
[INFO] [stdout] 
[INFO] [stdout] 
[INFO] [stdout] warning: private item shadows public glob re-export
[INFO] [stdout]   --> src/lib.rs:30:84
[INFO] [stdout]    |
[INFO] [stdout] 30 | use ff::{Field, PrimeField, PrimeFieldDecodingError, PrimeFieldRepr, ScalarEngine, SqrtField};
[INFO] [stdout]    |                                                                                    ^^^^^^^^^
[INFO] [stdout]    |
[INFO] [stdout] note: the name `SqrtField` in the type namespace is supposed to be publicly re-exported here
[INFO] [stdout]   --> src/lib.rs:22:9
[INFO] [stdout]    |
[INFO] [stdout] 22 | pub use ff::*;
[INFO] [stdout]    |         ^^^^^
[INFO] [stdout] note: but the private item here shadows it
[INFO] [stdout]   --> src/lib.rs:30:84
[INFO] [stdout]    |
[INFO] [stdout] 30 | use ff::{Field, PrimeField, PrimeFieldDecodingError, PrimeFieldRepr, ScalarEngine, SqrtField};
[INFO] [stdout]    |                                                                                    ^^^^^^^^^
[INFO] [stdout] 
[INFO] [stdout] 
[INFO] [stdout] warning: method `is_in_correct_subgroup_assuming_on_curve` is never used
[INFO] [stdout]    --> src/bn256/ec.rs:150:16
[INFO] [stdout]     |
[INFO] [stdout]   1 |   macro_rules! curve_impl {
[INFO] [stdout] ...
[INFO] [stdout]  87 |           impl $affine {
[INFO] [stdout]     |           ------------ method in this implementation
[INFO] [stdout] ...
[INFO] [stdout] 150 |               fn is_in_correct_subgroup_assuming_on_curve(&self) -> bool {
[INFO] [stdout]     |                  ^^^^^^^^^^^^^^^^^^^^^^^^^^^^^^^^^^^^^^^^
[INFO] [stdout] ...
[INFO] [stdout] 645 | /     curve_impl!(
[INFO] [stdout] 646 | |         "G1",
[INFO] [stdout] 647 | |         G1,
[INFO] [stdout] 648 | |         G1Affine,
[INFO] [stdout] ...   |
[INFO] [stdout] 654 | |         G2Affine
[INFO] [stdout] 655 | |     );
[INFO] [stdout]     | |_____- in this macro invocation
[INFO] [stdout]     |
[INFO] [stdout]     = note: `#[warn(dead_code)]` (part of `#[warn(unused)]`) on by default
[INFO] [stdout] 
[INFO] [stdout] 
[INFO] [stderr]     Finished `release` profile [optimized] target(s) in 7.97s
[INFO] [stderr] warning: the following packages contain code that will be rejected by a future version of Rust: syn v0.14.9
[INFO] [stderr] note: to see what the problems were, use the option `--future-incompat-report`, or run `cargo report future-incompatibilities --id 4`
[INFO] running `Command { std: "docker" "inspect" "45ab501ab5e16fc07bdeb8dc13b11864688b62bb514ea07471b29c9a7cddf3f8", kill_on_drop: false }`
[INFO] running `Command { std: "docker" "exec" "-e" "SOURCE_DIR=/opt/rustwide/workdir" "-e" "CARGO_HOME=/opt/rustwide/cargo-home" "-e" "RUSTUP_HOME=/opt/rustwide/rustup-home" "-e" "CARGO_TARGET_DIR=/opt/rustwide/target" "-e" "CARGO_INCREMENTAL=0" "-e" "RUST_BACKTRACE=full" "-e" "RUSTFLAGS=--cap-lints=warn" "-e" "RUSTDOCFLAGS=--cap-lints=warn" "-w" "/opt/rustwide/workdir" "--user" "0:0" "45ab501ab5e16fc07bdeb8dc13b11864688b62bb514ea07471b29c9a7cddf3f8" "/opt/rustwide/cargo-home/bin/cargo" "+1.100.0-beta.1" "test" "--frozen" "--no-run" "--message-format=json" "--release", kill_on_drop: false }`
[INFO] [stderr] warning: `package.homepage` is redundant with `package.repository`
[INFO] [stderr]   --> Cargo.toml:21:12
[INFO] [stderr]    |
[INFO] [stderr] 21 | homepage = "https://github.com/zeropoolnetwork/phase2-bn254"
[INFO] [stderr]    |            ^^^^^^^^^^^^^^^^^^^^^^^^^^^^^^^^^^^^^^^^^^^^^^^^^
[INFO] [stderr] ...
[INFO] [stderr] 24 | repository = "https://github.com/zeropoolnetwork/phase2-bn254"
[INFO] [stderr]    |              -------------------------------------------------
[INFO] [stderr]    |
[INFO] [stderr]    = note: `cargo::redundant_homepage` is set to `warn` by default
[INFO] [stderr] help: consider removing `package.homepage`
[INFO] [stderr] warning: `fawkes-crypto-pairing_ce` (manifest) generated 1 warning
[INFO] [stdout] warning: unexpected `cfg` condition value: `cargo-clippy`
[INFO] [stdout]  --> src/lib.rs:4:13
[INFO] [stdout]   |
[INFO] [stdout] 4 | #![cfg_attr(feature = "cargo-clippy", deny(warnings))]
[INFO] [stdout]   |             ^^^^^^^^^^^^^^^^^^^^^^^^
[INFO] [stdout]   |
[INFO] [stdout]   = note: expected values for `feature` are: `default` and `expose-arith`
[INFO] [stdout]   = help: consider adding `cargo-clippy` as a feature in `Cargo.toml`
[INFO] [stdout]   = note: see <https://doc.rust-lang.org/nightly/rustc/check-cfg/cargo-specifics.html> for more information about checking conditional configuration
[INFO] [stdout]   = note: `#[warn(unexpected_cfgs)]` on by default
[INFO] [stdout] 
[INFO] [stdout] 
[INFO] [stdout] warning: private item shadows public glob re-export
[INFO] [stdout]   --> src/lib.rs:30:10
[INFO] [stdout]    |
[INFO] [stdout] 30 | use ff::{Field, PrimeField, PrimeFieldDecodingError, PrimeFieldRepr, ScalarEngine, SqrtField};
[INFO] [stdout]    |          ^^^^^
[INFO] [stdout]    |
[INFO] [stdout] note: the name `Field` in the type namespace is supposed to be publicly re-exported here
[INFO] [stdout]   --> src/lib.rs:22:9
[INFO] [stdout]    |
[INFO] [stdout] 22 | pub use ff::*;
[INFO] [stdout]    |         ^^^^^
[INFO] [stdout] note: but the private item here shadows it
[INFO] [stdout]   --> src/lib.rs:30:10
[INFO] [stdout]    |
[INFO] [stdout] 30 | use ff::{Field, PrimeField, PrimeFieldDecodingError, PrimeFieldRepr, ScalarEngine, SqrtField};
[INFO] [stdout]    |          ^^^^^
[INFO] [stdout]    = note: `#[warn(hidden_glob_reexports)]` on by default
[INFO] [stdout] 
[INFO] [stdout] 
[INFO] [stdout] warning: private item shadows public glob re-export
[INFO] [stdout]   --> src/lib.rs:30:17
[INFO] [stdout]    |
[INFO] [stdout] 30 | use ff::{Field, PrimeField, PrimeFieldDecodingError, PrimeFieldRepr, ScalarEngine, SqrtField};
[INFO] [stdout]    |                 ^^^^^^^^^^
[INFO] [stdout]    |
[INFO] [stdout] note: the name `PrimeField` in the type namespace is supposed to be publicly re-exported here
[INFO] [stdout]   --> src/lib.rs:22:9
[INFO] [stdout]    |
[INFO] [stdout] 22 | pub use ff::*;
[INFO] [stdout]    |         ^^^^^
[INFO] [stdout] note: but the private item here shadows it
[INFO] [stdout]   --> src/lib.rs:30:17
[INFO] [stdout]    |
[INFO] [stdout] 30 | use ff::{Field, PrimeField, PrimeFieldDecodingError, PrimeFieldRepr, ScalarEngine, SqrtField};
[INFO] [stdout]    |                 ^^^^^^^^^^
[INFO] [stdout] 
[INFO] [stdout] 
[INFO] [stdout] warning: private item shadows public glob re-export
[INFO] [stdout]   --> src/lib.rs:30:17
[INFO] [stdout]    |
[INFO] [stdout] 30 | use ff::{Field, PrimeField, PrimeFieldDecodingError, PrimeFieldRepr, ScalarEngine, SqrtField};
[INFO] [stdout]    |                 ^^^^^^^^^^
[INFO] [stdout]    |
[INFO] [stdout] note: the name `PrimeField` in the macro namespace is supposed to be publicly re-exported here
[INFO] [stdout]   --> src/lib.rs:22:9
[INFO] [stdout]    |
[INFO] [stdout] 22 | pub use ff::*;
[INFO] [stdout]    |         ^^^^^
[INFO] [stdout] note: but the private item here shadows it
[INFO] [stdout]   --> src/lib.rs:30:17
[INFO] [stdout]    |
[INFO] [stdout] 30 | use ff::{Field, PrimeField, PrimeFieldDecodingError, PrimeFieldRepr, ScalarEngine, SqrtField};
[INFO] [stdout]    |                 ^^^^^^^^^^
[INFO] [stdout] 
[INFO] [stdout] 
[INFO] [stdout] warning: private item shadows public glob re-export
[INFO] [stdout]   --> src/lib.rs:30:29
[INFO] [stdout]    |
[INFO] [stdout] 30 | use ff::{Field, PrimeField, PrimeFieldDecodingError, PrimeFieldRepr, ScalarEngine, SqrtField};
[INFO] [stdout]    |                             ^^^^^^^^^^^^^^^^^^^^^^^
[INFO] [stdout]    |
[INFO] [stdout] note: the name `PrimeFieldDecodingError` in the type namespace is supposed to be publicly re-exported here
[INFO] [stdout]   --> src/lib.rs:22:9
[INFO] [stdout]    |
[INFO] [stdout] 22 | pub use ff::*;
[INFO] [stdout]    |         ^^^^^
[INFO] [stdout] note: but the private item here shadows it
[INFO] [stdout]   --> src/lib.rs:30:29
[INFO] [stdout]    |
[INFO] [stdout] 30 | use ff::{Field, PrimeField, PrimeFieldDecodingError, PrimeFieldRepr, ScalarEngine, SqrtField};
[INFO] [stdout]    |                             ^^^^^^^^^^^^^^^^^^^^^^^
[INFO] [stdout] 
[INFO] [stdout] 
[INFO] [stdout] warning: private item shadows public glob re-export
[INFO] [stdout]   --> src/lib.rs:30:54
[INFO] [stdout]    |
[INFO] [stdout] 30 | use ff::{Field, PrimeField, PrimeFieldDecodingError, PrimeFieldRepr, ScalarEngine, SqrtField};
[INFO] [stdout]    |                                                      ^^^^^^^^^^^^^^
[INFO] [stdout]    |
[INFO] [stdout] note: the name `PrimeFieldRepr` in the type namespace is supposed to be publicly re-exported here
[INFO] [stdout]   --> src/lib.rs:22:9
[INFO] [stdout]    |
[INFO] [stdout] 22 | pub use ff::*;
[INFO] [stdout]    |         ^^^^^
[INFO] [stdout] note: but the private item here shadows it
[INFO] [stdout]   --> src/lib.rs:30:54
[INFO] [stdout]    |
[INFO] [stdout] 30 | use ff::{Field, PrimeField, PrimeFieldDecodingError, PrimeFieldRepr, ScalarEngine, SqrtField};
[INFO] [stdout]    |                                                      ^^^^^^^^^^^^^^
[INFO] [stdout] 
[INFO] [stdout] 
[INFO] [stderr]    Compiling fawkes-crypto-pairing_ce v0.18.1 (/opt/rustwide/workdir)
[INFO] [stdout] warning: private item shadows public glob re-export
[INFO] [stdout]   --> src/lib.rs:30:70
[INFO] [stdout]    |
[INFO] [stdout] 30 | use ff::{Field, PrimeField, PrimeFieldDecodingError, PrimeFieldRepr, ScalarEngine, SqrtField};
[INFO] [stdout]    |                                                                      ^^^^^^^^^^^^
[INFO] [stdout]    |
[INFO] [stdout] note: the name `ScalarEngine` in the type namespace is supposed to be publicly re-exported here
[INFO] [stdout]   --> src/lib.rs:22:9
[INFO] [stdout]    |
[INFO] [stdout] 22 | pub use ff::*;
[INFO] [stdout]    |         ^^^^^
[INFO] [stdout] note: but the private item here shadows it
[INFO] [stdout]   --> src/lib.rs:30:70
[INFO] [stdout]    |
[INFO] [stdout] 30 | use ff::{Field, PrimeField, PrimeFieldDecodingError, PrimeFieldRepr, ScalarEngine, SqrtField};
[INFO] [stdout]    |                                                                      ^^^^^^^^^^^^
[INFO] [stdout] 
[INFO] [stdout] 
[INFO] [stdout] warning: private item shadows public glob re-export
[INFO] [stdout]   --> src/lib.rs:30:84
[INFO] [stdout]    |
[INFO] [stdout] 30 | use ff::{Field, PrimeField, PrimeFieldDecodingError, PrimeFieldRepr, ScalarEngine, SqrtField};
[INFO] [stdout]    |                                                                                    ^^^^^^^^^
[INFO] [stdout]    |
[INFO] [stdout] note: the name `SqrtField` in the type namespace is supposed to be publicly re-exported here
[INFO] [stdout]   --> src/lib.rs:22:9
[INFO] [stdout]    |
[INFO] [stdout] 22 | pub use ff::*;
[INFO] [stdout]    |         ^^^^^
[INFO] [stdout] note: but the private item here shadows it
[INFO] [stdout]   --> src/lib.rs:30:84
[INFO] [stdout]    |
[INFO] [stdout] 30 | use ff::{Field, PrimeField, PrimeFieldDecodingError, PrimeFieldRepr, ScalarEngine, SqrtField};
[INFO] [stdout]    |                                                                                    ^^^^^^^^^
[INFO] [stdout] 
[INFO] [stdout] 
[INFO] [stdout] warning: method `is_in_correct_subgroup_assuming_on_curve` is never used
[INFO] [stdout]    --> src/bn256/ec.rs:150:16
[INFO] [stdout]     |
[INFO] [stdout]   1 |   macro_rules! curve_impl {
[INFO] [stdout] ...
[INFO] [stdout]  87 |           impl $affine {
[INFO] [stdout]     |           ------------ method in this implementation
[INFO] [stdout] ...
[INFO] [stdout] 150 |               fn is_in_correct_subgroup_assuming_on_curve(&self) -> bool {
[INFO] [stdout]     |                  ^^^^^^^^^^^^^^^^^^^^^^^^^^^^^^^^^^^^^^^^
[INFO] [stdout] ...
[INFO] [stdout] 645 | /     curve_impl!(
[INFO] [stdout] 646 | |         "G1",
[INFO] [stdout] 647 | |         G1,
[INFO] [stdout] 648 | |         G1Affine,
[INFO] [stdout] ...   |
[INFO] [stdout] 654 | |         G2Affine
[INFO] [stdout] 655 | |     );
[INFO] [stdout]     | |_____- in this macro invocation
[INFO] [stdout]     |
[INFO] [stdout]     = note: `#[warn(dead_code)]` (part of `#[warn(unused)]`) on by default
[INFO] [stdout] 
[INFO] [stdout] 
[INFO] [stdout] warning: unexpected `cfg` condition value: `cargo-clippy`
[INFO] [stdout]  --> src/lib.rs:4:13
[INFO] [stdout]   |
[INFO] [stdout] 4 | #![cfg_attr(feature = "cargo-clippy", deny(warnings))]
[INFO] [stdout]   |             ^^^^^^^^^^^^^^^^^^^^^^^^
[INFO] [stdout]   |
[INFO] [stdout]   = note: expected values for `feature` are: `default` and `expose-arith`
[INFO] [stdout]   = help: consider adding `cargo-clippy` as a feature in `Cargo.toml`
[INFO] [stdout]   = note: see <https://doc.rust-lang.org/nightly/rustc/check-cfg/cargo-specifics.html> for more information about checking conditional configuration
[INFO] [stdout]   = note: `#[warn(unexpected_cfgs)]` on by default
[INFO] [stdout] 
[INFO] [stdout] 
[INFO] [stdout] warning: private item shadows public glob re-export
[INFO] [stdout]   --> src/lib.rs:30:10
[INFO] [stdout]    |
[INFO] [stdout] 30 | use ff::{Field, PrimeField, PrimeFieldDecodingError, PrimeFieldRepr, ScalarEngine, SqrtField};
[INFO] [stdout]    |          ^^^^^
[INFO] [stdout]    |
[INFO] [stdout] note: the name `Field` in the type namespace is supposed to be publicly re-exported here
[INFO] [stdout]   --> src/lib.rs:22:9
[INFO] [stdout]    |
[INFO] [stdout] 22 | pub use ff::*;
[INFO] [stdout]    |         ^^^^^
[INFO] [stdout] note: but the private item here shadows it
[INFO] [stdout]   --> src/lib.rs:30:10
[INFO] [stdout]    |
[INFO] [stdout] 30 | use ff::{Field, PrimeField, PrimeFieldDecodingError, PrimeFieldRepr, ScalarEngine, SqrtField};
[INFO] [stdout]    |          ^^^^^
[INFO] [stdout]    = note: `#[warn(hidden_glob_reexports)]` on by default
[INFO] [stdout] 
[INFO] [stdout] 
[INFO] [stdout] warning: private item shadows public glob re-export
[INFO] [stdout]   --> src/lib.rs:30:17
[INFO] [stdout]    |
[INFO] [stdout] 30 | use ff::{Field, PrimeField, PrimeFieldDecodingError, PrimeFieldRepr, ScalarEngine, SqrtField};
[INFO] [stdout]    |                 ^^^^^^^^^^
[INFO] [stdout]    |
[INFO] [stdout] note: the name `PrimeField` in the type namespace is supposed to be publicly re-exported here
[INFO] [stdout]   --> src/lib.rs:22:9
[INFO] [stdout]    |
[INFO] [stdout] 22 | pub use ff::*;
[INFO] [stdout]    |         ^^^^^
[INFO] [stdout] note: but the private item here shadows it
[INFO] [stdout]   --> src/lib.rs:30:17
[INFO] [stdout]    |
[INFO] [stdout] 30 | use ff::{Field, PrimeField, PrimeFieldDecodingError, PrimeFieldRepr, ScalarEngine, SqrtField};
[INFO] [stdout]    |                 ^^^^^^^^^^
[INFO] [stdout] 
[INFO] [stdout] 
[INFO] [stdout] warning: private item shadows public glob re-export
[INFO] [stdout]   --> src/lib.rs:30:17
[INFO] [stdout]    |
[INFO] [stdout] 30 | use ff::{Field, PrimeField, PrimeFieldDecodingError, PrimeFieldRepr, ScalarEngine, SqrtField};
[INFO] [stdout]    |                 ^^^^^^^^^^
[INFO] [stdout]    |
[INFO] [stdout] note: the name `PrimeField` in the macro namespace is supposed to be publicly re-exported here
[INFO] [stdout]   --> src/lib.rs:22:9
[INFO] [stdout]    |
[INFO] [stdout] 22 | pub use ff::*;
[INFO] [stdout]    |         ^^^^^
[INFO] [stdout] note: but the private item here shadows it
[INFO] [stdout]   --> src/lib.rs:30:17
[INFO] [stdout]    |
[INFO] [stdout] 30 | use ff::{Field, PrimeField, PrimeFieldDecodingError, PrimeFieldRepr, ScalarEngine, SqrtField};
[INFO] [stdout]    |                 ^^^^^^^^^^
[INFO] [stdout] 
[INFO] [stdout] 
[INFO] [stdout] warning: private item shadows public glob re-export
[INFO] [stdout]   --> src/lib.rs:30:29
[INFO] [stdout]    |
[INFO] [stdout] 30 | use ff::{Field, PrimeField, PrimeFieldDecodingError, PrimeFieldRepr, ScalarEngine, SqrtField};
[INFO] [stdout]    |                             ^^^^^^^^^^^^^^^^^^^^^^^
[INFO] [stdout]    |
[INFO] [stdout] note: the name `PrimeFieldDecodingError` in the type namespace is supposed to be publicly re-exported here
[INFO] [stdout]   --> src/lib.rs:22:9
[INFO] [stdout]    |
[INFO] [stdout] 22 | pub use ff::*;
[INFO] [stdout]    |         ^^^^^
[INFO] [stdout] note: but the private item here shadows it
[INFO] [stdout]   --> src/lib.rs:30:29
[INFO] [stdout]    |
[INFO] [stdout] 30 | use ff::{Field, PrimeField, PrimeFieldDecodingError, PrimeFieldRepr, ScalarEngine, SqrtField};
[INFO] [stdout]    |                             ^^^^^^^^^^^^^^^^^^^^^^^
[INFO] [stdout] 
[INFO] [stdout] 
[INFO] [stdout] warning: private item shadows public glob re-export
[INFO] [stdout]   --> src/lib.rs:30:54
[INFO] [stdout]    |
[INFO] [stdout] 30 | use ff::{Field, PrimeField, PrimeFieldDecodingError, PrimeFieldRepr, ScalarEngine, SqrtField};
[INFO] [stdout]    |                                                      ^^^^^^^^^^^^^^
[INFO] [stdout]    |
[INFO] [stdout] note: the name `PrimeFieldRepr` in the type namespace is supposed to be publicly re-exported here
[INFO] [stdout]   --> src/lib.rs:22:9
[INFO] [stdout]    |
[INFO] [stdout] 22 | pub use ff::*;
[INFO] [stdout]    |         ^^^^^
[INFO] [stdout] note: but the private item here shadows it
[INFO] [stdout]   --> src/lib.rs:30:54
[INFO] [stdout]    |
[INFO] [stdout] 30 | use ff::{Field, PrimeField, PrimeFieldDecodingError, PrimeFieldRepr, ScalarEngine, SqrtField};
[INFO] [stdout]    |                                                      ^^^^^^^^^^^^^^
[INFO] [stdout] 
[INFO] [stdout] 
[INFO] [stdout] warning: private item shadows public glob re-export
[INFO] [stdout]   --> src/lib.rs:30:70
[INFO] [stdout]    |
[INFO] [stdout] 30 | use ff::{Field, PrimeField, PrimeFieldDecodingError, PrimeFieldRepr, ScalarEngine, SqrtField};
[INFO] [stdout]    |                                                                      ^^^^^^^^^^^^
[INFO] [stdout]    |
[INFO] [stdout] note: the name `ScalarEngine` in the type namespace is supposed to be publicly re-exported here
[INFO] [stdout]   --> src/lib.rs:22:9
[INFO] [stdout]    |
[INFO] [stdout] 22 | pub use ff::*;
[INFO] [stdout]    |         ^^^^^
[INFO] [stdout] note: but the private item here shadows it
[INFO] [stdout]   --> src/lib.rs:30:70
[INFO] [stdout]    |
[INFO] [stdout] 30 | use ff::{Field, PrimeField, PrimeFieldDecodingError, PrimeFieldRepr, ScalarEngine, SqrtField};
[INFO] [stdout]    |                                                                      ^^^^^^^^^^^^
[INFO] [stdout] 
[INFO] [stdout] 
[INFO] [stdout] warning: private item shadows public glob re-export
[INFO] [stdout]   --> src/lib.rs:30:84
[INFO] [stdout]    |
[INFO] [stdout] 30 | use ff::{Field, PrimeField, PrimeFieldDecodingError, PrimeFieldRepr, ScalarEngine, SqrtField};
[INFO] [stdout]    |                                                                                    ^^^^^^^^^
[INFO] [stdout]    |
[INFO] [stdout] note: the name `SqrtField` in the type namespace is supposed to be publicly re-exported here
[INFO] [stdout]   --> src/lib.rs:22:9
[INFO] [stdout]    |
[INFO] [stdout] 22 | pub use ff::*;
[INFO] [stdout]    |         ^^^^^
[INFO] [stdout] note: but the private item here shadows it
[INFO] [stdout]   --> src/lib.rs:30:84
[INFO] [stdout]    |
[INFO] [stdout] 30 | use ff::{Field, PrimeField, PrimeFieldDecodingError, PrimeFieldRepr, ScalarEngine, SqrtField};
[INFO] [stdout]    |                                                                                    ^^^^^^^^^
[INFO] [stdout] 
[INFO] [stdout] 
[INFO] [stdout] warning: method `is_in_correct_subgroup_assuming_on_curve` is never used
[INFO] [stdout]    --> src/bn256/ec.rs:150:16
[INFO] [stdout]     |
[INFO] [stdout]   1 |   macro_rules! curve_impl {
[INFO] [stdout] ...
[INFO] [stdout]  87 |           impl $affine {
[INFO] [stdout]     |           ------------ method in this implementation
[INFO] [stdout] ...
[INFO] [stdout] 150 |               fn is_in_correct_subgroup_assuming_on_curve(&self) -> bool {
[INFO] [stdout]     |                  ^^^^^^^^^^^^^^^^^^^^^^^^^^^^^^^^^^^^^^^^
[INFO] [stdout] ...
[INFO] [stdout] 645 | /     curve_impl!(
[INFO] [stdout] 646 | |         "G1",
[INFO] [stdout] 647 | |         G1,
[INFO] [stdout] 648 | |         G1Affine,
[INFO] [stdout] ...   |
[INFO] [stdout] 654 | |         G2Affine
[INFO] [stdout] 655 | |     );
[INFO] [stdout]     | |_____- in this macro invocation
[INFO] [stdout]     |
[INFO] [stdout]     = note: `#[warn(dead_code)]` (part of `#[warn(unused)]`) on by default
[INFO] [stdout] 
[INFO] [stdout] 
[INFO] [stderr]     Finished `release` profile [optimized] target(s) in 10.15s
[INFO] [stderr] warning: the following packages contain code that will be rejected by a future version of Rust: syn v0.14.9
[INFO] [stderr] note: to see what the problems were, use the option `--future-incompat-report`, or run `cargo report future-incompatibilities --id 4`
[INFO] running `Command { std: "docker" "inspect" "45ab501ab5e16fc07bdeb8dc13b11864688b62bb514ea07471b29c9a7cddf3f8", kill_on_drop: false }`
[INFO] running `Command { std: "docker" "exec" "-e" "SOURCE_DIR=/opt/rustwide/workdir" "-e" "CARGO_HOME=/opt/rustwide/cargo-home" "-e" "RUSTUP_HOME=/opt/rustwide/rustup-home" "-e" "CARGO_TARGET_DIR=/opt/rustwide/target" "-e" "CARGO_INCREMENTAL=0" "-e" "RUST_BACKTRACE=full" "-e" "RUSTFLAGS=--cap-lints=warn" "-e" "RUSTDOCFLAGS=--cap-lints=warn" "-w" "/opt/rustwide/workdir" "--user" "0:0" "45ab501ab5e16fc07bdeb8dc13b11864688b62bb514ea07471b29c9a7cddf3f8" "/opt/rustwide/cargo-home/bin/cargo" "+1.100.0-beta.1" "test" "--frozen" "--release", kill_on_drop: false }`
[INFO] [stderr] warning: `package.homepage` is redundant with `package.repository`
[INFO] [stderr]   --> Cargo.toml:21:12
[INFO] [stderr]    |
[INFO] [stderr] 21 | homepage = "https://github.com/zeropoolnetwork/phase2-bn254"
[INFO] [stderr]    |            ^^^^^^^^^^^^^^^^^^^^^^^^^^^^^^^^^^^^^^^^^^^^^^^^^
[INFO] [stderr] ...
[INFO] [stderr] 24 | repository = "https://github.com/zeropoolnetwork/phase2-bn254"
[INFO] [stderr]    |              -------------------------------------------------
[INFO] [stderr]    |
[INFO] [stderr]    = note: `cargo::redundant_homepage` is set to `warn` by default
[INFO] [stderr] help: consider removing `package.homepage`
[INFO] [stderr] warning: `fawkes-crypto-pairing_ce` (manifest) generated 1 warning
[INFO] [stderr] warning: unexpected `cfg` condition value: `cargo-clippy`
[INFO] [stderr]  --> src/lib.rs:4:13
[INFO] [stderr]   |
[INFO] [stderr] 4 | #![cfg_attr(feature = "cargo-clippy", deny(warnings))]
[INFO] [stderr]   |             ^^^^^^^^^^^^^^^^^^^^^^^^
[INFO] [stderr]   |
[INFO] [stderr]   = note: expected values for `feature` are: `default` and `expose-arith`
[INFO] [stderr]   = help: consider adding `cargo-clippy` as a feature in `Cargo.toml`
[INFO] [stderr]   = note: see <https://doc.rust-lang.org/nightly/rustc/check-cfg/cargo-specifics.html> for more information about checking conditional configuration
[INFO] [stderr]   = note: `#[warn(unexpected_cfgs)]` on by default
[INFO] [stderr] 
[INFO] [stderr] warning: private item shadows public glob re-export
[INFO] [stderr]   --> src/lib.rs:30:10
[INFO] [stderr]    |
[INFO] [stderr] 30 | use ff::{Field, PrimeField, PrimeFieldDecodingError, PrimeFieldRepr, ScalarEngine, SqrtField};
[INFO] [stderr]    |          ^^^^^
[INFO] [stderr]    |
[INFO] [stderr] note: the name `Field` in the type namespace is supposed to be publicly re-exported here
[INFO] [stderr]   --> src/lib.rs:22:9
[INFO] [stderr]    |
[INFO] [stderr] 22 | pub use ff::*;
[INFO] [stderr]    |         ^^^^^
[INFO] [stderr] note: but the private item here shadows it
[INFO] [stderr]   --> src/lib.rs:30:10
[INFO] [stderr]    |
[INFO] [stderr] 30 | use ff::{Field, PrimeField, PrimeFieldDecodingError, PrimeFieldRepr, ScalarEngine, SqrtField};
[INFO] [stderr]    |          ^^^^^
[INFO] [stderr]    = note: `#[warn(hidden_glob_reexports)]` on by default
[INFO] [stderr] 
[INFO] [stderr] warning: private item shadows public glob re-export
[INFO] [stderr]   --> src/lib.rs:30:17
[INFO] [stderr]    |
[INFO] [stderr] 30 | use ff::{Field, PrimeField, PrimeFieldDecodingError, PrimeFieldRepr, ScalarEngine, SqrtField};
[INFO] [stderr]    |                 ^^^^^^^^^^
[INFO] [stderr]    |
[INFO] [stderr] note: the name `PrimeField` in the type namespace is supposed to be publicly re-exported here
[INFO] [stderr]   --> src/lib.rs:22:9
[INFO] [stderr]    |
[INFO] [stderr] 22 | pub use ff::*;
[INFO] [stderr]    |         ^^^^^
[INFO] [stderr] note: but the private item here shadows it
[INFO] [stderr]   --> src/lib.rs:30:17
[INFO] [stderr]    |
[INFO] [stderr] 30 | use ff::{Field, PrimeField, PrimeFieldDecodingError, PrimeFieldRepr, ScalarEngine, SqrtField};
[INFO] [stderr]    |                 ^^^^^^^^^^
[INFO] [stderr] 
[INFO] [stderr] warning: private item shadows public glob re-export
[INFO] [stderr]   --> src/lib.rs:30:17
[INFO] [stderr]    |
[INFO] [stderr] 30 | use ff::{Field, PrimeField, PrimeFieldDecodingError, PrimeFieldRepr, ScalarEngine, SqrtField};
[INFO] [stderr]    |                 ^^^^^^^^^^
[INFO] [stderr]    |
[INFO] [stderr] note: the name `PrimeField` in the macro namespace is supposed to be publicly re-exported here
[INFO] [stderr]   --> src/lib.rs:22:9
[INFO] [stderr]    |
[INFO] [stderr] 22 | pub use ff::*;
[INFO] [stderr]    |         ^^^^^
[INFO] [stderr] note: but the private item here shadows it
[INFO] [stderr]   --> src/lib.rs:30:17
[INFO] [stderr]    |
[INFO] [stderr] 30 | use ff::{Field, PrimeField, PrimeFieldDecodingError, PrimeFieldRepr, ScalarEngine, SqrtField};
[INFO] [stderr]    |                 ^^^^^^^^^^
[INFO] [stderr] 
[INFO] [stderr] warning: private item shadows public glob re-export
[INFO] [stderr]   --> src/lib.rs:30:29
[INFO] [stderr]    |
[INFO] [stderr] 30 | use ff::{Field, PrimeField, PrimeFieldDecodingError, PrimeFieldRepr, ScalarEngine, SqrtField};
[INFO] [stderr]    |                             ^^^^^^^^^^^^^^^^^^^^^^^
[INFO] [stderr]    |
[INFO] [stderr] note: the name `PrimeFieldDecodingError` in the type namespace is supposed to be publicly re-exported here
[INFO] [stderr]   --> src/lib.rs:22:9
[INFO] [stderr]    |
[INFO] [stderr] 22 | pub use ff::*;
[INFO] [stderr]    |         ^^^^^
[INFO] [stderr] note: but the private item here shadows it
[INFO] [stderr]   --> src/lib.rs:30:29
[INFO] [stderr]    |
[INFO] [stderr] 30 | use ff::{Field, PrimeField, PrimeFieldDecodingError, PrimeFieldRepr, ScalarEngine, SqrtField};
[INFO] [stderr]    |                             ^^^^^^^^^^^^^^^^^^^^^^^
[INFO] [stderr] 
[INFO] [stderr] warning: private item shadows public glob re-export
[INFO] [stderr]   --> src/lib.rs:30:54
[INFO] [stderr]    |
[INFO] [stderr] 30 | use ff::{Field, PrimeField, PrimeFieldDecodingError, PrimeFieldRepr, ScalarEngine, SqrtField};
[INFO] [stderr]    |                                                      ^^^^^^^^^^^^^^
[INFO] [stderr]    |
[INFO] [stderr] note: the name `PrimeFieldRepr` in the type namespace is supposed to be publicly re-exported here
[INFO] [stderr]   --> src/lib.rs:22:9
[INFO] [stderr]    |
[INFO] [stderr] 22 | pub use ff::*;
[INFO] [stderr]    |         ^^^^^
[INFO] [stderr] note: but the private item here shadows it
[INFO] [stderr]   --> src/lib.rs:30:54
[INFO] [stderr]    |
[INFO] [stderr] 30 | use ff::{Field, PrimeField, PrimeFieldDecodingError, PrimeFieldRepr, ScalarEngine, SqrtField};
[INFO] [stderr]    |                                                      ^^^^^^^^^^^^^^
[INFO] [stderr] 
[INFO] [stderr] warning: private item shadows public glob re-export
[INFO] [stderr]   --> src/lib.rs:30:70
[INFO] [stderr]    |
[INFO] [stderr] 30 | use ff::{Field, PrimeField, PrimeFieldDecodingError, PrimeFieldRepr, ScalarEngine, SqrtField};
[INFO] [stderr]    |                                                                      ^^^^^^^^^^^^
[INFO] [stderr]    |
[INFO] [stderr] note: the name `ScalarEngine` in the type namespace is supposed to be publicly re-exported here
[INFO] [stderr]   --> src/lib.rs:22:9
[INFO] [stderr]    |
[INFO] [stderr] 22 | pub use ff::*;
[INFO] [stderr]    |         ^^^^^
[INFO] [stderr] note: but the private item here shadows it
[INFO] [stderr]   --> src/lib.rs:30:70
[INFO] [stderr]    |
[INFO] [stderr] 30 | use ff::{Field, PrimeField, PrimeFieldDecodingError, PrimeFieldRepr, ScalarEngine, SqrtField};
[INFO] [stderr]    |                                                                      ^^^^^^^^^^^^
[INFO] [stderr] 
[INFO] [stderr] warning: private item shadows public glob re-export
[INFO] [stderr]   --> src/lib.rs:30:84
[INFO] [stderr]    |
[INFO] [stderr] 30 | use ff::{Field, PrimeField, PrimeFieldDecodingError, PrimeFieldRepr, ScalarEngine, SqrtField};
[INFO] [stderr]    |                                                                                    ^^^^^^^^^
[INFO] [stderr]    |
[INFO] [stderr] note: the name `SqrtField` in the type namespace is supposed to be publicly re-exported here
[INFO] [stderr]   --> src/lib.rs:22:9
[INFO] [stderr]    |
[INFO] [stderr] 22 | pub use ff::*;
[INFO] [stderr]    |         ^^^^^
[INFO] [stderr] note: but the private item here shadows it
[INFO] [stderr]   --> src/lib.rs:30:84
[INFO] [stderr]    |
[INFO] [stderr] 30 | use ff::{Field, PrimeField, PrimeFieldDecodingError, PrimeFieldRepr, ScalarEngine, SqrtField};
[INFO] [stderr]    |                                                                                    ^^^^^^^^^
[INFO] [stderr] 
[INFO] [stderr] warning: method `is_in_correct_subgroup_assuming_on_curve` is never used
[INFO] [stderr]    --> src/bn256/ec.rs:150:16
[INFO] [stderr]     |
[INFO] [stderr]   1 |   macro_rules! curve_impl {
[INFO] [stderr] ...
[INFO] [stderr]  87 |           impl $affine {
[INFO] [stderr]     |           ------------ method in this implementation
[INFO] [stderr] ...
[INFO] [stderr] 150 |               fn is_in_correct_subgroup_assuming_on_curve(&self) -> bool {
[INFO] [stderr]     |                  ^^^^^^^^^^^^^^^^^^^^^^^^^^^^^^^^^^^^^^^^
[INFO] [stderr] ...
[INFO] [stderr] 645 | /     curve_impl!(
[INFO] [stderr] 646 | |         "G1",
[INFO] [stderr] 647 | |         G1,
[INFO] [stderr] 648 | |         G1Affine,
[INFO] [stderr] ...   |
[INFO] [stderr] 654 | |         G2Affine
[INFO] [stderr] 655 | |     );
[INFO] [stderr]     | |_____- in this macro invocation
[INFO] [stderr]     |
[INFO] [stderr]     = note: `#[warn(dead_code)]` (part of `#[warn(unused)]`) on by default
[INFO] [stderr] 
[INFO] [stderr] warning: `fawkes-crypto-pairing_ce` (lib) generated 9 warnings
[INFO] [stderr] warning: `fawkes-crypto-pairing_ce` (lib test) generated 9 warnings (9 duplicates)
[INFO] [stderr]     Finished `release` profile [optimized] target(s) in 0.06s
[INFO] [stderr] warning: the following packages contain code that will be rejected by a future version of Rust: syn v0.14.9
[INFO] [stderr] note: to see what the problems were, use the option `--future-incompat-report`, or run `cargo report future-incompatibilities --id 4`
[INFO] [stderr]      Running unittests src/lib.rs (/opt/rustwide/target/release/build/fawkes-crypto-pairing_ce/8a76c517e9992f7e/out/fawkes_crypto_pairing_ce-8a76c517e9992f7e)
[INFO] [stdout] 
[INFO] [stdout] running 147 tests
[INFO] [stdout] test bls12_381::ec::g2::test_g2_addition_correctness ... ok
[INFO] [stdout] test bls12_381::ec::g2::test_g2_doubling_correctness ... ok
[INFO] [stdout] test bls12_381::ec::g1::g1_test_is_valid ... ok
[INFO] [stdout] test bls12_381::ec::g1::g1_generator ... ok
[INFO] [stdout] test bls12_381::fq2::test_fq2_addition ... ok
[INFO] [stdout] test bls12_381::fq2::test_fq2_basics ... ok
[INFO] [stdout] test bls12_381::fq2::test_fq2_doubling ... ok
[INFO] [stdout] test bls12_381::fq2::test_fq2_frobenius_map ... ok
[INFO] [stdout] test bls12_381::ec::g1::test_g1_same_y ... ok
[INFO] [stdout] test bls12_381::fq2::test_fq2_inverse ... ok
[INFO] [stdout] test bls12_381::fq2::test_fq2_negation ... ok
[INFO] [stdout] test bls12_381::ec::g1::test_g1_addition_correctness ... ok
[INFO] [stdout] test bls12_381::fq2::test_fq2_legendre ... ok
[INFO] [stdout] test bls12_381::fq2::test_fq2_squaring ... ok
[INFO] [stdout] test bls12_381::fq2::test_fq2_mul ... ok
[INFO] [stdout] test bls12_381::fq2::test_fq2_mul_nonresidue ... ok
[INFO] [stdout] test bls12_381::fq2::test_fq2_subtraction ... ok
[INFO] [stdout] test bls12_381::ec::g2::g2_test_is_valid ... ok
[INFO] [stdout] test bls12_381::fq2::test_fq2_sqrt ... ok
[INFO] [stdout] test bls12_381::ec::g2::g2_generator ... ok
[INFO] [stdout] test bls12_381::fq6::test_fq6_mul_nonresidue ... ok
[INFO] [stdout] test bls12_381::fq6::test_fq6_mul_by_1 ... ok
[INFO] [stdout] test bls12_381::fq2::test_fq2_ordering ... ok
[INFO] [stdout] test bls12_381::fq::test_b_coeff ... ok
[INFO] [stdout] test bls12_381::fq::test_fq_display ... ok
[INFO] [stdout] test bls12_381::fq::test_fq_add_assign ... ok
[INFO] [stdout] test bls12_381::ec::g1::test_g1_doubling_correctness ... ok
[INFO] [stdout] test bls12_381::fq::test_fq_double ... ok
[INFO] [stdout] test bls12_381::fq::test_fq_from_into_repr ... ok
[INFO] [stdout] test bls12_381::fq::test_fq_legendre ... ok
[INFO] [stdout] test bls12_381::fq::test_fq_negate ... ok
[INFO] [stdout] test bls12_381::fq::test_fq_num_bits ... ok
[INFO] [stdout] test bls12_381::fq::test_fq_ordering ... ok
[INFO] [stdout] test bls12_381::fq::test_fq_is_valid ... ok
[INFO] [stdout] test bls12_381::fq::test_fq_repr_add_nocarry ... ok
[INFO] [stdout] test bls12_381::fq::test_fq_repr_display ... ok
[INFO] [stdout] test bls12_381::fq::test_fq_repr_div2 ... ok
[INFO] [stdout] test bls12_381::fq6::test_fq6_mul_by_01 ... ok
[INFO] [stdout] test bls12_381::fq::test_fq_repr_mul2 ... ok
[INFO] [stdout] test bls12_381::fq::test_fq_repr_num_bits ... ok
[INFO] [stdout] test bls12_381::fq::test_fq_repr_from ... ok
[INFO] [stdout] test bls12_381::fq::test_fq_repr_ordering ... ok
[INFO] [stdout] test bls12_381::fq::test_fq_repr_is_odd ... ok
[INFO] [stdout] test bls12_381::fq::test_fq_repr_is_zero ... ok
[INFO] [stdout] test bls12_381::fq::test_fq_repr_sub_noborrow ... ok
[INFO] [stdout] test bls12_381::fq::test_fq_repr_shr ... ok
[INFO] [stdout] test bls12_381::fq::test_fq_root_of_unity ... ok
[INFO] [stdout] test bls12_381::fq12::test_fq12_mul_by_014 ... ok
[INFO] [stdout] test bls12_381::fq::test_fq_sub_assign ... ok
[INFO] [stdout] test bls12_381::fq::test_neg_one ... ok
[INFO] [stdout] test bls12_381::fq::test_fq_inverse ... ok
[INFO] [stdout] test bls12_381::fr::test_fr_add_assign ... ok
[INFO] [stdout] test bls12_381::fr::test_fr_display ... ok
[INFO] [stdout] test bls12_381::fr::test_fr_double ... ok
[INFO] [stdout] test bls12_381::fr::test_fr_from_into_repr ... ok
[INFO] [stdout] test bls12_381::fr::fr_repr_tests ... ok
[INFO] [stdout] test bls12_381::fr::test_fr_is_valid ... ok
[INFO] [stdout] test bls12_381::fr::test_fr_legendre ... ok
[INFO] [stdout] test bls12_381::fq::test_frob_coeffs ... ok
[INFO] [stdout] test bls12_381::fr::test_fr_negate ... ok
[INFO] [stdout] test bls12_381::fr::test_fr_num_bits ... ok
[INFO] [stdout] test bls12_381::fr::test_fr_inverse ... ok
[INFO] [stdout] test bls12_381::fr::test_fr_repr_add_nocarry ... ok
[INFO] [stdout] test bls12_381::fr::test_fr_repr_display ... ok
[INFO] [stdout] test bls12_381::fr::test_fr_repr_div2 ... ok
[INFO] [stdout] test bls12_381::fr::test_fr_repr_from ... ok
[INFO] [stdout] test bls12_381::fr::test_fr_repr_is_odd ... ok
[INFO] [stdout] test bls12_381::fr::test_fr_repr_is_zero ... ok
[INFO] [stdout] test bls12_381::fr::test_fr_repr_mul2 ... ok
[INFO] [stdout] test bls12_381::fr::test_fr_repr_num_bits ... ok
[INFO] [stdout] test bls12_381::fr::test_fr_repr_ordering ... ok
[INFO] [stdout] test bls12_381::fr::test_fr_repr_shr ... ok
[INFO] [stdout] test bls12_381::fr::test_fr_repr_sub_noborrow ... ok
[INFO] [stdout] test bls12_381::fr::test_fr_pow ... ok
[INFO] [stdout] test bls12_381::fr::test_fr_root_of_unity ... ok
[INFO] [stdout] test bls12_381::fr::test_fr_sqrt ... ok
[INFO] [stdout] test bls12_381::fr::test_fr_sub_assign ... ok
[INFO] [stdout] test bls12_381::tests::test_g1_compressed_invalid_vectors ... ok
[INFO] [stdout] test bls12_381::fq::fq_repr_tests ... ok
[INFO] [stdout] test bls12_381::tests::test_g1_uncompressed_invalid_vectors ... ok
[INFO] [stdout] test bls12_381::fq::test_fq_pow ... ok
[INFO] [stdout] test bls12_381::tests::test_g2_compressed_invalid_vectors ... ok
[INFO] [stdout] test bls12_381::fq::test_fq_sqrt ... ok
[INFO] [stdout] test bls12_381::tests::test_g2_uncompressed_invalid_vectors ... ok
[INFO] [stdout] test bls12_381::fq::test_fq_squaring ... ok
[INFO] [stdout] test bls12_381::tests::test_pairing_result_against_relic ... ok
[INFO] [stdout] test bls12_381::fr::test_fr_squaring ... ok
[INFO] [stdout] test bls12_381::tests::test_g1_uncompressed_valid_vectors ... ok
[INFO] [stdout] test bn256::ec::g1::g1_generator ... ok
[INFO] [stdout] test bn256::ec::g1::test_base_point_addition_and_doubling ... ok
[INFO] [stdout] test bls12_381::tests::test_g1_compressed_valid_vectors ... ok
[INFO] [stdout] test bn256::ec::g2::g2_generator ... FAILED
[INFO] [stdout] test bn256::ec::g2::g2_generator_on_curve ... ok
[INFO] [stdout] test bls12_381::fr::test_fr_mul_assign ... ok
[INFO] [stdout] test bls12_381::tests::test_g2_compressed_valid_vectors ... ok
[INFO] [stdout] test bls12_381::fq::test_fq_mul_assign ... ok
[INFO] [stdout] test bn256::ec::g2::test_b_coeff ... ok
[INFO] [stdout] test bn256::ec::g2::test_base_point_addition_and_doubling ... ok
[INFO] [stdout] test bn256::ec::g2::test_generate_g2_in_subgroup ... ok
[INFO] [stdout] test bls12_381::tests::test_g2_uncompressed_valid_vectors ... ok
[INFO] [stdout] test bn256::fq12::test_fq12_mul_by_014 ... ok
[INFO] [stdout] test bn256::fq12::test_squaring ... ok
[INFO] [stdout] test bls12_381::fr::fr_field_tests ... ok
[INFO] [stdout] test bn256::fq2::test_calculate_frob_1 ... ok
[INFO] [stdout] test bn256::fq2::test_fq2_basics ... ok
[INFO] [stdout] test bn256::fq2::test_fq2_frob12 ... ok
[INFO] [stdout] test bn256::fq2::test_fq2_frobc1 ... ok
[INFO] [stdout] test bn256::fq2::test_fq2_frobc2 ... ok
[INFO] [stdout] test bn256::fq2::test_fq2_get_b ... ok
[INFO] [stdout] test bn256::fq2::test_fq2_legendre ... ok
[INFO] [stdout] test bn256::fq2::test_fq2_mul_nonresidue ... ok
[INFO] [stdout] test bn256::fq2::test_fq2_ordering ... ok
[INFO] [stdout] test bn256::fq2::test_fq2_squaring ... ok
[INFO] [stdout] test bls12_381::fq::fq_field_tests ... ok
[INFO] [stdout] test bn256::fq6::test_fq6_mul_by_01 ... ok
[INFO] [stdout] test bn256::fq6::test_fq6_mul_by_1 ... ok
[INFO] [stdout] test bn256::fq6::test_fq6_mul_nonresidue ... ok
[INFO] [stdout] test bn256::ec::g2::test_addition_and_doubling ... ok
[INFO] [stdout] test bn256::fq::test_fq_is_valid ... ok
[INFO] [stdout] test bn256::fq::test_fq_num_bits ... ok
[INFO] [stdout] test bn256::fq::test_fq_repr_display ... ok
[INFO] [stdout] test bn256::fq::test_fq_repr_from ... ok
[INFO] [stdout] test bn256::fq::test_fq_repr_is_odd ... ok
[INFO] [stdout] test bn256::fq::test_fq_repr_num_bits ... ok
[INFO] [stdout] test bn256::fq::test_fq_sqrt ... ok
[INFO] [stdout] test bn256::fq::test_fq_sqrt_2 ... ok
[INFO] [stdout] test bn256::fr::test_default ... ok
[INFO] [stdout] test bn256::fr::test_fr_from_hex ... ok
[INFO] [stdout] test bn256::fr::test_roots_of_unity ... ok
[INFO] [stdout] test bn256::ec::g2::mul_by_order_tests ... ok
[INFO] [stdout] test bn256::fr::test_to_hex ... ok
[INFO] [stdout] test bn256::ec::g2::random_negation_tests ... ok
[INFO] [stdout] test bn256::fq2::fq2_field_tests ... ok
[INFO] [stdout] test bn256::fq::fq_field_tests ... ok
[INFO] [stdout] test bn256::ec::g1::g1_curve_tests ... ok
[INFO] [stdout] test bn256::fq6::fq6_field_tests ... ok
[INFO] [stdout] test bn256::test_pairing ... ok
[INFO] [stdout] test bls12_381::fq2::fq2_field_tests ... ok
[INFO] [stdout] test bls12_381::bls12_engine_tests has been running for over 60 seconds
[INFO] [stdout] test bls12_381::ec::g1::g1_curve_tests has been running for over 60 seconds
[INFO] [stdout] test bls12_381::ec::g2::g2_curve_tests has been running for over 60 seconds
[INFO] [stdout] test bls12_381::fq12::fq12_field_tests has been running for over 60 seconds
[INFO] [stdout] test bls12_381::fq6::fq6_field_tests has been running for over 60 seconds
[INFO] [stdout] test bn256::bn256_engine_tests has been running for over 60 seconds
[INFO] [stdout] test bls12_381::ec::g1::g1_curve_tests ... ok
[INFO] [stdout] test bn256::ec::g2::g2_curve_tests has been running for over 60 seconds
[INFO] [stdout] test bls12_381::fq6::fq6_field_tests ... ok
[INFO] [stdout] test bn256::fq12::fq12_field_tests has been running for over 60 seconds
[INFO] [stdout] test bn256::random_bilinearity_tests ... ok
[INFO] [stdout] test bn256::fq12::fq12_field_tests ... ok
[INFO] [stdout] test bn256::ec::g2::g2_curve_tests ... ok
[INFO] [stdout] test bn256::bn256_engine_tests ... ok
[INFO] [stdout] test bls12_381::fq12::fq12_field_tests ... ok
[INFO] [stdout] test bls12_381::bls12_engine_tests ... ok
[INFO] [stdout] test bls12_381::ec::g2::g2_curve_tests ... ok
[INFO] [stderr] error: test failed, to rerun pass `--lib`
[INFO] [stdout] 
[INFO] [stdout] failures:
[INFO] [stdout] 
[INFO] [stdout] ---- bn256::ec::g2::g2_generator stdout ----
[INFO] [stdout] 
[INFO] [stdout] thread 'bn256::ec::g2::g2_generator' (487) panicked at src/bn256/ec.rs:1532:21:
[INFO] [stdout] assertion `left == right` failed
[INFO] [stdout]   left: G2Affine { x: Fq2 { c0: Fq(0x0000000000000000000000000000000000000000000000000000000000000000), c1: Fq(0x0000000000000000000000000000000000000000000000000000000000000000) }, y: Fq2 { c0: Fq(0x2b3f3cefd5b17961811cfc2249abeed27cc5cf2d4f4489570c45f1ccbc09d5c8), c1: Fq(0x0c7adfb22a86647eb1ccb21f2c1cb4b4b5394eaf87993b22deb5f230309f910b) }, infinity: false }
[INFO] [stdout]  right: G2Affine { x: Fq2 { c0: Fq(0x1800deef121f1e76426a00665e5c4479674322d4f75edadd46debd5cd992f6ed), c1: Fq(0x198e9393920d483a7260bfb731fb5d25f1aa493335a9e71297e485b7aef312c2) }, y: Fq2 { c0: Fq(0x12c85ea5db8c6deb4aab71808dcb408fe3d1e7690c43d37b4ce6cc0166fa7daa), c1: Fq(0x090689d0585ff075ec9e99ad690c3395bc4b313370b38ef355acdadcd122975b) }, infinity: false }
[INFO] [stdout] stack backtrace:
[INFO] [stdout]    0:     0x56299655d191 - <<std[617be2ca0a6fd877]::sys::backtrace::BacktraceLock>::print::DisplayBacktrace as core[a373ad73a504971]::fmt::Display>::fmt
[INFO] [stdout]    1:     0x5629965714fa - core[a373ad73a504971]::fmt::write
[INFO] [stdout]    2:     0x56299656145c - <alloc[2e1b2a31b91974c5]::vec::Vec<u8> as core[a373ad73a504971]::io::write::Write>::write_fmt
[INFO] [stdout]    3:     0x5629965395f6 - std[617be2ca0a6fd877]::panicking::default_hook::{closure#0}
[INFO] [stdout]    4:     0x562996555829 - std[617be2ca0a6fd877]::panicking::default_hook
[INFO] [stdout]    5:     0x5629964f1dc0 - test[aada8e7e76ba119b]::test_main_inner::{closure#0}
[INFO] [stdout]    6:     0x5629965559e2 - std[617be2ca0a6fd877]::panicking::panic_with_hook
[INFO] [stdout]    7:     0x5629965396a2 - std[617be2ca0a6fd877]::panicking::panic_handler::{closure#0}
[INFO] [stdout]    8:     0x562996532389 - std[617be2ca0a6fd877]::sys::backtrace::__rust_end_short_backtrace::<std[617be2ca0a6fd877]::panicking::panic_handler::{closure#0}, !>
[INFO] [stdout]    9:     0x56299653a2ad - __rustc[ea4f61d10b84890b]::rust_begin_unwind
[INFO] [stdout]   10:     0x562996571c2c - core[a373ad73a504971]::panicking::panic_fmt
[INFO] [stdout]   11:     0x562996571b43 - core[a373ad73a504971]::panicking::assert_failed_inner
[INFO] [stdout]   12:     0x5629964d1313 - core[a373ad73a504971]::panicking::assert_failed::<fawkes_crypto_pairing_ce[dc87085456426910]::bn256::ec::g2::G2Affine, fawkes_crypto_pairing_ce[dc87085456426910]::bn256::ec::g2::G2Affine>
[INFO] [stdout]   13:     0x562996485743 - <fawkes_crypto_pairing_ce[dc87085456426910]::bn256::ec::g2::g2_generator::{closure#0} as core[a373ad73a504971]::ops::function::FnOnce<()>>::call_once
[INFO] [stdout]   14:     0x5629964e520b - test[aada8e7e76ba119b]::__rust_begin_short_backtrace::<core[a373ad73a504971]::result::Result<(), alloc[2e1b2a31b91974c5]::string::String>, fn() -> core[a373ad73a504971]::result::Result<(), alloc[2e1b2a31b91974c5]::string::String>>
[INFO] [stdout]   15:     0x5629964f23e5 - test[aada8e7e76ba119b]::run_test::{closure#0}
[INFO] [stdout]   16:     0x5629964ebcd4 - std[617be2ca0a6fd877]::sys::backtrace::__rust_begin_short_backtrace::<test[aada8e7e76ba119b]::run_test::{closure#1}, ()>
[INFO] [stdout]   17:     0x5629964f5472 - <std[617be2ca0a6fd877]::thread::lifecycle::spawn_unchecked<test[aada8e7e76ba119b]::run_test::{closure#1}, ()>::{closure#1} as core[a373ad73a504971]::ops::function::FnOnce<()>>::call_once::{shim:vtable#0}
[INFO] [stdout]   18:     0x56299655c9ef - <std[617be2ca0a6fd877]::sys::thread::unix::Thread>::new::thread_start
[INFO] [stdout]   19:     0x773654ce1dfa - <unknown>
[INFO] [stdout]   20:     0x773654d753d4 - clone
[INFO] [stdout]   21:                0x0 - <unknown>
[INFO] [stdout] 
[INFO] [stdout] 
[INFO] [stdout] failures:
[INFO] [stdout]     bn256::ec::g2::g2_generator
[INFO] [stdout] 
[INFO] [stdout] test result: FAILED. 146 passed; 1 failed; 0 ignored; 0 measured; 0 filtered out; finished in 153.79s
[INFO] [stdout] 
[INFO] running `Command { std: "docker" "inspect" "45ab501ab5e16fc07bdeb8dc13b11864688b62bb514ea07471b29c9a7cddf3f8", kill_on_drop: false }`
[INFO] running `Command { std: "docker" "rm" "-f" "45ab501ab5e16fc07bdeb8dc13b11864688b62bb514ea07471b29c9a7cddf3f8", kill_on_drop: false }`
[INFO] [stdout] 45ab501ab5e16fc07bdeb8dc13b11864688b62bb514ea07471b29c9a7cddf3f8
