[INFO] fetching crate faucet-auth 1.3.1...
[INFO] testing faucet-auth-1.3.1 against 1.99.0-beta.8+cargoflags=--release for beta-release-1.100-2
[INFO] extracting crate faucet-auth 1.3.1 into /workspace/builds/worker-3-tc1/source
[INFO] started tweaking crates.io crate faucet-auth 1.3.1
[INFO] removed 0 missing tests
[INFO] finished tweaking crates.io crate faucet-auth 1.3.1
[INFO] tweaked toml for crates.io crate faucet-auth 1.3.1 written to /workspace/builds/worker-3-tc1/source/Cargo.toml
[INFO] validating manifest of crates.io crate faucet-auth 1.3.1 on toolchain 1.99.0-beta.8
[INFO] running `Command { std: CARGO_HOME="/workspace/cargo-home" RUSTUP_HOME="/workspace/rustup-home" "/workspace/cargo-home/bin/cargo" "+1.99.0-beta.8" "metadata" "--manifest-path" "Cargo.toml" "--no-deps", kill_on_drop: false }`
[INFO] crate crates.io crate faucet-auth 1.3.1 already has a lockfile, it will not be regenerated
[INFO] running `Command { std: CARGO_HOME="/workspace/cargo-home" RUSTUP_HOME="/workspace/rustup-home" "/workspace/cargo-home/bin/cargo" "+1.99.0-beta.8" "fetch" "--manifest-path" "Cargo.toml", kill_on_drop: false }`
[INFO] [stderr]     Updating crates.io index
[INFO] [stderr]  Downloading crates ...
[INFO] [stderr]   Downloaded jsonpath-rust v1.0.4
[INFO] [stderr]   Downloaded envy v0.4.2
[INFO] [stderr]   Downloaded schemars_derive v1.2.1
[INFO] [stderr]   Downloaded faucet-core v1.13.2
[INFO] running `Command { std: "docker" "create" "-v" "/var/lib/crater-agent-workspace/builds/worker-3-tc1/source:/opt/rustwide/workdir:ro,Z" "-v" "/var/lib/crater-agent-workspace/builds/worker-3-tc1/target:/opt/rustwide/target:rw,Z" "-v" "/var/lib/crater-agent-workspace/cargo-home:/opt/rustwide/cargo-home:ro,Z" "-v" "/var/lib/crater-agent-workspace/rustup-home:/opt/rustwide/rustup-home:ro,Z" "-m" "1610612736" "--network" "none" "ghcr.io/rust-lang/crates-build-env/linux@sha256:77db811e55d90add9212f6832c23229e3de5f1c1f9905e8cb07319ea15df73ac" "sleep" "infinity", kill_on_drop: false }`
[INFO] [stdout] e8b3abbf5e71808fc8690cea54faabe4e150cd7a051ca25c75cab29d6160ad5a
[INFO] running `Command { std: "docker" "start" "e8b3abbf5e71808fc8690cea54faabe4e150cd7a051ca25c75cab29d6160ad5a", kill_on_drop: false }`
[INFO] running `Command { std: "docker" "inspect" "e8b3abbf5e71808fc8690cea54faabe4e150cd7a051ca25c75cab29d6160ad5a", kill_on_drop: false }`
[INFO] running `Command { std: "docker" "exec" "-e" "SOURCE_DIR=/opt/rustwide/workdir" "-e" "CARGO_HOME=/opt/rustwide/cargo-home" "-e" "RUSTUP_HOME=/opt/rustwide/rustup-home" "-e" "CARGO_TARGET_DIR=/opt/rustwide/target" "-w" "/opt/rustwide/workdir" "--user" "0:0" "e8b3abbf5e71808fc8690cea54faabe4e150cd7a051ca25c75cab29d6160ad5a" "/opt/rustwide/cargo-home/bin/cargo" "+1.99.0-beta.8" "metadata" "--no-deps" "--format-version=1", kill_on_drop: false }`
[INFO] running `Command { std: "docker" "inspect" "e8b3abbf5e71808fc8690cea54faabe4e150cd7a051ca25c75cab29d6160ad5a", kill_on_drop: false }`
[INFO] running `Command { std: "docker" "exec" "-e" "SOURCE_DIR=/opt/rustwide/workdir" "-e" "CARGO_HOME=/opt/rustwide/cargo-home" "-e" "RUSTUP_HOME=/opt/rustwide/rustup-home" "-e" "CARGO_TARGET_DIR=/opt/rustwide/target" "-e" "CARGO_INCREMENTAL=0" "-e" "RUST_BACKTRACE=full" "-e" "RUSTFLAGS=--cap-lints=warn" "-e" "RUSTDOCFLAGS=--cap-lints=warn" "-w" "/opt/rustwide/workdir" "--user" "0:0" "e8b3abbf5e71808fc8690cea54faabe4e150cd7a051ca25c75cab29d6160ad5a" "/opt/rustwide/cargo-home/bin/cargo" "+1.99.0-beta.8" "build" "--frozen" "--message-format=json" "--release", kill_on_drop: false }`
[INFO] [stderr]    Compiling socket2 v0.6.3
[INFO] [stderr]    Compiling mio v1.2.0
[INFO] [stderr]    Compiling futures-channel v0.3.32
[INFO] [stderr]    Compiling zeroize v1.9.0
[INFO] [stderr]    Compiling cmake v0.1.58
[INFO] [stderr]    Compiling tokio-macros v2.7.0
[INFO] [stderr]    Compiling tinystr v0.8.3
[INFO] [stderr]    Compiling aws-lc-rs v1.18.1
[INFO] [stderr]    Compiling zerotrie v0.2.4
[INFO] [stderr]    Compiling futures-macro v0.3.32
[INFO] [stderr]    Compiling icu_locale_core v2.2.0
[INFO] [stderr]    Compiling http v1.4.0
[INFO] [stderr]    Compiling aws-lc-sys v0.45.0
[INFO] [stderr]    Compiling tokio v1.52.3
[INFO] [stderr]    Compiling futures-task v0.3.32
[INFO] [stderr]    Compiling futures-io v0.3.32
[INFO] [stderr]    Compiling icu_collections v2.2.0
[INFO] [stderr]    Compiling icu_provider v2.2.0
[INFO] [stderr]    Compiling futures-util v0.3.32
[INFO] [stderr]    Compiling rustls-pki-types v1.14.1
[INFO] [stderr]    Compiling http-body v1.0.1
[INFO] [stderr]    Compiling tracing-attributes v0.1.31
[INFO] [stderr]    Compiling typenum v1.20.0
[INFO] [stderr]    Compiling rustls v0.23.45
[INFO] [stderr]    Compiling icu_properties v2.2.0
[INFO] [stderr]    Compiling icu_normalizer v2.2.0
[INFO] [stderr]    Compiling generic-array v0.14.7
[INFO] [stderr]    Compiling tracing v0.1.44
[INFO] [stderr]    Compiling serde_json v1.0.151
[INFO] [stderr]    Compiling ucd-trie v0.1.7
[INFO] [stderr]    Compiling memchr v2.8.0
[INFO] [stderr]    Compiling idna_adapter v1.2.2
[INFO] [stderr]    Compiling idna v1.1.0
[INFO] [stderr]    Compiling pest v2.8.6
[INFO] [stderr]    Compiling block-buffer v0.10.4
[INFO] [stderr]    Compiling crypto-common v0.1.7
[INFO] [stderr]    Compiling aho-corasick v1.1.4
[INFO] [stderr]    Compiling regex-syntax v0.8.10
[INFO] [stderr]    Compiling ref-cast v1.0.25
[INFO] [stderr]    Compiling pest_meta v2.8.6
[INFO] [stderr]    Compiling ipnet v2.12.0
[INFO] [stderr]    Compiling openssl-probe v0.2.1
[INFO] [stderr]    Compiling rustls-native-certs v0.8.3
[INFO] [stderr]    Compiling pest_generator v2.8.6
[INFO] [stderr]    Compiling digest v0.10.7
[INFO] [stderr]    Compiling tokio-util v0.7.18
[INFO] [stderr]    Compiling tower v0.5.3
[INFO] [stderr]    Compiling regex-automata v0.4.14
[INFO] [stderr]    Compiling url v2.5.8
[INFO] [stderr]    Compiling h2 v0.4.20
[INFO] [stderr]    Compiling serde_derive_internals v0.29.1
[INFO] [stderr]    Compiling ref-cast-impl v1.0.25
[INFO] [stderr]    Compiling bitflags v2.13.0
[INFO] [stderr]    Compiling regex v1.12.3
[INFO] [stderr]    Compiling tower-http v0.6.10
[INFO] [stderr]    Compiling serde_urlencoded v0.7.1
[INFO] [stderr]    Compiling hyper v1.9.0
[INFO] [stderr]    Compiling schemars_derive v1.2.1
[INFO] [stderr]    Compiling hyper-util v0.1.20
[INFO] [stderr]    Compiling rapidhash v4.4.1
[INFO] [stderr]    Compiling pest_derive v2.8.6
[INFO] [stderr]    Compiling futures-executor v0.3.32
[INFO] [stderr]    Compiling http-body-util v0.1.3
[INFO] [stderr]    Compiling async-stream-impl v0.3.6
[INFO] [stderr]    Compiling sha2 v0.10.9
[INFO] [stderr]    Compiling async-stream v0.3.6
[INFO] [stderr]    Compiling chrono v0.4.44
[INFO] [stderr]    Compiling schemars v1.2.1
[INFO] [stderr]    Compiling futures v0.3.32
[INFO] [stderr]    Compiling uuid v1.26.1
[INFO] [stderr]    Compiling jsonpath-rust v1.0.4
[INFO] [stderr]    Compiling metrics v0.24.6
[INFO] [stderr]    Compiling envy v0.4.2
[INFO] [stderr]    Compiling hmac v0.12.1
[INFO] [stderr]    Compiling rustls-webpki v0.103.15
[INFO] [stderr]    Compiling tokio-rustls v0.26.4
[INFO] [stderr]    Compiling rustls-platform-verifier v0.7.0
[INFO] [stderr]    Compiling hyper-rustls v0.27.9
[INFO] [stderr]    Compiling reqwest v0.13.3
[INFO] [stderr]    Compiling faucet-core v1.13.2
[INFO] [stderr]    Compiling faucet-auth v1.3.1 (/opt/rustwide/workdir)
[INFO] [stderr]     Finished `release` profile [optimized] target(s) in 5m 29s
[INFO] running `Command { std: "docker" "inspect" "e8b3abbf5e71808fc8690cea54faabe4e150cd7a051ca25c75cab29d6160ad5a", kill_on_drop: false }`
[INFO] running `Command { std: "docker" "exec" "-e" "SOURCE_DIR=/opt/rustwide/workdir" "-e" "CARGO_HOME=/opt/rustwide/cargo-home" "-e" "RUSTUP_HOME=/opt/rustwide/rustup-home" "-e" "CARGO_TARGET_DIR=/opt/rustwide/target" "-e" "CARGO_INCREMENTAL=0" "-e" "RUST_BACKTRACE=full" "-e" "RUSTFLAGS=--cap-lints=warn" "-e" "RUSTDOCFLAGS=--cap-lints=warn" "-w" "/opt/rustwide/workdir" "--user" "0:0" "e8b3abbf5e71808fc8690cea54faabe4e150cd7a051ca25c75cab29d6160ad5a" "/opt/rustwide/cargo-home/bin/cargo" "+1.99.0-beta.8" "test" "--frozen" "--no-run" "--message-format=json" "--release", kill_on_drop: false }`
[INFO] [stderr]    Compiling errno v0.3.14
[INFO] [stderr]    Compiling parking_lot_core v0.9.12
[INFO] [stderr]    Compiling bitflags v2.13.0
[INFO] [stderr]    Compiling num_cpus v1.17.0
[INFO] [stderr]    Compiling deadpool-runtime v0.1.4
[INFO] [stderr]    Compiling assert-json-diff v2.0.2
[INFO] [stderr]    Compiling signal-hook-registry v1.4.8
[INFO] [stderr]    Compiling rustix v1.1.4
[INFO] [stderr]    Compiling parking_lot v0.12.5
[INFO] [stderr]    Compiling tokio v1.52.3
[INFO] [stderr]    Compiling tempfile v3.27.0
[INFO] [stderr]    Compiling tokio-util v0.7.18
[INFO] [stderr]    Compiling tower v0.5.3
[INFO] [stderr]    Compiling tokio-rustls v0.26.4
[INFO] [stderr]    Compiling deadpool v0.12.3
[INFO] [stderr]    Compiling h2 v0.4.20
[INFO] [stderr]    Compiling tower-http v0.6.10
[INFO] [stderr]    Compiling hyper v1.9.0
[INFO] [stderr]    Compiling hyper-util v0.1.20
[INFO] [stderr]    Compiling hyper-rustls v0.27.9
[INFO] [stderr]    Compiling wiremock v0.6.5
[INFO] [stderr]    Compiling reqwest v0.13.3
[INFO] [stderr]    Compiling faucet-core v1.13.2
[INFO] [stderr]    Compiling faucet-auth v1.3.1 (/opt/rustwide/workdir)
[INFO] [stderr]     Finished `release` profile [optimized] target(s) in 2m 48s
[INFO] running `Command { std: "docker" "inspect" "e8b3abbf5e71808fc8690cea54faabe4e150cd7a051ca25c75cab29d6160ad5a", kill_on_drop: false }`
[INFO] running `Command { std: "docker" "exec" "-e" "SOURCE_DIR=/opt/rustwide/workdir" "-e" "CARGO_HOME=/opt/rustwide/cargo-home" "-e" "RUSTUP_HOME=/opt/rustwide/rustup-home" "-e" "CARGO_TARGET_DIR=/opt/rustwide/target" "-e" "CARGO_INCREMENTAL=0" "-e" "RUST_BACKTRACE=full" "-e" "RUSTFLAGS=--cap-lints=warn" "-e" "RUSTDOCFLAGS=--cap-lints=warn" "-w" "/opt/rustwide/workdir" "--user" "0:0" "e8b3abbf5e71808fc8690cea54faabe4e150cd7a051ca25c75cab29d6160ad5a" "/opt/rustwide/cargo-home/bin/cargo" "+1.99.0-beta.8" "test" "--frozen" "--release", kill_on_drop: false }`
[INFO] [stderr]     Finished `release` profile [optimized] target(s) in 0.32s
[INFO] [stderr]      Running unittests src/lib.rs (/opt/rustwide/target/release/deps/faucet_auth-a6365bfe1d99bc2a)
[INFO] [stdout] 
[INFO] [stdout] running 99 tests
[INFO] [stdout] test flow::tests::build_request_auth_places_header_query_cookie_body ... ok
[INFO] [stdout] test flow::tests::build_request_auth_signs_and_sets_base_url ... ok
[INFO] [stdout] test flow::tests::base_url_from_empty_render_is_ignored ... ok
[INFO] [stdout] test flow::tests::capture_struct_forms_parse_kinds ... ok
[INFO] [stdout] test flow::tests::capture_backcompat_string_form_parses_as_json ... ok
[INFO] [stdout] test flow::tests::config_rejects_capture_missing_selector ... ok
[INFO] [stdout] test flow::tests::config_rejects_empty_place_name_and_sign_header ... ok
[INFO] [stdout] test flow::tests::config_rejects_empty_step_sign_header ... ok
[INFO] [stdout] test flow::tests::config_rejects_empty_step_url ... ok
[INFO] [stdout] test flow::tests::config_rejects_form_and_json_together ... ok
[INFO] [stdout] test flow::tests::config_validate_requires_steps_or_apply ... ok
[INFO] [stdout] test flow::tests::build_provider_dispatches_flow ... ok
[INFO] [stdout] test flow::tests::debug_redacts_and_summarizes ... ok
[INFO] [stdout] test flow::tests::from_config_rejects_unknown_field ... ok
[INFO] [stdout] test flow::tests::hmac_hex_and_base64_are_deterministic ... ok
[INFO] [stdout] test flow::tests::jsonpath_first_extracts_scalar ... ok
[INFO] [stdout] test flow::tests::capture_from_xml_body_works ... ok
[INFO] [stdout] test flow::tests::capture_from_xml_miss_is_an_error ... ok
[INFO] [stdout] test flow::tests::capture_from_set_cookie_applies_as_cookie ... ok
[INFO] [stdout] test flow::tests::capture_from_header_works ... ok
[INFO] [stdout] test flow::tests::an_absurd_ttl_does_not_panic ... ok
[INFO] [stdout] test flow::tests::concurrent_invalidations_of_one_session_log_in_once ... ok
[INFO] [stdout] test flow::tests::login_invalid_method_errors ... ok
[INFO] [stdout] test flow::tests::login_capture_miss_is_an_error ... ok
[INFO] [stdout] test flow::tests::header_credential_caches_then_reloads_on_invalidate ... ok
[INFO] [stdout] test flow::tests::render_handles_unterminated_and_utf8 ... ok
[INFO] [stdout] test flow::tests::login_chain_captures_placements_and_base_url ... ok
[INFO] [stdout] test flow::tests::render_substitutes_known_and_leaves_unknown ... ok
[INFO] [stdout] test flow::tests::set_cookie_and_header_helpers_select_by_name ... ok
[INFO] [stdout] test flow::tests::sign_header_computes_name_and_value_with_clock ... ok
[INFO] [stdout] test flow::tests::login_sends_headers_and_json_body ... ok
[INFO] [stdout] test flow::tests::login_send_failure_errors ... ok
[INFO] [stdout] test flow::tests::value_to_string_covers_kinds ... ok
[INFO] [stdout] test flow::tests::xml_dot_path_extracts_nested_text ... ok
[INFO] [stdout] test flow::tests::xml_dot_path_handles_cdata_and_entities ... ok
[INFO] [stdout] test flow::tests::no_steps_apply_only_flow_works ... ok
[INFO] [stdout] test flow::tests::xml_dot_path_ignores_declaration_attrs_and_namespaces ... ok
[INFO] [stdout] test flow::tests::login_non_json_response_errors ... ok
[INFO] [stdout] test flow::tests::session_ttl_caches_within_window ... ok
[INFO] [stdout] test flow::tests::login_non_success_is_an_error ... ok
[INFO] [stdout] test oauth2::tests::a_persisted_token_is_used_only_by_its_own_grant ... ok
[INFO] [stdout] test oauth2::tests::a_lost_compare_and_set_keeps_the_other_holders_token ... ok
[INFO] [stdout] test flow::tests::signed_login_then_signed_data_requests ... ok
[INFO] [stdout] test flow::tests::login_step_with_empty_capture_succeeds ... ok
[INFO] [stdout] test oauth2::tests::default_persist_key_is_stable_and_grant_scoped ... ok
[INFO] [stdout] test flow::tests::signed_login_step_sends_computed_signature_header ... ok
[INFO] [stdout] test oauth2::tests::a_persist_write_failure_fails_the_refresh ... ok
[INFO] [stdout] test oauth2::tests::persist_requires_a_path ... ok
[INFO] [stdout] test oauth2::tests::an_idp_503_is_retried_not_fatal ... ok
[INFO] [stdout] test oauth2::tests::a_legacy_shared_entry_is_adopted_only_through_an_explicit_key ... ok
[INFO] [stdout] test oauth2::tests::a_persisted_token_of_another_grant_or_an_empty_entry_is_not_used ... ok
[INFO] [stdout] test oauth2::tests::a_rejected_grant_is_retried_once_with_a_newly_stored_token ... ok
[INFO] [stdout] test oauth2::tests::empty_scope_string_is_treated_as_absent ... ok
[INFO] [stdout] test oauth2::tests::overlapping_holders_refresh_with_the_newest_stored_token ... ok
[INFO] [stdout] test oauth2::tests::client_credentials_single_flight ... ok
[INFO] [stdout] test oauth2::tests::rejected_grants_are_401_or_invalid_grant ... ok
[INFO] [stdout] test oauth2::tests::provider_debug_does_not_leak_secrets ... ok
[INFO] [stdout] test oauth2::tests::refresh_grant_omits_scope_when_not_configured ... ok
[INFO] [stdout] test oauth2::tests::refresh_provider_invalidate_cas_refetches_once ... ok
[INFO] [stdout] test private_store::tests::a_failed_write_is_an_error ... FAILED
[INFO] [stdout] test oauth2::tests::refresh_grant_includes_scope_when_configured ... ok
[INFO] [stdout] test oauth2::tests::persists_to_a_file_backed_store_from_config_path ... ok
[INFO] [stdout] test oauth2::tests::persists_rotated_refresh_token_across_providers ... ok
[INFO] [stdout] test retry::tests::classification ... ok
[INFO] [stdout] test private_store::tests::writes_owner_only_files_in_an_owner_only_directory ... ok
[INFO] [stdout] test retry::tests::retry_after_is_parsed_and_capped ... ok
[INFO] [stdout] test static_provider::tests::bearer_round_trips ... ok
[INFO] [stdout] test retry::tests::attempts_are_bounded ... ok
[INFO] [stdout] test static_provider::tests::debug_does_not_leak_token ... ok
[INFO] [stdout] test static_provider::tests::from_config_header ... ok
[INFO] [stdout] test tests::an_absurd_expiry_means_no_expiry_rather_than_a_panic ... ok
[INFO] [stdout] test static_provider::tests::from_config_bearer ... ok
[INFO] [stdout] test static_provider::tests::from_config_empty_errors ... ok
[INFO] [stdout] test tests::build_provider_missing_type_errors ... ok
[INFO] [stdout] test tests::build_provider_static ... ok
[INFO] [stdout] test tests::build_provider_unknown_type_errors ... ok
[INFO] [stdout] test tests::unknown_provider_config_keys_are_refused ... ok
[INFO] [stdout] test tests::parse_expiry_ratio_validates_range ... ok
[INFO] [stdout] test oauth2::tests::refresh_provider_single_flight_one_fetch_for_concurrent_calls ... ok
[INFO] [stdout] test oauth2::tests::token_endpoint_failure_surfaces_auth_error ... ok
[INFO] [stdout] test token_endpoint::tests::apply_as_requires_a_header ... ok
[INFO] [stdout] test retry::tests::a_transient_status_is_retried_and_a_permanent_one_is_not ... ok
[INFO] [stdout] test tests::build_provider_rejects_out_of_range_expiry_ratio ... ok
[INFO] [stdout] test token_endpoint::tests::apply_as_header_defaults_template_to_bare_token ... ok
[INFO] [stdout] test token_endpoint::tests::form_pairs_rejects_non_object_and_nested ... ok
[INFO] [stdout] test token_endpoint::tests::extracts_token_via_jsonpath_and_single_flights ... ok
[INFO] [stdout] test token_endpoint::tests::apply_as_header_returns_templated_cookie_credential ... ok
[INFO] [stdout] test token_endpoint::tests::a_permanent_failure_is_an_auth_error_with_the_body ... ok
[INFO] [stdout] test oauth2::tests::two_grants_of_one_app_do_not_swap_refresh_tokens ... ok
[INFO] [stdout] test token_endpoint::tests::missing_url_errors ... ok
[INFO] [stdout] test token_endpoint::tests::form_encoding_posts_urlencoded_body ... ok
[INFO] [stdout] test token_endpoint::tests::rejects_invalid_encoding ... ok
[INFO] [stdout] test token_endpoint::tests::provider_debug_does_not_leak_form_body_secrets ... ok
[INFO] [stdout] test token_endpoint::tests::invalidate_short_circuits_when_token_already_rotated ... ok
[INFO] [stdout] test token_endpoint::tests::provider_debug_does_not_leak_body_secrets ... ok
[INFO] [stdout] test token_endpoint::tests::invalidate_forces_a_refresh_of_the_stale_token ... ok
[INFO] [stdout] test token_endpoint::tests::json_encoding_posts_json_body ... ok
[INFO] [stdout] test token_endpoint::tests::rejects_out_of_range_expiry_ratio ... ok
[INFO] [stdout] test retry::tests::a_connect_failure_is_retried_then_surfaced ... ok
[INFO] [stdout] 
[INFO] [stdout] failures:
[INFO] [stdout] 
[INFO] [stdout] ---- private_store::tests::a_failed_write_is_an_error stdout ----
[INFO] [stdout] 
[INFO] [stdout] thread 'private_store::tests::a_failed_write_is_an_error' (3396) panicked at src/private_store.rs:154:14:
[INFO] [stdout] called `Result::unwrap_err()` on an `Ok` value: ()
[INFO] [stdout] stack backtrace:
[INFO] [stdout]    0:     0x58f23ddec601 - <<std[70759c8f55707aa4]::sys::backtrace::BacktraceLock>::print::DisplayBacktrace as core[df12db4294e9bfd3]::fmt::Display>::fmt
[INFO] [stdout]    1:     0x58f23de04bfa - core[df12db4294e9bfd3]::fmt::write
[INFO] [stdout]    2:     0x58f23ddf1a0c - <alloc[2182bb758b4b3781]::vec::Vec<u8> as core[df12db4294e9bfd3]::io::write::Write>::write_fmt
[INFO] [stdout]    3:     0x58f23ddc4b06 - std[70759c8f55707aa4]::panicking::default_hook::{closure#0}
[INFO] [stdout]    4:     0x58f23dde3159 - std[70759c8f55707aa4]::panicking::default_hook
[INFO] [stdout]    5:     0x58f23d836820 - test[9d35eded1c95d3be]::test_main_inner::<test[9d35eded1c95d3be]::test_main_static::{closure#0}>::{closure#0}
[INFO] [stdout]    6:     0x58f23dde3482 - std[70759c8f55707aa4]::panicking::panic_with_hook
[INFO] [stdout]    7:     0x58f23ddc4bb2 - std[70759c8f55707aa4]::panicking::panic_handler::{closure#0}
[INFO] [stdout]    8:     0x58f23ddbd4a9 - std[70759c8f55707aa4]::sys::backtrace::__rust_end_short_backtrace::<std[70759c8f55707aa4]::panicking::panic_handler::{closure#0}, !>
[INFO] [stdout]    9:     0x58f23ddc5b4d - __rustc[8fa7c3cbc660c2b3]::rust_begin_unwind
[INFO] [stdout]   10:     0x58f23de053dc - core[df12db4294e9bfd3]::panicking::panic_fmt
[INFO] [stdout]   11:     0x58f23de051b2 - core[df12db4294e9bfd3]::result::unwrap_failed
[INFO] [stdout]   12:     0x58f23d7dd1b5 - faucet_auth[c08db4dd6d13ac94]::private_store::tests::a_failed_write_is_an_error::{closure#0}
[INFO] [stdout]   13:     0x58f23d809afe - <tokio[c2dd9c3399234396]::runtime::runtime::Runtime>::block_on::<core[df12db4294e9bfd3]::pin::Pin<&mut dyn core[df12db4294e9bfd3]::future::future::Future<Output = ()>>>
[INFO] [stdout]   14:     0x58f23d7e513b - faucet_auth[c08db4dd6d13ac94]::private_store::tests::a_failed_write_is_an_error
[INFO] [stdout]   15:     0x58f23d827ae9 - <faucet_auth[c08db4dd6d13ac94]::private_store::tests::a_failed_write_is_an_error::{closure#0} as core[df12db4294e9bfd3]::ops::function::FnOnce<()>>::call_once
[INFO] [stdout]   16:     0x58f23d829b0b - test[9d35eded1c95d3be]::__rust_begin_short_backtrace::<core[df12db4294e9bfd3]::result::Result<(), alloc[2182bb758b4b3781]::string::String>, fn() -> core[df12db4294e9bfd3]::result::Result<(), alloc[2182bb758b4b3781]::string::String>>
[INFO] [stdout]   17:     0x58f23d837175 - test[9d35eded1c95d3be]::run_test::{closure#0}
[INFO] [stdout]   18:     0x58f23d830a34 - std[70759c8f55707aa4]::sys::backtrace::__rust_begin_short_backtrace::<test[9d35eded1c95d3be]::run_test::{closure#1}, ()>
[INFO] [stdout]   19:     0x58f23d83a2d2 - <std[70759c8f55707aa4]::thread::lifecycle::spawn_unchecked<test[9d35eded1c95d3be]::run_test::{closure#1}, ()>::{closure#1} as core[df12db4294e9bfd3]::ops::function::FnOnce<()>>::call_once::{shim:vtable#0}
[INFO] [stdout]   20:     0x58f23ddeb3c9 - <std[70759c8f55707aa4]::sys::thread::unix::Thread>::new::thread_start
[INFO] [stdout]   21:     0x7f15fed89dfa - <unknown>
[INFO] [stdout]   22:     0x7f15fee1d3d4 - clone
[INFO] [stdout]   23:                0x0 - <unknown>
[INFO] [stdout] 
[INFO] [stdout] 
[INFO] [stdout] failures:
[INFO] [stdout]     private_store::tests::a_failed_write_is_an_error
[INFO] [stdout] 
[INFO] [stdout] test result: FAILED. 98 passed; 1 failed; 0 ignored; 0 measured; 0 filtered out; finished in 7.75s
[INFO] [stdout] 
[INFO] [stderr] error: test failed, to rerun pass `--lib`
[INFO] running `Command { std: "docker" "inspect" "e8b3abbf5e71808fc8690cea54faabe4e150cd7a051ca25c75cab29d6160ad5a", kill_on_drop: false }`
[INFO] running `Command { std: "docker" "rm" "-f" "e8b3abbf5e71808fc8690cea54faabe4e150cd7a051ca25c75cab29d6160ad5a", kill_on_drop: false }`
[INFO] [stdout] e8b3abbf5e71808fc8690cea54faabe4e150cd7a051ca25c75cab29d6160ad5a
