[INFO] fetching crate fastokens-b10 0.2.17...
[INFO] testing fastokens-b10-0.2.17 against 1.100.0-beta.1+cargoflags=--release for beta-release-1.100-2
[INFO] extracting crate fastokens-b10 0.2.17 into /workspace/builds/worker-3-tc2/source
[INFO] removed /workspace/builds/worker-3-tc2/source/.cargo/config.toml
[INFO] started tweaking crates.io crate fastokens-b10 0.2.17
[INFO] removed 0 missing examples
[INFO] removed 0 missing tests
[INFO] finished tweaking crates.io crate fastokens-b10 0.2.17
[INFO] tweaked toml for crates.io crate fastokens-b10 0.2.17 written to /workspace/builds/worker-3-tc2/source/Cargo.toml
[INFO] validating manifest of crates.io crate fastokens-b10 0.2.17 on toolchain 1.100.0-beta.1
[INFO] running `Command { std: CARGO_HOME="/workspace/cargo-home" RUSTUP_HOME="/workspace/rustup-home" "/workspace/cargo-home/bin/cargo" "+1.100.0-beta.1" "metadata" "--manifest-path" "Cargo.toml" "--no-deps", kill_on_drop: false }`
[INFO] crate crates.io crate fastokens-b10 0.2.17 already has a lockfile, it will not be regenerated
[INFO] running `Command { std: CARGO_HOME="/workspace/cargo-home" RUSTUP_HOME="/workspace/rustup-home" "/workspace/cargo-home/bin/cargo" "+1.100.0-beta.1" "fetch" "--manifest-path" "Cargo.toml", kill_on_drop: false }`
[INFO] [stderr] warning: `package.homepage` is redundant with `package.repository`
[INFO] [stderr]    --> Cargo.toml:133:12
[INFO] [stderr]     |
[INFO] [stderr] 133 | homepage = "https://github.com/Atero-ai/fastokens"
[INFO] [stderr]     |            ^^^^^^^^^^^^^^^^^^^^^^^^^^^^^^^^^^^^^^^
[INFO] [stderr] ...
[INFO] [stderr] 137 | repository = "https://github.com/Atero-ai/fastokens"
[INFO] [stderr]     |              ---------------------------------------
[INFO] [stderr]     |
[INFO] [stderr]     = note: `cargo::redundant_homepage` is set to `warn` by default
[INFO] [stderr] help: consider removing `package.homepage`
[INFO] [stderr] warning: `fastokens-b10` (manifest) generated 1 warning
[INFO] running `Command { std: "docker" "create" "-v" "/var/lib/crater-agent-workspace/builds/worker-3-tc2/source:/opt/rustwide/workdir:ro,Z" "-v" "/var/lib/crater-agent-workspace/builds/worker-3-tc2/target:/opt/rustwide/target:rw,Z" "-v" "/var/lib/crater-agent-workspace/cargo-home:/opt/rustwide/cargo-home:ro,Z" "-v" "/var/lib/crater-agent-workspace/rustup-home:/opt/rustwide/rustup-home:ro,Z" "-m" "1610612736" "--network" "none" "ghcr.io/rust-lang/crates-build-env/linux@sha256:77db811e55d90add9212f6832c23229e3de5f1c1f9905e8cb07319ea15df73ac" "sleep" "infinity", kill_on_drop: false }`
[INFO] [stdout] a368d959c9ee63bb2cf0f346c7bf8a955a2c06ecec473f26d3aabdbabb8608d0
[INFO] running `Command { std: "docker" "start" "a368d959c9ee63bb2cf0f346c7bf8a955a2c06ecec473f26d3aabdbabb8608d0", kill_on_drop: false }`
[INFO] running `Command { std: "docker" "inspect" "a368d959c9ee63bb2cf0f346c7bf8a955a2c06ecec473f26d3aabdbabb8608d0", kill_on_drop: false }`
[INFO] running `Command { std: "docker" "exec" "-e" "SOURCE_DIR=/opt/rustwide/workdir" "-e" "CARGO_HOME=/opt/rustwide/cargo-home" "-e" "RUSTUP_HOME=/opt/rustwide/rustup-home" "-e" "CARGO_TARGET_DIR=/opt/rustwide/target" "-w" "/opt/rustwide/workdir" "--user" "0:0" "a368d959c9ee63bb2cf0f346c7bf8a955a2c06ecec473f26d3aabdbabb8608d0" "/opt/rustwide/cargo-home/bin/cargo" "+1.100.0-beta.1" "metadata" "--no-deps" "--format-version=1", kill_on_drop: false }`
[INFO] running `Command { std: "docker" "inspect" "a368d959c9ee63bb2cf0f346c7bf8a955a2c06ecec473f26d3aabdbabb8608d0", kill_on_drop: false }`
[INFO] running `Command { std: "docker" "exec" "-e" "SOURCE_DIR=/opt/rustwide/workdir" "-e" "CARGO_HOME=/opt/rustwide/cargo-home" "-e" "RUSTUP_HOME=/opt/rustwide/rustup-home" "-e" "CARGO_TARGET_DIR=/opt/rustwide/target" "-e" "CARGO_INCREMENTAL=0" "-e" "RUST_BACKTRACE=full" "-e" "RUSTFLAGS=--cap-lints=warn" "-e" "RUSTDOCFLAGS=--cap-lints=warn" "-w" "/opt/rustwide/workdir" "--user" "0:0" "a368d959c9ee63bb2cf0f346c7bf8a955a2c06ecec473f26d3aabdbabb8608d0" "/opt/rustwide/cargo-home/bin/cargo" "+1.100.0-beta.1" "build" "--frozen" "--message-format=json" "--release", kill_on_drop: false }`
[INFO] [stderr] warning: `package.homepage` is redundant with `package.repository`
[INFO] [stderr]    --> Cargo.toml:133:12
[INFO] [stderr]     |
[INFO] [stderr] 133 | homepage = "https://github.com/Atero-ai/fastokens"
[INFO] [stderr]     |            ^^^^^^^^^^^^^^^^^^^^^^^^^^^^^^^^^^^^^^^
[INFO] [stderr] ...
[INFO] [stderr] 137 | repository = "https://github.com/Atero-ai/fastokens"
[INFO] [stderr]     |              ---------------------------------------
[INFO] [stderr]     |
[INFO] [stderr]     = note: `cargo::redundant_homepage` is set to `warn` by default
[INFO] [stderr] help: consider removing `package.homepage`
[INFO] [stderr] warning: `fastokens-b10` (manifest) generated 1 warning
[INFO] [stderr]    Compiling unicode-ident v1.0.23
[INFO] [stderr]    Compiling zerocopy v0.8.39
[INFO] [stderr]    Compiling getrandom v0.2.17
[INFO] [stderr]    Compiling getrandom v0.3.4
[INFO] [stderr]    Compiling simd-adler32 v0.3.8
[INFO] [stderr]    Compiling serde_json v1.0.149
[INFO] [stderr]    Compiling rustls v0.23.36
[INFO] [stderr]    Compiling webpki-roots v1.0.6
[INFO] [stderr]    Compiling pcre2-sys v0.2.10
[INFO] [stderr]    Compiling ring v0.17.14
[INFO] [stderr]    Compiling console v0.15.11
[INFO] [stderr]    Compiling dirs-sys v0.5.0
[INFO] [stderr]    Compiling socks v0.3.4
[INFO] [stderr]    Compiling regex-syntax v0.8.9
[INFO] [stderr]    Compiling either v1.15.0
[INFO] [stderr]    Compiling chrono v0.4.45
[INFO] [stderr]    Compiling proc-macro2 v1.0.106
[INFO] [stderr]    Compiling webpki-roots v0.26.11
[INFO] [stderr]    Compiling daachorse v1.0.0
[INFO] [stderr]    Compiling rand_core v0.9.5
[INFO] [stderr]    Compiling miniz_oxide v0.8.9
[INFO] [stderr]    Compiling dirs v6.0.0
[INFO] [stderr]    Compiling rayon v1.11.0
[INFO] [stderr]    Compiling pcre2 v0.2.11
[INFO] [stderr]    Compiling indicatif v0.17.11
[INFO] [stderr]    Compiling quote v1.0.44
[INFO] [stderr]    Compiling syn v2.0.115
[INFO] [stderr]    Compiling flate2 v1.1.9
[INFO] [stderr]    Compiling regex-automata v0.4.14
[INFO] [stderr]    Compiling synstructure v0.13.2
[INFO] [stderr]    Compiling zerovec-derive v0.11.2
[INFO] [stderr]    Compiling displaydoc v0.2.5
[INFO] [stderr]    Compiling serde_derive v1.0.228
[INFO] [stderr]    Compiling thiserror-impl v2.0.18
[INFO] [stderr]    Compiling strum_macros v0.27.2
[INFO] [stderr]    Compiling zerofrom-derive v0.1.6
[INFO] [stderr]    Compiling yoke-derive v0.8.1
[INFO] [stderr]    Compiling zerofrom v0.1.6
[INFO] [stderr]    Compiling thiserror v2.0.18
[INFO] [stderr]    Compiling yoke v0.8.1
[INFO] [stderr]    Compiling zerovec v0.11.5
[INFO] [stderr]    Compiling zerotrie v0.2.3
[INFO] [stderr]    Compiling strum v0.27.2
[INFO] [stderr]    Compiling ppv-lite86 v0.2.21
[INFO] [stderr]    Compiling tinystr v0.8.2
[INFO] [stderr]    Compiling potential_utf v0.1.4
[INFO] [stderr]    Compiling icu_locale_core v2.1.1
[INFO] [stderr]    Compiling icu_collections v2.1.1
[INFO] [stderr]    Compiling rand_chacha v0.9.0
[INFO] [stderr]    Compiling rand v0.9.2
[INFO] [stderr]    Compiling icu_provider v2.1.1
[INFO] [stderr]    Compiling serde v1.0.228
[INFO] [stderr]    Compiling icu_normalizer v2.1.1
[INFO] [stderr]    Compiling icu_properties v2.1.2
[INFO] [stderr]    Compiling fancy-regex v0.17.0
[INFO] [stderr]    Compiling minijinja v2.22.0
[INFO] [stderr]    Compiling idna_adapter v1.2.1
[INFO] [stderr]    Compiling rustls-webpki v0.103.9
[INFO] [stderr]    Compiling idna v1.1.0
[INFO] [stderr]    Compiling url v2.5.8
[INFO] [stderr]    Compiling minijinja-contrib v2.22.0
[INFO] [stderr]    Compiling ureq v2.12.1
[INFO] [stderr]    Compiling hf-hub v0.4.3
[INFO] [stderr]    Compiling fastokens-b10 v0.2.17 (/opt/rustwide/workdir)
[INFO] [stderr]     Finished `release` profile [optimized] target(s) in 1m 35s
[INFO] running `Command { std: "docker" "inspect" "a368d959c9ee63bb2cf0f346c7bf8a955a2c06ecec473f26d3aabdbabb8608d0", kill_on_drop: false }`
[INFO] running `Command { std: "docker" "exec" "-e" "SOURCE_DIR=/opt/rustwide/workdir" "-e" "CARGO_HOME=/opt/rustwide/cargo-home" "-e" "RUSTUP_HOME=/opt/rustwide/rustup-home" "-e" "CARGO_TARGET_DIR=/opt/rustwide/target" "-e" "CARGO_INCREMENTAL=0" "-e" "RUST_BACKTRACE=full" "-e" "RUSTFLAGS=--cap-lints=warn" "-e" "RUSTDOCFLAGS=--cap-lints=warn" "-w" "/opt/rustwide/workdir" "--user" "0:0" "a368d959c9ee63bb2cf0f346c7bf8a955a2c06ecec473f26d3aabdbabb8608d0" "/opt/rustwide/cargo-home/bin/cargo" "+1.100.0-beta.1" "test" "--frozen" "--no-run" "--message-format=json" "--release", kill_on_drop: false }`
[INFO] [stderr] warning: `package.homepage` is redundant with `package.repository`
[INFO] [stderr]    --> Cargo.toml:133:12
[INFO] [stderr]     |
[INFO] [stderr] 133 | homepage = "https://github.com/Atero-ai/fastokens"
[INFO] [stderr]     |            ^^^^^^^^^^^^^^^^^^^^^^^^^^^^^^^^^^^^^^^
[INFO] [stderr] ...
[INFO] [stderr] 137 | repository = "https://github.com/Atero-ai/fastokens"
[INFO] [stderr]     |              ---------------------------------------
[INFO] [stderr]     |
[INFO] [stderr]     = note: `cargo::redundant_homepage` is set to `warn` by default
[INFO] [stderr] help: consider removing `package.homepage`
[INFO] [stderr] warning: `fastokens-b10` (manifest) generated 1 warning
[INFO] [stderr]    Compiling serde_core v1.0.228
[INFO] [stderr]    Compiling syn v2.0.115
[INFO] [stderr]    Compiling regex-syntax v0.8.9
[INFO] [stderr]    Compiling either v1.15.0
[INFO] [stderr]    Compiling onig_sys v69.9.1
[INFO] [stderr]    Compiling esaxx-rs v0.1.10
[INFO] [stderr]    Compiling castaway v0.2.4
[INFO] [stderr]    Compiling console v0.16.2
[INFO] [stderr]    Compiling anyhow v1.0.101
[INFO] [stderr]    Compiling clap_lex v1.0.0
[INFO] [stderr]    Compiling unit-prefix v0.5.2
[INFO] [stderr]    Compiling macro_rules_attribute-proc_macro v0.2.2
[INFO] [stderr]    Compiling rustix v1.1.4
[INFO] [stderr]    Compiling unicode-normalization-alignments v0.1.12
[INFO] [stderr]    Compiling csv-core v0.1.13
[INFO] [stderr]    Compiling unicode_categories v0.1.1
[INFO] [stderr]    Compiling clap_builder v4.5.58
[INFO] [stderr]    Compiling rayon v1.11.0
[INFO] [stderr]    Compiling itertools v0.14.0
[INFO] [stderr]    Compiling macro_rules_attribute v0.2.2
[INFO] [stderr]    Compiling indicatif v0.18.4
[INFO] [stderr]    Compiling tempfile v3.27.0
[INFO] [stderr]    Compiling regex-automata v0.4.14
[INFO] [stderr]    Compiling serde_json v1.0.149
[INFO] [stderr]    Compiling csv v1.4.0
[INFO] [stderr]    Compiling synstructure v0.13.2
[INFO] [stderr]    Compiling darling_core v0.20.11
[INFO] [stderr]    Compiling onig v6.5.1
[INFO] [stderr]    Compiling rayon-cond v0.4.0
[INFO] [stderr]    Compiling zerofrom-derive v0.1.6
[INFO] [stderr]    Compiling yoke-derive v0.8.1
[INFO] [stderr]    Compiling zerovec-derive v0.11.2
[INFO] [stderr]    Compiling displaydoc v0.2.5
[INFO] [stderr]    Compiling serde_derive v1.0.228
[INFO] [stderr]    Compiling thiserror-impl v2.0.18
[INFO] [stderr]    Compiling monostate-impl v0.1.18
[INFO] [stderr]    Compiling strum_macros v0.27.2
[INFO] [stderr]    Compiling clap_derive v4.5.55
[INFO] [stderr]    Compiling monostate v0.1.18
[INFO] [stderr]    Compiling zerofrom v0.1.6
[INFO] [stderr]    Compiling thiserror v2.0.18
[INFO] [stderr]    Compiling yoke v0.8.1
[INFO] [stderr]    Compiling zerovec v0.11.5
[INFO] [stderr]    Compiling zerotrie v0.2.3
[INFO] [stderr]    Compiling darling_macro v0.20.11
[INFO] [stderr]    Compiling darling v0.20.11
[INFO] [stderr]    Compiling derive_builder_core v0.20.2
[INFO] [stderr]    Compiling strum v0.27.2
[INFO] [stderr]    Compiling tinystr v0.8.2
[INFO] [stderr]    Compiling potential_utf v0.1.4
[INFO] [stderr]    Compiling icu_collections v2.1.1
[INFO] [stderr]    Compiling icu_locale_core v2.1.1
[INFO] [stderr]    Compiling clap v4.5.58
[INFO] [stderr]    Compiling derive_builder_macro v0.20.2
[INFO] [stderr]    Compiling derive_builder v0.20.2
[INFO] [stderr]    Compiling serde v1.0.228
[INFO] [stderr]    Compiling fancy-regex v0.17.0
[INFO] [stderr]    Compiling regex v1.12.3
[INFO] [stderr]    Compiling icu_provider v2.1.1
[INFO] [stderr]    Compiling minijinja v2.22.0
[INFO] [stderr]    Compiling spm_precompiled v0.1.4
[INFO] [stderr]    Compiling compact_str v0.9.0
[INFO] [stderr]    Compiling ahash v0.8.12
[INFO] [stderr]    Compiling dary_heap v0.3.8
[INFO] [stderr]    Compiling icu_normalizer v2.1.1
[INFO] [stderr]    Compiling icu_properties v2.1.2
[INFO] [stderr]    Compiling idna_adapter v1.2.1
[INFO] [stderr]    Compiling idna v1.1.0
[INFO] [stderr]    Compiling url v2.5.8
[INFO] [stderr]    Compiling ureq v2.12.1
[INFO] [stderr]    Compiling hf-hub v0.4.3
[INFO] [stderr]    Compiling minijinja-contrib v2.22.0
[INFO] [stderr]    Compiling tokenizers v0.22.2
[INFO] [stderr]    Compiling fastokens-b10 v0.2.17 (/opt/rustwide/workdir)
[INFO] [stderr]     Finished `release` profile [optimized] target(s) in 3m 11s
[INFO] running `Command { std: "docker" "inspect" "a368d959c9ee63bb2cf0f346c7bf8a955a2c06ecec473f26d3aabdbabb8608d0", kill_on_drop: false }`
[INFO] running `Command { std: "docker" "exec" "-e" "SOURCE_DIR=/opt/rustwide/workdir" "-e" "CARGO_HOME=/opt/rustwide/cargo-home" "-e" "RUSTUP_HOME=/opt/rustwide/rustup-home" "-e" "CARGO_TARGET_DIR=/opt/rustwide/target" "-e" "CARGO_INCREMENTAL=0" "-e" "RUST_BACKTRACE=full" "-e" "RUSTFLAGS=--cap-lints=warn" "-e" "RUSTDOCFLAGS=--cap-lints=warn" "-w" "/opt/rustwide/workdir" "--user" "0:0" "a368d959c9ee63bb2cf0f346c7bf8a955a2c06ecec473f26d3aabdbabb8608d0" "/opt/rustwide/cargo-home/bin/cargo" "+1.100.0-beta.1" "test" "--frozen" "--release", kill_on_drop: false }`
[INFO] [stderr] warning: `package.homepage` is redundant with `package.repository`
[INFO] [stderr]    --> Cargo.toml:133:12
[INFO] [stderr]     |
[INFO] [stderr] 133 | homepage = "https://github.com/Atero-ai/fastokens"
[INFO] [stderr]     |            ^^^^^^^^^^^^^^^^^^^^^^^^^^^^^^^^^^^^^^^
[INFO] [stderr] ...
[INFO] [stderr] 137 | repository = "https://github.com/Atero-ai/fastokens"
[INFO] [stderr]     |              ---------------------------------------
[INFO] [stderr]     |
[INFO] [stderr]     = note: `cargo::redundant_homepage` is set to `warn` by default
[INFO] [stderr] help: consider removing `package.homepage`
[INFO] [stderr] warning: `fastokens-b10` (manifest) generated 1 warning
[INFO] [stderr]     Finished `release` profile [optimized] target(s) in 0.36s
[INFO] [stderr]      Running unittests src/lib.rs (/opt/rustwide/target/release/build/fastokens-b10/599a005fb929dbf0/out/fastokens-599a005fb929dbf0)
[INFO] [stdout] 
[INFO] [stdout] running 263 tests
[INFO] [stdout] test added_tokens::tests::is_special_only_for_marked_tokens ... ok
[INFO] [stdout] test added_tokens::tests::iter_exposes_id_content_and_special_flag ... ok
[INFO] [stdout] test added_tokens::tests::empty_input ... ok
[INFO] [stdout] test added_tokens::tests::len_returns_token_count ... ok
[INFO] [stdout] test added_tokens::tests::four_distinct_start_bytes_uses_full_scan ... ok
[INFO] [stdout] test added_tokens::tests::adjacent_matches ... ok
[INFO] [stdout] test added_tokens::tests::emoji_token_content ... ok
[INFO] [stdout] test added_tokens::tests::empty_configs ... ok
[INFO] [stdout] test added_tokens::tests::entire_input_is_added_token ... ok
[INFO] [stdout] test added_tokens::tests::longest_match_wins ... ok
[INFO] [stdout] test added_tokens::tests::match_in_middle ... ok
[INFO] [stdout] test added_tokens::tests::multiple_matches ... ok
[INFO] [stdout] test added_tokens::tests::split_special_as_text_without_non_special_tokens_returns_text ... ok
[INFO] [stdout] test added_tokens::tests::token_surrounded_by_text ... ok
[INFO] [stdout] test added_tokens::tests::no_match ... ok
[INFO] [stdout] test added_tokens::tests::token_to_id_and_id_to_token_are_inverses ... ok
[INFO] [stdout] test added_tokens::tests::single_match_at_end ... ok
[INFO] [stdout] test added_tokens::tests::unicode_token_content ... ok
[INFO] [stdout] test added_tokens::tests::single_match_at_start ... ok
[INFO] [stdout] test added_tokens::tests::split_special_as_text_keeps_non_special_matches ... ok
[INFO] [stdout] test added_tokens::tests::split_special_as_text_with_no_special_tokens_uses_all_matches ... ok
[INFO] [stdout] test added_tokens::tests::three_tokens_with_shared_start_byte ... ok
[INFO] [stdout] test added_tokens::tests::token_to_id_finds_added_token ... ok
[INFO] [stdout] test added_tokens::tests::split_special_as_text_blocks_non_special_match_inside_special_text ... ok
[INFO] [stdout] test affinity_tests::content_affine_fused_bpe_matches_contiguous_scheduling ... FAILED
[INFO] [stdout] test added_tokens::tests::repeated_same_token ... ok
[INFO] [stdout] test chat_template::tests::strips_generation_markers ... ok
[INFO] [stdout] test chat_template::tests::adjacent_loop_items_are_available ... ok
[INFO] [stdout] test chat_template::tests::tojson_indent_honors_separators ... ok
[INFO] [stdout] test chat_template::tests::supports_tools_documents_tojson_and_kwargs ... ok
[INFO] [stdout] test chat_template::tests::loop_local_assignments_do_not_leak_between_iterations ... ok
[INFO] [stdout] test affinity_tests::content_affine_multichunk_bpe_matches_contiguous_scheduling ... FAILED
[INFO] [stdout] test chat_template::tests::omits_null_special_tokens_from_context ... ok
[INFO] [stdout] test chat_template::tests::renders_common_hf_style_template ... ok
[INFO] [stdout] test chat_template::tests::exposes_undeclared_template_variables ... ok
[INFO] [stdout] test chat_template::tests::supports_python_compat_methods ... ok
[INFO] [stdout] test chat_template::tests::strftime_now_invalid_format_returns_error ... ok
[INFO] [stdout] test chat_template::tests::tojson_indent_keeps_separator_whitespace_like_json_dumps ... ok
[INFO] [stdout] test decoders::byte_level::tests::roundtrip_space ... ok
[INFO] [stdout] test decoders::byte_level::tests::roundtrip_ascii ... ok
[INFO] [stdout] test chat_template::tests::raise_exception_returns_error ... ok
[INFO] [stdout] test chat_template::tests::tojson_indent_matches_json_dumps ... ok
[INFO] [stdout] test decoders::tests::fuse_joins_the_decode_chain ... ok
[INFO] [stdout] test added_tokens::tests::token_to_id_returns_none_for_unknown ... ok
[INFO] [stdout] test chat_template::tests::tojson_matches_transformers_defaults ... ok
[INFO] [stdout] test decoders::tests::replace_reports_unsupported_pattern_kind ... ok
[INFO] [stdout] test decoders::byte_level::tests::roundtrip_multibyte ... ok
[INFO] [stdout] test json_structs::tokenizer_config_tests::auto_map_tokenizer_accepts_string_and_array_forms ... ok
[INFO] [stdout] test chat_template::tests::tojson_supports_compact_separators_and_ascii_escape ... ok
[INFO] [stdout] test models::bpe::tests::deserialize_from_json ... ok
[INFO] [stdout] test chat_template::tests::urlencode_filter_diverges_from_jinja2_for_mappings ... ok
[INFO] [stdout] test decoders::byte_level::parity_tests::literal_added_tokens_match_huggingface ... ok
[INFO] [stdout] test models::bpe::tests::merge_small_matches_heap_on_multilingual_corpus ... FAILED
[INFO] [stdout] test models::bpe::tests::raw_bytelevel_vocab_reverses_encoded_tokens ... ok
[INFO] [stdout] test chat_template::tests::urlencode_filter_matches_jinja2_for_strings ... ok
[INFO] [stdout] test decoders::byte_level::parity_tests::complete_byte_alphabet_matches_huggingface ... ok
[INFO] [stdout] test models::bpe::tests::shared_cache_allocates_shards_lazily ... ok
[INFO] [stdout] test decoders::byte_level::tests::non_gpt2_chars_preserved ... ok
[INFO] [stdout] test models::bpe::tests::simple_merge ... ok
[INFO] [stdout] test normalizers::nfc::tests::ascii_unchanged ... ok
[INFO] [stdout] test normalizers::nfc::tests::decomposes_then_composes ... ok
[INFO] [stdout] test normalizers::nfc::tests::empty_string ... ok
[INFO] [stdout] test models::bpe::tests::native_tiktoken_uses_exact_piece_lookup_for_orphan_token ... ok
[INFO] [stdout] test normalizers::nfc::tests::already_composed ... ok
[INFO] [stdout] test post_processors::tests::bert_processing_returns_unsupported ... ok
[INFO] [stdout] test post_processors::tests::byte_level_post_processor_is_identity ... ok
[INFO] [stdout] test post_processors::tests::parse_from_json ... ok
[INFO] [stdout] test post_processors::tests::post_process_single_respects_flag ... ok
[INFO] [stdout] test post_processors::tests::roberta_processing_adds_bos_eos ... ok
[INFO] [stdout] test models::bpe::tests::single_char ... ok
[INFO] [stdout] test post_processors::tests::sequence_post_processor_applies_all ... ok
[INFO] [stdout] test post_processors::tests::num_special_tokens_matches_post_process_delta ... ok
[INFO] [stdout] test post_processors::tests::template_processing_bos_and_eos ... ok
[INFO] [stdout] test post_processors::tests::template_processing_empty_input ... ok
[INFO] [stdout] test post_processors::tests::template_processing_multi_id_special_token ... ok
[INFO] [stdout] test post_processors::tests::template_processing_null_special_tokens_loads_ok ... ok
[INFO] [stdout] test post_processors::tests::template_processing_special_token_def_without_tokens_field ... ok
[INFO] [stdout] test post_processors::tests::template_processing_special_token_keyed_by_inner_id ... ok
[INFO] [stdout] test post_processors::tests::template_processing_suffix_only ... ok
[INFO] [stdout] test pre_tokenized::tests::batched_parallel_work_respects_split_threshold ... ok
[INFO] [stdout] test pre_tokenized::tests::from_text_empty ... ok
[INFO] [stdout] test models::bpe::tests::partial_merge ... ok
[INFO] [stdout] test pre_tokenized::tests::new_with_mixed_splits ... ok
[INFO] [stdout] test pre_tokenized::tests::refine_splits_keeps_buffer ... ok
[INFO] [stdout] test pre_tokenized::tests::set_buffer_replaces ... ok
[INFO] [stdout] test pre_tokenized::tests::tokenize_batched_contiguous_fallback_preserves_order ... ok
[INFO] [stdout] test pre_tokenized::tests::tokenize_batched_restores_content_bucket_order ... ok
[INFO] [stdout] test pre_tokenized::tests::tokenize_empty ... ok
[INFO] [stdout] test pre_tokenized::tests::tokenize_mixed_splits ... ok
[INFO] [stdout] test pre_tokenized::tests::tokenize_propagates_error ... ok
[INFO] [stdout] test models::bpe::tests::cache_returns_same_result ... ok
[INFO] [stdout] test models::bpe::tests::chained_merge ... ok
[INFO] [stdout] test incremental_state_tests::empty_steps_and_finish_never_emit_prompt ... ok
[INFO] [stdout] test post_processors::tests::template_processing_bos_only ... ok
[INFO] [stdout] test normalizers::nfc::tests::hangul_composition ... ok
[INFO] [stdout] test pre_tokenized::tests::from_text_single_span ... ok
[INFO] [stdout] test chat_template::tests::rewrites_generation_markers_with_whitespace_control ... ok
[INFO] [stdout] test post_processors::tests::template_processing_cls_sep ... ok
[INFO] [stdout] test models::bpe::tests::deserialize_array_merges ... ok
[INFO] [stdout] test models::bpe::tests::empty_input ... ok
[INFO] [stdout] test models::bpe::tests::repeated_merge ... ok
[INFO] [stdout] test normalizers::nfc::tests::mixed_ascii_and_decomposed ... ok
[INFO] [stdout] test models::bpe::tests::content_affinity_is_available_once_per_bpe ... ok
[INFO] [stdout] test pre_tokenized::tests::tokenize_text_splits ... ok
[INFO] [stdout] test pre_tokenizers::byte_level::tests::deserialize_no_regex ... ok
[INFO] [stdout] test pre_tokenizers::byte_level::tests::encode_ascii ... ok
[INFO] [stdout] test pre_tokenizers::byte_level::tests::nice_bytes_map_to_themselves ... ok
[INFO] [stdout] test pre_tokenizers::byte_level::tests::encode_multibyte_utf8 ... ok
[INFO] [stdout] test pre_tokenizers::byte_level::tests::empty_input ... ok
[INFO] [stdout] test pre_tokenizers::byte_level::tests::no_regex_single_segment ... ok
[INFO] [stdout] test pre_tokenizers::byte_level::tests::encode_space ... ok
[INFO] [stdout] test pre_tokenizers::byte_level::tests::deserialize_default_config ... ok
[INFO] [stdout] test pre_tokenizers::byte_level::tests::added_token_splits_preserved ... ok
[INFO] [stdout] test pre_tokenizers::byte_level::tests::all_whitespace ... ok
[INFO] [stdout] test pre_tokenizers::byte_level::tests::empty_input_with_prefix_space ... ok
[INFO] [stdout] test incremental_state_tests::sliding_window_retains_context_without_retaining_history ... ok
[INFO] [stdout] test pre_tokenizers::byte_level::tests::remapped_bytes_start_at_256 ... ok
[INFO] [stdout] test pre_tokenizers::byte_level::tests::table_has_256_unique_chars ... ok
[INFO] [stdout] test pre_tokenizers::fast_split::tests::recognizes_only_known_patterns ... ok
[INFO] [stdout] test pre_tokenizers::fast_split::tests::o200k_safe_boundary_excludes_slash_after_newline ... ok
[INFO] [stdout] test pre_tokenizers::byte_level::tests::non_nice_count_is_68 ... ok
[INFO] [stdout] test pre_tokenizers::byte_level::tests::simple_words ... ok
[INFO] [stdout] test pre_tokenizers::byte_level::tests::prefix_space_added ... ok
[INFO] [stdout] test pre_tokenizers::byte_level::tests::prefix_space_not_doubled ... ok
[INFO] [stdout] test pre_tokenizers::byte_level::tests::non_ascii_input ... ok
[INFO] [stdout] test pre_tokenizers::byte_level::tests::numbers_and_punctuation ... ok
[INFO] [stdout] test pre_tokenizers::split::tests::contiguous_adjacent_single_matches ... ok
[INFO] [stdout] test pre_tokenizers::split::tests::digits_only_leaves_gaps ... ok
[INFO] [stdout] test pre_tokenizers::split::tests::alternation_with_gaps ... ok
[INFO] [stdout] test pre_tokenizers::split::tests::error_invalid_pattern ... ok
[INFO] [stdout] test pre_tokenizers::split::tests::error_unknown_behavior ... ok
[INFO] [stdout] test pre_tokenizers::split::tests::error_bad_regex ... ok
[INFO] [stdout] test pre_tokenizers::split::tests::camelcase_pattern ... ok
[INFO] [stdout] test pre_tokenizers::split::tests::gaps_with_removed_behavior ... ok
[INFO] [stdout] test models::bpe::tests::merge_small_matches_heap ... ok
[INFO] [stdout] test pre_tokenizers::split::tests::gaps_merged_with_next ... ok
[INFO] [stdout] test pre_tokenizers::split::tests::invert_contiguous_vowels ... ok
[INFO] [stdout] test pre_tokenizers::byte_level::tests::contractions ... ok
[INFO] [stdout] test pre_tokenizers::split::tests::invert_removes_non_matching ... ok
[INFO] [stdout] test pre_tokenizers::split::tests::letters_only_with_gaps ... ok
[INFO] [stdout] test pre_tokenizers::split::tests::gpt2_contractions ... ok
[INFO] [stdout] test pre_tokenizers::split::tests::gpt2_full_coverage ... ok
[INFO] [stdout] test pre_tokenizers::split::tests::long_match_crosses_parallel_boundary ... ok
[INFO] [stdout] test pre_tokenizers::split::tests::merge_no_truncation_ghost_ends_at_prev_end ... ok
[INFO] [stdout] test pre_tokenizers::split::tests::merge_truncated_match_at_boundary ... ok
[INFO] [stdout] test pre_tokenizers::split::tests::merge_truncated_match_last_entry ... ok
[INFO] [stdout] test pre_tokenizers::split::tests::merge_truncated_match_spans_three_chunks ... ok
[INFO] [stdout] test pre_tokenizers::fast_split_o200k::tests::o200k_edge_cases ... ok
[INFO] [stdout] test pre_tokenizers::fast_split_o200k::tests::o200k_matches_regex_on_corpus ... ok
[INFO] [stdout] test pre_tokenizers::split::tests::pattern_matches_nothing_in_input ... ok
[INFO] [stdout] test pre_tokenizers::split::tests::pattern_single_char_matches ... ok
[INFO] [stdout] test pre_tokenizers::fast_split_o200k::tests::kimi_matches_regex_on_corpus ... ok
[INFO] [stdout] test pre_tokenizers::split::tests::llama3_digits_are_individual ... ok
[INFO] [stdout] test pre_tokenizers::split::tests::fast_scheme_matches_regex_path_including_parallel ... ok
[INFO] [stdout] test pre_tokenizers::split::tests::sequential_two_splits ... ok
[INFO] [stdout] test pre_tokenizers::split::tests::split_all_delimiters ... ok
[INFO] [stdout] test pre_tokenizers::split::tests::split_contiguous ... ok
[INFO] [stdout] test pre_tokenizers::split::tests::split_default_behavior ... ok
[INFO] [stdout] test pre_tokenizers::split::tests::sequential_preserves_added_tokens ... ok
[INFO] [stdout] test pre_tokenizers::split::tests::split_delimiter_at_start ... ok
[INFO] [stdout] test pre_tokenizers::split::tests::split_deserialize ... ok
[INFO] [stdout] test pre_tokenizers::split::tests::sequential_mixed_behaviors ... ok
[INFO] [stdout] test pre_tokenizers::split::tests::kimi_fast_scheme_matches_regex_path_including_parallel ... ok
[INFO] [stdout] test pre_tokenizers::split::tests::split_delimiter_at_end ... ok
[INFO] [stdout] test pre_tokenizers::split::tests::split_invert_isolated ... ok
[INFO] [stdout] test pre_tokenizers::split::tests::split_empty_input ... ok
[INFO] [stdout] test pre_tokenizers::split::tests::split_isolated ... ok
[INFO] [stdout] test pre_tokenizers::split::tests::split_invert_removed ... ok
[INFO] [stdout] test pre_tokenizers::split::tests::split_merged_with_next ... ok
[INFO] [stdout] test pre_tokenizers::split::tests::split_merged_with_previous ... ok
[INFO] [stdout] test pre_tokenizers::split::tests::split_removed ... ok
[INFO] [stdout] test pre_tokenizers::split::tests::split_string_pattern_not_treated_as_regex ... ok
[INFO] [stdout] test pre_tokenizers::split::tests::split_no_matches ... ok
[INFO] [stdout] test pre_tokenizers::split::tests::titlecase_letter_pattern ... ok
[INFO] [stdout] test pre_tokenizers::split::tests::unicode_script_with_gaps ... ok
[INFO] [stdout] test pre_tokenizers::split::tests::o200k_parallel_boundary_handles_slash_after_newline ... ok
[INFO] [stdout] test stop_token_jailer::tests::configuration_and_opaque_metadata ... ok
[INFO] [stdout] test pre_tokenizers::split::tests::sequential_three_splits ... ok
[INFO] [stdout] test pre_tokenizers::split::tests::split_regex_whitespace ... ok
[INFO] [stdout] test tests::added_tokens_deepseek ... FAILED
[INFO] [stdout] test tests::added_tokens_nemotron ... FAILED
[INFO] [stdout] test tests::added_tokens_minimax ... FAILED
[INFO] [stdout] test tests::add_bos_token ... FAILED
[INFO] [stdout] test tests::cache_consistency ... FAILED
[INFO] [stdout] test pre_tokenizers::split::tests::cache_reuse_boundary_lookahead ... ok
[INFO] [stdout] test tests::cache_consistency_fused ... FAILED
[INFO] [stdout] test tests::correctness_deepseek_v3_2 ... FAILED
[INFO] [stdout] test pre_tokenizers::split::tests::llama3_full_coverage ... ok
[INFO] [stdout] test tests::added_tokens_qwen3 ... FAILED
[INFO] [stdout] test tests::added_tokens_qwen3vl_vision_sequence ... FAILED
[INFO] [stdout] test tests::correctness_minimax_m2_1 ... FAILED
[INFO] [stdout] test tests::correctness_gpt_oss ... FAILED
[INFO] [stdout] test tests::correctness_qwen3 ... FAILED
[INFO] [stdout] test tests::correctness_qwen3_nemotron ... FAILED
[INFO] [stdout] test tests::decode_batch_matches_sequential ... FAILED
[INFO] [stdout] test tests::decode_mixed_valid_and_unknown_ids ... FAILED
[INFO] [stdout] test pre_tokenizers::fast_split::tests::qwen2n3_matches_regex_on_corpus ... ok
[INFO] [stdout] test tests::correctness_kimi_k2_5 ... FAILED
[INFO] [stdout] test tests::decode_skip_special_tokens ... FAILED
[INFO] [stdout] test tests::correctness_nemotron ... FAILED
[INFO] [stdout] test tests::decode_stream_buffer_does_not_grow_unboundedly ... FAILED
[INFO] [stdout] test tests::decode_stream_batch_step_matches_sequential ... FAILED
[INFO] [stdout] test tests::decode_stream_invalid_prefix_error_message ... FAILED
[INFO] [stdout] test tests::decode_stream_reconstructs_unicode ... FAILED
[INFO] [stdout] test tests::decode_stream_reconstructs_ascii ... FAILED
[INFO] [stdout] test tests::decode_stream_pre_seeded_only_returns_new_tokens ... FAILED
[INFO] [stdout] test tests::decode_stream_reconstructs_code ... FAILED
[INFO] [stdout] test tests::decode_stream_chunks_are_non_empty_and_concatenate ... FAILED
[INFO] [stdout] test tests::decode_stream_empty_ids_no_output ... FAILED
[INFO] [stdout] test tests::decode_stream_unknown_id_does_not_error ... FAILED
[INFO] [stdout] test tests::decode_stream_single_token ... FAILED
[INFO] [stdout] test tests::empty_string_encode_decode ... FAILED
[INFO] [stdout] test tests::decode_unknown_id_is_skipped ... FAILED
[INFO] [stdout] test tests::correctness_mistral_nemo ... FAILED
[INFO] [stdout] test tests::decode_stream_skip_special_tokens ... FAILED
[INFO] [stdout] test tests::encode_is_stable_after_decode ... FAILED
[INFO] [stdout] test tests::decode_tokens_matches_decode_by_id ... FAILED
[INFO] [stdout] test tests::encode_with_structural_tokens_can_add_post_processor_tokens ... ok
[INFO] [stdout] test tests::encode_segments_bypasses_added_tokens_for_text_segments ... ok
[INFO] [stdout] test tests::encode_with_structural_tokens_keeps_bare_non_special_added_tokens ... ok
[INFO] [stdout] test tests::encode_with_structural_tokens_keeps_restored_bare_non_special_added_tokens ... ok
[INFO] [stdout] test tests::encode_decode_roundtrip_all_models ... FAILED
[INFO] [stdout] test tests::extended_deepseek_v3_2 ... ignored
[INFO] [stdout] test tests::encode_batch_matches_sequential ... FAILED
[INFO] [stdout] test tests::encode_with_structural_tokens_empty_config_uses_normal_added_token_matching ... ok
[INFO] [stdout] test tests::extended_gpt_oss ... ignored
[INFO] [stdout] test tests::encode_with_structural_tokens_mixes_template_ids_and_literal_placeholders ... ok
[INFO] [stdout] test tests::extended_minimax_m2_1 ... ignored
[INFO] [stdout] test tests::extended_mistral_large ... ignored
[INFO] [stdout] test tests::extended_mistral_nemo ... ignored
[INFO] [stdout] test tests::encode_segments_tiktoken_safe_splits_long_runs_like_legacy_tiktoken ... ok
[INFO] [stdout] test tests::extended_nemotron ... ignored
[INFO] [stdout] test tests::extended_qwen3 ... ignored
[INFO] [stdout] test tests::extended_qwen3_nemotron ... ignored
[INFO] [stdout] test tests::extended_qwen_small ... ignored
[INFO] [stdout] test tests::ignore_merges_glm47 ... FAILED
[INFO] [stdout] test tests::split_special_tokens_kimi_k2_5_matches_hf_tokenizers ... FAILED
[INFO] [stdout] test tests::long_input_correctness ... FAILED
[INFO] [stdout] test tests::post_process_false_is_identity_all_models ... FAILED
[INFO] [stdout] test tests::post_process_true_adds_special_tokens ... FAILED
[INFO] [stdout] test tests::long_input_correctness_minimax ... FAILED
[INFO] [stdout] test tests::public_added_token_accessors_expose_added_vocab ... FAILED
[INFO] [stdout] test tests::parse_hf_json ... FAILED
[INFO] [stdout] test tests::vocab_access ... FAILED
[INFO] [stdout] test tiktoken::tests::duplicate_rank_ids_are_rejected ... ok
[INFO] [stdout] test tests::token_to_id_searches_added_tokens ... FAILED
[INFO] [stdout] test tiktoken::tests::kimi_window_expands_to_include_declared_tokens ... ok
[INFO] [stdout] test tiktoken::tests::vendored_kimi_k3_native_matches_tokenizer_json ... FAILED
[INFO] [stdout] test tiktoken::tests::kimi_window_is_contiguous ... ok
[INFO] [stdout] test tiktoken::tests::kimi_window_rejects_unreasonably_sparse_declared_ids ... ok
[INFO] [stdout] test tests::split_special_tokens_overlapping_non_special_matches_hf ... ok
[INFO] [stdout] test tests::token_id_roundtrip_all_models ... FAILED
[INFO] [stdout] test tiktoken::tests::parses_model_lines ... ok
[INFO] [stdout] test pre_tokenizers::split::tests::tokenizer_regex_intersection_uses_pcre2_equivalent_with_fancy_regex_parity ... ok
[INFO] [stdout] test stop_token_jailer::tests::partitions_match_oracle_and_preserve_optional_metadata ... ok
[INFO] [stdout] test pre_tokenizers::fast_split::tests::qwen2_matches_regex_on_corpus ... ok
[INFO] [stdout] test tiktoken::tests::inferred_loader_uses_the_exact_supplied_file ... ok
[INFO] [stdout] test pre_tokenizers::split::tests::content_affinity_is_limited_to_o200k_families ... ok
[INFO] [stdout] test pre_tokenizers::split::tests::o200k_fast_scheme_matches_regex_path_including_parallel ... ok
[INFO] [stdout] test pre_tokenizers::fast_split_o200k::tests::kimi_edge_cases ... ok
[INFO] [stdout] test pre_tokenizers::fast_split::tests::qwen2_edge_cases ... ok
[INFO] [stdout] test pre_tokenizers::fast_split::tests::qwen2_fuzz_parity ... ok
[INFO] [stdout] test pre_tokenizers::fast_split_o200k::tests::family_fuzz_parity has been running for over 60 seconds
[INFO] [stdout] test pre_tokenizers::fast_split_o200k::tests::family_fuzz_parity ... ok
[INFO] [stdout] 
[INFO] [stdout] failures:
[INFO] [stdout] 
[INFO] [stdout] ---- affinity_tests::content_affine_fused_bpe_matches_contiguous_scheduling stdout ----
[INFO] [stdout] 
[INFO] [stdout] thread 'affinity_tests::content_affine_fused_bpe_matches_contiguous_scheduling' (3862) panicked at src/lib.rs:3205:92:
[INFO] [stdout] called `Result::unwrap()` on an `Err` value: Os { code: 2, kind: NotFound, message: "No such file or directory" }
[INFO] [stdout] stack backtrace:
[INFO] [stdout]    0:     0x61590ce85bd1 - <<std[617be2ca0a6fd877]::sys::backtrace::BacktraceLock>::print::DisplayBacktrace as core[a373ad73a504971]::fmt::Display>::fmt
[INFO] [stdout]    1:     0x61590ce9f9ba - core[a373ad73a504971]::fmt::write
[INFO] [stdout]    2:     0x61590ce8ab2c - <alloc[2e1b2a31b91974c5]::vec::Vec<u8> as core[a373ad73a504971]::io::write::Write>::write_fmt
[INFO] [stdout]    3:     0x61590ce5d1a6 - std[617be2ca0a6fd877]::panicking::default_hook::{closure#0}
[INFO] [stdout]    4:     0x61590ce7b889 - std[617be2ca0a6fd877]::panicking::default_hook
[INFO] [stdout]    5:     0x61590c9927c0 - test[aada8e7e76ba119b]::test_main_inner::{closure#0}
[INFO] [stdout]    6:     0x61590ce7bbb2 - std[617be2ca0a6fd877]::panicking::panic_with_hook
[INFO] [stdout]    7:     0x61590ce5d252 - std[617be2ca0a6fd877]::panicking::panic_handler::{closure#0}
[INFO] [stdout]    8:     0x61590ce55b19 - std[617be2ca0a6fd877]::sys::backtrace::__rust_end_short_backtrace::<std[617be2ca0a6fd877]::panicking::panic_handler::{closure#0}, !>
[INFO] [stdout]    9:     0x61590ce5e22d - __rustc[ea4f61d10b84890b]::rust_begin_unwind
[INFO] [stdout]   10:     0x61590cea019c - core[a373ad73a504971]::panicking::panic_fmt
[INFO] [stdout]   11:     0x61590ce9ff72 - core[a373ad73a504971]::result::unwrap_failed
[INFO] [stdout]   12:     0x61590c8e9420 - fastokens[e8dd87f7b88be13]::affinity_tests::kimi_fixture
[INFO] [stdout]   13:     0x61590c8f4e2f - <fastokens[e8dd87f7b88be13]::affinity_tests::content_affine_fused_bpe_matches_contiguous_scheduling::{closure#0} as core[a373ad73a504971]::ops::function::FnOnce<()>>::call_once
[INFO] [stdout]   14:     0x61590c985c0b - test[aada8e7e76ba119b]::__rust_begin_short_backtrace::<core[a373ad73a504971]::result::Result<(), alloc[2e1b2a31b91974c5]::string::String>, fn() -> core[a373ad73a504971]::result::Result<(), alloc[2e1b2a31b91974c5]::string::String>>
[INFO] [stdout]   15:     0x61590c992de5 - test[aada8e7e76ba119b]::run_test::{closure#0}
[INFO] [stdout]   16:     0x61590c98c6d4 - std[617be2ca0a6fd877]::sys::backtrace::__rust_begin_short_backtrace::<test[aada8e7e76ba119b]::run_test::{closure#1}, ()>
[INFO] [stdout]   17:     0x61590c995e72 - <std[617be2ca0a6fd877]::thread::lifecycle::spawn_unchecked<test[aada8e7e76ba119b]::run_test::{closure#1}, ()>::{closure#1} as core[a373ad73a504971]::ops::function::FnOnce<()>>::call_once::{shim:vtable#0}
[INFO] [stdout]   18:     0x61590ce845bf - <std[617be2ca0a6fd877]::sys::thread::unix::Thread>::new::thread_start
[INFO] [stdout]   19:     0x79d0429e5dfa - <unknown>
[INFO] [stdout]   20:     0x79d042a793d4 - clone
[INFO] [stdout]   21:                0x0 - <unknown>
[INFO] [stdout] 
[INFO] [stdout] ---- affinity_tests::content_affine_multichunk_bpe_matches_contiguous_scheduling stdout ----
[INFO] [stdout] 
[INFO] [stdout] thread 'affinity_tests::content_affine_multichunk_bpe_matches_contiguous_scheduling' (3863) panicked at src/lib.rs:3205:92:
[INFO] [stdout] called `Result::unwrap()` on an `Err` value: Os { code: 2, kind: NotFound, message: "No such file or directory" }
[INFO] [stdout] stack backtrace:
[INFO] [stdout]    0:     0x61590ce85bd1 - <<std[617be2ca0a6fd877]::sys::backtrace::BacktraceLock>::print::DisplayBacktrace as core[a373ad73a504971]::fmt::Display>::fmt
[INFO] [stdout]    1:     0x61590ce9f9ba - core[a373ad73a504971]::fmt::write
[INFO] [stdout]    2:     0x61590ce8ab2c - <alloc[2e1b2a31b91974c5]::vec::Vec<u8> as core[a373ad73a504971]::io::write::Write>::write_fmt
[INFO] [stdout]    3:     0x61590ce5d1a6 - std[617be2ca0a6fd877]::panicking::default_hook::{closure#0}
[INFO] [stdout]    4:     0x61590ce7b889 - std[617be2ca0a6fd877]::panicking::default_hook
[INFO] [stdout]    5:     0x61590c9927c0 - test[aada8e7e76ba119b]::test_main_inner::{closure#0}
[INFO] [stdout]    6:     0x61590ce7bbb2 - std[617be2ca0a6fd877]::panicking::panic_with_hook
[INFO] [stdout]    7:     0x61590ce5d252 - std[617be2ca0a6fd877]::panicking::panic_handler::{closure#0}
[INFO] [stdout]    8:     0x61590ce55b19 - std[617be2ca0a6fd877]::sys::backtrace::__rust_end_short_backtrace::<std[617be2ca0a6fd877]::panicking::panic_handler::{closure#0}, !>
[INFO] [stdout]    9:     0x61590ce5e22d - __rustc[ea4f61d10b84890b]::rust_begin_unwind
[INFO] [stdout]   10:     0x61590cea019c - core[a373ad73a504971]::panicking::panic_fmt
[INFO] [stdout]   11:     0x61590ce9ff72 - core[a373ad73a504971]::result::unwrap_failed
[INFO] [stdout]   12:     0x61590c8e9420 - fastokens[e8dd87f7b88be13]::affinity_tests::kimi_fixture
[INFO] [stdout]   13:     0x61590c8f57ef - <fastokens[e8dd87f7b88be13]::affinity_tests::content_affine_multichunk_bpe_matches_contiguous_scheduling::{closure#0} as core[a373ad73a504971]::ops::function::FnOnce<()>>::call_once
[INFO] [stdout]   14:     0x61590c985c0b - test[aada8e7e76ba119b]::__rust_begin_short_backtrace::<core[a373ad73a504971]::result::Result<(), alloc[2e1b2a31b91974c5]::string::String>, fn() -> core[a373ad73a504971]::result::Result<(), alloc[2e1b2a31b91974c5]::string::String>>
[INFO] [stdout]   15:     0x61590c992de5 - test[aada8e7e76ba119b]::run_test::{closure#0}
[INFO] [stdout]   16:     0x61590c98c6d4 - std[617be2ca0a6fd877]::sys::backtrace::__rust_begin_short_backtrace::<test[aada8e7e76ba119b]::run_test::{closure#1}, ()>
[INFO] [stdout]   17:     0x61590c995e72 - <std[617be2ca0a6fd877]::thread::lifecycle::spawn_unchecked<test[aada8e7e76ba119b]::run_test::{closure#1}, ()>::{closure#1} as core[a373ad73a504971]::ops::function::FnOnce<()>>::call_once::{shim:vtable#0}
[INFO] [stdout]   18:     0x61590ce845bf - <std[617be2ca0a6fd877]::sys::thread::unix::Thread>::new::thread_start
[INFO] [stdout]   19:     0x79d0429e5dfa - <unknown>
[INFO] [stdout]   20:     0x79d042a793d4 - clone
[INFO] [stdout]   21:                0x0 - <unknown>
[INFO] [stdout] 
[INFO] [stdout] ---- models::bpe::tests::merge_small_matches_heap_on_multilingual_corpus stdout ----
[INFO] [stdout] 
[INFO] [stdout] thread 'models::bpe::tests::merge_small_matches_heap_on_multilingual_corpus' (3900) panicked at src/models/bpe.rs:1714:60:
[INFO] [stdout] called `Result::unwrap()` on an `Err` value: Io(Os { code: 2, kind: NotFound, message: "No such file or directory" })
[INFO] [stdout] stack backtrace:
[INFO] [stdout]    0:     0x61590ce85bd1 - <<std[617be2ca0a6fd877]::sys::backtrace::BacktraceLock>::print::DisplayBacktrace as core[a373ad73a504971]::fmt::Display>::fmt
[INFO] [stdout]    1:     0x61590ce9f9ba - core[a373ad73a504971]::fmt::write
[INFO] [stdout]    2:     0x61590ce8ab2c - <alloc[2e1b2a31b91974c5]::vec::Vec<u8> as core[a373ad73a504971]::io::write::Write>::write_fmt
[INFO] [stdout]    3:     0x61590ce5d1a6 - std[617be2ca0a6fd877]::panicking::default_hook::{closure#0}
[INFO] [stdout]    4:     0x61590ce7b889 - std[617be2ca0a6fd877]::panicking::default_hook
[INFO] [stdout]    5:     0x61590c9927c0 - test[aada8e7e76ba119b]::test_main_inner::{closure#0}
[INFO] [stdout]    6:     0x61590ce7bbb2 - std[617be2ca0a6fd877]::panicking::panic_with_hook
[INFO] [stdout]    7:     0x61590ce5d252 - std[617be2ca0a6fd877]::panicking::panic_handler::{closure#0}
[INFO] [stdout]    8:     0x61590ce55b19 - std[617be2ca0a6fd877]::sys::backtrace::__rust_end_short_backtrace::<std[617be2ca0a6fd877]::panicking::panic_handler::{closure#0}, !>
[INFO] [stdout]    9:     0x61590ce5e22d - __rustc[ea4f61d10b84890b]::rust_begin_unwind
[INFO] [stdout]   10:     0x61590cea019c - core[a373ad73a504971]::panicking::panic_fmt
[INFO] [stdout]   11:     0x61590ce9ff72 - core[a373ad73a504971]::result::unwrap_failed
[INFO] [stdout]   12:     0x61590c86ac66 - <fastokens[e8dd87f7b88be13]::models::bpe::tests::merge_small_matches_heap_on_multilingual_corpus::{closure#0} as core[a373ad73a504971]::ops::function::FnOnce<()>>::call_once
[INFO] [stdout]   13:     0x61590c985c0b - test[aada8e7e76ba119b]::__rust_begin_short_backtrace::<core[a373ad73a504971]::result::Result<(), alloc[2e1b2a31b91974c5]::string::String>, fn() -> core[a373ad73a504971]::result::Result<(), alloc[2e1b2a31b91974c5]::string::String>>
[INFO] [stdout]   14:     0x61590c992de5 - test[aada8e7e76ba119b]::run_test::{closure#0}
[INFO] [stdout]   15:     0x61590c98c6d4 - std[617be2ca0a6fd877]::sys::backtrace::__rust_begin_short_backtrace::<test[aada8e7e76ba119b]::run_test::{closure#1}, ()>
[INFO] [stdout]   16:     0x61590c995e72 - <std[617be2ca0a6fd877]::thread::lifecycle::spawn_unchecked<test[aada8e7e76ba119b]::run_test::{closure#1}, ()>::{closure#1} as core[a373ad73a504971]::ops::function::FnOnce<()>>::call_once::{shim:vtable#0}
[INFO] [stdout]   17:     0x61590ce845bf - <std[617be2ca0a6fd877]::sys::thread::unix::Thread>::new::thread_start
[INFO] [stdout]   18:     0x79d0429e5dfa - <unknown>
[INFO] [stdout]   19:     0x79d042a793d4 - clone
[INFO] [stdout]   20:                0x0 - <unknown>
[INFO] [stdout] 
[INFO] [stdout] ---- tests::added_tokens_deepseek stdout ----
[INFO] [stdout] 
[INFO] [stdout] thread 'tests::added_tokens_deepseek' (4052) panicked at src/lib.rs:1684:33:
[INFO] [stdout] deepseek-ai/DeepSeek-V3.2: HF load failed: request error: https://huggingface.co/deepseek-ai/DeepSeek-V3.2/resolve/main/tokenizer.json: Dns Failed: resolve dns name 'huggingface.co:443': failed to lookup address information: Temporary failure in name resolution
[INFO] [stdout] stack backtrace:
[INFO] [stdout]    0:     0x61590ce85bd1 - <<std[617be2ca0a6fd877]::sys::backtrace::BacktraceLock>::print::DisplayBacktrace as core[a373ad73a504971]::fmt::Display>::fmt
[INFO] [stdout]    1:     0x61590ce9f9ba - core[a373ad73a504971]::fmt::write
[INFO] [stdout]    2:     0x61590ce8ab2c - <alloc[2e1b2a31b91974c5]::vec::Vec<u8> as core[a373ad73a504971]::io::write::Write>::write_fmt
[INFO] [stdout]    3:     0x61590ce5d1a6 - std[617be2ca0a6fd877]::panicking::default_hook::{closure#0}
[INFO] [stdout]    4:     0x61590ce7b889 - std[617be2ca0a6fd877]::panicking::default_hook
[INFO] [stdout]    5:     0x61590c9927c0 - test[aada8e7e76ba119b]::test_main_inner::{closure#0}
[INFO] [stdout]    6:     0x61590ce7bbb2 - std[617be2ca0a6fd877]::panicking::panic_with_hook
[INFO] [stdout]    7:     0x61590ce5d252 - std[617be2ca0a6fd877]::panicking::panic_handler::{closure#0}
[INFO] [stdout]    8:     0x61590ce55b19 - std[617be2ca0a6fd877]::sys::backtrace::__rust_end_short_backtrace::<std[617be2ca0a6fd877]::panicking::panic_handler::{closure#0}, !>
[INFO] [stdout]    9:     0x61590ce5e22d - __rustc[ea4f61d10b84890b]::rust_begin_unwind
[INFO] [stdout]   10:     0x61590cea019c - core[a373ad73a504971]::panicking::panic_fmt
[INFO] [stdout]   11:     0x61590c8246b0 - fastokens[e8dd87f7b88be13]::tests::compare_encode_decode::{closure#0}
[INFO] [stdout]   12:     0x61590c829262 - fastokens[e8dd87f7b88be13]::tests::compare_encode_decode
[INFO] [stdout]   13:     0x61590c82dec9 - <fastokens[e8dd87f7b88be13]::tests::added_tokens_deepseek::{closure#0} as core[a373ad73a504971]::ops::function::FnOnce<()>>::call_once
[INFO] [stdout]   14:     0x61590c985c0b - test[aada8e7e76ba119b]::__rust_begin_short_backtrace::<core[a373ad73a504971]::result::Result<(), alloc[2e1b2a31b91974c5]::string::String>, fn() -> core[a373ad73a504971]::result::Result<(), alloc[2e1b2a31b91974c5]::string::String>>
[INFO] [stdout]   15:     0x61590c992de5 - test[aada8e7e76ba119b]::run_test::{closure#0}
[INFO] [stdout]   16:     0x61590c98c6d4 - std[617be2ca0a6fd877]::sys::backtrace::__rust_begin_short_backtrace::<test[aada8e7e76ba119b]::run_test::{closure#1}, ()>
[INFO] [stdout]   17:     0x61590c995e72 - <std[617be2ca0a6fd877]::thread::lifecycle::spawn_unchecked<test[aada8e7e76ba119b]::run_test::{closure#1}, ()>::{closure#1} as core[a373ad73a504971]::ops::function::FnOnce<()>>::call_once::{shim:vtable#0}
[INFO] [stdout]   18:     0x61590ce845bf - <std[617be2ca0a6fd877]::sys::thread::unix::Thread>::new::thread_start
[INFO] [stdout]   19:     0x79d0429e5dfa - <unknown>
[INFO] [stdout]   20:     0x79d042a793d4 - clone
[INFO] [stdout]   21:                0x0 - <unknown>
[INFO] [stdout] 
[INFO] [stdout] ---- tests::added_tokens_nemotron stdout ----
[INFO] [stdout] 
[INFO] [stdout] thread 'tests::added_tokens_nemotron' (4054) panicked at src/lib.rs:1684:33:
[INFO] [stdout] nvidia/NVIDIA-Nemotron-3-Nano-30B-A3B-BF16: HF load failed: request error: https://huggingface.co/nvidia/NVIDIA-Nemotron-3-Nano-30B-A3B-BF16/resolve/main/tokenizer.json: Dns Failed: resolve dns name 'huggingface.co:443': failed to lookup address information: Temporary failure in name resolution
[INFO] [stdout] stack backtrace:
[INFO] [stdout]    0:     0x61590ce85bd1 - <<std[617be2ca0a6fd877]::sys::backtrace::BacktraceLock>::print::DisplayBacktrace as core[a373ad73a504971]::fmt::Display>::fmt
[INFO] [stdout]    1:     0x61590ce9f9ba - core[a373ad73a504971]::fmt::write
[INFO] [stdout]    2:     0x61590ce8ab2c - <alloc[2e1b2a31b91974c5]::vec::Vec<u8> as core[a373ad73a504971]::io::write::Write>::write_fmt
[INFO] [stdout]    3:     0x61590ce5d1a6 - std[617be2ca0a6fd877]::panicking::default_hook::{closure#0}
[INFO] [stdout]    4:     0x61590ce7b889 - std[617be2ca0a6fd877]::panicking::default_hook
[INFO] [stdout]    5:     0x61590c9927c0 - test[aada8e7e76ba119b]::test_main_inner::{closure#0}
[INFO] [stdout]    6:     0x61590ce7bbb2 - std[617be2ca0a6fd877]::panicking::panic_with_hook
[INFO] [stdout]    7:     0x61590ce5d252 - std[617be2ca0a6fd877]::panicking::panic_handler::{closure#0}
[INFO] [stdout]    8:     0x61590ce55b19 - std[617be2ca0a6fd877]::sys::backtrace::__rust_end_short_backtrace::<std[617be2ca0a6fd877]::panicking::panic_handler::{closure#0}, !>
[INFO] [stdout]    9:     0x61590ce5e22d - __rustc[ea4f61d10b84890b]::rust_begin_unwind
[INFO] [stdout]   10:     0x61590cea019c - core[a373ad73a504971]::panicking::panic_fmt
[INFO] [stdout]   11:     0x61590c8246b0 - fastokens[e8dd87f7b88be13]::tests::compare_encode_decode::{closure#0}
[INFO] [stdout]   12:     0x61590c829262 - fastokens[e8dd87f7b88be13]::tests::compare_encode_decode
[INFO] [stdout]   13:     0x61590c82dfd9 - <fastokens[e8dd87f7b88be13]::tests::added_tokens_nemotron::{closure#0} as core[a373ad73a504971]::ops::function::FnOnce<()>>::call_once
[INFO] [stdout]   14:     0x61590c985c0b - test[aada8e7e76ba119b]::__rust_begin_short_backtrace::<core[a373ad73a504971]::result::Result<(), alloc[2e1b2a31b91974c5]::string::String>, fn() -> core[a373ad73a504971]::result::Result<(), alloc[2e1b2a31b91974c5]::string::String>>
[INFO] [stdout]   15:     0x61590c992de5 - test[aada8e7e76ba119b]::run_test::{closure#0}
[INFO] [stdout]   16:     0x61590c98c6d4 - std[617be2ca0a6fd877]::sys::backtrace::__rust_begin_short_backtrace::<test[aada8e7e76ba119b]::run_test::{closure#1}, ()>
[INFO] [stdout]   17:     0x61590c995e72 - <std[617be2ca0a6fd877]::thread::lifecycle::spawn_unchecked<test[aada8e7e76ba119b]::run_test::{closure#1}, ()>::{closure#1} as core[a373ad73a504971]::ops::function::FnOnce<()>>::call_once::{shim:vtable#0}
[INFO] [stdout]   18:     0x61590ce845bf - <std[617be2ca0a6fd877]::sys::thread::unix::Thread>::new::thread_start
[INFO] [stdout]   19:     0x79d0429e5dfa - <unknown>
[INFO] [stdout]   20:     0x79d042a793d4 - clone
[INFO] [stdout]   21:                0x0 - <unknown>
[INFO] [stdout] 
[INFO] [stdout] ---- tests::added_tokens_minimax stdout ----
[INFO] [stdout] 
[INFO] [stdout] thread 'tests::added_tokens_minimax' (4053) panicked at src/lib.rs:1684:33:
[INFO] [stdout] MiniMaxAI/MiniMax-M2.1: HF load failed: request error: https://huggingface.co/MiniMaxAI/MiniMax-M2.1/resolve/main/tokenizer.json: Dns Failed: resolve dns name 'huggingface.co:443': failed to lookup address information: Temporary failure in name resolution
[INFO] [stdout] stack backtrace:
[INFO] [stdout]    0:     0x61590ce85bd1 - <<std[617be2ca0a6fd877]::sys::backtrace::BacktraceLock>::print::DisplayBacktrace as core[a373ad73a504971]::fmt::Display>::fmt
[INFO] [stdout]    1:     0x61590ce9f9ba - core[a373ad73a504971]::fmt::write
[INFO] [stdout]    2:     0x61590ce8ab2c - <alloc[2e1b2a31b91974c5]::vec::Vec<u8> as core[a373ad73a504971]::io::write::Write>::write_fmt
[INFO] [stdout]    3:     0x61590ce5d1a6 - std[617be2ca0a6fd877]::panicking::default_hook::{closure#0}
[INFO] [stdout]    4:     0x61590ce7b889 - std[617be2ca0a6fd877]::panicking::default_hook
[INFO] [stdout]    5:     0x61590c9927c0 - test[aada8e7e76ba119b]::test_main_inner::{closure#0}
[INFO] [stdout]    6:     0x61590ce7bbb2 - std[617be2ca0a6fd877]::panicking::panic_with_hook
[INFO] [stdout]    7:     0x61590ce5d252 - std[617be2ca0a6fd877]::panicking::panic_handler::{closure#0}
[INFO] [stdout]    8:     0x61590ce55b19 - std[617be2ca0a6fd877]::sys::backtrace::__rust_end_short_backtrace::<std[617be2ca0a6fd877]::panicking::panic_handler::{closure#0}, !>
[INFO] [stdout]    9:     0x61590ce5e22d - __rustc[ea4f61d10b84890b]::rust_begin_unwind
[INFO] [stdout]   10:     0x61590cea019c - core[a373ad73a504971]::panicking::panic_fmt
[INFO] [stdout]   11:     0x61590c8246b0 - fastokens[e8dd87f7b88be13]::tests::compare_encode_decode::{closure#0}
[INFO] [stdout]   12:     0x61590c829262 - fastokens[e8dd87f7b88be13]::tests::compare_encode_decode
[INFO] [stdout]   13:     0x61590c82dca9 - <fastokens[e8dd87f7b88be13]::tests::added_tokens_minimax::{closure#0} as core[a373ad73a504971]::ops::function::FnOnce<()>>::call_once
[INFO] [stdout]   14:     0x61590c985c0b - test[aada8e7e76ba119b]::__rust_begin_short_backtrace::<core[a373ad73a504971]::result::Result<(), alloc[2e1b2a31b91974c5]::string::String>, fn() -> core[a373ad73a504971]::result::Result<(), alloc[2e1b2a31b91974c5]::string::String>>
[INFO] [stdout]   15:     0x61590c992de5 - test[aada8e7e76ba119b]::run_test::{closure#0}
[INFO] [stdout]   16:     0x61590c98c6d4 - std[617be2ca0a6fd877]::sys::backtrace::__rust_begin_short_backtrace::<test[aada8e7e76ba119b]::run_test::{closure#1}, ()>
[INFO] [stdout]   17:     0x61590c995e72 - <std[617be2ca0a6fd877]::thread::lifecycle::spawn_unchecked<test[aada8e7e76ba119b]::run_test::{closure#1}, ()>::{closure#1} as core[a373ad73a504971]::ops::function::FnOnce<()>>::call_once::{shim:vtable#0}
[INFO] [stdout]   18:     0x61590ce845bf - <std[617be2ca0a6fd877]::sys::thread::unix::Thread>::new::thread_start
[INFO] [stdout]   19:     0x79d0429e5dfa - <unknown>
[INFO] [stdout]   20:     0x79d042a793d4 - clone
[INFO] [stdout]   21:                0x0 - <unknown>
[INFO] [stdout] 
[INFO] [stdout] ---- tests::add_bos_token stdout ----
[INFO] [stdout] 
[INFO] [stdout] thread 'tests::add_bos_token' (4051) panicked at src/lib.rs:2770:81:
[INFO] [stdout] called `Result::unwrap()` on an `Err` value: Hub(RequestError(Transport(Transport { kind: Dns, message: Some("resolve dns name 'huggingface.co:443'"), url: Some(Url { scheme: "https", cannot_be_a_base: false, username: "", password: None, host: Some(Domain("huggingface.co")), port: None, path: "/mistralai/Mistral-Nemo-Instruct-2407/resolve/main/tokenizer.json", query: None, fragment: None }), source: Some(Custom { kind: Uncategorized, error: "failed to lookup address information: Temporary failure in name resolution" }) })))
[INFO] [stdout] stack backtrace:
[INFO] [stdout]    0:     0x61590ce85bd1 - <<std[617be2ca0a6fd877]::sys::backtrace::BacktraceLock>::print::DisplayBacktrace as core[a373ad73a504971]::fmt::Display>::fmt
[INFO] [stdout]    1:     0x61590ce9f9ba - core[a373ad73a504971]::fmt::write
[INFO] [stdout]    2:     0x61590ce8ab2c - <alloc[2e1b2a31b91974c5]::vec::Vec<u8> as core[a373ad73a504971]::io::write::Write>::write_fmt
[INFO] [stdout]    3:     0x61590ce5d1a6 - std[617be2ca0a6fd877]::panicking::default_hook::{closure#0}
[INFO] [stdout]    4:     0x61590ce7b889 - std[617be2ca0a6fd877]::panicking::default_hook
[INFO] [stdout]    5:     0x61590c9927c0 - test[aada8e7e76ba119b]::test_main_inner::{closure#0}
[INFO] [stdout]    6:     0x61590ce7bbb2 - std[617be2ca0a6fd877]::panicking::panic_with_hook
[INFO] [stdout]    7:     0x61590ce5d252 - std[617be2ca0a6fd877]::panicking::panic_handler::{closure#0}
[INFO] [stdout]    8:     0x61590ce55b19 - std[617be2ca0a6fd877]::sys::backtrace::__rust_end_short_backtrace::<std[617be2ca0a6fd877]::panicking::panic_handler::{closure#0}, !>
[INFO] [stdout]    9:     0x61590ce5e22d - __rustc[ea4f61d10b84890b]::rust_begin_unwind
[INFO] [stdout]   10:     0x61590cea019c - core[a373ad73a504971]::panicking::panic_fmt
[INFO] [stdout]   11:     0x61590ce9ff72 - core[a373ad73a504971]::result::unwrap_failed
[INFO] [stdout]   12:     0x61590c82be00 - <fastokens[e8dd87f7b88be13]::tests::add_bos_token::{closure#0} as core[a373ad73a504971]::ops::function::FnOnce<()>>::call_once
[INFO] [stdout]   13:     0x61590c985c0b - test[aada8e7e76ba119b]::__rust_begin_short_backtrace::<core[a373ad73a504971]::result::Result<(), alloc[2e1b2a31b91974c5]::string::String>, fn() -> core[a373ad73a504971]::result::Result<(), alloc[2e1b2a31b91974c5]::string::String>>
[INFO] [stdout]   14:     0x61590c992de5 - test[aada8e7e76ba119b]::run_test::{closure#0}
[INFO] [stdout]   15:     0x61590c98c6d4 - std[617be2ca0a6fd877]::sys::backtrace::__rust_begin_short_backtrace::<test[aada8e7e76ba119b]::run_test::{closure#1}, ()>
[INFO] [stdout]   16:     0x61590c995e72 - <std[617be2ca0a6fd877]::thread::lifecycle::spawn_unchecked<test[aada8e7e76ba119b]::run_test::{closure#1}, ()>::{closure#1} as core[a373ad73a504971]::ops::function::FnOnce<()>>::call_once::{shim:vtable#0}
[INFO] [stdout]   17:     0x61590ce845bf - <std[617be2ca0a6fd877]::sys::thread::unix::Thread>::new::thread_start
[INFO] [stdout]   18:     0x79d0429e5dfa - <unknown>
[INFO] [stdout]   19:     0x79d042a793d4 - clone
[INFO] [stdout]   20:                0x0 - <unknown>
[INFO] [stdout] 
[INFO] [stdout] ---- tests::cache_consistency stdout ----
[INFO] [stdout] 
[INFO] [stdout] thread 'tests::cache_consistency' (4057) panicked at src/lib.rs:2238:49:
[INFO] [stdout] called `Result::unwrap()` on an `Err` value: Hub(RequestError(Transport(Transport { kind: Dns, message: Some("resolve dns name 'huggingface.co:443'"), url: Some(Url { scheme: "https", cannot_be_a_base: false, username: "", password: None, host: Some(Domain("huggingface.co")), port: None, path: "/nvidia/NVIDIA-Nemotron-3-Nano-30B-A3B-BF16/resolve/main/tokenizer.json", query: None, fragment: None }), source: Some(Custom { kind: Uncategorized, error: "failed to lookup address information: Temporary failure in name resolution" }) })))
[INFO] [stdout] stack backtrace:
[INFO] [stdout]    0:     0x61590ce85bd1 - <<std[617be2ca0a6fd877]::sys::backtrace::BacktraceLock>::print::DisplayBacktrace as core[a373ad73a504971]::fmt::Display>::fmt
[INFO] [stdout]    1:     0x61590ce9f9ba - core[a373ad73a504971]::fmt::write
[INFO] [stdout]    2:     0x61590ce8ab2c - <alloc[2e1b2a31b91974c5]::vec::Vec<u8> as core[a373ad73a504971]::io::write::Write>::write_fmt
[INFO] [stdout]    3:     0x61590ce5d1a6 - std[617be2ca0a6fd877]::panicking::default_hook::{closure#0}
[INFO] [stdout]    4:     0x61590ce7b889 - std[617be2ca0a6fd877]::panicking::default_hook
[INFO] [stdout]    5:     0x61590c9927c0 - test[aada8e7e76ba119b]::test_main_inner::{closure#0}
[INFO] [stdout]    6:     0x61590ce7bbb2 - std[617be2ca0a6fd877]::panicking::panic_with_hook
[INFO] [stdout]    7:     0x61590ce5d252 - std[617be2ca0a6fd877]::panicking::panic_handler::{closure#0}
[INFO] [stdout]    8:     0x61590ce55b19 - std[617be2ca0a6fd877]::sys::backtrace::__rust_end_short_backtrace::<std[617be2ca0a6fd877]::panicking::panic_handler::{closure#0}, !>
[INFO] [stdout]    9:     0x61590ce5e22d - __rustc[ea4f61d10b84890b]::rust_begin_unwind
[INFO] [stdout]   10:     0x61590cea019c - core[a373ad73a504971]::panicking::panic_fmt
[INFO] [stdout]   11:     0x61590ce9ff72 - core[a373ad73a504971]::result::unwrap_failed
[INFO] [stdout]   12:     0x61590c82ccc0 - <fastokens[e8dd87f7b88be13]::tests::cache_consistency::{closure#0} as core[a373ad73a504971]::ops::function::FnOnce<()>>::call_once
[INFO] [stdout]   13:     0x61590c985c0b - test[aada8e7e76ba119b]::__rust_begin_short_backtrace::<core[a373ad73a504971]::result::Result<(), alloc[2e1b2a31b91974c5]::string::String>, fn() -> core[a373ad73a504971]::result::Result<(), alloc[2e1b2a31b91974c5]::string::String>>
[INFO] [stdout]   14:     0x61590c992de5 - test[aada8e7e76ba119b]::run_test::{closure#0}
[INFO] [stdout]   15:     0x61590c98c6d4 - std[617be2ca0a6fd877]::sys::backtrace::__rust_begin_short_backtrace::<test[aada8e7e76ba119b]::run_test::{closure#1}, ()>
[INFO] [stdout]   16:     0x61590c995e72 - <std[617be2ca0a6fd877]::thread::lifecycle::spawn_unchecked<test[aada8e7e76ba119b]::run_test::{closure#1}, ()>::{closure#1} as core[a373ad73a504971]::ops::function::FnOnce<()>>::call_once::{shim:vtable#0}
[INFO] [stdout]   17:     0x61590ce845bf - <std[617be2ca0a6fd877]::sys::thread::unix::Thread>::new::thread_start
[INFO] [stdout]   18:     0x79d0429e5dfa - <unknown>
[INFO] [stdout]   19:     0x79d042a793d4 - clone
[INFO] [stdout]   20:                0x0 - <unknown>
[INFO] [stdout] 
[INFO] [stdout] ---- tests::cache_consistency_fused stdout ----
[INFO] [stdout] 
[INFO] [stdout] thread 'tests::cache_consistency_fused' (4058) panicked at src/lib.rs:2265:49:
[INFO] [stdout] called `Result::unwrap()` on an `Err` value: Hub(RequestError(Transport(Transport { kind: Dns, message: Some("resolve dns name 'huggingface.co:443'"), url: Some(Url { scheme: "https", cannot_be_a_base: false, username: "", password: None, host: Some(Domain("huggingface.co")), port: None, path: "/nvidia/NVIDIA-Nemotron-3-Nano-30B-A3B-BF16/resolve/main/tokenizer.json", query: None, fragment: None }), source: Some(Custom { kind: Uncategorized, error: "failed to lookup address information: Temporary failure in name resolution" }) })))
[INFO] [stdout] stack backtrace:
[INFO] [stdout]    0:     0x61590ce85bd1 - <<std[617be2ca0a6fd877]::sys::backtrace::BacktraceLock>::print::DisplayBacktrace as core[a373ad73a504971]::fmt::Display>::fmt
[INFO] [stdout]    1:     0x61590ce9f9ba - core[a373ad73a504971]::fmt::write
[INFO] [stdout]    2:     0x61590ce8ab2c - <alloc[2e1b2a31b91974c5]::vec::Vec<u8> as core[a373ad73a504971]::io::write::Write>::write_fmt
[INFO] [stdout]    3:     0x61590ce5d1a6 - std[617be2ca0a6fd877]::panicking::default_hook::{closure#0}
[INFO] [stdout]    4:     0x61590ce7b889 - std[617be2ca0a6fd877]::panicking::default_hook
[INFO] [stdout]    5:     0x61590c9927c0 - test[aada8e7e76ba119b]::test_main_inner::{closure#0}
[INFO] [stdout]    6:     0x61590ce7bbb2 - std[617be2ca0a6fd877]::panicking::panic_with_hook
[INFO] [stdout]    7:     0x61590ce5d252 - std[617be2ca0a6fd877]::panicking::panic_handler::{closure#0}
[INFO] [stdout]    8:     0x61590ce55b19 - std[617be2ca0a6fd877]::sys::backtrace::__rust_end_short_backtrace::<std[617be2ca0a6fd877]::panicking::panic_handler::{closure#0}, !>
[INFO] [stdout]    9:     0x61590ce5e22d - __rustc[ea4f61d10b84890b]::rust_begin_unwind
[INFO] [stdout]   10:     0x61590cea019c - core[a373ad73a504971]::panicking::panic_fmt
[INFO] [stdout]   11:     0x61590ce9ff72 - core[a373ad73a504971]::result::unwrap_failed
[INFO] [stdout]   12:     0x61590c82eb14 - <fastokens[e8dd87f7b88be13]::tests::cache_consistency_fused::{closure#0} as core[a373ad73a504971]::ops::function::FnOnce<()>>::call_once
[INFO] [stdout]   13:     0x61590c985c0b - test[aada8e7e76ba119b]::__rust_begin_short_backtrace::<core[a373ad73a504971]::result::Result<(), alloc[2e1b2a31b91974c5]::string::String>, fn() -> core[a373ad73a504971]::result::Result<(), alloc[2e1b2a31b91974c5]::string::String>>
[INFO] [stdout]   14:     0x61590c992de5 - test[aada8e7e76ba119b]::run_test::{closure#0}
[INFO] [stdout]   15:     0x61590c98c6d4 - std[617be2ca0a6fd877]::sys::backtrace::__rust_begin_short_backtrace::<test[aada8e7e76ba119b]::run_test::{closure#1}, ()>
[INFO] [stdout]   16:     0x61590c995e72 - <std[617be2ca0a6fd877]::thread::lifecycle::spawn_unchecked<test[aada8e7e76ba119b]::run_test::{closure#1}, ()>::{closure#1} as core[a373ad73a504971]::ops::function::FnOnce<()>>::call_once::{shim:vtable#0}
[INFO] [stdout]   17:     0x61590ce845bf - <std[617be2ca0a6fd877]::sys::thread::unix::Thread>::new::thread_start
[INFO] [stdout]   18:     0x79d0429e5dfa - <unknown>
[INFO] [stdout]   19:     0x79d042a793d4 - clone
[INFO] [stdout]   20:                0x0 - <unknown>
[INFO] [stdout] 
[INFO] [stdout] ---- tests::correctness_deepseek_v3_2 stdout ----
[INFO] [stdout] 
[INFO] [stdout] thread 'tests::correctness_deepseek_v3_2' (4059) panicked at src/lib.rs:1684:33:
[INFO] [stdout] deepseek-ai/DeepSeek-V3.2: HF load failed: request error: https://huggingface.co/deepseek-ai/DeepSeek-V3.2/resolve/main/tokenizer.json: Dns Failed: resolve dns name 'huggingface.co:443': failed to lookup address information: Temporary failure in name resolution
[INFO] [stdout] stack backtrace:
[INFO] [stdout]    0:     0x61590ce85bd1 - <<std[617be2ca0a6fd877]::sys::backtrace::BacktraceLock>::print::DisplayBacktrace as core[a373ad73a504971]::fmt::Display>::fmt
[INFO] [stdout]    1:     0x61590ce9f9ba - core[a373ad73a504971]::fmt::write
[INFO] [stdout]    2:     0x61590ce8ab2c - <alloc[2e1b2a31b91974c5]::vec::Vec<u8> as core[a373ad73a504971]::io::write::Write>::write_fmt
[INFO] [stdout]    3:     0x61590ce5d1a6 - std[617be2ca0a6fd877]::panicking::default_hook::{closure#0}
[INFO] [stdout]    4:     0x61590ce7b889 - std[617be2ca0a6fd877]::panicking::default_hook
[INFO] [stdout]    5:     0x61590c9927c0 - test[aada8e7e76ba119b]::test_main_inner::{closure#0}
[INFO] [stdout]    6:     0x61590ce7bbb2 - std[617be2ca0a6fd877]::panicking::panic_with_hook
[INFO] [stdout]    7:     0x61590ce5d252 - std[617be2ca0a6fd877]::panicking::panic_handler::{closure#0}
[INFO] [stdout]    8:     0x61590ce55b19 - std[617be2ca0a6fd877]::sys::backtrace::__rust_end_short_backtrace::<std[617be2ca0a6fd877]::panicking::panic_handler::{closure#0}, !>
[INFO] [stdout]    9:     0x61590ce5e22d - __rustc[ea4f61d10b84890b]::rust_begin_unwind
[INFO] [stdout]   10:     0x61590cea019c - core[a373ad73a504971]::panicking::panic_fmt
[INFO] [stdout]   11:     0x61590c8246b0 - fastokens[e8dd87f7b88be13]::tests::compare_encode_decode::{closure#0}
[INFO] [stdout]   12:     0x61590c829262 - fastokens[e8dd87f7b88be13]::tests::compare_encode_decode
[INFO] [stdout]   13:     0x61590c82ef29 - <fastokens[e8dd87f7b88be13]::tests::correctness_deepseek_v3_2::{closure#0} as core[a373ad73a504971]::ops::function::FnOnce<()>>::call_once
[INFO] [stdout]   14:     0x61590c985c0b - test[aada8e7e76ba119b]::__rust_begin_short_backtrace::<core[a373ad73a504971]::result::Result<(), alloc[2e1b2a31b91974c5]::string::String>, fn() -> core[a373ad73a504971]::result::Result<(), alloc[2e1b2a31b91974c5]::string::String>>
[INFO] [stdout]   15:     0x61590c992de5 - test[aada8e7e76ba119b]::run_test::{closure#0}
[INFO] [stdout]   16:     0x61590c98c6d4 - std[617be2ca0a6fd877]::sys::backtrace::__rust_begin_short_backtrace::<test[aada8e7e76ba119b]::run_test::{closure#1}, ()>
[INFO] [stdout]   17:     0x61590c995e72 - <std[617be2ca0a6fd877]::thread::lifecycle::spawn_unchecked<test[aada8e7e76ba119b]::run_test::{closure#1}, ()>::{closure#1} as core[a373ad73a504971]::ops::function::FnOnce<()>>::call_once::{shim:vtable#0}
[INFO] [stdout]   18:     0x61590ce845bf - <std[617be2ca0a6fd877]::sys::thread::unix::Thread>::new::thread_start
[INFO] [stdout]   19:     0x79d0429e5dfa - <unknown>
[INFO] [stdout]   20:     0x79d042a793d4 - clone
[INFO] [stdout]   21:                0x0 - <unknown>
[INFO] [stdout] 
[INFO] [stdout] ---- tests::added_tokens_qwen3 stdout ----
[INFO] [stdout] 
[INFO] [stdout] thread 'tests::added_tokens_qwen3' (4055) panicked at src/lib.rs:1684:33:
[INFO] [stdout] Qwen/Qwen3-0.6B: HF load failed: request error: https://huggingface.co/Qwen/Qwen3-0.6B/resolve/main/tokenizer.json: Dns Failed: resolve dns name 'huggingface.co:443': failed to lookup address information: Temporary failure in name resolution
[INFO] [stdout] stack backtrace:
[INFO] [stdout]    0:     0x61590ce85bd1 - <<std[617be2ca0a6fd877]::sys::backtrace::BacktraceLock>::print::DisplayBacktrace as core[a373ad73a504971]::fmt::Display>::fmt
[INFO] [stdout]    1:     0x61590ce9f9ba - core[a373ad73a504971]::fmt::write
[INFO] [stdout]    2:     0x61590ce8ab2c - <alloc[2e1b2a31b91974c5]::vec::Vec<u8> as core[a373ad73a504971]::io::write::Write>::write_fmt
[INFO] [stdout]    3:     0x61590ce5d1a6 - std[617be2ca0a6fd877]::panicking::default_hook::{closure#0}
[INFO] [stdout]    4:     0x61590ce7b889 - std[617be2ca0a6fd877]::panicking::default_hook
[INFO] [stdout]    5:     0x61590c9927c0 - test[aada8e7e76ba119b]::test_main_inner::{closure#0}
[INFO] [stdout]    6:     0x61590ce7bbb2 - std[617be2ca0a6fd877]::panicking::panic_with_hook
[INFO] [stdout]    7:     0x61590ce5d252 - std[617be2ca0a6fd877]::panicking::panic_handler::{closure#0}
[INFO] [stdout]    8:     0x61590ce55b19 - std[617be2ca0a6fd877]::sys::backtrace::__rust_end_short_backtrace::<std[617be2ca0a6fd877]::panicking::panic_handler::{closure#0}, !>
[INFO] [stdout]    9:     0x61590ce5e22d - __rustc[ea4f61d10b84890b]::rust_begin_unwind
[INFO] [stdout]   10:     0x61590cea019c - core[a373ad73a504971]::panicking::panic_fmt
[INFO] [stdout]   11:     0x61590c8246b0 - fastokens[e8dd87f7b88be13]::tests::compare_encode_decode::{closure#0}
[INFO] [stdout]   12:     0x61590c829262 - fastokens[e8dd87f7b88be13]::tests::compare_encode_decode
[INFO] [stdout]   13:     0x61590c82d009 - <fastokens[e8dd87f7b88be13]::tests::added_tokens_qwen3::{closure#0} as core[a373ad73a504971]::ops::function::FnOnce<()>>::call_once
[INFO] [stdout]   14:     0x61590c985c0b - test[aada8e7e76ba119b]::__rust_begin_short_backtrace::<core[a373ad73a504971]::result::Result<(), alloc[2e1b2a31b91974c5]::string::String>, fn() -> core[a373ad73a504971]::result::Result<(), alloc[2e1b2a31b91974c5]::string::String>>
[INFO] [stdout]   15:     0x61590c992de5 - test[aada8e7e76ba119b]::run_test::{closure#0}
[INFO] [stdout]   16:     0x61590c98c6d4 - std[617be2ca0a6fd877]::sys::backtrace::__rust_begin_short_backtrace::<test[aada8e7e76ba119b]::run_test::{closure#1}, ()>
[INFO] [stdout]   17:     0x61590c995e72 - <std[617be2ca0a6fd877]::thread::lifecycle::spawn_unchecked<test[aada8e7e76ba119b]::run_test::{closure#1}, ()>::{closure#1} as core[a373ad73a504971]::ops::function::FnOnce<()>>::call_once::{shim:vtable#0}
[INFO] [stdout]   18:     0x61590ce845bf - <std[617be2ca0a6fd877]::sys::thread::unix::Thread>::new::thread_start
[INFO] [stdout]   19:     0x79d0429e5dfa - <unknown>
[INFO] [stdout]   20:     0x79d042a793d4 - clone
[INFO] [stdout]   21:                0x0 - <unknown>
[INFO] [stdout] 
[INFO] [stdout] ---- tests::added_tokens_qwen3vl_vision_sequence stdout ----
[INFO] [stdout] 
[INFO] [stdout] thread 'tests::added_tokens_qwen3vl_vision_sequence' (4056) panicked at src/lib.rs:1684:33:
[INFO] [stdout] Qwen/Qwen3.5-27B: HF load failed: request error: https://huggingface.co/Qwen/Qwen3.5-27B/resolve/main/tokenizer.json: Dns Failed: resolve dns name 'huggingface.co:443': failed to lookup address information: Temporary failure in name resolution
[INFO] [stdout] stack backtrace:
[INFO] [stdout]    0:     0x61590ce85bd1 - <<std[617be2ca0a6fd877]::sys::backtrace::BacktraceLock>::print::DisplayBacktrace as core[a373ad73a504971]::fmt::Display>::fmt
[INFO] [stdout]    1:     0x61590ce9f9ba - core[a373ad73a504971]::fmt::write
[INFO] [stdout]    2:     0x61590ce8ab2c - <alloc[2e1b2a31b91974c5]::vec::Vec<u8> as core[a373ad73a504971]::io::write::Write>::write_fmt
[INFO] [stdout]    3:     0x61590ce5d1a6 - std[617be2ca0a6fd877]::panicking::default_hook::{closure#0}
[INFO] [stdout]    4:     0x61590ce7b889 - std[617be2ca0a6fd877]::panicking::default_hook
[INFO] [stdout]    5:     0x61590c9927c0 - test[aada8e7e76ba119b]::test_main_inner::{closure#0}
[INFO] [stdout]    6:     0x61590ce7bbb2 - std[617be2ca0a6fd877]::panicking::panic_with_hook
[INFO] [stdout]    7:     0x61590ce5d252 - std[617be2ca0a6fd877]::panicking::panic_handler::{closure#0}
[INFO] [stdout]    8:     0x61590ce55b19 - std[617be2ca0a6fd877]::sys::backtrace::__rust_end_short_backtrace::<std[617be2ca0a6fd877]::panicking::panic_handler::{closure#0}, !>
[INFO] [stdout]    9:     0x61590ce5e22d - __rustc[ea4f61d10b84890b]::rust_begin_unwind
[INFO] [stdout]   10:     0x61590cea019c - core[a373ad73a504971]::panicking::panic_fmt
[INFO] [stdout]   11:     0x61590c8246b0 - fastokens[e8dd87f7b88be13]::tests::compare_encode_decode::{closure#0}
[INFO] [stdout]   12:     0x61590c829262 - fastokens[e8dd87f7b88be13]::tests::compare_encode_decode
[INFO] [stdout]   13:     0x61590c833eb9 - <fastokens[e8dd87f7b88be13]::tests::added_tokens_qwen3vl_vision_sequence::{closure#0} as core[a373ad73a504971]::ops::function::FnOnce<()>>::call_once
[INFO] [stdout]   14:     0x61590c985c0b - test[aada8e7e76ba119b]::__rust_begin_short_backtrace::<core[a373ad73a504971]::result::Result<(), alloc[2e1b2a31b91974c5]::string::String>, fn() -> core[a373ad73a504971]::result::Result<(), alloc[2e1b2a31b91974c5]::string::String>>
[INFO] [stdout]   15:     0x61590c992de5 - test[aada8e7e76ba119b]::run_test::{closure#0}
[INFO] [stdout]   16:     0x61590c98c6d4 - std[617be2ca0a6fd877]::sys::backtrace::__rust_begin_short_backtrace::<test[aada8e7e76ba119b]::run_test::{closure#1}, ()>
[INFO] [stdout]   17:     0x61590c995e72 - <std[617be2ca0a6fd877]::thread::lifecycle::spawn_unchecked<test[aada8e7e76ba119b]::run_test::{closure#1}, ()>::{closure#1} as core[a373ad73a504971]::ops::function::FnOnce<()>>::call_once::{shim:vtable#0}
[INFO] [stdout]   18:     0x61590ce845bf - <std[617be2ca0a6fd877]::sys::thread::unix::Thread>::new::thread_start
[INFO] [stdout]   19:     0x79d0429e5dfa - <unknown>
[INFO] [stdout]   20:     0x79d042a793d4 - clone
[INFO] [stdout]   21:                0x0 - <unknown>
[INFO] [stdout] 
[INFO] [stdout] ---- tests::correctness_minimax_m2_1 stdout ----
[INFO] [stdout] 
[INFO] [stdout] thread 'tests::correctness_minimax_m2_1' (4062) panicked at src/lib.rs:1684:33:
[INFO] [stdout] MiniMaxAI/MiniMax-M2.1: HF load failed: request error: https://huggingface.co/MiniMaxAI/MiniMax-M2.1/resolve/main/tokenizer.json: Dns Failed: resolve dns name 'huggingface.co:443': failed to lookup address information: Temporary failure in name resolution
[INFO] [stdout] stack backtrace:
[INFO] [stdout]    0:     0x61590ce85bd1 - <<std[617be2ca0a6fd877]::sys::backtrace::BacktraceLock>::print::DisplayBacktrace as core[a373ad73a504971]::fmt::Display>::fmt
[INFO] [stdout]    1:     0x61590ce9f9ba - core[a373ad73a504971]::fmt::write
[INFO] [stdout]    2:     0x61590ce8ab2c - <alloc[2e1b2a31b91974c5]::vec::Vec<u8> as core[a373ad73a504971]::io::write::Write>::write_fmt
[INFO] [stdout]    3:     0x61590ce5d1a6 - std[617be2ca0a6fd877]::panicking::default_hook::{closure#0}
[INFO] [stdout]    4:     0x61590ce7b889 - std[617be2ca0a6fd877]::panicking::default_hook
[INFO] [stdout]    5:     0x61590c9927c0 - test[aada8e7e76ba119b]::test_main_inner::{closure#0}
[INFO] [stdout]    6:     0x61590ce7bbb2 - std[617be2ca0a6fd877]::panicking::panic_with_hook
[INFO] [stdout]    7:     0x61590ce5d252 - std[617be2ca0a6fd877]::panicking::panic_handler::{closure#0}
[INFO] [stdout]    8:     0x61590ce55b19 - std[617be2ca0a6fd877]::sys::backtrace::__rust_end_short_backtrace::<std[617be2ca0a6fd877]::panicking::panic_handler::{closure#0}, !>
[INFO] [stdout]    9:     0x61590ce5e22d - __rustc[ea4f61d10b84890b]::rust_begin_unwind
[INFO] [stdout]   10:     0x61590cea019c - core[a373ad73a504971]::panicking::panic_fmt
[INFO] [stdout]   11:     0x61590c8246b0 - fastokens[e8dd87f7b88be13]::tests::compare_encode_decode::{closure#0}
[INFO] [stdout]   12:     0x61590c829262 - fastokens[e8dd87f7b88be13]::tests::compare_encode_decode
[INFO] [stdout]   13:     0x61590c82ed09 - <fastokens[e8dd87f7b88be13]::tests::correctness_minimax_m2_1::{closure#0} as core[a373ad73a504971]::ops::function::FnOnce<()>>::call_once
[INFO] [stdout]   14:     0x61590c985c0b - test[aada8e7e76ba119b]::__rust_begin_short_backtrace::<core[a373ad73a504971]::result::Result<(), alloc[2e1b2a31b91974c5]::string::String>, fn() -> core[a373ad73a504971]::result::Result<(), alloc[2e1b2a31b91974c5]::string::String>>
[INFO] [stdout]   15:     0x61590c992de5 - test[aada8e7e76ba119b]::run_test::{closure#0}
[INFO] [stdout]   16:     0x61590c98c6d4 - std[617be2ca0a6fd877]::sys::backtrace::__rust_begin_short_backtrace::<test[aada8e7e76ba119b]::run_test::{closure#1}, ()>
[INFO] [stdout]   17:     0x61590c995e72 - <std[617be2ca0a6fd877]::thread::lifecycle::spawn_unchecked<test[aada8e7e76ba119b]::run_test::{closure#1}, ()>::{closure#1} as core[a373ad73a504971]::ops::function::FnOnce<()>>::call_once::{shim:vtable#0}
[INFO] [stdout]   18:     0x61590ce845bf - <std[617be2ca0a6fd877]::sys::thread::unix::Thread>::new::thread_start
[INFO] [stdout]   19:     0x79d0429e5dfa - <unknown>
[INFO] [stdout]   20:     0x79d042a793d4 - clone
[INFO] [stdout]   21:                0x0 - <unknown>
[INFO] [stdout] 
[INFO] [stdout] ---- tests::correctness_gpt_oss stdout ----
[INFO] [stdout] 
[INFO] [stdout] thread 'tests::correctness_gpt_oss' (4060) panicked at src/lib.rs:1684:33:
[INFO] [stdout] openai/gpt-oss-120b: HF load failed: request error: https://huggingface.co/openai/gpt-oss-120b/resolve/main/tokenizer.json: Dns Failed: resolve dns name 'huggingface.co:443': failed to lookup address information: Temporary failure in name resolution
[INFO] [stdout] stack backtrace:
[INFO] [stdout]    0:     0x61590ce85bd1 - <<std[617be2ca0a6fd877]::sys::backtrace::BacktraceLock>::print::DisplayBacktrace as core[a373ad73a504971]::fmt::Display>::fmt
[INFO] [stdout]    1:     0x61590ce9f9ba - core[a373ad73a504971]::fmt::write
[INFO] [stdout]    2:     0x61590ce8ab2c - <alloc[2e1b2a31b91974c5]::vec::Vec<u8> as core[a373ad73a504971]::io::write::Write>::write_fmt
[INFO] [stdout]    3:     0x61590ce5d1a6 - std[617be2ca0a6fd877]::panicking::default_hook::{closure#0}
[INFO] [stdout]    4:     0x61590ce7b889 - std[617be2ca0a6fd877]::panicking::default_hook
[INFO] [stdout]    5:     0x61590c9927c0 - test[aada8e7e76ba119b]::test_main_inner::{closure#0}
[INFO] [stdout]    6:     0x61590ce7bbb2 - std[617be2ca0a6fd877]::panicking::panic_with_hook
[INFO] [stdout]    7:     0x61590ce5d252 - std[617be2ca0a6fd877]::panicking::panic_handler::{closure#0}
[INFO] [stdout]    8:     0x61590ce55b19 - std[617be2ca0a6fd877]::sys::backtrace::__rust_end_short_backtrace::<std[617be2ca0a6fd877]::panicking::panic_handler::{closure#0}, !>
[INFO] [stdout]    9:     0x61590ce5e22d - __rustc[ea4f61d10b84890b]::rust_begin_unwind
[INFO] [stdout]   10:     0x61590cea019c - core[a373ad73a504971]::panicking::panic_fmt
[INFO] [stdout]   11:     0x61590c8246b0 - fastokens[e8dd87f7b88be13]::tests::compare_encode_decode::{closure#0}
[INFO] [stdout]   12:     0x61590c829262 - fastokens[e8dd87f7b88be13]::tests::compare_encode_decode
[INFO] [stdout]   13:     0x61590c82d119 - <fastokens[e8dd87f7b88be13]::tests::correctness_gpt_oss::{closure#0} as core[a373ad73a504971]::ops::function::FnOnce<()>>::call_once
[INFO] [stdout]   14:     0x61590c985c0b - test[aada8e7e76ba119b]::__rust_begin_short_backtrace::<core[a373ad73a504971]::result::Result<(), alloc[2e1b2a31b91974c5]::string::String>, fn() -> core[a373ad73a504971]::result::Result<(), alloc[2e1b2a31b91974c5]::string::String>>
[INFO] [stdout]   15:     0x61590c992de5 - test[aada8e7e76ba119b]::run_test::{closure#0}
[INFO] [stdout]   16:     0x61590c98c6d4 - std[617be2ca0a6fd877]::sys::backtrace::__rust_begin_short_backtrace::<test[aada8e7e76ba119b]::run_test::{closure#1}, ()>
[INFO] [stdout]   17:     0x61590c995e72 - <std[617be2ca0a6fd877]::thread::lifecycle::spawn_unchecked<test[aada8e7e76ba119b]::run_test::{closure#1}, ()>::{closure#1} as core[a373ad73a504971]::ops::function::FnOnce<()>>::call_once::{shim:vtable#0}
[INFO] [stdout]   18:     0x61590ce845bf - <std[617be2ca0a6fd877]::sys::thread::unix::Thread>::new::thread_start
[INFO] [stdout]   19:     0x79d0429e5dfa - <unknown>
[INFO] [stdout]   20:     0x79d042a793d4 - clone
[INFO] [stdout]   21:                0x0 - <unknown>
[INFO] [stdout] 
[INFO] [stdout] ---- tests::correctness_qwen3 stdout ----
[INFO] [stdout] 
[INFO] [stdout] thread 'tests::correctness_qwen3' (4065) panicked at src/lib.rs:1684:33:
[INFO] [stdout] Qwen/Qwen3-0.6B: HF load failed: request error: https://huggingface.co/Qwen/Qwen3-0.6B/resolve/main/tokenizer.json: Dns Failed: resolve dns name 'huggingface.co:443': failed to lookup address information: Temporary failure in name resolution
[INFO] [stdout] stack backtrace:
[INFO] [stdout]    0:     0x61590ce85bd1 - <<std[617be2ca0a6fd877]::sys::backtrace::BacktraceLock>::print::DisplayBacktrace as core[a373ad73a504971]::fmt::Display>::fmt
[INFO] [stdout]    1:     0x61590ce9f9ba - core[a373ad73a504971]::fmt::write
[INFO] [stdout]    2:     0x61590ce8ab2c - <alloc[2e1b2a31b91974c5]::vec::Vec<u8> as core[a373ad73a504971]::io::write::Write>::write_fmt
[INFO] [stdout]    3:     0x61590ce5d1a6 - std[617be2ca0a6fd877]::panicking::default_hook::{closure#0}
[INFO] [stdout]    4:     0x61590ce7b889 - std[617be2ca0a6fd877]::panicking::default_hook
[INFO] [stdout]    5:     0x61590c9927c0 - test[aada8e7e76ba119b]::test_main_inner::{closure#0}
[INFO] [stdout]    6:     0x61590ce7bbb2 - std[617be2ca0a6fd877]::panicking::panic_with_hook
[INFO] [stdout]    7:     0x61590ce5d252 - std[617be2ca0a6fd877]::panicking::panic_handler::{closure#0}
[INFO] [stdout]    8:     0x61590ce55b19 - std[617be2ca0a6fd877]::sys::backtrace::__rust_end_short_backtrace::<std[617be2ca0a6fd877]::panicking::panic_handler::{closure#0}, !>
[INFO] [stdout]    9:     0x61590ce5e22d - __rustc[ea4f61d10b84890b]::rust_begin_unwind
[INFO] [stdout]   10:     0x61590cea019c - core[a373ad73a504971]::panicking::panic_fmt
[INFO] [stdout]   11:     0x61590c8246b0 - fastokens[e8dd87f7b88be13]::tests::compare_encode_decode::{closure#0}
[INFO] [stdout]   12:     0x61590c829262 - fastokens[e8dd87f7b88be13]::tests::compare_encode_decode
[INFO] [stdout]   13:     0x61590c82cec9 - <fastokens[e8dd87f7b88be13]::tests::correctness_qwen3::{closure#0} as core[a373ad73a504971]::ops::function::FnOnce<()>>::call_once
[INFO] [stdout]   14:     0x61590c985c0b - test[aada8e7e76ba119b]::__rust_begin_short_backtrace::<core[a373ad73a504971]::result::Result<(), alloc[2e1b2a31b91974c5]::string::String>, fn() -> core[a373ad73a504971]::result::Result<(), alloc[2e1b2a31b91974c5]::string::String>>
[INFO] [stdout]   15:     0x61590c992de5 - test[aada8e7e76ba119b]::run_test::{closure#0}
[INFO] [stdout]   16:     0x61590c98c6d4 - std[617be2ca0a6fd877]::sys::backtrace::__rust_begin_short_backtrace::<test[aada8e7e76ba119b]::run_test::{closure#1}, ()>
[INFO] [stdout]   17:     0x61590c995e72 - <std[617be2ca0a6fd877]::thread::lifecycle::spawn_unchecked<test[aada8e7e76ba119b]::run_test::{closure#1}, ()>::{closure#1} as core[a373ad73a504971]::ops::function::FnOnce<()>>::call_once::{shim:vtable#0}
[INFO] [stdout]   18:     0x61590ce845bf - <std[617be2ca0a6fd877]::sys::thread::unix::Thread>::new::thread_start
[INFO] [stdout]   19:     0x79d0429e5dfa - <unknown>
[INFO] [stdout]   20:     0x79d042a793d4 - clone
[INFO] [stdout]   21:                0x0 - <unknown>
[INFO] [stdout] 
[INFO] [stdout] ---- tests::correctness_qwen3_nemotron stdout ----
[INFO] [stdout] 
[INFO] [stdout] thread 'tests::correctness_qwen3_nemotron' (4066) panicked at src/lib.rs:1684:33:
[INFO] [stdout] nvidia/Qwen3-Nemotron-235B-A22B-GenRM: HF load failed: request error: https://huggingface.co/nvidia/Qwen3-Nemotron-235B-A22B-GenRM/resolve/main/tokenizer.json: Dns Failed: resolve dns name 'huggingface.co:443': failed to lookup address information: Temporary failure in name resolution
[INFO] [stdout] stack backtrace:
[INFO] [stdout]    0:     0x61590ce85bd1 - <<std[617be2ca0a6fd877]::sys::backtrace::BacktraceLock>::print::DisplayBacktrace as core[a373ad73a504971]::fmt::Display>::fmt
[INFO] [stdout]    1:     0x61590ce9f9ba - core[a373ad73a504971]::fmt::write
[INFO] [stdout]    2:     0x61590ce8ab2c - <alloc[2e1b2a31b91974c5]::vec::Vec<u8> as core[a373ad73a504971]::io::write::Write>::write_fmt
[INFO] [stdout]    3:     0x61590ce5d1a6 - std[617be2ca0a6fd877]::panicking::default_hook::{closure#0}
[INFO] [stdout]    4:     0x61590ce7b889 - std[617be2ca0a6fd877]::panicking::default_hook
[INFO] [stdout]    5:     0x61590c9927c0 - test[aada8e7e76ba119b]::test_main_inner::{closure#0}
[INFO] [stdout]    6:     0x61590ce7bbb2 - std[617be2ca0a6fd877]::panicking::panic_with_hook
[INFO] [stdout]    7:     0x61590ce5d252 - std[617be2ca0a6fd877]::panicking::panic_handler::{closure#0}
[INFO] [stdout]    8:     0x61590ce55b19 - std[617be2ca0a6fd877]::sys::backtrace::__rust_end_short_backtrace::<std[617be2ca0a6fd877]::panicking::panic_handler::{closure#0}, !>
[INFO] [stdout]    9:     0x61590ce5e22d - __rustc[ea4f61d10b84890b]::rust_begin_unwind
[INFO] [stdout]   10:     0x61590cea019c - core[a373ad73a504971]::panicking::panic_fmt
[INFO] [stdout]   11:     0x61590c8246b0 - fastokens[e8dd87f7b88be13]::tests::compare_encode_decode::{closure#0}
[INFO] [stdout]   12:     0x61590c829262 - fastokens[e8dd87f7b88be13]::tests::compare_encode_decode
[INFO] [stdout]   13:     0x61590c82f039 - <fastokens[e8dd87f7b88be13]::tests::correctness_qwen3_nemotron::{closure#0} as core[a373ad73a504971]::ops::function::FnOnce<()>>::call_once
[INFO] [stdout]   14:     0x61590c985c0b - test[aada8e7e76ba119b]::__rust_begin_short_backtrace::<core[a373ad73a504971]::result::Result<(), alloc[2e1b2a31b91974c5]::string::String>, fn() -> core[a373ad73a504971]::result::Result<(), alloc[2e1b2a31b91974c5]::string::String>>
[INFO] [stdout]   15:     0x61590c992de5 - test[aada8e7e76ba119b]::run_test::{closure#0}
[INFO] [stdout]   16:     0x61590c98c6d4 - std[617be2ca0a6fd877]::sys::backtrace::__rust_begin_short_backtrace::<test[aada8e7e76ba119b]::run_test::{closure#1}, ()>
[INFO] [stdout]   17:     0x61590c995e72 - <std[617be2ca0a6fd877]::thread::lifecycle::spawn_unchecked<test[aada8e7e76ba119b]::run_test::{closure#1}, ()>::{closure#1} as core[a373ad73a504971]::ops::function::FnOnce<()>>::call_once::{shim:vtable#0}
[INFO] [stdout]   18:     0x61590ce845bf - <std[617be2ca0a6fd877]::sys::thread::unix::Thread>::new::thread_start
[INFO] [stdout]   19:     0x79d0429e5dfa - <unknown>
[INFO] [stdout]   20:     0x79d042a793d4 - clone
[INFO] [stdout]   21:                0x0 - <unknown>
[INFO] [stdout] 
[INFO] [stdout] ---- tests::decode_batch_matches_sequential stdout ----
[INFO] [stdout] 
[INFO] [stdout] thread 'tests::decode_batch_matches_sequential' (4067) panicked at src/lib.rs:2830:60:
[INFO] [stdout] called `Result::unwrap()` on an `Err` value: Hub(RequestError(Transport(Transport { kind: Dns, message: Some("resolve dns name 'huggingface.co:443'"), url: Some(Url { scheme: "https", cannot_be_a_base: false, username: "", password: None, host: Some(Domain("huggingface.co")), port: None, path: "/Qwen/Qwen3-0.6B/resolve/main/tokenizer.json", query: None, fragment: None }), source: Some(Custom { kind: Uncategorized, error: "failed to lookup address information: Temporary failure in name resolution" }) })))
[INFO] [stdout] stack backtrace:
[INFO] [stdout]    0:     0x61590ce85bd1 - <<std[617be2ca0a6fd877]::sys::backtrace::BacktraceLock>::print::DisplayBacktrace as core[a373ad73a504971]::fmt::Display>::fmt
[INFO] [stdout]    1:     0x61590ce9f9ba - core[a373ad73a504971]::fmt::write
[INFO] [stdout]    2:     0x61590ce8ab2c - <alloc[2e1b2a31b91974c5]::vec::Vec<u8> as core[a373ad73a504971]::io::write::Write>::write_fmt
[INFO] [stdout]    3:     0x61590ce5d1a6 - std[617be2ca0a6fd877]::panicking::default_hook::{closure#0}
[INFO] [stdout]    4:     0x61590ce7b889 - std[617be2ca0a6fd877]::panicking::default_hook
[INFO] [stdout]    5:     0x61590c9927c0 - test[aada8e7e76ba119b]::test_main_inner::{closure#0}
[INFO] [stdout]    6:     0x61590ce7bbb2 - std[617be2ca0a6fd877]::panicking::panic_with_hook
[INFO] [stdout]    7:     0x61590ce5d252 - std[617be2ca0a6fd877]::panicking::panic_handler::{closure#0}
[INFO] [stdout]    8:     0x61590ce55b19 - std[617be2ca0a6fd877]::sys::backtrace::__rust_end_short_backtrace::<std[617be2ca0a6fd877]::panicking::panic_handler::{closure#0}, !>
[INFO] [stdout]    9:     0x61590ce5e22d - __rustc[ea4f61d10b84890b]::rust_begin_unwind
[INFO] [stdout]   10:     0x61590cea019c - core[a373ad73a504971]::panicking::panic_fmt
[INFO] [stdout]   11:     0x61590ce9ff72 - core[a373ad73a504971]::result::unwrap_failed
[INFO] [stdout]   12:     0x61590c8310e2 - <fastokens[e8dd87f7b88be13]::tests::decode_batch_matches_sequential::{closure#0} as core[a373ad73a504971]::ops::function::FnOnce<()>>::call_once
[INFO] [stdout]   13:     0x61590c985c0b - test[aada8e7e76ba119b]::__rust_begin_short_backtrace::<core[a373ad73a504971]::result::Result<(), alloc[2e1b2a31b91974c5]::string::String>, fn() -> core[a373ad73a504971]::result::Result<(), alloc[2e1b2a31b91974c5]::string::String>>
[INFO] [stdout]   14:     0x61590c992de5 - test[aada8e7e76ba119b]::run_test::{closure#0}
[INFO] [stdout]   15:     0x61590c98c6d4 - std[617be2ca0a6fd877]::sys::backtrace::__rust_begin_short_backtrace::<test[aada8e7e76ba119b]::run_test::{closure#1}, ()>
[INFO] [stdout]   16:     0x61590c995e72 - <std[617be2ca0a6fd877]::thread::lifecycle::spawn_unchecked<test[aada8e7e76ba119b]::run_test::{closure#1}, ()>::{closure#1} as core[a373ad73a504971]::ops::function::FnOnce<()>>::call_once::{shim:vtable#0}
[INFO] [stdout]   17:     0x61590ce845bf - <std[617be2ca0a6fd877]::sys::thread::unix::Thread>::new::thread_start
[INFO] [stdout]   18:     0x79d0429e5dfa - <unknown>
[INFO] [stdout]   19:     0x79d042a793d4 - clone
[INFO] [stdout]   20:                0x0 - <unknown>
[INFO] [stdout] 
[INFO] [stdout] ---- tests::decode_mixed_valid_and_unknown_ids stdout ----
[INFO] [stdout] 
[INFO] [stdout] thread 'tests::decode_mixed_valid_and_unknown_ids' (4068) panicked at src/lib.rs:2926:60:
[INFO] [stdout] called `Result::unwrap()` on an `Err` value: Hub(RequestError(Transport(Transport { kind: Dns, message: Some("resolve dns name 'huggingface.co:443'"), url: Some(Url { scheme: "https", cannot_be_a_base: false, username: "", password: None, host: Some(Domain("huggingface.co")), port: None, path: "/Qwen/Qwen3-0.6B/resolve/main/tokenizer.json", query: None, fragment: None }), source: Some(Custom { kind: Uncategorized, error: "failed to lookup address information: Temporary failure in name resolution" }) })))
[INFO] [stdout] stack backtrace:
[INFO] [stdout]    0:     0x61590ce85bd1 - <<std[617be2ca0a6fd877]::sys::backtrace::BacktraceLock>::print::DisplayBacktrace as core[a373ad73a504971]::fmt::Display>::fmt
[INFO] [stdout]    1:     0x61590ce9f9ba - core[a373ad73a504971]::fmt::write
[INFO] [stdout]    2:     0x61590ce8ab2c - <alloc[2e1b2a31b91974c5]::vec::Vec<u8> as core[a373ad73a504971]::io::write::Write>::write_fmt
[INFO] [stdout]    3:     0x61590ce5d1a6 - std[617be2ca0a6fd877]::panicking::default_hook::{closure#0}
[INFO] [stdout]    4:     0x61590ce7b889 - std[617be2ca0a6fd877]::panicking::default_hook
[INFO] [stdout]    5:     0x61590c9927c0 - test[aada8e7e76ba119b]::test_main_inner::{closure#0}
[INFO] [stdout]    6:     0x61590ce7bbb2 - std[617be2ca0a6fd877]::panicking::panic_with_hook
[INFO] [stdout]    7:     0x61590ce5d252 - std[617be2ca0a6fd877]::panicking::panic_handler::{closure#0}
[INFO] [stdout]    8:     0x61590ce55b19 - std[617be2ca0a6fd877]::sys::backtrace::__rust_end_short_backtrace::<std[617be2ca0a6fd877]::panicking::panic_handler::{closure#0}, !>
[INFO] [stdout]    9:     0x61590ce5e22d - __rustc[ea4f61d10b84890b]::rust_begin_unwind
[INFO] [stdout]   10:     0x61590cea019c - core[a373ad73a504971]::panicking::panic_fmt
[INFO] [stdout]   11:     0x61590ce9ff72 - core[a373ad73a504971]::result::unwrap_failed
[INFO] [stdout]   12:     0x61590c832dd6 - <fastokens[e8dd87f7b88be13]::tests::decode_mixed_valid_and_unknown_ids::{closure#0} as core[a373ad73a504971]::ops::function::FnOnce<()>>::call_once
[INFO] [stdout]   13:     0x61590c985c0b - test[aada8e7e76ba119b]::__rust_begin_short_backtrace::<core[a373ad73a504971]::result::Result<(), alloc[2e1b2a31b91974c5]::string::String>, fn() -> core[a373ad73a504971]::result::Result<(), alloc[2e1b2a31b91974c5]::string::String>>
[INFO] [stdout]   14:     0x61590c992de5 - test[aada8e7e76ba119b]::run_test::{closure#0}
[INFO] [stdout]   15:     0x61590c98c6d4 - std[617be2ca0a6fd877]::sys::backtrace::__rust_begin_short_backtrace::<test[aada8e7e76ba119b]::run_test::{closure#1}, ()>
[INFO] [stdout]   16:     0x61590c995e72 - <std[617be2ca0a6fd877]::thread::lifecycle::spawn_unchecked<test[aada8e7e76ba119b]::run_test::{closure#1}, ()>::{closure#1} as core[a373ad73a504971]::ops::function::FnOnce<()>>::call_once::{shim:vtable#0}
[INFO] [stdout]   17:     0x61590ce845bf - <std[617be2ca0a6fd877]::sys::thread::unix::Thread>::new::thread_start
[INFO] [stdout]   18:     0x79d0429e5dfa - <unknown>
[INFO] [stdout]   19:     0x79d042a793d4 - clone
[INFO] [stdout]   20:                0x0 - <unknown>
[INFO] [stdout] 
[INFO] [stdout] ---- tests::correctness_kimi_k2_5 stdout ----
[INFO] [stdout] 
[INFO] [stdout] thread 'tests::correctness_kimi_k2_5' (4061) panicked at src/lib.rs:1684:33:
[INFO] [stdout] hoangquan456/Kimi-K2.5: HF load failed: request error: https://huggingface.co/hoangquan456/Kimi-K2.5/resolve/main/tokenizer.json: Dns Failed: resolve dns name 'huggingface.co:443': failed to lookup address information: Temporary failure in name resolution
[INFO] [stdout] stack backtrace:
[INFO] [stdout]    0:     0x61590ce85bd1 - <<std[617be2ca0a6fd877]::sys::backtrace::BacktraceLock>::print::DisplayBacktrace as core[a373ad73a504971]::fmt::Display>::fmt
[INFO] [stdout]    1:     0x61590ce9f9ba - core[a373ad73a504971]::fmt::write
[INFO] [stdout]    2:     0x61590ce8ab2c - <alloc[2e1b2a31b91974c5]::vec::Vec<u8> as core[a373ad73a504971]::io::write::Write>::write_fmt
[INFO] [stdout]    3:     0x61590ce5d1a6 - std[617be2ca0a6fd877]::panicking::default_hook::{closure#0}
[INFO] [stdout]    4:     0x61590ce7b889 - std[617be2ca0a6fd877]::panicking::default_hook
[INFO] [stdout]    5:     0x61590c9927c0 - test[aada8e7e76ba119b]::test_main_inner::{closure#0}
[INFO] [stdout]    6:     0x61590ce7bbb2 - std[617be2ca0a6fd877]::panicking::panic_with_hook
[INFO] [stdout]    7:     0x61590ce5d252 - std[617be2ca0a6fd877]::panicking::panic_handler::{closure#0}
[INFO] [stdout]    8:     0x61590ce55b19 - std[617be2ca0a6fd877]::sys::backtrace::__rust_end_short_backtrace::<std[617be2ca0a6fd877]::panicking::panic_handler::{closure#0}, !>
[INFO] [stdout]    9:     0x61590ce5e22d - __rustc[ea4f61d10b84890b]::rust_begin_unwind
[INFO] [stdout]   10:     0x61590cea019c - core[a373ad73a504971]::panicking::panic_fmt
[INFO] [stdout]   11:     0x61590c8246b0 - fastokens[e8dd87f7b88be13]::tests::compare_encode_decode::{closure#0}
[INFO] [stdout]   12:     0x61590c829262 - fastokens[e8dd87f7b88be13]::tests::compare_encode_decode
[INFO] [stdout]   13:     0x61590c82e0e9 - <fastokens[e8dd87f7b88be13]::tests::correctness_kimi_k2_5::{closure#0} as core[a373ad73a504971]::ops::function::FnOnce<()>>::call_once
[INFO] [stdout]   14:     0x61590c985c0b - test[aada8e7e76ba119b]::__rust_begin_short_backtrace::<core[a373ad73a504971]::result::Result<(), alloc[2e1b2a31b91974c5]::string::String>, fn() -> core[a373ad73a504971]::result::Result<(), alloc[2e1b2a31b91974c5]::string::String>>
[INFO] [stdout]   15:     0x61590c992de5 - test[aada8e7e76ba119b]::run_test::{closure#0}
[INFO] [stdout]   16:     0x61590c98c6d4 - std[617be2ca0a6fd877]::sys::backtrace::__rust_begin_short_backtrace::<test[aada8e7e76ba119b]::run_test::{closure#1}, ()>
[INFO] [stdout]   17:     0x61590c995e72 - <std[617be2ca0a6fd877]::thread::lifecycle::spawn_unchecked<test[aada8e7e76ba119b]::run_test::{closure#1}, ()>::{closure#1} as core[a373ad73a504971]::ops::function::FnOnce<()>>::call_once::{shim:vtable#0}
[INFO] [stdout]   18:     0x61590ce845bf - <std[617be2ca0a6fd877]::sys::thread::unix::Thread>::new::thread_start
[INFO] [stdout]   19:     0x79d0429e5dfa - <unknown>
[INFO] [stdout]   20:     0x79d042a793d4 - clone
[INFO] [stdout]   21:                0x0 - <unknown>
[INFO] [stdout] 
[INFO] [stdout] ---- tests::decode_skip_special_tokens stdout ----
[INFO] [stdout] 
[INFO] [stdout] thread 'tests::decode_skip_special_tokens' (4069) panicked at src/lib.rs:2810:48:
[INFO] [stdout] called `Result::unwrap()` on an `Err` value: Hub(RequestError(Transport(Transport { kind: Dns, message: Some("resolve dns name 'huggingface.co:443'"), url: Some(Url { scheme: "https", cannot_be_a_base: false, username: "", password: None, host: Some(Domain("huggingface.co")), port: None, path: "/mistralai/Mistral-Nemo-Instruct-2407/resolve/main/tokenizer.json", query: None, fragment: None }), source: Some(Custom { kind: Uncategorized, error: "failed to lookup address information: Temporary failure in name resolution" }) })))
[INFO] [stdout] stack backtrace:
[INFO] [stdout]    0:     0x61590ce85bd1 - <<std[617be2ca0a6fd877]::sys::backtrace::BacktraceLock>::print::DisplayBacktrace as core[a373ad73a504971]::fmt::Display>::fmt
[INFO] [stdout]    1:     0x61590ce9f9ba - core[a373ad73a504971]::fmt::write
[INFO] [stdout]    2:     0x61590ce8ab2c - <alloc[2e1b2a31b91974c5]::vec::Vec<u8> as core[a373ad73a504971]::io::write::Write>::write_fmt
[INFO] [stdout]    3:     0x61590ce5d1a6 - std[617be2ca0a6fd877]::panicking::default_hook::{closure#0}
[INFO] [stdout]    4:     0x61590ce7b889 - std[617be2ca0a6fd877]::panicking::default_hook
[INFO] [stdout]    5:     0x61590c9927c0 - test[aada8e7e76ba119b]::test_main_inner::{closure#0}
[INFO] [stdout]    6:     0x61590ce7bbb2 - std[617be2ca0a6fd877]::panicking::panic_with_hook
[INFO] [stdout]    7:     0x61590ce5d252 - std[617be2ca0a6fd877]::panicking::panic_handler::{closure#0}
[INFO] [stdout]    8:     0x61590ce55b19 - std[617be2ca0a6fd877]::sys::backtrace::__rust_end_short_backtrace::<std[617be2ca0a6fd877]::panicking::panic_handler::{closure#0}, !>
[INFO] [stdout]    9:     0x61590ce5e22d - __rustc[ea4f61d10b84890b]::rust_begin_unwind
[INFO] [stdout]   10:     0x61590cea019c - core[a373ad73a504971]::panicking::panic_fmt
[INFO] [stdout]   11:     0x61590ce9ff72 - core[a373ad73a504971]::result::unwrap_failed
[INFO] [stdout]   12:     0x61590c82f4d8 - <fastokens[e8dd87f7b88be13]::tests::decode_skip_special_tokens::{closure#0} as core[a373ad73a504971]::ops::function::FnOnce<()>>::call_once
[INFO] [stdout]   13:     0x61590c985c0b - test[aada8e7e76ba119b]::__rust_begin_short_backtrace::<core[a373ad73a504971]::result::Result<(), alloc[2e1b2a31b91974c5]::string::String>, fn() -> core[a373ad73a504971]::result::Result<(), alloc[2e1b2a31b91974c5]::string::String>>
[INFO] [stdout]   14:     0x61590c992de5 - test[aada8e7e76ba119b]::run_test::{closure#0}
[INFO] [stdout]   15:     0x61590c98c6d4 - std[617be2ca0a6fd877]::sys::backtrace::__rust_begin_short_backtrace::<test[aada8e7e76ba119b]::run_test::{closure#1}, ()>
[INFO] [stdout]   16:     0x61590c995e72 - <std[617be2ca0a6fd877]::thread::lifecycle::spawn_unchecked<test[aada8e7e76ba119b]::run_test::{closure#1}, ()>::{closure#1} as core[a373ad73a504971]::ops::function::FnOnce<()>>::call_once::{shim:vtable#0}
[INFO] [stdout]   17:     0x61590ce845bf - <std[617be2ca0a6fd877]::sys::thread::unix::Thread>::new::thread_start
[INFO] [stdout]   18:     0x79d0429e5dfa - <unknown>
[INFO] [stdout]   19:     0x79d042a793d4 - clone
[INFO] [stdout]   20:                0x0 - <unknown>
[INFO] [stdout] 
[INFO] [stdout] ---- tests::correctness_nemotron stdout ----
[INFO] [stdout] 
[INFO] [stdout] thread 'tests::correctness_nemotron' (4064) panicked at src/lib.rs:1684:33:
[INFO] [stdout] nvidia/NVIDIA-Nemotron-3-Nano-30B-A3B-BF16: HF load failed: request error: https://huggingface.co/nvidia/NVIDIA-Nemotron-3-Nano-30B-A3B-BF16/resolve/main/tokenizer.json: Dns Failed: resolve dns name 'huggingface.co:443': failed to lookup address information: Temporary failure in name resolution
[INFO] [stdout] stack backtrace:
[INFO] [stdout]    0:     0x61590ce85bd1 - <<std[617be2ca0a6fd877]::sys::backtrace::BacktraceLock>::print::DisplayBacktrace as core[a373ad73a504971]::fmt::Display>::fmt
[INFO] [stdout]    1:     0x61590ce9f9ba - core[a373ad73a504971]::fmt::write
[INFO] [stdout]    2:     0x61590ce8ab2c - <alloc[2e1b2a31b91974c5]::vec::Vec<u8> as core[a373ad73a504971]::io::write::Write>::write_fmt
[INFO] [stdout]    3:     0x61590ce5d1a6 - std[617be2ca0a6fd877]::panicking::default_hook::{closure#0}
[INFO] [stdout]    4:     0x61590ce7b889 - std[617be2ca0a6fd877]::panicking::default_hook
[INFO] [stdout]    5:     0x61590c9927c0 - test[aada8e7e76ba119b]::test_main_inner::{closure#0}
[INFO] [stdout]    6:     0x61590ce7bbb2 - std[617be2ca0a6fd877]::panicking::panic_with_hook
[INFO] [stdout]    7:     0x61590ce5d252 - std[617be2ca0a6fd877]::panicking::panic_handler::{closure#0}
[INFO] [stdout]    8:     0x61590ce55b19 - std[617be2ca0a6fd877]::sys::backtrace::__rust_end_short_backtrace::<std[617be2ca0a6fd877]::panicking::panic_handler::{closure#0}, !>
[INFO] [stdout]    9:     0x61590ce5e22d - __rustc[ea4f61d10b84890b]::rust_begin_unwind
[INFO] [stdout]   10:     0x61590cea019c - core[a373ad73a504971]::panicking::panic_fmt
[INFO] [stdout]   11:     0x61590c8246b0 - fastokens[e8dd87f7b88be13]::tests::compare_encode_decode::{closure#0}
[INFO] [stdout]   12:     0x61590c829262 - fastokens[e8dd87f7b88be13]::tests::compare_encode_decode
[INFO] [stdout]   13:     0x61590c82ddb9 - <fastokens[e8dd87f7b88be13]::tests::correctness_nemotron::{closure#0} as core[a373ad73a504971]::ops::function::FnOnce<()>>::call_once
[INFO] [stdout]   14:     0x61590c985c0b - test[aada8e7e76ba119b]::__rust_begin_short_backtrace::<core[a373ad73a504971]::result::Result<(), alloc[2e1b2a31b91974c5]::string::String>, fn() -> core[a373ad73a504971]::result::Result<(), alloc[2e1b2a31b91974c5]::string::String>>
[INFO] [stdout]   15:     0x61590c992de5 - test[aada8e7e76ba119b]::run_test::{closure#0}
[INFO] [stdout]   16:     0x61590c98c6d4 - std[617be2ca0a6fd877]::sys::backtrace::__rust_begin_short_backtrace::<test[aada8e7e76ba119b]::run_test::{closure#1}, ()>
[INFO] [stdout]   17:     0x61590c995e72 - <std[617be2ca0a6fd877]::thread::lifecycle::spawn_unchecked<test[aada8e7e76ba119b]::run_test::{closure#1}, ()>::{closure#1} as core[a373ad73a504971]::ops::function::FnOnce<()>>::call_once::{shim:vtable#0}
[INFO] [stdout]   18:     0x61590ce845bf - <std[617be2ca0a6fd877]::sys::thread::unix::Thread>::new::thread_start
[INFO] [stdout]   19:     0x79d0429e5dfa - <unknown>
[INFO] [stdout]   20:     0x79d042a793d4 - clone
[INFO] [stdout]   21:                0x0 - <unknown>
[INFO] [stdout] 
[INFO] [stdout] ---- tests::decode_stream_buffer_does_not_grow_unboundedly stdout ----
[INFO] [stdout] 
[INFO] [stdout] thread 'tests::decode_stream_buffer_does_not_grow_unboundedly' (4071) panicked at src/lib.rs:2978:45:
[INFO] [stdout] failed to load tokenizer: Hub(RequestError(Transport(Transport { kind: Dns, message: Some("resolve dns name 'huggingface.co:443'"), url: Some(Url { scheme: "https", cannot_be_a_base: false, username: "", password: None, host: Some(Domain("huggingface.co")), port: None, path: "/Qwen/Qwen3-0.6B/resolve/main/tokenizer.json", query: None, fragment: None }), source: Some(Custom { kind: Uncategorized, error: "failed to lookup address information: Temporary failure in name resolution" }) })))
[INFO] [stdout] stack backtrace:
[INFO] [stdout]    0:     0x61590ce85bd1 - <<std[617be2ca0a6fd877]::sys::backtrace::BacktraceLock>::print::DisplayBacktrace as core[a373ad73a504971]::fmt::Display>::fmt
[INFO] [stdout]    1:     0x61590ce9f9ba - core[a373ad73a504971]::fmt::write
[INFO] [stdout]    2:     0x61590ce8ab2c - <alloc[2e1b2a31b91974c5]::vec::Vec<u8> as core[a373ad73a504971]::io::write::Write>::write_fmt
[INFO] [stdout]    3:     0x61590ce5d1a6 - std[617be2ca0a6fd877]::panicking::default_hook::{closure#0}
[INFO] [stdout]    4:     0x61590ce7b889 - std[617be2ca0a6fd877]::panicking::default_hook
[INFO] [stdout]    5:     0x61590c9927c0 - test[aada8e7e76ba119b]::test_main_inner::{closure#0}
[INFO] [stdout]    6:     0x61590ce7bbb2 - std[617be2ca0a6fd877]::panicking::panic_with_hook
[INFO] [stdout]    7:     0x61590ce5d252 - std[617be2ca0a6fd877]::panicking::panic_handler::{closure#0}
[INFO] [stdout]    8:     0x61590ce55b19 - std[617be2ca0a6fd877]::sys::backtrace::__rust_end_short_backtrace::<std[617be2ca0a6fd877]::panicking::panic_handler::{closure#0}, !>
[INFO] [stdout]    9:     0x61590ce5e22d - __rustc[ea4f61d10b84890b]::rust_begin_unwind
[INFO] [stdout]   10:     0x61590cea019c - core[a373ad73a504971]::panicking::panic_fmt
[INFO] [stdout]   11:     0x61590ce9ff72 - core[a373ad73a504971]::result::unwrap_failed
[INFO] [stdout]   12:     0x61590c835690 - <fastokens[e8dd87f7b88be13]::tests::decode_stream_buffer_does_not_grow_unboundedly::{closure#0} as core[a373ad73a504971]::ops::function::FnOnce<()>>::call_once
[INFO] [stdout]   13:     0x61590c985c0b - test[aada8e7e76ba119b]::__rust_begin_short_backtrace::<core[a373ad73a504971]::result::Result<(), alloc[2e1b2a31b91974c5]::string::String>, fn() -> core[a373ad73a504971]::result::Result<(), alloc[2e1b2a31b91974c5]::string::String>>
[INFO] [stdout]   14:     0x61590c992de5 - test[aada8e7e76ba119b]::run_test::{closure#0}
[INFO] [stdout]   15:     0x61590c98c6d4 - std[617be2ca0a6fd877]::sys::backtrace::__rust_begin_short_backtrace::<test[aada8e7e76ba119b]::run_test::{closure#1}, ()>
[INFO] [stdout]   16:     0x61590c995e72 - <std[617be2ca0a6fd877]::thread::lifecycle::spawn_unchecked<test[aada8e7e76ba119b]::run_test::{closure#1}, ()>::{closure#1} as core[a373ad73a504971]::ops::function::FnOnce<()>>::call_once::{shim:vtable#0}
[INFO] [stdout]   17:     0x61590ce845bf - <std[617be2ca0a6fd877]::sys::thread::unix::Thread>::new::thread_start
[INFO] [stdout]   18:     0x79d0429e5dfa - <unknown>
[INFO] [stdout]   19:     0x79d042a793d4 - clone
[INFO] [stdout]   20:                0x0 - <unknown>
[INFO] [stdout] 
[INFO] [stdout] ---- tests::decode_stream_batch_step_matches_sequential stdout ----
[INFO] [stdout] 
[INFO] [stdout] thread 'tests::decode_stream_batch_step_matches_sequential' (4070) panicked at src/lib.rs:2978:45:
[INFO] [stdout] failed to load tokenizer: Hub(RequestError(Transport(Transport { kind: Dns, message: Some("resolve dns name 'huggingface.co:443'"), url: Some(Url { scheme: "https", cannot_be_a_base: false, username: "", password: None, host: Some(Domain("huggingface.co")), port: None, path: "/Qwen/Qwen3-0.6B/resolve/main/tokenizer.json", query: None, fragment: None }), source: Some(Custom { kind: Uncategorized, error: "failed to lookup address information: Temporary failure in name resolution" }) })))
[INFO] [stdout] stack backtrace:
[INFO] [stdout]    0:     0x61590ce85bd1 - <<std[617be2ca0a6fd877]::sys::backtrace::BacktraceLock>::print::DisplayBacktrace as core[a373ad73a504971]::fmt::Display>::fmt
[INFO] [stdout]    1:     0x61590ce9f9ba - core[a373ad73a504971]::fmt::write
[INFO] [stdout]    2:     0x61590ce8ab2c - <alloc[2e1b2a31b91974c5]::vec::Vec<u8> as core[a373ad73a504971]::io::write::Write>::write_fmt
[INFO] [stdout]    3:     0x61590ce5d1a6 - std[617be2ca0a6fd877]::panicking::default_hook::{closure#0}
[INFO] [stdout]    4:     0x61590ce7b889 - std[617be2ca0a6fd877]::panicking::default_hook
[INFO] [stdout]    5:     0x61590c9927c0 - test[aada8e7e76ba119b]::test_main_inner::{closure#0}
[INFO] [stdout]    6:     0x61590ce7bbb2 - std[617be2ca0a6fd877]::panicking::panic_with_hook
[INFO] [stdout]    7:     0x61590ce5d252 - std[617be2ca0a6fd877]::panicking::panic_handler::{closure#0}
[INFO] [stdout]    8:     0x61590ce55b19 - std[617be2ca0a6fd877]::sys::backtrace::__rust_end_short_backtrace::<std[617be2ca0a6fd877]::panicking::panic_handler::{closure#0}, !>
[INFO] [stdout]    9:     0x61590ce5e22d - __rustc[ea4f61d10b84890b]::rust_begin_unwind
[INFO] [stdout]   10:     0x61590cea019c - core[a373ad73a504971]::panicking::panic_fmt
[INFO] [stdout]   11:     0x61590ce9ff72 - core[a373ad73a504971]::result::unwrap_failed
[INFO] [stdout]   12:     0x61590c83516d - <fastokens[e8dd87f7b88be13]::tests::decode_stream_batch_step_matches_sequential::{closure#0} as core[a373ad73a504971]::ops::function::FnOnce<()>>::call_once
[INFO] [stdout]   13:     0x61590c985c0b - test[aada8e7e76ba119b]::__rust_begin_short_backtrace::<core[a373ad73a504971]::result::Result<(), alloc[2e1b2a31b91974c5]::string::String>, fn() -> core[a373ad73a504971]::result::Result<(), alloc[2e1b2a31b91974c5]::string::String>>
[INFO] [stdout]   14:     0x61590c992de5 - test[aada8e7e76ba119b]::run_test::{closure#0}
[INFO] [stdout]   15:     0x61590c98c6d4 - std[617be2ca0a6fd877]::sys::backtrace::__rust_begin_short_backtrace::<test[aada8e7e76ba119b]::run_test::{closure#1}, ()>
[INFO] [stdout]   16:     0x61590c995e72 - <std[617be2ca0a6fd877]::thread::lifecycle::spawn_unchecked<test[aada8e7e76ba119b]::run_test::{closure#1}, ()>::{closure#1} as core[a373ad73a504971]::ops::function::FnOnce<()>>::call_once::{shim:vtable#0}
[INFO] [stdout]   17:     0x61590ce845bf - <std[617be2ca0a6fd877]::sys::thread::unix::Thread>::new::thread_start
[INFO] [stdout]   18:     0x79d0429e5dfa - <unknown>
[INFO] [stdout]   19:     0x79d042a793d4 - clone
[INFO] [stdout]   20:                0x0 - <unknown>
[INFO] [stdout] 
[INFO] [stdout] ---- tests::decode_stream_invalid_prefix_error_message stdout ----
[INFO] [stdout] 
[INFO] [stdout] thread 'tests::decode_stream_invalid_prefix_error_message' (4074) panicked at src/lib.rs:2978:45:
[INFO] [stdout] failed to load tokenizer: Hub(RequestError(Transport(Transport { kind: Dns, message: Some("resolve dns name 'huggingface.co:443'"), url: Some(Url { scheme: "https", cannot_be_a_base: false, username: "", password: None, host: Some(Domain("huggingface.co")), port: None, path: "/Qwen/Qwen3-0.6B/resolve/main/tokenizer.json", query: None, fragment: None }), source: Some(Custom { kind: Uncategorized, error: "failed to lookup address information: Temporary failure in name resolution" }) })))
[INFO] [stdout] stack backtrace:
[INFO] [stdout]    0:     0x61590ce85bd1 - <<std[617be2ca0a6fd877]::sys::backtrace::BacktraceLock>::print::DisplayBacktrace as core[a373ad73a504971]::fmt::Display>::fmt
[INFO] [stdout]    1:     0x61590ce9f9ba - core[a373ad73a504971]::fmt::write
[INFO] [stdout]    2:     0x61590ce8ab2c - <alloc[2e1b2a31b91974c5]::vec::Vec<u8> as core[a373ad73a504971]::io::write::Write>::write_fmt
[INFO] [stdout]    3:     0x61590ce5d1a6 - std[617be2ca0a6fd877]::panicking::default_hook::{closure#0}
[INFO] [stdout]    4:     0x61590ce7b889 - std[617be2ca0a6fd877]::panicking::default_hook
[INFO] [stdout]    5:     0x61590c9927c0 - test[aada8e7e76ba119b]::test_main_inner::{closure#0}
[INFO] [stdout]    6:     0x61590ce7bbb2 - std[617be2ca0a6fd877]::panicking::panic_with_hook
[INFO] [stdout]    7:     0x61590ce5d252 - std[617be2ca0a6fd877]::panicking::panic_handler::{closure#0}
[INFO] [stdout]    8:     0x61590ce55b19 - std[617be2ca0a6fd877]::sys::backtrace::__rust_end_short_backtrace::<std[617be2ca0a6fd877]::panicking::panic_handler::{closure#0}, !>
[INFO] [stdout]    9:     0x61590ce5e22d - __rustc[ea4f61d10b84890b]::rust_begin_unwind
[INFO] [stdout]   10:     0x61590cea019c - core[a373ad73a504971]::panicking::panic_fmt
[INFO] [stdout]   11:     0x61590ce9ff72 - core[a373ad73a504971]::result::unwrap_failed
[INFO] [stdout]   12:     0x61590c834c29 - <fastokens[e8dd87f7b88be13]::tests::decode_stream_invalid_prefix_error_message::{closure#0} as core[a373ad73a504971]::ops::function::FnOnce<()>>::call_once
[INFO] [stdout]   13:     0x61590c985c0b - test[aada8e7e76ba119b]::__rust_begin_short_backtrace::<core[a373ad73a504971]::result::Result<(), alloc[2e1b2a31b91974c5]::string::String>, fn() -> core[a373ad73a504971]::result::Result<(), alloc[2e1b2a31b91974c5]::string::String>>
[INFO] [stdout]   14:     0x61590c992de5 - test[aada8e7e76ba119b]::run_test::{closure#0}
[INFO] [stdout]   15:     0x61590c98c6d4 - std[617be2ca0a6fd877]::sys::backtrace::__rust_begin_short_backtrace::<test[aada8e7e76ba119b]::run_test::{closure#1}, ()>
[INFO] [stdout]   16:     0x61590c995e72 - <std[617be2ca0a6fd877]::thread::lifecycle::spawn_unchecked<test[aada8e7e76ba119b]::run_test::{closure#1}, ()>::{closure#1} as core[a373ad73a504971]::ops::function::FnOnce<()>>::call_once::{shim:vtable#0}
[INFO] [stdout]   17:     0x61590ce845bf - <std[617be2ca0a6fd877]::sys::thread::unix::Thread>::new::thread_start
[INFO] [stdout]   18:     0x79d0429e5dfa - <unknown>
[INFO] [stdout]   19:     0x79d042a793d4 - clone
[INFO] [stdout]   20:                0x0 - <unknown>
[INFO] [stdout] 
[INFO] [stdout] ---- tests::decode_stream_reconstructs_unicode stdout ----
[INFO] [stdout] 
[INFO] [stdout] thread 'tests::decode_stream_reconstructs_unicode' (4078) panicked at src/lib.rs:2978:45:
[INFO] [stdout] failed to load tokenizer: Hub(RequestError(Transport(Transport { kind: Dns, message: Some("resolve dns name 'huggingface.co:443'"), url: Some(Url { scheme: "https", cannot_be_a_base: false, username: "", password: None, host: Some(Domain("huggingface.co")), port: None, path: "/Qwen/Qwen3-0.6B/resolve/main/tokenizer.json", query: None, fragment: None }), source: Some(Custom { kind: Uncategorized, error: "failed to lookup address information: Temporary failure in name resolution" }) })))
[INFO] [stdout] stack backtrace:
[INFO] [stdout]    0:     0x61590ce85bd1 - <<std[617be2ca0a6fd877]::sys::backtrace::BacktraceLock>::print::DisplayBacktrace as core[a373ad73a504971]::fmt::Display>::fmt
[INFO] [stdout]    1:     0x61590ce9f9ba - core[a373ad73a504971]::fmt::write
[INFO] [stdout]    2:     0x61590ce8ab2c - <alloc[2e1b2a31b91974c5]::vec::Vec<u8> as core[a373ad73a504971]::io::write::Write>::write_fmt
[INFO] [stdout]    3:     0x61590ce5d1a6 - std[617be2ca0a6fd877]::panicking::default_hook::{closure#0}
[INFO] [stdout]    4:     0x61590ce7b889 - std[617be2ca0a6fd877]::panicking::default_hook
[INFO] [stdout]    5:     0x61590c9927c0 - test[aada8e7e76ba119b]::test_main_inner::{closure#0}
[INFO] [stdout]    6:     0x61590ce7bbb2 - std[617be2ca0a6fd877]::panicking::panic_with_hook
[INFO] [stdout]    7:     0x61590ce5d252 - std[617be2ca0a6fd877]::panicking::panic_handler::{closure#0}
[INFO] [stdout]    8:     0x61590ce55b19 - std[617be2ca0a6fd877]::sys::backtrace::__rust_end_short_backtrace::<std[617be2ca0a6fd877]::panicking::panic_handler::{closure#0}, !>
[INFO] [stdout]    9:     0x61590ce5e22d - __rustc[ea4f61d10b84890b]::rust_begin_unwind
[INFO] [stdout]   10:     0x61590cea019c - core[a373ad73a504971]::panicking::panic_fmt
[INFO] [stdout]   11:     0x61590ce9ff72 - core[a373ad73a504971]::result::unwrap_failed
[INFO] [stdout]   12:     0x61590c83345b - <fastokens[e8dd87f7b88be13]::tests::decode_stream_reconstructs_unicode::{closure#0} as core[a373ad73a504971]::ops::function::FnOnce<()>>::call_once
[INFO] [stdout]   13:     0x61590c985c0b - test[aada8e7e76ba119b]::__rust_begin_short_backtrace::<core[a373ad73a504971]::result::Result<(), alloc[2e1b2a31b91974c5]::string::String>, fn() -> core[a373ad73a504971]::result::Result<(), alloc[2e1b2a31b91974c5]::string::String>>
[INFO] [stdout]   14:     0x61590c992de5 - test[aada8e7e76ba119b]::run_test::{closure#0}
[INFO] [stdout]   15:     0x61590c98c6d4 - std[617be2ca0a6fd877]::sys::backtrace::__rust_begin_short_backtrace::<test[aada8e7e76ba119b]::run_test::{closure#1}, ()>
[INFO] [stdout]   16:     0x61590c995e72 - <std[617be2ca0a6fd877]::thread::lifecycle::spawn_unchecked<test[aada8e7e76ba119b]::run_test::{closure#1}, ()>::{closure#1} as core[a373ad73a504971]::ops::function::FnOnce<()>>::call_once::{shim:vtable#0}
[INFO] [stdout]   17:     0x61590ce845bf - <std[617be2ca0a6fd877]::sys::thread::unix::Thread>::new::thread_start
[INFO] [stdout]   18:     0x79d0429e5dfa - <unknown>
[INFO] [stdout]   19:     0x79d042a793d4 - clone
[INFO] [stdout]   20:                0x0 - <unknown>
[INFO] [stdout] 
[INFO] [stdout] ---- tests::decode_stream_reconstructs_ascii stdout ----
[INFO] [stdout] 
[INFO] [stdout] thread 'tests::decode_stream_reconstructs_ascii' (4076) panicked at src/lib.rs:2978:45:
[INFO] [stdout] failed to load tokenizer: Hub(RequestError(Transport(Transport { kind: Dns, message: Some("resolve dns name 'huggingface.co:443'"), url: Some(Url { scheme: "https", cannot_be_a_base: false, username: "", password: None, host: Some(Domain("huggingface.co")), port: None, path: "/Qwen/Qwen3-0.6B/resolve/main/tokenizer.json", query: None, fragment: None }), source: Some(Custom { kind: Uncategorized, error: "failed to lookup address information: Temporary failure in name resolution" }) })))
[INFO] [stdout] stack backtrace:
[INFO] [stdout]    0:     0x61590ce85bd1 - <<std[617be2ca0a6fd877]::sys::backtrace::BacktraceLock>::print::DisplayBacktrace as core[a373ad73a504971]::fmt::Display>::fmt
[INFO] [stdout]    1:     0x61590ce9f9ba - core[a373ad73a504971]::fmt::write
[INFO] [stdout]    2:     0x61590ce8ab2c - <alloc[2e1b2a31b91974c5]::vec::Vec<u8> as core[a373ad73a504971]::io::write::Write>::write_fmt
[INFO] [stdout]    3:     0x61590ce5d1a6 - std[617be2ca0a6fd877]::panicking::default_hook::{closure#0}
[INFO] [stdout]    4:     0x61590ce7b889 - std[617be2ca0a6fd877]::panicking::default_hook
[INFO] [stdout]    5:     0x61590c9927c0 - test[aada8e7e76ba119b]::test_main_inner::{closure#0}
[INFO] [stdout]    6:     0x61590ce7bbb2 - std[617be2ca0a6fd877]::panicking::panic_with_hook
[INFO] [stdout]    7:     0x61590ce5d252 - std[617be2ca0a6fd877]::panicking::panic_handler::{closure#0}
[INFO] [stdout]    8:     0x61590ce55b19 - std[617be2ca0a6fd877]::sys::backtrace::__rust_end_short_backtrace::<std[617be2ca0a6fd877]::panicking::panic_handler::{closure#0}, !>
[INFO] [stdout]    9:     0x61590ce5e22d - __rustc[ea4f61d10b84890b]::rust_begin_unwind
[INFO] [stdout]   10:     0x61590cea019c - core[a373ad73a504971]::panicking::panic_fmt
[INFO] [stdout]   11:     0x61590ce9ff72 - core[a373ad73a504971]::result::unwrap_failed
[INFO] [stdout]   12:     0x61590c831b3b - <fastokens[e8dd87f7b88be13]::tests::decode_stream_reconstructs_ascii::{closure#0} as core[a373ad73a504971]::ops::function::FnOnce<()>>::call_once
[INFO] [stdout]   13:     0x61590c985c0b - test[aada8e7e76ba119b]::__rust_begin_short_backtrace::<core[a373ad73a504971]::result::Result<(), alloc[2e1b2a31b91974c5]::string::String>, fn() -> core[a373ad73a504971]::result::Result<(), alloc[2e1b2a31b91974c5]::string::String>>
[INFO] [stdout]   14:     0x61590c992de5 - test[aada8e7e76ba119b]::run_test::{closure#0}
[INFO] [stdout]   15:     0x61590c98c6d4 - std[617be2ca0a6fd877]::sys::backtrace::__rust_begin_short_backtrace::<test[aada8e7e76ba119b]::run_test::{closure#1}, ()>
[INFO] [stdout]   16:     0x61590c995e72 - <std[617be2ca0a6fd877]::thread::lifecycle::spawn_unchecked<test[aada8e7e76ba119b]::run_test::{closure#1}, ()>::{closure#1} as core[a373ad73a504971]::ops::function::FnOnce<()>>::call_once::{shim:vtable#0}
[INFO] [stdout]   17:     0x61590ce845bf - <std[617be2ca0a6fd877]::sys::thread::unix::Thread>::new::thread_start
[INFO] [stdout]   18:     0x79d0429e5dfa - <unknown>
[INFO] [stdout]   19:     0x79d042a793d4 - clone
[INFO] [stdout]   20:                0x0 - <unknown>
[INFO] [stdout] 
[INFO] [stdout] ---- tests::decode_stream_pre_seeded_only_returns_new_tokens stdout ----
[INFO] [stdout] 
[INFO] [stdout] thread 'tests::decode_stream_pre_seeded_only_returns_new_tokens' (4075) panicked at src/lib.rs:2978:45:
[INFO] [stdout] failed to load tokenizer: Hub(RequestError(Transport(Transport { kind: Dns, message: Some("resolve dns name 'huggingface.co:443'"), url: Some(Url { scheme: "https", cannot_be_a_base: false, username: "", password: None, host: Some(Domain("huggingface.co")), port: None, path: "/Qwen/Qwen3-0.6B/resolve/main/tokenizer.json", query: None, fragment: None }), source: Some(Custom { kind: Uncategorized, error: "failed to lookup address information: Temporary failure in name resolution" }) })))
[INFO] [stdout] stack backtrace:
[INFO] [stdout]    0:     0x61590ce85bd1 - <<std[617be2ca0a6fd877]::sys::backtrace::BacktraceLock>::print::DisplayBacktrace as core[a373ad73a504971]::fmt::Display>::fmt
[INFO] [stdout]    1:     0x61590ce9f9ba - core[a373ad73a504971]::fmt::write
[INFO] [stdout]    2:     0x61590ce8ab2c - <alloc[2e1b2a31b91974c5]::vec::Vec<u8> as core[a373ad73a504971]::io::write::Write>::write_fmt
[INFO] [stdout]    3:     0x61590ce5d1a6 - std[617be2ca0a6fd877]::panicking::default_hook::{closure#0}
[INFO] [stdout]    4:     0x61590ce7b889 - std[617be2ca0a6fd877]::panicking::default_hook
[INFO] [stdout]    5:     0x61590c9927c0 - test[aada8e7e76ba119b]::test_main_inner::{closure#0}
[INFO] [stdout]    6:     0x61590ce7bbb2 - std[617be2ca0a6fd877]::panicking::panic_with_hook
[INFO] [stdout]    7:     0x61590ce5d252 - std[617be2ca0a6fd877]::panicking::panic_handler::{closure#0}
[INFO] [stdout]    8:     0x61590ce55b19 - std[617be2ca0a6fd877]::sys::backtrace::__rust_end_short_backtrace::<std[617be2ca0a6fd877]::panicking::panic_handler::{closure#0}, !>
[INFO] [stdout]    9:     0x61590ce5e22d - __rustc[ea4f61d10b84890b]::rust_begin_unwind
[INFO] [stdout]   10:     0x61590cea019c - core[a373ad73a504971]::panicking::panic_fmt
[INFO] [stdout]   11:     0x61590ce9ff72 - core[a373ad73a504971]::result::unwrap_failed
[INFO] [stdout]   12:     0x61590c8362d2 - <fastokens[e8dd87f7b88be13]::tests::decode_stream_pre_seeded_only_returns_new_tokens::{closure#0} as core[a373ad73a504971]::ops::function::FnOnce<()>>::call_once
[INFO] [stdout]   13:     0x61590c985c0b - test[aada8e7e76ba119b]::__rust_begin_short_backtrace::<core[a373ad73a504971]::result::Result<(), alloc[2e1b2a31b91974c5]::string::String>, fn() -> core[a373ad73a504971]::result::Result<(), alloc[2e1b2a31b91974c5]::string::String>>
[INFO] [stdout]   14:     0x61590c992de5 - test[aada8e7e76ba119b]::run_test::{closure#0}
[INFO] [stdout]   15:     0x61590c98c6d4 - std[617be2ca0a6fd877]::sys::backtrace::__rust_begin_short_backtrace::<test[aada8e7e76ba119b]::run_test::{closure#1}, ()>
[INFO] [stdout]   16:     0x61590c995e72 - <std[617be2ca0a6fd877]::thread::lifecycle::spawn_unchecked<test[aada8e7e76ba119b]::run_test::{closure#1}, ()>::{closure#1} as core[a373ad73a504971]::ops::function::FnOnce<()>>::call_once::{shim:vtable#0}
[INFO] [stdout]   17:     0x61590ce845bf - <std[617be2ca0a6fd877]::sys::thread::unix::Thread>::new::thread_start
[INFO] [stdout]   18:     0x79d0429e5dfa - <unknown>
[INFO] [stdout]   19:     0x79d042a793d4 - clone
[INFO] [stdout]   20:                0x0 - <unknown>
[INFO] [stdout] 
[INFO] [stdout] ---- tests::decode_stream_reconstructs_code stdout ----
[INFO] [stdout] 
[INFO] [stdout] thread 'tests::decode_stream_reconstructs_code' (4077) panicked at src/lib.rs:2978:45:
[INFO] [stdout] failed to load tokenizer: Hub(RequestError(Transport(Transport { kind: Dns, message: Some("resolve dns name 'huggingface.co:443'"), url: Some(Url { scheme: "https", cannot_be_a_base: false, username: "", password: None, host: Some(Domain("huggingface.co")), port: None, path: "/Qwen/Qwen3-0.6B/resolve/main/tokenizer.json", query: None, fragment: None }), source: Some(Custom { kind: Uncategorized, error: "failed to lookup address information: Temporary failure in name resolution" }) })))
[INFO] [stdout] stack backtrace:
[INFO] [stdout]    0:     0x61590ce85bd1 - <<std[617be2ca0a6fd877]::sys::backtrace::BacktraceLock>::print::DisplayBacktrace as core[a373ad73a504971]::fmt::Display>::fmt
[INFO] [stdout]    1:     0x61590ce9f9ba - core[a373ad73a504971]::fmt::write
[INFO] [stdout]    2:     0x61590ce8ab2c - <alloc[2e1b2a31b91974c5]::vec::Vec<u8> as core[a373ad73a504971]::io::write::Write>::write_fmt
[INFO] [stdout]    3:     0x61590ce5d1a6 - std[617be2ca0a6fd877]::panicking::default_hook::{closure#0}
[INFO] [stdout]    4:     0x61590ce7b889 - std[617be2ca0a6fd877]::panicking::default_hook
[INFO] [stdout]    5:     0x61590c9927c0 - test[aada8e7e76ba119b]::test_main_inner::{closure#0}
[INFO] [stdout]    6:     0x61590ce7bbb2 - std[617be2ca0a6fd877]::panicking::panic_with_hook
[INFO] [stdout]    7:     0x61590ce5d252 - std[617be2ca0a6fd877]::panicking::panic_handler::{closure#0}
[INFO] [stdout]    8:     0x61590ce55b19 - std[617be2ca0a6fd877]::sys::backtrace::__rust_end_short_backtrace::<std[617be2ca0a6fd877]::panicking::panic_handler::{closure#0}, !>
[INFO] [stdout]    9:     0x61590ce5e22d - __rustc[ea4f61d10b84890b]::rust_begin_unwind
[INFO] [stdout]   10:     0x61590cea019c - core[a373ad73a504971]::panicking::panic_fmt
[INFO] [stdout]   11:     0x61590ce9ff72 - core[a373ad73a504971]::result::unwrap_failed
[INFO] [stdout]   12:     0x61590c831439 - <fastokens[e8dd87f7b88be13]::tests::decode_stream_reconstructs_code::{closure#0} as core[a373ad73a504971]::ops::function::FnOnce<()>>::call_once
[INFO] [stdout]   13:     0x61590c985c0b - test[aada8e7e76ba119b]::__rust_begin_short_backtrace::<core[a373ad73a504971]::result::Result<(), alloc[2e1b2a31b91974c5]::string::String>, fn() -> core[a373ad73a504971]::result::Result<(), alloc[2e1b2a31b91974c5]::string::String>>
[INFO] [stdout]   14:     0x61590c992de5 - test[aada8e7e76ba119b]::run_test::{closure#0}
[INFO] [stdout]   15:     0x61590c98c6d4 - std[617be2ca0a6fd877]::sys::backtrace::__rust_begin_short_backtrace::<test[aada8e7e76ba119b]::run_test::{closure#1}, ()>
[INFO] [stdout]   16:     0x61590c995e72 - <std[617be2ca0a6fd877]::thread::lifecycle::spawn_unchecked<test[aada8e7e76ba119b]::run_test::{closure#1}, ()>::{closure#1} as core[a373ad73a504971]::ops::function::FnOnce<()>>::call_once::{shim:vtable#0}
[INFO] [stdout]   17:     0x61590ce845bf - <std[617be2ca0a6fd877]::sys::thread::unix::Thread>::new::thread_start
[INFO] [stdout]   18:     0x79d0429e5dfa - <unknown>
[INFO] [stdout]   19:     0x79d042a793d4 - clone
[INFO] [stdout]   20:                0x0 - <unknown>
[INFO] [stdout] 
[INFO] [stdout] ---- tests::decode_stream_chunks_are_non_empty_and_concatenate stdout ----
[INFO] [stdout] 
[INFO] [stdout] thread 'tests::decode_stream_chunks_are_non_empty_and_concatenate' (4072) panicked at src/lib.rs:2978:45:
[INFO] [stdout] failed to load tokenizer: Hub(RequestError(Transport(Transport { kind: Dns, message: Some("resolve dns name 'huggingface.co:443'"), url: Some(Url { scheme: "https", cannot_be_a_base: false, username: "", password: None, host: Some(Domain("huggingface.co")), port: None, path: "/Qwen/Qwen3-0.6B/resolve/main/tokenizer.json", query: None, fragment: None }), source: Some(Custom { kind: Uncategorized, error: "failed to lookup address information: Temporary failure in name resolution" }) })))
[INFO] [stdout] stack backtrace:
[INFO] [stdout]    0:     0x61590ce85bd1 - <<std[617be2ca0a6fd877]::sys::backtrace::BacktraceLock>::print::DisplayBacktrace as core[a373ad73a504971]::fmt::Display>::fmt
[INFO] [stdout]    1:     0x61590ce9f9ba - core[a373ad73a504971]::fmt::write
[INFO] [stdout]    2:     0x61590ce8ab2c - <alloc[2e1b2a31b91974c5]::vec::Vec<u8> as core[a373ad73a504971]::io::write::Write>::write_fmt
[INFO] [stdout]    3:     0x61590ce5d1a6 - std[617be2ca0a6fd877]::panicking::default_hook::{closure#0}
[INFO] [stdout]    4:     0x61590ce7b889 - std[617be2ca0a6fd877]::panicking::default_hook
[INFO] [stdout]    5:     0x61590c9927c0 - test[aada8e7e76ba119b]::test_main_inner::{closure#0}
[INFO] [stdout]    6:     0x61590ce7bbb2 - std[617be2ca0a6fd877]::panicking::panic_with_hook
[INFO] [stdout]    7:     0x61590ce5d252 - std[617be2ca0a6fd877]::panicking::panic_handler::{closure#0}
[INFO] [stdout]    8:     0x61590ce55b19 - std[617be2ca0a6fd877]::sys::backtrace::__rust_end_short_backtrace::<std[617be2ca0a6fd877]::panicking::panic_handler::{closure#0}, !>
[INFO] [stdout]    9:     0x61590ce5e22d - __rustc[ea4f61d10b84890b]::rust_begin_unwind
[INFO] [stdout]   10:     0x61590cea019c - core[a373ad73a504971]::panicking::panic_fmt
[INFO] [stdout]   11:     0x61590ce9ff72 - core[a373ad73a504971]::result::unwrap_failed
[INFO] [stdout]   12:     0x61590c836a10 - <fastokens[e8dd87f7b88be13]::tests::decode_stream_chunks_are_non_empty_and_concatenate::{closure#0} as core[a373ad73a504971]::ops::function::FnOnce<()>>::call_once
[INFO] [stdout]   13:     0x61590c985c0b - test[aada8e7e76ba119b]::__rust_begin_short_backtrace::<core[a373ad73a504971]::result::Result<(), alloc[2e1b2a31b91974c5]::string::String>, fn() -> core[a373ad73a504971]::result::Result<(), alloc[2e1b2a31b91974c5]::string::String>>
[INFO] [stdout]   14:     0x61590c992de5 - test[aada8e7e76ba119b]::run_test::{closure#0}
[INFO] [stdout]   15:     0x61590c98c6d4 - std[617be2ca0a6fd877]::sys::backtrace::__rust_begin_short_backtrace::<test[aada8e7e76ba119b]::run_test::{closure#1}, ()>
[INFO] [stdout]   16:     0x61590c995e72 - <std[617be2ca0a6fd877]::thread::lifecycle::spawn_unchecked<test[aada8e7e76ba119b]::run_test::{closure#1}, ()>::{closure#1} as core[a373ad73a504971]::ops::function::FnOnce<()>>::call_once::{shim:vtable#0}
[INFO] [stdout]   17:     0x61590ce845bf - <std[617be2ca0a6fd877]::sys::thread::unix::Thread>::new::thread_start
[INFO] [stdout]   18:     0x79d0429e5dfa - <unknown>
[INFO] [stdout]   19:     0x79d042a793d4 - clone
[INFO] [stdout]   20:                0x0 - <unknown>
[INFO] [stdout] 
[INFO] [stdout] ---- tests::decode_stream_empty_ids_no_output stdout ----
[INFO] [stdout] 
[INFO] [stdout] thread 'tests::decode_stream_empty_ids_no_output' (4073) panicked at src/lib.rs:2978:45:
[INFO] [stdout] failed to load tokenizer: Hub(RequestError(Transport(Transport { kind: Dns, message: Some("resolve dns name 'huggingface.co:443'"), url: Some(Url { scheme: "https", cannot_be_a_base: false, username: "", password: None, host: Some(Domain("huggingface.co")), port: None, path: "/Qwen/Qwen3-0.6B/resolve/main/tokenizer.json", query: None, fragment: None }), source: Some(Custom { kind: Uncategorized, error: "failed to lookup address information: Temporary failure in name resolution" }) })))
[INFO] [stdout] stack backtrace:
[INFO] [stdout]    0:     0x61590ce85bd1 - <<std[617be2ca0a6fd877]::sys::backtrace::BacktraceLock>::print::DisplayBacktrace as core[a373ad73a504971]::fmt::Display>::fmt
[INFO] [stdout]    1:     0x61590ce9f9ba - core[a373ad73a504971]::fmt::write
[INFO] [stdout]    2:     0x61590ce8ab2c - <alloc[2e1b2a31b91974c5]::vec::Vec<u8> as core[a373ad73a504971]::io::write::Write>::write_fmt
[INFO] [stdout]    3:     0x61590ce5d1a6 - std[617be2ca0a6fd877]::panicking::default_hook::{closure#0}
[INFO] [stdout]    4:     0x61590ce7b889 - std[617be2ca0a6fd877]::panicking::default_hook
[INFO] [stdout]    5:     0x61590c9927c0 - test[aada8e7e76ba119b]::test_main_inner::{closure#0}
[INFO] [stdout]    6:     0x61590ce7bbb2 - std[617be2ca0a6fd877]::panicking::panic_with_hook
[INFO] [stdout]    7:     0x61590ce5d252 - std[617be2ca0a6fd877]::panicking::panic_handler::{closure#0}
[INFO] [stdout]    8:     0x61590ce55b19 - std[617be2ca0a6fd877]::sys::backtrace::__rust_end_short_backtrace::<std[617be2ca0a6fd877]::panicking::panic_handler::{closure#0}, !>
[INFO] [stdout]    9:     0x61590ce5e22d - __rustc[ea4f61d10b84890b]::rust_begin_unwind
[INFO] [stdout]   10:     0x61590cea019c - core[a373ad73a504971]::panicking::panic_fmt
[INFO] [stdout]   11:     0x61590ce9ff72 - core[a373ad73a504971]::result::unwrap_failed
[INFO] [stdout]   12:     0x61590c831cd0 - <fastokens[e8dd87f7b88be13]::tests::decode_stream_empty_ids_no_output::{closure#0} as core[a373ad73a504971]::ops::function::FnOnce<()>>::call_once
[INFO] [stdout]   13:     0x61590c985c0b - test[aada8e7e76ba119b]::__rust_begin_short_backtrace::<core[a373ad73a504971]::result::Result<(), alloc[2e1b2a31b91974c5]::string::String>, fn() -> core[a373ad73a504971]::result::Result<(), alloc[2e1b2a31b91974c5]::string::String>>
[INFO] [stdout]   14:     0x61590c992de5 - test[aada8e7e76ba119b]::run_test::{closure#0}
[INFO] [stdout]   15:     0x61590c98c6d4 - std[617be2ca0a6fd877]::sys::backtrace::__rust_begin_short_backtrace::<test[aada8e7e76ba119b]::run_test::{closure#1}, ()>
[INFO] [stdout]   16:     0x61590c995e72 - <std[617be2ca0a6fd877]::thread::lifecycle::spawn_unchecked<test[aada8e7e76ba119b]::run_test::{closure#1}, ()>::{closure#1} as core[a373ad73a504971]::ops::function::FnOnce<()>>::call_once::{shim:vtable#0}
[INFO] [stdout]   17:     0x61590ce845bf - <std[617be2ca0a6fd877]::sys::thread::unix::Thread>::new::thread_start
[INFO] [stdout]   18:     0x79d0429e5dfa - <unknown>
[INFO] [stdout]   19:     0x79d042a793d4 - clone
[INFO] [stdout]   20:                0x0 - <unknown>
[INFO] [stdout] 
[INFO] [stdout] ---- tests::decode_stream_unknown_id_does_not_error stdout ----
[INFO] [stdout] 
[INFO] [stdout] thread 'tests::decode_stream_unknown_id_does_not_error' (4081) panicked at src/lib.rs:2978:45:
[INFO] [stdout] failed to load tokenizer: Hub(RequestError(Transport(Transport { kind: Dns, message: Some("resolve dns name 'huggingface.co:443'"), url: Some(Url { scheme: "https", cannot_be_a_base: false, username: "", password: None, host: Some(Domain("huggingface.co")), port: None, path: "/Qwen/Qwen3-0.6B/resolve/main/tokenizer.json", query: None, fragment: None }), source: Some(Custom { kind: Uncategorized, error: "failed to lookup address information: Temporary failure in name resolution" }) })))
[INFO] [stdout] stack backtrace:
[INFO] [stdout]    0:     0x61590ce85bd1 - <<std[617be2ca0a6fd877]::sys::backtrace::BacktraceLock>::print::DisplayBacktrace as core[a373ad73a504971]::fmt::Display>::fmt
[INFO] [stdout]    1:     0x61590ce9f9ba - core[a373ad73a504971]::fmt::write
[INFO] [stdout]    2:     0x61590ce8ab2c - <alloc[2e1b2a31b91974c5]::vec::Vec<u8> as core[a373ad73a504971]::io::write::Write>::write_fmt
[INFO] [stdout]    3:     0x61590ce5d1a6 - std[617be2ca0a6fd877]::panicking::default_hook::{closure#0}
[INFO] [stdout]    4:     0x61590ce7b889 - std[617be2ca0a6fd877]::panicking::default_hook
[INFO] [stdout]    5:     0x61590c9927c0 - test[aada8e7e76ba119b]::test_main_inner::{closure#0}
[INFO] [stdout]    6:     0x61590ce7bbb2 - std[617be2ca0a6fd877]::panicking::panic_with_hook
[INFO] [stdout]    7:     0x61590ce5d252 - std[617be2ca0a6fd877]::panicking::panic_handler::{closure#0}
[INFO] [stdout]    8:     0x61590ce55b19 - std[617be2ca0a6fd877]::sys::backtrace::__rust_end_short_backtrace::<std[617be2ca0a6fd877]::panicking::panic_handler::{closure#0}, !>
[INFO] [stdout]    9:     0x61590ce5e22d - __rustc[ea4f61d10b84890b]::rust_begin_unwind
[INFO] [stdout]   10:     0x61590cea019c - core[a373ad73a504971]::panicking::panic_fmt
[INFO] [stdout]   11:     0x61590ce9ff72 - core[a373ad73a504971]::result::unwrap_failed
[INFO] [stdout]   12:     0x61590c834519 - <fastokens[e8dd87f7b88be13]::tests::decode_stream_unknown_id_does_not_error::{closure#0} as core[a373ad73a504971]::ops::function::FnOnce<()>>::call_once
[INFO] [stdout]   13:     0x61590c985c0b - test[aada8e7e76ba119b]::__rust_begin_short_backtrace::<core[a373ad73a504971]::result::Result<(), alloc[2e1b2a31b91974c5]::string::String>, fn() -> core[a373ad73a504971]::result::Result<(), alloc[2e1b2a31b91974c5]::string::String>>
[INFO] [stdout]   14:     0x61590c992de5 - test[aada8e7e76ba119b]::run_test::{closure#0}
[INFO] [stdout]   15:     0x61590c98c6d4 - std[617be2ca0a6fd877]::sys::backtrace::__rust_begin_short_backtrace::<test[aada8e7e76ba119b]::run_test::{closure#1}, ()>
[INFO] [stdout]   16:     0x61590c995e72 - <std[617be2ca0a6fd877]::thread::lifecycle::spawn_unchecked<test[aada8e7e76ba119b]::run_test::{closure#1}, ()>::{closure#1} as core[a373ad73a504971]::ops::function::FnOnce<()>>::call_once::{shim:vtable#0}
[INFO] [stdout]   17:     0x61590ce845bf - <std[617be2ca0a6fd877]::sys::thread::unix::Thread>::new::thread_start
[INFO] [stdout]   18:     0x79d0429e5dfa - <unknown>
[INFO] [stdout]   19:     0x79d042a793d4 - clone
[INFO] [stdout]   20:                0x0 - <unknown>
[INFO] [stdout] 
[INFO] [stdout] ---- tests::decode_stream_single_token stdout ----
[INFO] [stdout] 
[INFO] [stdout] thread 'tests::decode_stream_single_token' (4079) panicked at src/lib.rs:2978:45:
[INFO] [stdout] failed to load tokenizer: Hub(RequestError(Transport(Transport { kind: Dns, message: Some("resolve dns name 'huggingface.co:443'"), url: Some(Url { scheme: "https", cannot_be_a_base: false, username: "", password: None, host: Some(Domain("huggingface.co")), port: None, path: "/Qwen/Qwen3-0.6B/resolve/main/tokenizer.json", query: None, fragment: None }), source: Some(Custom { kind: Uncategorized, error: "failed to lookup address information: Temporary failure in name resolution" }) })))
[INFO] [stdout] stack backtrace:
[INFO] [stdout]    0:     0x61590ce85bd1 - <<std[617be2ca0a6fd877]::sys::backtrace::BacktraceLock>::print::DisplayBacktrace as core[a373ad73a504971]::fmt::Display>::fmt
[INFO] [stdout]    1:     0x61590ce9f9ba - core[a373ad73a504971]::fmt::write
[INFO] [stdout]    2:     0x61590ce8ab2c - <alloc[2e1b2a31b91974c5]::vec::Vec<u8> as core[a373ad73a504971]::io::write::Write>::write_fmt
[INFO] [stdout]    3:     0x61590ce5d1a6 - std[617be2ca0a6fd877]::panicking::default_hook::{closure#0}
[INFO] [stdout]    4:     0x61590ce7b889 - std[617be2ca0a6fd877]::panicking::default_hook
[INFO] [stdout]    5:     0x61590c9927c0 - test[aada8e7e76ba119b]::test_main_inner::{closure#0}
[INFO] [stdout]    6:     0x61590ce7bbb2 - std[617be2ca0a6fd877]::panicking::panic_with_hook
[INFO] [stdout]    7:     0x61590ce5d252 - std[617be2ca0a6fd877]::panicking::panic_handler::{closure#0}
[INFO] [stdout]    8:     0x61590ce55b19 - std[617be2ca0a6fd877]::sys::backtrace::__rust_end_short_backtrace::<std[617be2ca0a6fd877]::panicking::panic_handler::{closure#0}, !>
[INFO] [stdout]    9:     0x61590ce5e22d - __rustc[ea4f61d10b84890b]::rust_begin_unwind
[INFO] [stdout]   10:     0x61590cea019c - core[a373ad73a504971]::panicking::panic_fmt
[INFO] [stdout]   11:     0x61590ce9ff72 - core[a373ad73a504971]::result::unwrap_failed
[INFO] [stdout]   12:     0x61590c82f970 - <fastokens[e8dd87f7b88be13]::tests::decode_stream_single_token::{closure#0} as core[a373ad73a504971]::ops::function::FnOnce<()>>::call_once
[INFO] [stdout]   13:     0x61590c985c0b - test[aada8e7e76ba119b]::__rust_begin_short_backtrace::<core[a373ad73a504971]::result::Result<(), alloc[2e1b2a31b91974c5]::string::String>, fn() -> core[a373ad73a504971]::result::Result<(), alloc[2e1b2a31b91974c5]::string::String>>
[INFO] [stdout]   14:     0x61590c992de5 - test[aada8e7e76ba119b]::run_test::{closure#0}
[INFO] [stdout]   15:     0x61590c98c6d4 - std[617be2ca0a6fd877]::sys::backtrace::__rust_begin_short_backtrace::<test[aada8e7e76ba119b]::run_test::{closure#1}, ()>
[INFO] [stdout]   16:     0x61590c995e72 - <std[617be2ca0a6fd877]::thread::lifecycle::spawn_unchecked<test[aada8e7e76ba119b]::run_test::{closure#1}, ()>::{closure#1} as core[a373ad73a504971]::ops::function::FnOnce<()>>::call_once::{shim:vtable#0}
[INFO] [stdout]   17:     0x61590ce845bf - <std[617be2ca0a6fd877]::sys::thread::unix::Thread>::new::thread_start
[INFO] [stdout]   18:     0x79d0429e5dfa - <unknown>
[INFO] [stdout]   19:     0x79d042a793d4 - clone
[INFO] [stdout]   20:                0x0 - <unknown>
[INFO] [stdout] 
[INFO] [stdout] ---- tests::empty_string_encode_decode stdout ----
[INFO] [stdout] 
[INFO] [stdout] thread 'tests::empty_string_encode_decode' (4084) panicked at src/lib.rs:2862:60:
[INFO] [stdout] called `Result::unwrap()` on an `Err` value: Hub(RequestError(Transport(Transport { kind: Dns, message: Some("resolve dns name 'huggingface.co:443'"), url: Some(Url { scheme: "https", cannot_be_a_base: false, username: "", password: None, host: Some(Domain("huggingface.co")), port: None, path: "/Qwen/Qwen3-0.6B/resolve/main/tokenizer.json", query: None, fragment: None }), source: Some(Custom { kind: Uncategorized, error: "failed to lookup address information: Temporary failure in name resolution" }) })))
[INFO] [stdout] stack backtrace:
[INFO] [stdout]    0:     0x61590ce85bd1 - <<std[617be2ca0a6fd877]::sys::backtrace::BacktraceLock>::print::DisplayBacktrace as core[a373ad73a504971]::fmt::Display>::fmt
[INFO] [stdout]    1:     0x61590ce9f9ba - core[a373ad73a504971]::fmt::write
[INFO] [stdout]    2:     0x61590ce8ab2c - <alloc[2e1b2a31b91974c5]::vec::Vec<u8> as core[a373ad73a504971]::io::write::Write>::write_fmt
[INFO] [stdout]    3:     0x61590ce5d1a6 - std[617be2ca0a6fd877]::panicking::default_hook::{closure#0}
[INFO] [stdout]    4:     0x61590ce7b889 - std[617be2ca0a6fd877]::panicking::default_hook
[INFO] [stdout]    5:     0x61590c9927c0 - test[aada8e7e76ba119b]::test_main_inner::{closure#0}
[INFO] [stdout]    6:     0x61590ce7bbb2 - std[617be2ca0a6fd877]::panicking::panic_with_hook
[INFO] [stdout]    7:     0x61590ce5d252 - std[617be2ca0a6fd877]::panicking::panic_handler::{closure#0}
[INFO] [stdout]    8:     0x61590ce55b19 - std[617be2ca0a6fd877]::sys::backtrace::__rust_end_short_backtrace::<std[617be2ca0a6fd877]::panicking::panic_handler::{closure#0}, !>
[INFO] [stdout]    9:     0x61590ce5e22d - __rustc[ea4f61d10b84890b]::rust_begin_unwind
[INFO] [stdout]   10:     0x61590cea019c - core[a373ad73a504971]::panicking::panic_fmt
[INFO] [stdout]   11:     0x61590ce9ff72 - core[a373ad73a504971]::result::unwrap_failed
[INFO] [stdout]   12:     0x61590c82fba4 - <fastokens[e8dd87f7b88be13]::tests::empty_string_encode_decode::{closure#0} as core[a373ad73a504971]::ops::function::FnOnce<()>>::call_once
[INFO] [stdout]   13:     0x61590c985c0b - test[aada8e7e76ba119b]::__rust_begin_short_backtrace::<core[a373ad73a504971]::result::Result<(), alloc[2e1b2a31b91974c5]::string::String>, fn() -> core[a373ad73a504971]::result::Result<(), alloc[2e1b2a31b91974c5]::string::String>>
[INFO] [stdout]   14:     0x61590c992de5 - test[aada8e7e76ba119b]::run_test::{closure#0}
[INFO] [stdout]   15:     0x61590c98c6d4 - std[617be2ca0a6fd877]::sys::backtrace::__rust_begin_short_backtrace::<test[aada8e7e76ba119b]::run_test::{closure#1}, ()>
[INFO] [stdout]   16:     0x61590c995e72 - <std[617be2ca0a6fd877]::thread::lifecycle::spawn_unchecked<test[aada8e7e76ba119b]::run_test::{closure#1}, ()>::{closure#1} as core[a373ad73a504971]::ops::function::FnOnce<()>>::call_once::{shim:vtable#0}
[INFO] [stdout]   17:     0x61590ce845bf - <std[617be2ca0a6fd877]::sys::thread::unix::Thread>::new::thread_start
[INFO] [stdout]   18:     0x79d0429e5dfa - <unknown>
[INFO] [stdout]   19:     0x79d042a793d4 - clone
[INFO] [stdout]   20:                0x0 - <unknown>
[INFO] [stdout] 
[INFO] [stdout] ---- tests::decode_unknown_id_is_skipped stdout ----
[INFO] [stdout] 
[INFO] [stdout] thread 'tests::decode_unknown_id_is_skipped' (4083) panicked at src/lib.rs:2919:60:
[INFO] [stdout] called `Result::unwrap()` on an `Err` value: Hub(RequestError(Transport(Transport { kind: Dns, message: Some("resolve dns name 'huggingface.co:443'"), url: Some(Url { scheme: "https", cannot_be_a_base: false, username: "", password: None, host: Some(Domain("huggingface.co")), port: None, path: "/Qwen/Qwen3-0.6B/resolve/main/tokenizer.json", query: None, fragment: None }), source: Some(Custom { kind: Uncategorized, error: "failed to lookup address information: Temporary failure in name resolution" }) })))
[INFO] [stdout] stack backtrace:
[INFO] [stdout]    0:     0x61590ce85bd1 - <<std[617be2ca0a6fd877]::sys::backtrace::BacktraceLock>::print::DisplayBacktrace as core[a373ad73a504971]::fmt::Display>::fmt
[INFO] [stdout]    1:     0x61590ce9f9ba - core[a373ad73a504971]::fmt::write
[INFO] [stdout]    2:     0x61590ce8ab2c - <alloc[2e1b2a31b91974c5]::vec::Vec<u8> as core[a373ad73a504971]::io::write::Write>::write_fmt
[INFO] [stdout]    3:     0x61590ce5d1a6 - std[617be2ca0a6fd877]::panicking::default_hook::{closure#0}
[INFO] [stdout]    4:     0x61590ce7b889 - std[617be2ca0a6fd877]::panicking::default_hook
[INFO] [stdout]    5:     0x61590c9927c0 - test[aada8e7e76ba119b]::test_main_inner::{closure#0}
[INFO] [stdout]    6:     0x61590ce7bbb2 - std[617be2ca0a6fd877]::panicking::panic_with_hook
[INFO] [stdout]    7:     0x61590ce5d252 - std[617be2ca0a6fd877]::panicking::panic_handler::{closure#0}
[INFO] [stdout]    8:     0x61590ce55b19 - std[617be2ca0a6fd877]::sys::backtrace::__rust_end_short_backtrace::<std[617be2ca0a6fd877]::panicking::panic_handler::{closure#0}, !>
[INFO] [stdout]    9:     0x61590ce5e22d - __rustc[ea4f61d10b84890b]::rust_begin_unwind
[INFO] [stdout]   10:     0x61590cea019c - core[a373ad73a504971]::panicking::panic_fmt
[INFO] [stdout]   11:     0x61590ce9ff72 - core[a373ad73a504971]::result::unwrap_failed
[INFO] [stdout]   12:     0x61590c82fda9 - <fastokens[e8dd87f7b88be13]::tests::decode_unknown_id_is_skipped::{closure#0} as core[a373ad73a504971]::ops::function::FnOnce<()>>::call_once
[INFO] [stdout]   13:     0x61590c985c0b - test[aada8e7e76ba119b]::__rust_begin_short_backtrace::<core[a373ad73a504971]::result::Result<(), alloc[2e1b2a31b91974c5]::string::String>, fn() -> core[a373ad73a504971]::result::Result<(), alloc[2e1b2a31b91974c5]::string::String>>
[INFO] [stdout]   14:     0x61590c992de5 - test[aada8e7e76ba119b]::run_test::{closure#0}
[INFO] [stdout]   15:     0x61590c98c6d4 - std[617be2ca0a6fd877]::sys::backtrace::__rust_begin_short_backtrace::<test[aada8e7e76ba119b]::run_test::{closure#1}, ()>
[INFO] [stdout]   16:     0x61590c995e72 - <std[617be2ca0a6fd877]::thread::lifecycle::spawn_unchecked<test[aada8e7e76ba119b]::run_test::{closure#1}, ()>::{closure#1} as core[a373ad73a504971]::ops::function::FnOnce<()>>::call_once::{shim:vtable#0}
[INFO] [stdout]   17:     0x61590ce845bf - <std[617be2ca0a6fd877]::sys::thread::unix::Thread>::new::thread_start
[INFO] [stdout]   18:     0x79d0429e5dfa - <unknown>
[INFO] [stdout]   19:     0x79d042a793d4 - clone
[INFO] [stdout]   20:                0x0 - <unknown>
[INFO] [stdout] 
[INFO] [stdout] ---- tests::correctness_mistral_nemo stdout ----
[INFO] [stdout] 
[INFO] [stdout] thread 'tests::correctness_mistral_nemo' (4063) panicked at src/lib.rs:1684:33:
[INFO] [stdout] mistralai/Mistral-Nemo-Instruct-2407: HF load failed: request error: https://huggingface.co/mistralai/Mistral-Nemo-Instruct-2407/resolve/main/tokenizer.json: Dns Failed: resolve dns name 'huggingface.co:443': failed to lookup address information: Temporary failure in name resolution
[INFO] [stdout] stack backtrace:
[INFO] [stdout]    0:     0x61590ce85bd1 - <<std[617be2ca0a6fd877]::sys::backtrace::BacktraceLock>::print::DisplayBacktrace as core[a373ad73a504971]::fmt::Display>::fmt
[INFO] [stdout]    1:     0x61590ce9f9ba - core[a373ad73a504971]::fmt::write
[INFO] [stdout]    2:     0x61590ce8ab2c - <alloc[2e1b2a31b91974c5]::vec::Vec<u8> as core[a373ad73a504971]::io::write::Write>::write_fmt
[INFO] [stdout]    3:     0x61590ce5d1a6 - std[617be2ca0a6fd877]::panicking::default_hook::{closure#0}
[INFO] [stdout]    4:     0x61590ce7b889 - std[617be2ca0a6fd877]::panicking::default_hook
[INFO] [stdout]    5:     0x61590c9927c0 - test[aada8e7e76ba119b]::test_main_inner::{closure#0}
[INFO] [stdout]    6:     0x61590ce7bbb2 - std[617be2ca0a6fd877]::panicking::panic_with_hook
[INFO] [stdout]    7:     0x61590ce5d252 - std[617be2ca0a6fd877]::panicking::panic_handler::{closure#0}
[INFO] [stdout]    8:     0x61590ce55b19 - std[617be2ca0a6fd877]::sys::backtrace::__rust_end_short_backtrace::<std[617be2ca0a6fd877]::panicking::panic_handler::{closure#0}, !>
[INFO] [stdout]    9:     0x61590ce5e22d - __rustc[ea4f61d10b84890b]::rust_begin_unwind
[INFO] [stdout]   10:     0x61590cea019c - core[a373ad73a504971]::panicking::panic_fmt
[INFO] [stdout]   11:     0x61590c8246b0 - fastokens[e8dd87f7b88be13]::tests::compare_encode_decode::{closure#0}
[INFO] [stdout]   12:     0x61590c829262 - fastokens[e8dd87f7b88be13]::tests::compare_encode_decode
[INFO] [stdout]   13:     0x61590c82ee19 - <fastokens[e8dd87f7b88be13]::tests::correctness_mistral_nemo::{closure#0} as core[a373ad73a504971]::ops::function::FnOnce<()>>::call_once
[INFO] [stdout]   14:     0x61590c985c0b - test[aada8e7e76ba119b]::__rust_begin_short_backtrace::<core[a373ad73a504971]::result::Result<(), alloc[2e1b2a31b91974c5]::string::String>, fn() -> core[a373ad73a504971]::result::Result<(), alloc[2e1b2a31b91974c5]::string::String>>
[INFO] [stdout]   15:     0x61590c992de5 - test[aada8e7e76ba119b]::run_test::{closure#0}
[INFO] [stdout]   16:     0x61590c98c6d4 - std[617be2ca0a6fd877]::sys::backtrace::__rust_begin_short_backtrace::<test[aada8e7e76ba119b]::run_test::{closure#1}, ()>
[INFO] [stdout]   17:     0x61590c995e72 - <std[617be2ca0a6fd877]::thread::lifecycle::spawn_unchecked<test[aada8e7e76ba119b]::run_test::{closure#1}, ()>::{closure#1} as core[a373ad73a504971]::ops::function::FnOnce<()>>::call_once::{shim:vtable#0}
[INFO] [stdout]   18:     0x61590ce845bf - <std[617be2ca0a6fd877]::sys::thread::unix::Thread>::new::thread_start
[INFO] [stdout]   19:     0x79d0429e5dfa - <unknown>
[INFO] [stdout]   20:     0x79d042a793d4 - clone
[INFO] [stdout]   21:                0x0 - <unknown>
[INFO] [stdout] 
[INFO] [stdout] ---- tests::decode_stream_skip_special_tokens stdout ----
[INFO] [stdout] 
[INFO] [stdout] thread 'tests::decode_stream_skip_special_tokens' (4080) panicked at src/lib.rs:3099:81:
[INFO] [stdout] called `Result::unwrap()` on an `Err` value: Hub(RequestError(Transport(Transport { kind: Dns, message: Some("resolve dns name 'huggingface.co:443'"), url: Some(Url { scheme: "https", cannot_be_a_base: false, username: "", password: None, host: Some(Domain("huggingface.co")), port: None, path: "/mistralai/Mistral-Nemo-Instruct-2407/resolve/main/tokenizer.json", query: None, fragment: None }), source: Some(Custom { kind: Uncategorized, error: "failed to lookup address information: Temporary failure in name resolution" }) })))
[INFO] [stdout] stack backtrace:
[INFO] [stdout]    0:     0x61590ce85bd1 - <<std[617be2ca0a6fd877]::sys::backtrace::BacktraceLock>::print::DisplayBacktrace as core[a373ad73a504971]::fmt::Display>::fmt
[INFO] [stdout]    1:     0x61590ce9f9ba - core[a373ad73a504971]::fmt::write
[INFO] [stdout]    2:     0x61590ce8ab2c - <alloc[2e1b2a31b91974c5]::vec::Vec<u8> as core[a373ad73a504971]::io::write::Write>::write_fmt
[INFO] [stdout]    3:     0x61590ce5d1a6 - std[617be2ca0a6fd877]::panicking::default_hook::{closure#0}
[INFO] [stdout]    4:     0x61590ce7b889 - std[617be2ca0a6fd877]::panicking::default_hook
[INFO] [stdout]    5:     0x61590c9927c0 - test[aada8e7e76ba119b]::test_main_inner::{closure#0}
[INFO] [stdout]    6:     0x61590ce7bbb2 - std[617be2ca0a6fd877]::panicking::panic_with_hook
[INFO] [stdout]    7:     0x61590ce5d252 - std[617be2ca0a6fd877]::panicking::panic_handler::{closure#0}
[INFO] [stdout]    8:     0x61590ce55b19 - std[617be2ca0a6fd877]::sys::backtrace::__rust_end_short_backtrace::<std[617be2ca0a6fd877]::panicking::panic_handler::{closure#0}, !>
[INFO] [stdout]    9:     0x61590ce5e22d - __rustc[ea4f61d10b84890b]::rust_begin_unwind
[INFO] [stdout]   10:     0x61590cea019c - core[a373ad73a504971]::panicking::panic_fmt
[INFO] [stdout]   11:     0x61590ce9ff72 - core[a373ad73a504971]::result::unwrap_failed
[INFO] [stdout]   12:     0x61590c831ffd - <fastokens[e8dd87f7b88be13]::tests::decode_stream_skip_special_tokens::{closure#0} as core[a373ad73a504971]::ops::function::FnOnce<()>>::call_once
[INFO] [stdout]   13:     0x61590c985c0b - test[aada8e7e76ba119b]::__rust_begin_short_backtrace::<core[a373ad73a504971]::result::Result<(), alloc[2e1b2a31b91974c5]::string::String>, fn() -> core[a373ad73a504971]::result::Result<(), alloc[2e1b2a31b91974c5]::string::String>>
[INFO] [stdout]   14:     0x61590c992de5 - test[aada8e7e76ba119b]::run_test::{closure#0}
[INFO] [stdout]   15:     0x61590c98c6d4 - std[617be2ca0a6fd877]::sys::backtrace::__rust_begin_short_backtrace::<test[aada8e7e76ba119b]::run_test::{closure#1}, ()>
[INFO] [stdout]   16:     0x61590c995e72 - <std[617be2ca0a6fd877]::thread::lifecycle::spawn_unchecked<test[aada8e7e76ba119b]::run_test::{closure#1}, ()>::{closure#1} as core[a373ad73a504971]::ops::function::FnOnce<()>>::call_once::{shim:vtable#0}
[INFO] [stdout]   17:     0x61590ce845bf - <std[617be2ca0a6fd877]::sys::thread::unix::Thread>::new::thread_start
[INFO] [stdout]   18:     0x79d0429e5dfa - <unknown>
[INFO] [stdout]   19:     0x79d042a793d4 - clone
[INFO] [stdout]   20:                0x0 - <unknown>
[INFO] [stdout] 
[INFO] [stdout] ---- tests::encode_is_stable_after_decode stdout ----
[INFO] [stdout] 
[INFO] [stdout] thread 'tests::encode_is_stable_after_decode' (4087) panicked at src/lib.rs:2871:60:
[INFO] [stdout] called `Result::unwrap()` on an `Err` value: Hub(RequestError(Transport(Transport { kind: Dns, message: Some("resolve dns name 'huggingface.co:443'"), url: Some(Url { scheme: "https", cannot_be_a_base: false, username: "", password: None, host: Some(Domain("huggingface.co")), port: None, path: "/Qwen/Qwen3-0.6B/resolve/main/tokenizer.json", query: None, fragment: None }), source: Some(Custom { kind: Uncategorized, error: "failed to lookup address information: Temporary failure in name resolution" }) })))
[INFO] [stdout] stack backtrace:
[INFO] [stdout]    0:     0x61590ce85bd1 - <<std[617be2ca0a6fd877]::sys::backtrace::BacktraceLock>::print::DisplayBacktrace as core[a373ad73a504971]::fmt::Display>::fmt
[INFO] [stdout]    1:     0x61590ce9f9ba - core[a373ad73a504971]::fmt::write
[INFO] [stdout]    2:     0x61590ce8ab2c - <alloc[2e1b2a31b91974c5]::vec::Vec<u8> as core[a373ad73a504971]::io::write::Write>::write_fmt
[INFO] [stdout]    3:     0x61590ce5d1a6 - std[617be2ca0a6fd877]::panicking::default_hook::{closure#0}
[INFO] [stdout]    4:     0x61590ce7b889 - std[617be2ca0a6fd877]::panicking::default_hook
[INFO] [stdout]    5:     0x61590c9927c0 - test[aada8e7e76ba119b]::test_main_inner::{closure#0}
[INFO] [stdout]    6:     0x61590ce7bbb2 - std[617be2ca0a6fd877]::panicking::panic_with_hook
[INFO] [stdout]    7:     0x61590ce5d252 - std[617be2ca0a6fd877]::panicking::panic_handler::{closure#0}
[INFO] [stdout]    8:     0x61590ce55b19 - std[617be2ca0a6fd877]::sys::backtrace::__rust_end_short_backtrace::<std[617be2ca0a6fd877]::panicking::panic_handler::{closure#0}, !>
[INFO] [stdout]    9:     0x61590ce5e22d - __rustc[ea4f61d10b84890b]::rust_begin_unwind
[INFO] [stdout]   10:     0x61590cea019c - core[a373ad73a504971]::panicking::panic_fmt
[INFO] [stdout]   11:     0x61590ce9ff72 - core[a373ad73a504971]::result::unwrap_failed
[INFO] [stdout]   12:     0x61590c830499 - <fastokens[e8dd87f7b88be13]::tests::encode_is_stable_after_decode::{closure#0} as core[a373ad73a504971]::ops::function::FnOnce<()>>::call_once
[INFO] [stdout]   13:     0x61590c985c0b - test[aada8e7e76ba119b]::__rust_begin_short_backtrace::<core[a373ad73a504971]::result::Result<(), alloc[2e1b2a31b91974c5]::string::String>, fn() -> core[a373ad73a504971]::result::Result<(), alloc[2e1b2a31b91974c5]::string::String>>
[INFO] [stdout]   14:     0x61590c992de5 - test[aada8e7e76ba119b]::run_test::{closure#0}
[INFO] [stdout]   15:     0x61590c98c6d4 - std[617be2ca0a6fd877]::sys::backtrace::__rust_begin_short_backtrace::<test[aada8e7e76ba119b]::run_test::{closure#1}, ()>
[INFO] [stdout]   16:     0x61590c995e72 - <std[617be2ca0a6fd877]::thread::lifecycle::spawn_unchecked<test[aada8e7e76ba119b]::run_test::{closure#1}, ()>::{closure#1} as core[a373ad73a504971]::ops::function::FnOnce<()>>::call_once::{shim:vtable#0}
[INFO] [stdout]   17:     0x61590ce845bf - <std[617be2ca0a6fd877]::sys::thread::unix::Thread>::new::thread_start
[INFO] [stdout]   18:     0x79d0429e5dfa - <unknown>
[INFO] [stdout]   19:     0x79d042a793d4 - clone
[INFO] [stdout]   20:                0x0 - <unknown>
[INFO] [stdout] 
[INFO] [stdout] ---- tests::decode_tokens_matches_decode_by_id stdout ----
[INFO] [stdout] 
[INFO] [stdout] thread 'tests::decode_tokens_matches_decode_by_id' (4082) panicked at src/lib.rs:2846:60:
[INFO] [stdout] called `Result::unwrap()` on an `Err` value: Hub(RequestError(Transport(Transport { kind: Dns, message: Some("resolve dns name 'huggingface.co:443'"), url: Some(Url { scheme: "https", cannot_be_a_base: false, username: "", password: None, host: Some(Domain("huggingface.co")), port: None, path: "/Qwen/Qwen3-0.6B/resolve/main/tokenizer.json", query: None, fragment: None }), source: Some(Custom { kind: Uncategorized, error: "failed to lookup address information: Temporary failure in name resolution" }) })))
[INFO] [stdout] stack backtrace:
[INFO] [stdout]    0:     0x61590ce85bd1 - <<std[617be2ca0a6fd877]::sys::backtrace::BacktraceLock>::print::DisplayBacktrace as core[a373ad73a504971]::fmt::Display>::fmt
[INFO] [stdout]    1:     0x61590ce9f9ba - core[a373ad73a504971]::fmt::write
[INFO] [stdout]    2:     0x61590ce8ab2c - <alloc[2e1b2a31b91974c5]::vec::Vec<u8> as core[a373ad73a504971]::io::write::Write>::write_fmt
[INFO] [stdout]    3:     0x61590ce5d1a6 - std[617be2ca0a6fd877]::panicking::default_hook::{closure#0}
[INFO] [stdout]    4:     0x61590ce7b889 - std[617be2ca0a6fd877]::panicking::default_hook
[INFO] [stdout]    5:     0x61590c9927c0 - test[aada8e7e76ba119b]::test_main_inner::{closure#0}
[INFO] [stdout]    6:     0x61590ce7bbb2 - std[617be2ca0a6fd877]::panicking::panic_with_hook
[INFO] [stdout]    7:     0x61590ce5d252 - std[617be2ca0a6fd877]::panicking::panic_handler::{closure#0}
[INFO] [stdout]    8:     0x61590ce55b19 - std[617be2ca0a6fd877]::sys::backtrace::__rust_end_short_backtrace::<std[617be2ca0a6fd877]::panicking::panic_handler::{closure#0}, !>
[INFO] [stdout]    9:     0x61590ce5e22d - __rustc[ea4f61d10b84890b]::rust_begin_unwind
[INFO] [stdout]   10:     0x61590cea019c - core[a373ad73a504971]::panicking::panic_fmt
[INFO] [stdout]   11:     0x61590ce9ff72 - core[a373ad73a504971]::result::unwrap_failed
[INFO] [stdout]   12:     0x61590c833ba4 - <fastokens[e8dd87f7b88be13]::tests::decode_tokens_matches_decode_by_id::{closure#0} as core[a373ad73a504971]::ops::function::FnOnce<()>>::call_once
[INFO] [stdout]   13:     0x61590c985c0b - test[aada8e7e76ba119b]::__rust_begin_short_backtrace::<core[a373ad73a504971]::result::Result<(), alloc[2e1b2a31b91974c5]::string::String>, fn() -> core[a373ad73a504971]::result::Result<(), alloc[2e1b2a31b91974c5]::string::String>>
[INFO] [stdout]   14:     0x61590c992de5 - test[aada8e7e76ba119b]::run_test::{closure#0}
[INFO] [stdout]   15:     0x61590c98c6d4 - std[617be2ca0a6fd877]::sys::backtrace::__rust_begin_short_backtrace::<test[aada8e7e76ba119b]::run_test::{closure#1}, ()>
[INFO] [stdout]   16:     0x61590c995e72 - <std[617be2ca0a6fd877]::thread::lifecycle::spawn_unchecked<test[aada8e7e76ba119b]::run_test::{closure#1}, ()>::{closure#1} as core[a373ad73a504971]::ops::function::FnOnce<()>>::call_once::{shim:vtable#0}
[INFO] [stdout]   17:     0x61590ce845bf - <std[617be2ca0a6fd877]::sys::thread::unix::Thread>::new::thread_start
[INFO] [stdout]   18:     0x79d0429e5dfa - <unknown>
[INFO] [stdout]   19:     0x79d042a793d4 - clone
[INFO] [stdout]   20:                0x0 - <unknown>
[INFO] [stdout] 
[INFO] [stdout] ---- tests::encode_decode_roundtrip_all_models stdout ----
[INFO] [stdout] 
[INFO] [stdout] thread 'tests::encode_decode_roundtrip_all_models' (4086) panicked at src/lib.rs:2750:9:
[INFO] [stdout] encode→decode roundtrip failures:
[INFO] [stdout] Qwen/Qwen3-0.6B: load error: failed to download tokenizer files: request error: https://huggingface.co/Qwen/Qwen3-0.6B/resolve/main/tokenizer.json: Dns Failed: resolve dns name 'huggingface.co:443': failed to lookup address information: Temporary failure in name resolution
[INFO] [stdout] zai-org/GLM-4.7: load error: failed to download tokenizer files: request error: https://huggingface.co/zai-org/GLM-4.7/resolve/main/tokenizer.json: Dns Failed: resolve dns name 'huggingface.co:443': failed to lookup address information: Temporary failure in name resolution
[INFO] [stdout] deepseek-ai/DeepSeek-V3.2: load error: failed to download tokenizer files: request error: https://huggingface.co/deepseek-ai/DeepSeek-V3.2/resolve/main/tokenizer.json: Dns Failed: resolve dns name 'huggingface.co:443': failed to lookup address information: Temporary failure in name resolution
[INFO] [stdout] MiniMaxAI/MiniMax-M2.1: load error: failed to download tokenizer files: request error: https://huggingface.co/MiniMaxAI/MiniMax-M2.1/resolve/main/tokenizer.json: Dns Failed: resolve dns name 'huggingface.co:443': failed to lookup address information: Temporary failure in name resolution
[INFO] [stdout] openai/gpt-oss-120b: load error: failed to download tokenizer files: request error: https://huggingface.co/openai/gpt-oss-120b/resolve/main/tokenizer.json: Dns Failed: resolve dns name 'huggingface.co:443': failed to lookup address information: Temporary failure in name resolution
[INFO] [stdout] mistralai/Mistral-Nemo-Instruct-2407: load error: failed to download tokenizer files: request error: https://huggingface.co/mistralai/Mistral-Nemo-Instruct-2407/resolve/main/tokenizer.json: Dns Failed: resolve dns name 'huggingface.co:443': failed to lookup address information: Temporary failure in name resolution
[INFO] [stdout] Qwen/Qwen3-235B-A22B-Instruct-2507: load error: failed to download tokenizer files: request error: https://huggingface.co/Qwen/Qwen3-235B-A22B-Instruct-2507/resolve/main/tokenizer.json: Dns Failed: resolve dns name 'huggingface.co:443': failed to lookup address information: Temporary failure in name resolution
[INFO] [stdout] Qwen/Qwen3-Coder-480B-A35B-Instruct: load error: failed to download tokenizer files: request error: https://huggingface.co/Qwen/Qwen3-Coder-480B-A35B-Instruct/resolve/main/tokenizer.json: Dns Failed: resolve dns name 'huggingface.co:443': failed to lookup address information: Temporary failure in name resolution
[INFO] [stdout] nvidia/NVIDIA-Nemotron-3-Nano-30B-A3B-BF16: load error: failed to download tokenizer files: request error: https://huggingface.co/nvidia/NVIDIA-Nemotron-3-Nano-30B-A3B-BF16/resolve/main/tokenizer.json: Dns Failed: resolve dns name 'huggingface.co:443': failed to lookup address information: Temporary failure in name resolution
[INFO] [stdout] nvidia/Qwen3-Nemotron-235B-A22B-GenRM: load error: failed to download tokenizer files: request error: https://huggingface.co/nvidia/Qwen3-Nemotron-235B-A22B-GenRM/resolve/main/tokenizer.json: Dns Failed: resolve dns name 'huggingface.co:443': failed to lookup address information: Temporary failure in name resolution
[INFO] [stdout] hoangquan456/Kimi-K2.5: load error: failed to download tokenizer files: request error: https://huggingface.co/hoangquan456/Kimi-K2.5/resolve/main/tokenizer.json: Dns Failed: resolve dns name 'huggingface.co:443': failed to lookup address information: Temporary failure in name resolution
[INFO] [stdout] stack backtrace:
[INFO] [stdout]    0:     0x61590ce85bd1 - <<std[617be2ca0a6fd877]::sys::backtrace::BacktraceLock>::print::DisplayBacktrace as core[a373ad73a504971]::fmt::Display>::fmt
[INFO] [stdout]    1:     0x61590ce9f9ba - core[a373ad73a504971]::fmt::write
[INFO] [stdout]    2:     0x61590ce8ab2c - <alloc[2e1b2a31b91974c5]::vec::Vec<u8> as core[a373ad73a504971]::io::write::Write>::write_fmt
[INFO] [stdout]    3:     0x61590ce5d1a6 - std[617be2ca0a6fd877]::panicking::default_hook::{closure#0}
[INFO] [stdout]    4:     0x61590ce7b889 - std[617be2ca0a6fd877]::panicking::default_hook
[INFO] [stdout]    5:     0x61590c9927c0 - test[aada8e7e76ba119b]::test_main_inner::{closure#0}
[INFO] [stdout]    6:     0x61590ce7bbb2 - std[617be2ca0a6fd877]::panicking::panic_with_hook
[INFO] [stdout]    7:     0x61590ce5d252 - std[617be2ca0a6fd877]::panicking::panic_handler::{closure#0}
[INFO] [stdout]    8:     0x61590ce55b19 - std[617be2ca0a6fd877]::sys::backtrace::__rust_end_short_backtrace::<std[617be2ca0a6fd877]::panicking::panic_handler::{closure#0}, !>
[INFO] [stdout]    9:     0x61590ce5e22d - __rustc[ea4f61d10b84890b]::rust_begin_unwind
[INFO] [stdout]   10:     0x61590cea019c - core[a373ad73a504971]::panicking::panic_fmt
[INFO] [stdout]   11:     0x61590c833e44 - <fastokens[e8dd87f7b88be13]::tests::encode_decode_roundtrip_all_models::{closure#0} as core[a373ad73a504971]::ops::function::FnOnce<()>>::call_once
[INFO] [stdout]   12:     0x61590c985c0b - test[aada8e7e76ba119b]::__rust_begin_short_backtrace::<core[a373ad73a504971]::result::Result<(), alloc[2e1b2a31b91974c5]::string::String>, fn() -> core[a373ad73a504971]::result::Result<(), alloc[2e1b2a31b91974c5]::string::String>>
[INFO] [stdout]   13:     0x61590c992de5 - test[aada8e7e76ba119b]::run_test::{closure#0}
[INFO] [stdout]   14:     0x61590c98c6d4 - std[617be2ca0a6fd877]::sys::backtrace::__rust_begin_short_backtrace::<test[aada8e7e76ba119b]::run_test::{closure#1}, ()>
[INFO] [stdout]   15:     0x61590c995e72 - <std[617be2ca0a6fd877]::thread::lifecycle::spawn_unchecked<test[aada8e7e76ba119b]::run_test::{closure#1}, ()>::{closure#1} as core[a373ad73a504971]::ops::function::FnOnce<()>>::call_once::{shim:vtable#0}
[INFO] [stdout]   16:     0x61590ce845bf - <std[617be2ca0a6fd877]::sys::thread::unix::Thread>::new::thread_start
[INFO] [stdout]   17:     0x79d0429e5dfa - <unknown>
[INFO] [stdout]   18:     0x79d042a793d4 - clone
[INFO] [stdout]   19:                0x0 - <unknown>
[INFO] [stdout] 
[INFO] [stdout] ---- tests::encode_batch_matches_sequential stdout ----
[INFO] [stdout] 
[INFO] [stdout] thread 'tests::encode_batch_matches_sequential' (4085) panicked at src/lib.rs:1483:49:
[INFO] [stdout] called `Result::unwrap()` on an `Err` value: Hub(RequestError(Transport(Transport { kind: Dns, message: Some("resolve dns name 'huggingface.co:443'"), url: Some(Url { scheme: "https", cannot_be_a_base: false, username: "", password: None, host: Some(Domain("huggingface.co")), port: None, path: "/MiniMaxAI/MiniMax-M2.1/resolve/main/tokenizer.json", query: None, fragment: None }), source: Some(Custom { kind: Uncategorized, error: "failed to lookup address information: Temporary failure in name resolution" }) })))
[INFO] [stdout] stack backtrace:
[INFO] [stdout]    0:     0x61590ce85bd1 - <<std[617be2ca0a6fd877]::sys::backtrace::BacktraceLock>::print::DisplayBacktrace as core[a373ad73a504971]::fmt::Display>::fmt
[INFO] [stdout]    1:     0x61590ce9f9ba - core[a373ad73a504971]::fmt::write
[INFO] [stdout]    2:     0x61590ce8ab2c - <alloc[2e1b2a31b91974c5]::vec::Vec<u8> as core[a373ad73a504971]::io::write::Write>::write_fmt
[INFO] [stdout]    3:     0x61590ce5d1a6 - std[617be2ca0a6fd877]::panicking::default_hook::{closure#0}
[INFO] [stdout]    4:     0x61590ce7b889 - std[617be2ca0a6fd877]::panicking::default_hook
[INFO] [stdout]    5:     0x61590c9927c0 - test[aada8e7e76ba119b]::test_main_inner::{closure#0}
[INFO] [stdout]    6:     0x61590ce7bbb2 - std[617be2ca0a6fd877]::panicking::panic_with_hook
[INFO] [stdout]    7:     0x61590ce5d252 - std[617be2ca0a6fd877]::panicking::panic_handler::{closure#0}
[INFO] [stdout]    8:     0x61590ce55b19 - std[617be2ca0a6fd877]::sys::backtrace::__rust_end_short_backtrace::<std[617be2ca0a6fd877]::panicking::panic_handler::{closure#0}, !>
[INFO] [stdout]    9:     0x61590ce5e22d - __rustc[ea4f61d10b84890b]::rust_begin_unwind
[INFO] [stdout]   10:     0x61590cea019c - core[a373ad73a504971]::panicking::panic_fmt
[INFO] [stdout]   11:     0x61590ce9ff72 - core[a373ad73a504971]::result::unwrap_failed
[INFO] [stdout]   12:     0x61590c83180e - <fastokens[e8dd87f7b88be13]::tests::encode_batch_matches_sequential::{closure#0} as core[a373ad73a504971]::ops::function::FnOnce<()>>::call_once
[INFO] [stdout]   13:     0x61590c985c0b - test[aada8e7e76ba119b]::__rust_begin_short_backtrace::<core[a373ad73a504971]::result::Result<(), alloc[2e1b2a31b91974c5]::string::String>, fn() -> core[a373ad73a504971]::result::Result<(), alloc[2e1b2a31b91974c5]::string::String>>
[INFO] [stdout]   14:     0x61590c992de5 - test[aada8e7e76ba119b]::run_test::{closure#0}
[INFO] [stdout]   15:     0x61590c98c6d4 - std[617be2ca0a6fd877]::sys::backtrace::__rust_begin_short_backtrace::<test[aada8e7e76ba119b]::run_test::{closure#1}, ()>
[INFO] [stdout]   16:     0x61590c995e72 - <std[617be2ca0a6fd877]::thread::lifecycle::spawn_unchecked<test[aada8e7e76ba119b]::run_test::{closure#1}, ()>::{closure#1} as core[a373ad73a504971]::ops::function::FnOnce<()>>::call_once::{shim:vtable#0}
[INFO] [stdout]   17:     0x61590ce845bf - <std[617be2ca0a6fd877]::sys::thread::unix::Thread>::new::thread_start
[INFO] [stdout]   18:     0x79d0429e5dfa - <unknown>
[INFO] [stdout]   19:     0x79d042a793d4 - clone
[INFO] [stdout]   20:                0x0 - <unknown>
[INFO] [stdout] 
[INFO] [stdout] ---- tests::ignore_merges_glm47 stdout ----
[INFO] [stdout] 
[INFO] [stdout] thread 'tests::ignore_merges_glm47' (4095) panicked at src/lib.rs:1825:70:
[INFO] [stdout] called `Result::unwrap()` on an `Err` value: RequestError(Transport(Transport { kind: Dns, message: Some("resolve dns name 'huggingface.co:443'"), url: Some(Url { scheme: "https", cannot_be_a_base: false, username: "", password: None, host: Some(Domain("huggingface.co")), port: None, path: "/zai-org/GLM-4.7/resolve/main/tokenizer.json", query: None, fragment: None }), source: Some(Custom { kind: Uncategorized, error: "failed to lookup address information: Temporary failure in name resolution" }) }))
[INFO] [stdout] stack backtrace:
[INFO] [stdout]    0:     0x61590ce85bd1 - <<std[617be2ca0a6fd877]::sys::backtrace::BacktraceLock>::print::DisplayBacktrace as core[a373ad73a504971]::fmt::Display>::fmt
[INFO] [stdout]    1:     0x61590ce9f9ba - core[a373ad73a504971]::fmt::write
[INFO] [stdout]    2:     0x61590ce8ab2c - <alloc[2e1b2a31b91974c5]::vec::Vec<u8> as core[a373ad73a504971]::io::write::Write>::write_fmt
[INFO] [stdout]    3:     0x61590ce5d1a6 - std[617be2ca0a6fd877]::panicking::default_hook::{closure#0}
[INFO] [stdout]    4:     0x61590ce7b889 - std[617be2ca0a6fd877]::panicking::default_hook
[INFO] [stdout]    5:     0x61590c9927c0 - test[aada8e7e76ba119b]::test_main_inner::{closure#0}
[INFO] [stdout]    6:     0x61590ce7bbb2 - std[617be2ca0a6fd877]::panicking::panic_with_hook
[INFO] [stdout]    7:     0x61590ce5d252 - std[617be2ca0a6fd877]::panicking::panic_handler::{closure#0}
[INFO] [stdout]    8:     0x61590ce55b19 - std[617be2ca0a6fd877]::sys::backtrace::__rust_end_short_backtrace::<std[617be2ca0a6fd877]::panicking::panic_handler::{closure#0}, !>
[INFO] [stdout]    9:     0x61590ce5e22d - __rustc[ea4f61d10b84890b]::rust_begin_unwind
[INFO] [stdout]   10:     0x61590cea019c - core[a373ad73a504971]::panicking::panic_fmt
[INFO] [stdout]   11:     0x61590ce9ff72 - core[a373ad73a504971]::result::unwrap_failed
[INFO] [stdout]   12:     0x61590c82d7b8 - <fastokens[e8dd87f7b88be13]::tests::ignore_merges_glm47::{closure#0} as core[a373ad73a504971]::ops::function::FnOnce<()>>::call_once
[INFO] [stdout]   13:     0x61590c985c0b - test[aada8e7e76ba119b]::__rust_begin_short_backtrace::<core[a373ad73a504971]::result::Result<(), alloc[2e1b2a31b91974c5]::string::String>, fn() -> core[a373ad73a504971]::result::Result<(), alloc[2e1b2a31b91974c5]::string::String>>
[INFO] [stdout]   14:     0x61590c992de5 - test[aada8e7e76ba119b]::run_test::{closure#0}
[INFO] [stdout]   15:     0x61590c98c6d4 - std[617be2ca0a6fd877]::sys::backtrace::__rust_begin_short_backtrace::<test[aada8e7e76ba119b]::run_test::{closure#1}, ()>
[INFO] [stdout]   16:     0x61590c995e72 - <std[617be2ca0a6fd877]::thread::lifecycle::spawn_unchecked<test[aada8e7e76ba119b]::run_test::{closure#1}, ()>::{closure#1} as core[a373ad73a504971]::ops::function::FnOnce<()>>::call_once::{shim:vtable#0}
[INFO] [stdout]   17:     0x61590ce845bf - <std[617be2ca0a6fd877]::sys::thread::unix::Thread>::new::thread_start
[INFO] [stdout]   18:     0x79d0429e5dfa - <unknown>
[INFO] [stdout]   19:     0x79d042a793d4 - clone
[INFO] [stdout]   20:                0x0 - <unknown>
[INFO] [stdout] 
[INFO] [stdout] ---- tests::split_special_tokens_kimi_k2_5_matches_hf_tokenizers stdout ----
[INFO] [stdout] 
[INFO] [stdout] thread 'tests::split_special_tokens_kimi_k2_5_matches_hf_tokenizers' (4102) panicked at src/lib.rs:1894:33:
[INFO] [stdout] hoangquan456/Kimi-K2.5: HF load failed: request error: https://huggingface.co/hoangquan456/Kimi-K2.5/resolve/main/tokenizer.json: Dns Failed: resolve dns name 'huggingface.co:443': failed to lookup address information: Temporary failure in name resolution
[INFO] [stdout] stack backtrace:
[INFO] [stdout]    0:     0x61590ce85bd1 - <<std[617be2ca0a6fd877]::sys::backtrace::BacktraceLock>::print::DisplayBacktrace as core[a373ad73a504971]::fmt::Display>::fmt
[INFO] [stdout]    1:     0x61590ce9f9ba - core[a373ad73a504971]::fmt::write
[INFO] [stdout]    2:     0x61590ce8ab2c - <alloc[2e1b2a31b91974c5]::vec::Vec<u8> as core[a373ad73a504971]::io::write::Write>::write_fmt
[INFO] [stdout]    3:     0x61590ce5d1a6 - std[617be2ca0a6fd877]::panicking::default_hook::{closure#0}
[INFO] [stdout]    4:     0x61590ce7b889 - std[617be2ca0a6fd877]::panicking::default_hook
[INFO] [stdout]    5:     0x61590c9927c0 - test[aada8e7e76ba119b]::test_main_inner::{closure#0}
[INFO] [stdout]    6:     0x61590ce7bbb2 - std[617be2ca0a6fd877]::panicking::panic_with_hook
[INFO] [stdout]    7:     0x61590ce5d252 - std[617be2ca0a6fd877]::panicking::panic_handler::{closure#0}
[INFO] [stdout]    8:     0x61590ce55b19 - std[617be2ca0a6fd877]::sys::backtrace::__rust_end_short_backtrace::<std[617be2ca0a6fd877]::panicking::panic_handler::{closure#0}, !>
[INFO] [stdout]    9:     0x61590ce5e22d - __rustc[ea4f61d10b84890b]::rust_begin_unwind
[INFO] [stdout]   10:     0x61590cea019c - core[a373ad73a504971]::panicking::panic_fmt
[INFO] [stdout]   11:     0x61590c825740 - fastokens[e8dd87f7b88be13]::tests::split_special_tokens_kimi_k2_5_matches_hf_tokenizers::{closure#0}
[INFO] [stdout]   12:     0x61590c8371f3 - <fastokens[e8dd87f7b88be13]::tests::split_special_tokens_kimi_k2_5_matches_hf_tokenizers::{closure#0} as core[a373ad73a504971]::ops::function::FnOnce<()>>::call_once
[INFO] [stdout]   13:     0x61590c985c0b - test[aada8e7e76ba119b]::__rust_begin_short_backtrace::<core[a373ad73a504971]::result::Result<(), alloc[2e1b2a31b91974c5]::string::String>, fn() -> core[a373ad73a504971]::result::Result<(), alloc[2e1b2a31b91974c5]::string::String>>
[INFO] [stdout]   14:     0x61590c992de5 - test[aada8e7e76ba119b]::run_test::{closure#0}
[INFO] [stdout]   15:     0x61590c98c6d4 - std[617be2ca0a6fd877]::sys::backtrace::__rust_begin_short_backtrace::<test[aada8e7e76ba119b]::run_test::{closure#1}, ()>
[INFO] [stdout]   16:     0x61590c995e72 - <std[617be2ca0a6fd877]::thread::lifecycle::spawn_unchecked<test[aada8e7e76ba119b]::run_test::{closure#1}, ()>::{closure#1} as core[a373ad73a504971]::ops::function::FnOnce<()>>::call_once::{shim:vtable#0}
[INFO] [stdout]   17:     0x61590ce845bf - <std[617be2ca0a6fd877]::sys::thread::unix::Thread>::new::thread_start
[INFO] [stdout]   18:     0x79d0429e5dfa - <unknown>
[INFO] [stdout]   19:     0x79d042a793d4 - clone
[INFO] [stdout]   20:                0x0 - <unknown>
[INFO] [stdout] 
[INFO] [stdout] ---- tests::long_input_correctness stdout ----
[INFO] [stdout] 
[INFO] [stdout] thread 'tests::long_input_correctness' (4096) panicked at src/lib.rs:2418:75:
[INFO] [stdout] called `Result::unwrap()` on an `Err` value: RequestError(Transport(Transport { kind: Dns, message: Some("resolve dns name 'huggingface.co:443'"), url: Some(Url { scheme: "https", cannot_be_a_base: false, username: "", password: None, host: Some(Domain("huggingface.co")), port: None, path: "/nvidia/NVIDIA-Nemotron-3-Nano-30B-A3B-BF16/resolve/main/tokenizer.json", query: None, fragment: None }), source: Some(Custom { kind: Uncategorized, error: "failed to lookup address information: Temporary failure in name resolution" }) }))
[INFO] [stdout] stack backtrace:
[INFO] [stdout]    0:     0x61590ce85bd1 - <<std[617be2ca0a6fd877]::sys::backtrace::BacktraceLock>::print::DisplayBacktrace as core[a373ad73a504971]::fmt::Display>::fmt
[INFO] [stdout]    1:     0x61590ce9f9ba - core[a373ad73a504971]::fmt::write
[INFO] [stdout]    2:     0x61590ce8ab2c - <alloc[2e1b2a31b91974c5]::vec::Vec<u8> as core[a373ad73a504971]::io::write::Write>::write_fmt
[INFO] [stdout]    3:     0x61590ce5d1a6 - std[617be2ca0a6fd877]::panicking::default_hook::{closure#0}
[INFO] [stdout]    4:     0x61590ce7b889 - std[617be2ca0a6fd877]::panicking::default_hook
[INFO] [stdout]    5:     0x61590c9927c0 - test[aada8e7e76ba119b]::test_main_inner::{closure#0}
[INFO] [stdout]    6:     0x61590ce7bbb2 - std[617be2ca0a6fd877]::panicking::panic_with_hook
[INFO] [stdout]    7:     0x61590ce5d252 - std[617be2ca0a6fd877]::panicking::panic_handler::{closure#0}
[INFO] [stdout]    8:     0x61590ce55b19 - std[617be2ca0a6fd877]::sys::backtrace::__rust_end_short_backtrace::<std[617be2ca0a6fd877]::panicking::panic_handler::{closure#0}, !>
[INFO] [stdout]    9:     0x61590ce5e22d - __rustc[ea4f61d10b84890b]::rust_begin_unwind
[INFO] [stdout]   10:     0x61590cea019c - core[a373ad73a504971]::panicking::panic_fmt
[INFO] [stdout]   11:     0x61590ce9ff72 - core[a373ad73a504971]::result::unwrap_failed
[INFO] [stdout]   12:     0x61590c82e64d - <fastokens[e8dd87f7b88be13]::tests::long_input_correctness::{closure#0} as core[a373ad73a504971]::ops::function::FnOnce<()>>::call_once
[INFO] [stdout]   13:     0x61590c985c0b - test[aada8e7e76ba119b]::__rust_begin_short_backtrace::<core[a373ad73a504971]::result::Result<(), alloc[2e1b2a31b91974c5]::string::String>, fn() -> core[a373ad73a504971]::result::Result<(), alloc[2e1b2a31b91974c5]::string::String>>
[INFO] [stdout]   14:     0x61590c992de5 - test[aada8e7e76ba119b]::run_test::{closure#0}
[INFO] [stdout]   15:     0x61590c98c6d4 - std[617be2ca0a6fd877]::sys::backtrace::__rust_begin_short_backtrace::<test[aada8e7e76ba119b]::run_test::{closure#1}, ()>
[INFO] [stdout]   16:     0x61590c995e72 - <std[617be2ca0a6fd877]::thread::lifecycle::spawn_unchecked<test[aada8e7e76ba119b]::run_test::{closure#1}, ()>::{closure#1} as core[a373ad73a504971]::ops::function::FnOnce<()>>::call_once::{shim:vtable#0}
[INFO] [stdout]   17:     0x61590ce845bf - <std[617be2ca0a6fd877]::sys::thread::unix::Thread>::new::thread_start
[INFO] [stdout]   18:     0x79d0429e5dfa - <unknown>
[INFO] [stdout]   19:     0x79d042a793d4 - clone
[INFO] [stdout]   20:                0x0 - <unknown>
[INFO] [stdout] 
[INFO] [stdout] ---- tests::post_process_false_is_identity_all_models stdout ----
[INFO] [stdout] 
[INFO] [stdout] thread 'tests::post_process_false_is_identity_all_models' (4099) panicked at src/lib.rs:2884:52:
[INFO] [stdout] called `Result::unwrap()` on an `Err` value: Hub(RequestError(Transport(Transport { kind: Dns, message: Some("resolve dns name 'huggingface.co:443'"), url: Some(Url { scheme: "https", cannot_be_a_base: false, username: "", password: None, host: Some(Domain("huggingface.co")), port: None, path: "/Qwen/Qwen3-0.6B/resolve/main/tokenizer.json", query: None, fragment: None }), source: Some(Custom { kind: Uncategorized, error: "failed to lookup address information: Temporary failure in name resolution" }) })))
[INFO] [stdout] stack backtrace:
[INFO] [stdout]    0:     0x61590ce85bd1 - <<std[617be2ca0a6fd877]::sys::backtrace::BacktraceLock>::print::DisplayBacktrace as core[a373ad73a504971]::fmt::Display>::fmt
[INFO] [stdout]    1:     0x61590ce9f9ba - core[a373ad73a504971]::fmt::write
[INFO] [stdout]    2:     0x61590ce8ab2c - <alloc[2e1b2a31b91974c5]::vec::Vec<u8> as core[a373ad73a504971]::io::write::Write>::write_fmt
[INFO] [stdout]    3:     0x61590ce5d1a6 - std[617be2ca0a6fd877]::panicking::default_hook::{closure#0}
[INFO] [stdout]    4:     0x61590ce7b889 - std[617be2ca0a6fd877]::panicking::default_hook
[INFO] [stdout]    5:     0x61590c9927c0 - test[aada8e7e76ba119b]::test_main_inner::{closure#0}
[INFO] [stdout]    6:     0x61590ce7bbb2 - std[617be2ca0a6fd877]::panicking::panic_with_hook
[INFO] [stdout]    7:     0x61590ce5d252 - std[617be2ca0a6fd877]::panicking::panic_handler::{closure#0}
[INFO] [stdout]    8:     0x61590ce55b19 - std[617be2ca0a6fd877]::sys::backtrace::__rust_end_short_backtrace::<std[617be2ca0a6fd877]::panicking::panic_handler::{closure#0}, !>
[INFO] [stdout]    9:     0x61590ce5e22d - __rustc[ea4f61d10b84890b]::rust_begin_unwind
[INFO] [stdout]   10:     0x61590cea019c - core[a373ad73a504971]::panicking::panic_fmt
[INFO] [stdout]   11:     0x61590ce9ff72 - core[a373ad73a504971]::result::unwrap_failed
[INFO] [stdout]   12:     0x61590c8347e8 - <fastokens[e8dd87f7b88be13]::tests::post_process_false_is_identity_all_models::{closure#0} as core[a373ad73a504971]::ops::function::FnOnce<()>>::call_once
[INFO] [stdout]   13:     0x61590c985c0b - test[aada8e7e76ba119b]::__rust_begin_short_backtrace::<core[a373ad73a504971]::result::Result<(), alloc[2e1b2a31b91974c5]::string::String>, fn() -> core[a373ad73a504971]::result::Result<(), alloc[2e1b2a31b91974c5]::string::String>>
[INFO] [stdout]   14:     0x61590c992de5 - test[aada8e7e76ba119b]::run_test::{closure#0}
[INFO] [stdout]   15:     0x61590c98c6d4 - std[617be2ca0a6fd877]::sys::backtrace::__rust_begin_short_backtrace::<test[aada8e7e76ba119b]::run_test::{closure#1}, ()>
[INFO] [stdout]   16:     0x61590c995e72 - <std[617be2ca0a6fd877]::thread::lifecycle::spawn_unchecked<test[aada8e7e76ba119b]::run_test::{closure#1}, ()>::{closure#1} as core[a373ad73a504971]::ops::function::FnOnce<()>>::call_once::{shim:vtable#0}
[INFO] [stdout]   17:     0x61590ce845bf - <std[617be2ca0a6fd877]::sys::thread::unix::Thread>::new::thread_start
[INFO] [stdout]   18:     0x79d0429e5dfa - <unknown>
[INFO] [stdout]   19:     0x79d042a793d4 - clone
[INFO] [stdout]   20:                0x0 - <unknown>
[INFO] [stdout] 
[INFO] [stdout] ---- tests::post_process_true_adds_special_tokens stdout ----
[INFO] [stdout] 
[INFO] [stdout] thread 'tests::post_process_true_adds_special_tokens' (4100) panicked at src/lib.rs:2898:81:
[INFO] [stdout] called `Result::unwrap()` on an `Err` value: Hub(RequestError(Transport(Transport { kind: Dns, message: Some("resolve dns name 'huggingface.co:443'"), url: Some(Url { scheme: "https", cannot_be_a_base: false, username: "", password: None, host: Some(Domain("huggingface.co")), port: None, path: "/mistralai/Mistral-Nemo-Instruct-2407/resolve/main/tokenizer.json", query: None, fragment: None }), source: Some(Custom { kind: Uncategorized, error: "failed to lookup address information: Temporary failure in name resolution" }) })))
[INFO] [stdout] stack backtrace:
[INFO] [stdout]    0:     0x61590ce85bd1 - <<std[617be2ca0a6fd877]::sys::backtrace::BacktraceLock>::print::DisplayBacktrace as core[a373ad73a504971]::fmt::Display>::fmt
[INFO] [stdout]    1:     0x61590ce9f9ba - core[a373ad73a504971]::fmt::write
[INFO] [stdout]    2:     0x61590ce8ab2c - <alloc[2e1b2a31b91974c5]::vec::Vec<u8> as core[a373ad73a504971]::io::write::Write>::write_fmt
[INFO] [stdout]    3:     0x61590ce5d1a6 - std[617be2ca0a6fd877]::panicking::default_hook::{closure#0}
[INFO] [stdout]    4:     0x61590ce7b889 - std[617be2ca0a6fd877]::panicking::default_hook
[INFO] [stdout]    5:     0x61590c9927c0 - test[aada8e7e76ba119b]::test_main_inner::{closure#0}
[INFO] [stdout]    6:     0x61590ce7bbb2 - std[617be2ca0a6fd877]::panicking::panic_with_hook
[INFO] [stdout]    7:     0x61590ce5d252 - std[617be2ca0a6fd877]::panicking::panic_handler::{closure#0}
[INFO] [stdout]    8:     0x61590ce55b19 - std[617be2ca0a6fd877]::sys::backtrace::__rust_end_short_backtrace::<std[617be2ca0a6fd877]::panicking::panic_handler::{closure#0}, !>
[INFO] [stdout]    9:     0x61590ce5e22d - __rustc[ea4f61d10b84890b]::rust_begin_unwind
[INFO] [stdout]   10:     0x61590cea019c - core[a373ad73a504971]::panicking::panic_fmt
[INFO] [stdout]   11:     0x61590ce9ff72 - core[a373ad73a504971]::result::unwrap_failed
[INFO] [stdout]   12:     0x61590c834247 - <fastokens[e8dd87f7b88be13]::tests::post_process_true_adds_special_tokens::{closure#0} as core[a373ad73a504971]::ops::function::FnOnce<()>>::call_once
[INFO] [stdout]   13:     0x61590c985c0b - test[aada8e7e76ba119b]::__rust_begin_short_backtrace::<core[a373ad73a504971]::result::Result<(), alloc[2e1b2a31b91974c5]::string::String>, fn() -> core[a373ad73a504971]::result::Result<(), alloc[2e1b2a31b91974c5]::string::String>>
[INFO] [stdout]   14:     0x61590c992de5 - test[aada8e7e76ba119b]::run_test::{closure#0}
[INFO] [stdout]   15:     0x61590c98c6d4 - std[617be2ca0a6fd877]::sys::backtrace::__rust_begin_short_backtrace::<test[aada8e7e76ba119b]::run_test::{closure#1}, ()>
[INFO] [stdout]   16:     0x61590c995e72 - <std[617be2ca0a6fd877]::thread::lifecycle::spawn_unchecked<test[aada8e7e76ba119b]::run_test::{closure#1}, ()>::{closure#1} as core[a373ad73a504971]::ops::function::FnOnce<()>>::call_once::{shim:vtable#0}
[INFO] [stdout]   17:     0x61590ce845bf - <std[617be2ca0a6fd877]::sys::thread::unix::Thread>::new::thread_start
[INFO] [stdout]   18:     0x79d0429e5dfa - <unknown>
[INFO] [stdout]   19:     0x79d042a793d4 - clone
[INFO] [stdout]   20:                0x0 - <unknown>
[INFO] [stdout] 
[INFO] [stdout] ---- tests::long_input_correctness_minimax stdout ----
[INFO] [stdout] 
[INFO] [stdout] thread 'tests::long_input_correctness_minimax' (4097) panicked at src/lib.rs:2444:75:
[INFO] [stdout] called `Result::unwrap()` on an `Err` value: RequestError(Transport(Transport { kind: Dns, message: Some("resolve dns name 'huggingface.co:443'"), url: Some(Url { scheme: "https", cannot_be_a_base: false, username: "", password: None, host: Some(Domain("huggingface.co")), port: None, path: "/MiniMaxAI/MiniMax-M2.1/resolve/main/tokenizer.json", query: None, fragment: None }), source: Some(Custom { kind: Uncategorized, error: "failed to lookup address information: Temporary failure in name resolution" }) }))
[INFO] [stdout] stack backtrace:
[INFO] [stdout]    0:     0x61590ce85bd1 - <<std[617be2ca0a6fd877]::sys::backtrace::BacktraceLock>::print::DisplayBacktrace as core[a373ad73a504971]::fmt::Display>::fmt
[INFO] [stdout]    1:     0x61590ce9f9ba - core[a373ad73a504971]::fmt::write
[INFO] [stdout]    2:     0x61590ce8ab2c - <alloc[2e1b2a31b91974c5]::vec::Vec<u8> as core[a373ad73a504971]::io::write::Write>::write_fmt
[INFO] [stdout]    3:     0x61590ce5d1a6 - std[617be2ca0a6fd877]::panicking::default_hook::{closure#0}
[INFO] [stdout]    4:     0x61590ce7b889 - std[617be2ca0a6fd877]::panicking::default_hook
[INFO] [stdout]    5:     0x61590c9927c0 - test[aada8e7e76ba119b]::test_main_inner::{closure#0}
[INFO] [stdout]    6:     0x61590ce7bbb2 - std[617be2ca0a6fd877]::panicking::panic_with_hook
[INFO] [stdout]    7:     0x61590ce5d252 - std[617be2ca0a6fd877]::panicking::panic_handler::{closure#0}
[INFO] [stdout]    8:     0x61590ce55b19 - std[617be2ca0a6fd877]::sys::backtrace::__rust_end_short_backtrace::<std[617be2ca0a6fd877]::panicking::panic_handler::{closure#0}, !>
[INFO] [stdout]    9:     0x61590ce5e22d - __rustc[ea4f61d10b84890b]::rust_begin_unwind
[INFO] [stdout]   10:     0x61590cea019c - core[a373ad73a504971]::panicking::panic_fmt
[INFO] [stdout]   11:     0x61590ce9ff72 - core[a373ad73a504971]::result::unwrap_failed
[INFO] [stdout]   12:     0x61590c830afd - <fastokens[e8dd87f7b88be13]::tests::long_input_correctness_minimax::{closure#0} as core[a373ad73a504971]::ops::function::FnOnce<()>>::call_once
[INFO] [stdout]   13:     0x61590c985c0b - test[aada8e7e76ba119b]::__rust_begin_short_backtrace::<core[a373ad73a504971]::result::Result<(), alloc[2e1b2a31b91974c5]::string::String>, fn() -> core[a373ad73a504971]::result::Result<(), alloc[2e1b2a31b91974c5]::string::String>>
[INFO] [stdout]   14:     0x61590c992de5 - test[aada8e7e76ba119b]::run_test::{closure#0}
[INFO] [stdout]   15:     0x61590c98c6d4 - std[617be2ca0a6fd877]::sys::backtrace::__rust_begin_short_backtrace::<test[aada8e7e76ba119b]::run_test::{closure#1}, ()>
[INFO] [stdout]   16:     0x61590c995e72 - <std[617be2ca0a6fd877]::thread::lifecycle::spawn_unchecked<test[aada8e7e76ba119b]::run_test::{closure#1}, ()>::{closure#1} as core[a373ad73a504971]::ops::function::FnOnce<()>>::call_once::{shim:vtable#0}
[INFO] [stdout]   17:     0x61590ce845bf - <std[617be2ca0a6fd877]::sys::thread::unix::Thread>::new::thread_start
[INFO] [stdout]   18:     0x79d0429e5dfa - <unknown>
[INFO] [stdout]   19:     0x79d042a793d4 - clone
[INFO] [stdout]   20:                0x0 - <unknown>
[INFO] [stdout] 
[INFO] [stdout] ---- tests::public_added_token_accessors_expose_added_vocab stdout ----
[INFO] [stdout] 
[INFO] [stdout] thread 'tests::public_added_token_accessors_expose_added_vocab' (4101) panicked at src/lib.rs:1514:60:
[INFO] [stdout] called `Result::unwrap()` on an `Err` value: Hub(RequestError(Transport(Transport { kind: Dns, message: Some("resolve dns name 'huggingface.co:443'"), url: Some(Url { scheme: "https", cannot_be_a_base: false, username: "", password: None, host: Some(Domain("huggingface.co")), port: None, path: "/Qwen/Qwen3-0.6B/resolve/main/tokenizer.json", query: None, fragment: None }), source: Some(Custom { kind: Uncategorized, error: "failed to lookup address information: Temporary failure in name resolution" }) })))
[INFO] [stdout] stack backtrace:
[INFO] [stdout]    0:     0x61590ce85bd1 - <<std[617be2ca0a6fd877]::sys::backtrace::BacktraceLock>::print::DisplayBacktrace as core[a373ad73a504971]::fmt::Display>::fmt
[INFO] [stdout]    1:     0x61590ce9f9ba - core[a373ad73a504971]::fmt::write
[INFO] [stdout]    2:     0x61590ce8ab2c - <alloc[2e1b2a31b91974c5]::vec::Vec<u8> as core[a373ad73a504971]::io::write::Write>::write_fmt
[INFO] [stdout]    3:     0x61590ce5d1a6 - std[617be2ca0a6fd877]::panicking::default_hook::{closure#0}
[INFO] [stdout]    4:     0x61590ce7b889 - std[617be2ca0a6fd877]::panicking::default_hook
[INFO] [stdout]    5:     0x61590c9927c0 - test[aada8e7e76ba119b]::test_main_inner::{closure#0}
[INFO] [stdout]    6:     0x61590ce7bbb2 - std[617be2ca0a6fd877]::panicking::panic_with_hook
[INFO] [stdout]    7:     0x61590ce5d252 - std[617be2ca0a6fd877]::panicking::panic_handler::{closure#0}
[INFO] [stdout]    8:     0x61590ce55b19 - std[617be2ca0a6fd877]::sys::backtrace::__rust_end_short_backtrace::<std[617be2ca0a6fd877]::panicking::panic_handler::{closure#0}, !>
[INFO] [stdout]    9:     0x61590ce5e22d - __rustc[ea4f61d10b84890b]::rust_begin_unwind
[INFO] [stdout]   10:     0x61590cea019c - core[a373ad73a504971]::panicking::panic_fmt
[INFO] [stdout]   11:     0x61590ce9ff72 - core[a373ad73a504971]::result::unwrap_failed
[INFO] [stdout]   12:     0x61590c835cfd - <fastokens[e8dd87f7b88be13]::tests::public_added_token_accessors_expose_added_vocab::{closure#0} as core[a373ad73a504971]::ops::function::FnOnce<()>>::call_once
[INFO] [stdout]   13:     0x61590c985c0b - test[aada8e7e76ba119b]::__rust_begin_short_backtrace::<core[a373ad73a504971]::result::Result<(), alloc[2e1b2a31b91974c5]::string::String>, fn() -> core[a373ad73a504971]::result::Result<(), alloc[2e1b2a31b91974c5]::string::String>>
[INFO] [stdout]   14:     0x61590c992de5 - test[aada8e7e76ba119b]::run_test::{closure#0}
[INFO] [stdout]   15:     0x61590c98c6d4 - std[617be2ca0a6fd877]::sys::backtrace::__rust_begin_short_backtrace::<test[aada8e7e76ba119b]::run_test::{closure#1}, ()>
[INFO] [stdout]   16:     0x61590c995e72 - <std[617be2ca0a6fd877]::thread::lifecycle::spawn_unchecked<test[aada8e7e76ba119b]::run_test::{closure#1}, ()>::{closure#1} as core[a373ad73a504971]::ops::function::FnOnce<()>>::call_once::{shim:vtable#0}
[INFO] [stdout]   17:     0x61590ce845bf - <std[617be2ca0a6fd877]::sys::thread::unix::Thread>::new::thread_start
[INFO] [stdout]   18:     0x79d0429e5dfa - <unknown>
[INFO] [stdout]   19:     0x79d042a793d4 - clone
[INFO] [stdout]   20:                0x0 - <unknown>
[INFO] [stdout] 
[INFO] [stdout] ---- tests::parse_hf_json stdout ----
[INFO] [stdout] 
[INFO] [stdout] thread 'tests::parse_hf_json' (4098) panicked at src/lib.rs:1469:37:
[INFO] [stdout] Qwen/Qwen3-0.6B: request error: https://huggingface.co/Qwen/Qwen3-0.6B/resolve/main/tokenizer.json: Dns Failed: resolve dns name 'huggingface.co:443': failed to lookup address information: Temporary failure in name resolution
[INFO] [stdout] stack backtrace:
[INFO] [stdout]    0:     0x61590ce85bd1 - <<std[617be2ca0a6fd877]::sys::backtrace::BacktraceLock>::print::DisplayBacktrace as core[a373ad73a504971]::fmt::Display>::fmt
[INFO] [stdout]    1:     0x61590ce9f9ba - core[a373ad73a504971]::fmt::write
[INFO] [stdout]    2:     0x61590ce8ab2c - <alloc[2e1b2a31b91974c5]::vec::Vec<u8> as core[a373ad73a504971]::io::write::Write>::write_fmt
[INFO] [stdout]    3:     0x61590ce5d1a6 - std[617be2ca0a6fd877]::panicking::default_hook::{closure#0}
[INFO] [stdout]    4:     0x61590ce7b889 - std[617be2ca0a6fd877]::panicking::default_hook
[INFO] [stdout]    5:     0x61590c9927c0 - test[aada8e7e76ba119b]::test_main_inner::{closure#0}
[INFO] [stdout]    6:     0x61590ce7bbb2 - std[617be2ca0a6fd877]::panicking::panic_with_hook
[INFO] [stdout]    7:     0x61590ce5d252 - std[617be2ca0a6fd877]::panicking::panic_handler::{closure#0}
[INFO] [stdout]    8:     0x61590ce55b19 - std[617be2ca0a6fd877]::sys::backtrace::__rust_end_short_backtrace::<std[617be2ca0a6fd877]::panicking::panic_handler::{closure#0}, !>
[INFO] [stdout]    9:     0x61590ce5e22d - __rustc[ea4f61d10b84890b]::rust_begin_unwind
[INFO] [stdout]   10:     0x61590cea019c - core[a373ad73a504971]::panicking::panic_fmt
[INFO] [stdout]   11:     0x61590c825665 - fastokens[e8dd87f7b88be13]::tests::parse_hf_json::{closure#0}
[INFO] [stdout]   12:     0x61590c82c5f7 - <fastokens[e8dd87f7b88be13]::tests::parse_hf_json::{closure#0} as core[a373ad73a504971]::ops::function::FnOnce<()>>::call_once
[INFO] [stdout]   13:     0x61590c985c0b - test[aada8e7e76ba119b]::__rust_begin_short_backtrace::<core[a373ad73a504971]::result::Result<(), alloc[2e1b2a31b91974c5]::string::String>, fn() -> core[a373ad73a504971]::result::Result<(), alloc[2e1b2a31b91974c5]::string::String>>
[INFO] [stdout]   14:     0x61590c992de5 - test[aada8e7e76ba119b]::run_test::{closure#0}
[INFO] [stdout]   15:     0x61590c98c6d4 - std[617be2ca0a6fd877]::sys::backtrace::__rust_begin_short_backtrace::<test[aada8e7e76ba119b]::run_test::{closure#1}, ()>
[INFO] [stdout]   16:     0x61590c995e72 - <std[617be2ca0a6fd877]::thread::lifecycle::spawn_unchecked<test[aada8e7e76ba119b]::run_test::{closure#1}, ()>::{closure#1} as core[a373ad73a504971]::ops::function::FnOnce<()>>::call_once::{shim:vtable#0}
[INFO] [stdout]   17:     0x61590ce845bf - <std[617be2ca0a6fd877]::sys::thread::unix::Thread>::new::thread_start
[INFO] [stdout]   18:     0x79d0429e5dfa - <unknown>
[INFO] [stdout]   19:     0x79d042a793d4 - clone
[INFO] [stdout]   20:                0x0 - <unknown>
[INFO] [stdout] 
[INFO] [stdout] ---- tests::vocab_access stdout ----
[INFO] [stdout] 
[INFO] [stdout] thread 'tests::vocab_access' (4106) panicked at src/lib.rs:1501:49:
[INFO] [stdout] called `Result::unwrap()` on an `Err` value: Hub(RequestError(Transport(Transport { kind: Dns, message: Some("resolve dns name 'huggingface.co:443'"), url: Some(Url { scheme: "https", cannot_be_a_base: false, username: "", password: None, host: Some(Domain("huggingface.co")), port: None, path: "/MiniMaxAI/MiniMax-M2.1/resolve/main/tokenizer.json", query: None, fragment: None }), source: Some(Custom { kind: Uncategorized, error: "failed to lookup address information: Temporary failure in name resolution" }) })))
[INFO] [stdout] stack backtrace:
[INFO] [stdout]    0:     0x61590ce85bd1 - <<std[617be2ca0a6fd877]::sys::backtrace::BacktraceLock>::print::DisplayBacktrace as core[a373ad73a504971]::fmt::Display>::fmt
[INFO] [stdout]    1:     0x61590ce9f9ba - core[a373ad73a504971]::fmt::write
[INFO] [stdout]    2:     0x61590ce8ab2c - <alloc[2e1b2a31b91974c5]::vec::Vec<u8> as core[a373ad73a504971]::io::write::Write>::write_fmt
[INFO] [stdout]    3:     0x61590ce5d1a6 - std[617be2ca0a6fd877]::panicking::default_hook::{closure#0}
[INFO] [stdout]    4:     0x61590ce7b889 - std[617be2ca0a6fd877]::panicking::default_hook
[INFO] [stdout]    5:     0x61590c9927c0 - test[aada8e7e76ba119b]::test_main_inner::{closure#0}
[INFO] [stdout]    6:     0x61590ce7bbb2 - std[617be2ca0a6fd877]::panicking::panic_with_hook
[INFO] [stdout]    7:     0x61590ce5d252 - std[617be2ca0a6fd877]::panicking::panic_handler::{closure#0}
[INFO] [stdout]    8:     0x61590ce55b19 - std[617be2ca0a6fd877]::sys::backtrace::__rust_end_short_backtrace::<std[617be2ca0a6fd877]::panicking::panic_handler::{closure#0}, !>
[INFO] [stdout]    9:     0x61590ce5e22d - __rustc[ea4f61d10b84890b]::rust_begin_unwind
[INFO] [stdout]   10:     0x61590cea019c - core[a373ad73a504971]::panicking::panic_fmt
[INFO] [stdout]   11:     0x61590ce9ff72 - core[a373ad73a504971]::result::unwrap_failed
[INFO] [stdout]   12:     0x61590c82b827 - <fastokens[e8dd87f7b88be13]::tests::vocab_access::{closure#0} as core[a373ad73a504971]::ops::function::FnOnce<()>>::call_once
[INFO] [stdout]   13:     0x61590c985c0b - test[aada8e7e76ba119b]::__rust_begin_short_backtrace::<core[a373ad73a504971]::result::Result<(), alloc[2e1b2a31b91974c5]::string::String>, fn() -> core[a373ad73a504971]::result::Result<(), alloc[2e1b2a31b91974c5]::string::String>>
[INFO] [stdout]   14:     0x61590c992de5 - test[aada8e7e76ba119b]::run_test::{closure#0}
[INFO] [stdout]   15:     0x61590c98c6d4 - std[617be2ca0a6fd877]::sys::backtrace::__rust_begin_short_backtrace::<test[aada8e7e76ba119b]::run_test::{closure#1}, ()>
[INFO] [stdout]   16:     0x61590c995e72 - <std[617be2ca0a6fd877]::thread::lifecycle::spawn_unchecked<test[aada8e7e76ba119b]::run_test::{closure#1}, ()>::{closure#1} as core[a373ad73a504971]::ops::function::FnOnce<()>>::call_once::{shim:vtable#0}
[INFO] [stdout]   17:     0x61590ce845bf - <std[617be2ca0a6fd877]::sys::thread::unix::Thread>::new::thread_start
[INFO] [stdout]   18:     0x79d0429e5dfa - <unknown>
[INFO] [stdout]   19:     0x79d042a793d4 - clone
[INFO] [stdout]   20:                0x0 - <unknown>
[INFO] [stdout] 
[INFO] [stdout] ---- tests::token_to_id_searches_added_tokens stdout ----
[INFO] [stdout] 
[INFO] [stdout] thread 'tests::token_to_id_searches_added_tokens' (4105) panicked at src/lib.rs:2348:60:
[INFO] [stdout] called `Result::unwrap()` on an `Err` value: Hub(RequestError(Transport(Transport { kind: Dns, message: Some("resolve dns name 'huggingface.co:443'"), url: Some(Url { scheme: "https", cannot_be_a_base: false, username: "", password: None, host: Some(Domain("huggingface.co")), port: None, path: "/Qwen/Qwen3-0.6B/resolve/main/tokenizer.json", query: None, fragment: None }), source: Some(Custom { kind: Uncategorized, error: "failed to lookup address information: Temporary failure in name resolution" }) })))
[INFO] [stdout] stack backtrace:
[INFO] [stdout]    0:     0x61590ce85bd1 - <<std[617be2ca0a6fd877]::sys::backtrace::BacktraceLock>::print::DisplayBacktrace as core[a373ad73a504971]::fmt::Display>::fmt
[INFO] [stdout]    1:     0x61590ce9f9ba - core[a373ad73a504971]::fmt::write
[INFO] [stdout]    2:     0x61590ce8ab2c - <alloc[2e1b2a31b91974c5]::vec::Vec<u8> as core[a373ad73a504971]::io::write::Write>::write_fmt
[INFO] [stdout]    3:     0x61590ce5d1a6 - std[617be2ca0a6fd877]::panicking::default_hook::{closure#0}
[INFO] [stdout]    4:     0x61590ce7b889 - std[617be2ca0a6fd877]::panicking::default_hook
[INFO] [stdout]    5:     0x61590c9927c0 - test[aada8e7e76ba119b]::test_main_inner::{closure#0}
[INFO] [stdout]    6:     0x61590ce7bbb2 - std[617be2ca0a6fd877]::panicking::panic_with_hook
[INFO] [stdout]    7:     0x61590ce5d252 - std[617be2ca0a6fd877]::panicking::panic_handler::{closure#0}
[INFO] [stdout]    8:     0x61590ce55b19 - std[617be2ca0a6fd877]::sys::backtrace::__rust_end_short_backtrace::<std[617be2ca0a6fd877]::panicking::panic_handler::{closure#0}, !>
[INFO] [stdout]    9:     0x61590ce5e22d - __rustc[ea4f61d10b84890b]::rust_begin_unwind
[INFO] [stdout]   10:     0x61590cea019c - core[a373ad73a504971]::panicking::panic_fmt
[INFO] [stdout]   11:     0x61590ce9ff72 - core[a373ad73a504971]::result::unwrap_failed
[INFO] [stdout]   12:     0x61590c8328b1 - <fastokens[e8dd87f7b88be13]::tests::token_to_id_searches_added_tokens::{closure#0} as core[a373ad73a504971]::ops::function::FnOnce<()>>::call_once
[INFO] [stdout]   13:     0x61590c985c0b - test[aada8e7e76ba119b]::__rust_begin_short_backtrace::<core[a373ad73a504971]::result::Result<(), alloc[2e1b2a31b91974c5]::string::String>, fn() -> core[a373ad73a504971]::result::Result<(), alloc[2e1b2a31b91974c5]::string::String>>
[INFO] [stdout]   14:     0x61590c992de5 - test[aada8e7e76ba119b]::run_test::{closure#0}
[INFO] [stdout]   15:     0x61590c98c6d4 - std[617be2ca0a6fd877]::sys::backtrace::__rust_begin_short_backtrace::<test[aada8e7e76ba119b]::run_test::{closure#1}, ()>
[INFO] [stdout]   16:     0x61590c995e72 - <std[617be2ca0a6fd877]::thread::lifecycle::spawn_unchecked<test[aada8e7e76ba119b]::run_test::{closure#1}, ()>::{closure#1} as core[a373ad73a504971]::ops::function::FnOnce<()>>::call_once::{shim:vtable#0}
[INFO] [stdout]   17:     0x61590ce845bf - <std[617be2ca0a6fd877]::sys::thread::unix::Thread>::new::thread_start
[INFO] [stdout]   18:     0x79d0429e5dfa - <unknown>
[INFO] [stdout]   19:     0x79d042a793d4 - clone
[INFO] [stdout]   20:                0x0 - <unknown>
[INFO] [stdout] 
[INFO] [stdout] ---- tiktoken::tests::vendored_kimi_k3_native_matches_tokenizer_json stdout ----
[INFO] [stdout] 
[INFO] [stdout] thread 'tiktoken::tests::vendored_kimi_k3_native_matches_tokenizer_json' (4113) panicked at src/tiktoken.rs:249:90:
[INFO] [stdout] called `Result::unwrap()` on an `Err` value: Os { code: 2, kind: NotFound, message: "No such file or directory" }
[INFO] [stdout] stack backtrace:
[INFO] [stdout]    0:     0x61590ce85bd1 - <<std[617be2ca0a6fd877]::sys::backtrace::BacktraceLock>::print::DisplayBacktrace as core[a373ad73a504971]::fmt::Display>::fmt
[INFO] [stdout]    1:     0x61590ce9f9ba - core[a373ad73a504971]::fmt::write
[INFO] [stdout]    2:     0x61590ce8ab2c - <alloc[2e1b2a31b91974c5]::vec::Vec<u8> as core[a373ad73a504971]::io::write::Write>::write_fmt
[INFO] [stdout]    3:     0x61590ce5d1a6 - std[617be2ca0a6fd877]::panicking::default_hook::{closure#0}
[INFO] [stdout]    4:     0x61590ce7b889 - std[617be2ca0a6fd877]::panicking::default_hook
[INFO] [stdout]    5:     0x61590c9927c0 - test[aada8e7e76ba119b]::test_main_inner::{closure#0}
[INFO] [stdout]    6:     0x61590ce7bbb2 - std[617be2ca0a6fd877]::panicking::panic_with_hook
[INFO] [stdout]    7:     0x61590ce5d252 - std[617be2ca0a6fd877]::panicking::panic_handler::{closure#0}
[INFO] [stdout]    8:     0x61590ce55b19 - std[617be2ca0a6fd877]::sys::backtrace::__rust_end_short_backtrace::<std[617be2ca0a6fd877]::panicking::panic_handler::{closure#0}, !>
[INFO] [stdout]    9:     0x61590ce5e22d - __rustc[ea4f61d10b84890b]::rust_begin_unwind
[INFO] [stdout]   10:     0x61590cea019c - core[a373ad73a504971]::panicking::panic_fmt
[INFO] [stdout]   11:     0x61590ce9ff72 - core[a373ad73a504971]::result::unwrap_failed
[INFO] [stdout]   12:     0x61590c938e1c - <fastokens[e8dd87f7b88be13]::tiktoken::tests::vendored_kimi_k3_native_matches_tokenizer_json::{closure#0} as core[a373ad73a504971]::ops::function::FnOnce<()>>::call_once
[INFO] [stdout]   13:     0x61590c985c0b - test[aada8e7e76ba119b]::__rust_begin_short_backtrace::<core[a373ad73a504971]::result::Result<(), alloc[2e1b2a31b91974c5]::string::String>, fn() -> core[a373ad73a504971]::result::Result<(), alloc[2e1b2a31b91974c5]::string::String>>
[INFO] [stdout]   14:     0x61590c992de5 - test[aada8e7e76ba119b]::run_test::{closure#0}
[INFO] [stdout]   15:     0x61590c98c6d4 - std[617be2ca0a6fd877]::sys::backtrace::__rust_begin_short_backtrace::<test[aada8e7e76ba119b]::run_test::{closure#1}, ()>
[INFO] [stderr] error: test failed, to rerun pass `--lib`
[INFO] [stdout]   16:     0x61590c995e72 - <std[617be2ca0a6fd877]::thread::lifecycle::spawn_unchecked<test[aada8e7e76ba119b]::run_test::{closure#1}, ()>::{closure#1} as core[a373ad73a504971]::ops::function::FnOnce<()>>::call_once::{shim:vtable#0}
[INFO] [stdout]   17:     0x61590ce845bf - <std[617be2ca0a6fd877]::sys::thread::unix::Thread>::new::thread_start
[INFO] [stdout]   18:     0x79d0429e5dfa - <unknown>
[INFO] [stdout]   19:     0x79d042a793d4 - clone
[INFO] [stdout]   20:                0x0 - <unknown>
[INFO] [stdout] 
[INFO] [stdout] ---- tests::token_id_roundtrip_all_models stdout ----
[INFO] [stdout] 
[INFO] [stdout] thread 'tests::token_id_roundtrip_all_models' (4104) panicked at src/lib.rs:2966:9:
[INFO] [stdout] id↔token roundtrip failures:
[INFO] [stdout] Qwen/Qwen3-0.6B: load error: failed to download tokenizer files: request error: https://huggingface.co/Qwen/Qwen3-0.6B/resolve/main/tokenizer.json: Dns Failed: resolve dns name 'huggingface.co:443': failed to lookup address information: Temporary failure in name resolution
[INFO] [stdout] zai-org/GLM-4.7: load error: failed to download tokenizer files: request error: https://huggingface.co/zai-org/GLM-4.7/resolve/main/tokenizer.json: Dns Failed: resolve dns name 'huggingface.co:443': failed to lookup address information: Temporary failure in name resolution
[INFO] [stdout] deepseek-ai/DeepSeek-V3.2: load error: failed to download tokenizer files: request error: https://huggingface.co/deepseek-ai/DeepSeek-V3.2/resolve/main/tokenizer.json: Dns Failed: resolve dns name 'huggingface.co:443': failed to lookup address information: Temporary failure in name resolution
[INFO] [stdout] MiniMaxAI/MiniMax-M2.1: load error: failed to download tokenizer files: request error: https://huggingface.co/MiniMaxAI/MiniMax-M2.1/resolve/main/tokenizer.json: Dns Failed: resolve dns name 'huggingface.co:443': failed to lookup address information: Temporary failure in name resolution
[INFO] [stdout] openai/gpt-oss-120b: load error: failed to download tokenizer files: request error: https://huggingface.co/openai/gpt-oss-120b/resolve/main/tokenizer.json: Dns Failed: resolve dns name 'huggingface.co:443': failed to lookup address information: Temporary failure in name resolution
[INFO] [stdout] mistralai/Mistral-Nemo-Instruct-2407: load error: failed to download tokenizer files: request error: https://huggingface.co/mistralai/Mistral-Nemo-Instruct-2407/resolve/main/tokenizer.json: Dns Failed: resolve dns name 'huggingface.co:443': failed to lookup address information: Temporary failure in name resolution
[INFO] [stdout] Qwen/Qwen3-235B-A22B-Instruct-2507: load error: failed to download tokenizer files: request error: https://huggingface.co/Qwen/Qwen3-235B-A22B-Instruct-2507/resolve/main/tokenizer.json: Dns Failed: resolve dns name 'huggingface.co:443': failed to lookup address information: Temporary failure in name resolution
[INFO] [stdout] Qwen/Qwen3-Coder-480B-A35B-Instruct: load error: failed to download tokenizer files: request error: https://huggingface.co/Qwen/Qwen3-Coder-480B-A35B-Instruct/resolve/main/tokenizer.json: Dns Failed: resolve dns name 'huggingface.co:443': failed to lookup address information: Temporary failure in name resolution
[INFO] [stdout] nvidia/NVIDIA-Nemotron-3-Nano-30B-A3B-BF16: load error: failed to download tokenizer files: request error: https://huggingface.co/nvidia/NVIDIA-Nemotron-3-Nano-30B-A3B-BF16/resolve/main/tokenizer.json: Dns Failed: resolve dns name 'huggingface.co:443': failed to lookup address information: Temporary failure in name resolution
[INFO] [stdout] nvidia/Qwen3-Nemotron-235B-A22B-GenRM: load error: failed to download tokenizer files: request error: https://huggingface.co/nvidia/Qwen3-Nemotron-235B-A22B-GenRM/resolve/main/tokenizer.json: Dns Failed: resolve dns name 'huggingface.co:443': failed to lookup address information: Temporary failure in name resolution
[INFO] [stdout] hoangquan456/Kimi-K2.5: load error: failed to download tokenizer files: request error: https://huggingface.co/hoangquan456/Kimi-K2.5/resolve/main/tokenizer.json: Dns Failed: resolve dns name 'huggingface.co:443': failed to lookup address information: Temporary failure in name resolution
[INFO] [stdout] stack backtrace:
[INFO] [stdout]    0:     0x61590ce85bd1 - <<std[617be2ca0a6fd877]::sys::backtrace::BacktraceLock>::print::DisplayBacktrace as core[a373ad73a504971]::fmt::Display>::fmt
[INFO] [stdout]    1:     0x61590ce9f9ba - core[a373ad73a504971]::fmt::write
[INFO] [stdout]    2:     0x61590ce8ab2c - <alloc[2e1b2a31b91974c5]::vec::Vec<u8> as core[a373ad73a504971]::io::write::Write>::write_fmt
[INFO] [stdout]    3:     0x61590ce5d1a6 - std[617be2ca0a6fd877]::panicking::default_hook::{closure#0}
[INFO] [stdout]    4:     0x61590ce7b889 - std[617be2ca0a6fd877]::panicking::default_hook
[INFO] [stdout]    5:     0x61590c9927c0 - test[aada8e7e76ba119b]::test_main_inner::{closure#0}
[INFO] [stdout]    6:     0x61590ce7bbb2 - std[617be2ca0a6fd877]::panicking::panic_with_hook
[INFO] [stdout]    7:     0x61590ce5d252 - std[617be2ca0a6fd877]::panicking::panic_handler::{closure#0}
[INFO] [stdout]    8:     0x61590ce55b19 - std[617be2ca0a6fd877]::sys::backtrace::__rust_end_short_backtrace::<std[617be2ca0a6fd877]::panicking::panic_handler::{closure#0}, !>
[INFO] [stdout]    9:     0x61590ce5e22d - __rustc[ea4f61d10b84890b]::rust_begin_unwind
[INFO] [stdout]   10:     0x61590cea019c - core[a373ad73a504971]::panicking::panic_fmt
[INFO] [stdout]   11:     0x61590c8306f6 - <fastokens[e8dd87f7b88be13]::tests::token_id_roundtrip_all_models::{closure#0} as core[a373ad73a504971]::ops::function::FnOnce<()>>::call_once
[INFO] [stdout]   12:     0x61590c985c0b - test[aada8e7e76ba119b]::__rust_begin_short_backtrace::<core[a373ad73a504971]::result::Result<(), alloc[2e1b2a31b91974c5]::string::String>, fn() -> core[a373ad73a504971]::result::Result<(), alloc[2e1b2a31b91974c5]::string::String>>
[INFO] [stdout]   13:     0x61590c992de5 - test[aada8e7e76ba119b]::run_test::{closure#0}
[INFO] [stdout]   14:     0x61590c98c6d4 - std[617be2ca0a6fd877]::sys::backtrace::__rust_begin_short_backtrace::<test[aada8e7e76ba119b]::run_test::{closure#1}, ()>
[INFO] [stdout]   15:     0x61590c995e72 - <std[617be2ca0a6fd877]::thread::lifecycle::spawn_unchecked<test[aada8e7e76ba119b]::run_test::{closure#1}, ()>::{closure#1} as core[a373ad73a504971]::ops::function::FnOnce<()>>::call_once::{shim:vtable#0}
[INFO] [stdout]   16:     0x61590ce845bf - <std[617be2ca0a6fd877]::sys::thread::unix::Thread>::new::thread_start
[INFO] [stdout]   17:     0x79d0429e5dfa - <unknown>
[INFO] [stdout]   18:     0x79d042a793d4 - clone
[INFO] [stdout]   19:                0x0 - <unknown>
[INFO] [stdout] 
[INFO] [stdout] 
[INFO] [stdout] failures:
[INFO] [stdout]     affinity_tests::content_affine_fused_bpe_matches_contiguous_scheduling
[INFO] [stdout]     affinity_tests::content_affine_multichunk_bpe_matches_contiguous_scheduling
[INFO] [stdout]     models::bpe::tests::merge_small_matches_heap_on_multilingual_corpus
[INFO] [stdout]     tests::add_bos_token
[INFO] [stdout]     tests::added_tokens_deepseek
[INFO] [stdout]     tests::added_tokens_minimax
[INFO] [stdout]     tests::added_tokens_nemotron
[INFO] [stdout]     tests::added_tokens_qwen3
[INFO] [stdout]     tests::added_tokens_qwen3vl_vision_sequence
[INFO] [stdout]     tests::cache_consistency
[INFO] [stdout]     tests::cache_consistency_fused
[INFO] [stdout]     tests::correctness_deepseek_v3_2
[INFO] [stdout]     tests::correctness_gpt_oss
[INFO] [stdout]     tests::correctness_kimi_k2_5
[INFO] [stdout]     tests::correctness_minimax_m2_1
[INFO] [stdout]     tests::correctness_mistral_nemo
[INFO] [stdout]     tests::correctness_nemotron
[INFO] [stdout]     tests::correctness_qwen3
[INFO] [stdout]     tests::correctness_qwen3_nemotron
[INFO] [stdout]     tests::decode_batch_matches_sequential
[INFO] [stdout]     tests::decode_mixed_valid_and_unknown_ids
[INFO] [stdout]     tests::decode_skip_special_tokens
[INFO] [stdout]     tests::decode_stream_batch_step_matches_sequential
[INFO] [stdout]     tests::decode_stream_buffer_does_not_grow_unboundedly
[INFO] [stdout]     tests::decode_stream_chunks_are_non_empty_and_concatenate
[INFO] [stdout]     tests::decode_stream_empty_ids_no_output
[INFO] [stdout]     tests::decode_stream_invalid_prefix_error_message
[INFO] [stdout]     tests::decode_stream_pre_seeded_only_returns_new_tokens
[INFO] [stdout]     tests::decode_stream_reconstructs_ascii
[INFO] [stdout]     tests::decode_stream_reconstructs_code
[INFO] [stdout]     tests::decode_stream_reconstructs_unicode
[INFO] [stdout]     tests::decode_stream_single_token
[INFO] [stdout]     tests::decode_stream_skip_special_tokens
[INFO] [stdout]     tests::decode_stream_unknown_id_does_not_error
[INFO] [stdout]     tests::decode_tokens_matches_decode_by_id
[INFO] [stdout]     tests::decode_unknown_id_is_skipped
[INFO] [stdout]     tests::empty_string_encode_decode
[INFO] [stdout]     tests::encode_batch_matches_sequential
[INFO] [stdout]     tests::encode_decode_roundtrip_all_models
[INFO] [stdout]     tests::encode_is_stable_after_decode
[INFO] [stdout]     tests::ignore_merges_glm47
[INFO] [stdout]     tests::long_input_correctness
[INFO] [stdout]     tests::long_input_correctness_minimax
[INFO] [stdout]     tests::parse_hf_json
[INFO] [stdout]     tests::post_process_false_is_identity_all_models
[INFO] [stdout]     tests::post_process_true_adds_special_tokens
[INFO] [stdout]     tests::public_added_token_accessors_expose_added_vocab
[INFO] [stdout]     tests::split_special_tokens_kimi_k2_5_matches_hf_tokenizers
[INFO] [stdout]     tests::token_id_roundtrip_all_models
[INFO] [stdout]     tests::token_to_id_searches_added_tokens
[INFO] [stdout]     tests::vocab_access
[INFO] [stdout]     tiktoken::tests::vendored_kimi_k3_native_matches_tokenizer_json
[INFO] [stdout] 
[INFO] [stdout] test result: FAILED. 202 passed; 52 failed; 9 ignored; 0 measured; 0 filtered out; finished in 68.82s
[INFO] [stdout] 
[INFO] running `Command { std: "docker" "inspect" "a368d959c9ee63bb2cf0f346c7bf8a955a2c06ecec473f26d3aabdbabb8608d0", kill_on_drop: false }`
[INFO] running `Command { std: "docker" "rm" "-f" "a368d959c9ee63bb2cf0f346c7bf8a955a2c06ecec473f26d3aabdbabb8608d0", kill_on_drop: false }`
[INFO] [stdout] a368d959c9ee63bb2cf0f346c7bf8a955a2c06ecec473f26d3aabdbabb8608d0
