[INFO] fetching crate fastmemory 0.4.10...
[INFO] testing fastmemory-0.4.10 against 1.99.0-beta.8+cargoflags=--release for beta-release-1.100-2
[INFO] extracting crate fastmemory 0.4.10 into /workspace/builds/worker-6-tc1/source
[INFO] started tweaking crates.io crate fastmemory 0.4.10
[INFO] removed 0 missing tests
[INFO] finished tweaking crates.io crate fastmemory 0.4.10
[INFO] tweaked toml for crates.io crate fastmemory 0.4.10 written to /workspace/builds/worker-6-tc1/source/Cargo.toml
[INFO] validating manifest of crates.io crate fastmemory 0.4.10 on toolchain 1.99.0-beta.8
[INFO] running `Command { std: CARGO_HOME="/workspace/cargo-home" RUSTUP_HOME="/workspace/rustup-home" "/workspace/cargo-home/bin/cargo" "+1.99.0-beta.8" "metadata" "--manifest-path" "Cargo.toml" "--no-deps", kill_on_drop: false }`
[INFO] crate crates.io crate fastmemory 0.4.10 already has a lockfile, it will not be regenerated
[INFO] running `Command { std: CARGO_HOME="/workspace/cargo-home" RUSTUP_HOME="/workspace/rustup-home" "/workspace/cargo-home/bin/cargo" "+1.99.0-beta.8" "fetch" "--manifest-path" "Cargo.toml", kill_on_drop: false }`
[INFO] [stderr]  Downloading crates ...
[INFO] [stderr]   Downloaded wasm-bindgen-macro-support v0.2.115
[INFO] [stderr]   Downloaded wasm-bindgen-shared v0.2.115
[INFO] [stderr]   Downloaded wasm-bindgen-macro v0.2.115
[INFO] [stderr]   Downloaded wasm-bindgen v0.2.115
[INFO] [stderr]   Downloaded wasm-bindgen-futures v0.4.65
[INFO] [stderr]   Downloaded pyo3-macros v0.28.2
[INFO] [stderr]   Downloaded pyo3-build-config v0.28.2
[INFO] [stderr]   Downloaded pyo3-ffi v0.28.2
[INFO] [stderr]   Downloaded zerocopy-derive v0.8.47
[INFO] [stderr]   Downloaded js-sys v0.3.92
[INFO] [stderr]   Downloaded cc v1.2.58
[INFO] [stderr]   Downloaded pyo3-macros-backend v0.28.2
[INFO] [stderr]   Downloaded iri-string v0.7.11
[INFO] [stderr]   Downloaded zerocopy v0.8.47
[INFO] [stderr]   Downloaded web-sys v0.3.92
[INFO] [stderr]   Downloaded pyo3 v0.28.2
[INFO] running `Command { std: "docker" "create" "-v" "/var/lib/crater-agent-workspace/builds/worker-6-tc1/source:/opt/rustwide/workdir:ro,Z" "-v" "/var/lib/crater-agent-workspace/builds/worker-6-tc1/target:/opt/rustwide/target:rw,Z" "-v" "/var/lib/crater-agent-workspace/cargo-home:/opt/rustwide/cargo-home:ro,Z" "-v" "/var/lib/crater-agent-workspace/rustup-home:/opt/rustwide/rustup-home:ro,Z" "-m" "1610612736" "--network" "none" "ghcr.io/rust-lang/crates-build-env/linux@sha256:77db811e55d90add9212f6832c23229e3de5f1c1f9905e8cb07319ea15df73ac" "sleep" "infinity", kill_on_drop: false }`
[INFO] [stdout] 682453ed6e302d168c4d6c4f5ebec6cbb605971a2464f92db5321f6309628802
[INFO] running `Command { std: "docker" "start" "682453ed6e302d168c4d6c4f5ebec6cbb605971a2464f92db5321f6309628802", kill_on_drop: false }`
[INFO] running `Command { std: "docker" "inspect" "682453ed6e302d168c4d6c4f5ebec6cbb605971a2464f92db5321f6309628802", kill_on_drop: false }`
[INFO] running `Command { std: "docker" "exec" "-e" "SOURCE_DIR=/opt/rustwide/workdir" "-e" "CARGO_HOME=/opt/rustwide/cargo-home" "-e" "RUSTUP_HOME=/opt/rustwide/rustup-home" "-e" "CARGO_TARGET_DIR=/opt/rustwide/target" "-w" "/opt/rustwide/workdir" "--user" "0:0" "682453ed6e302d168c4d6c4f5ebec6cbb605971a2464f92db5321f6309628802" "/opt/rustwide/cargo-home/bin/cargo" "+1.99.0-beta.8" "metadata" "--no-deps" "--format-version=1", kill_on_drop: false }`
[INFO] running `Command { std: "docker" "inspect" "682453ed6e302d168c4d6c4f5ebec6cbb605971a2464f92db5321f6309628802", kill_on_drop: false }`
[INFO] running `Command { std: "docker" "exec" "-e" "SOURCE_DIR=/opt/rustwide/workdir" "-e" "CARGO_HOME=/opt/rustwide/cargo-home" "-e" "RUSTUP_HOME=/opt/rustwide/rustup-home" "-e" "CARGO_TARGET_DIR=/opt/rustwide/target" "-e" "CARGO_INCREMENTAL=0" "-e" "RUST_BACKTRACE=full" "-e" "RUSTFLAGS=--cap-lints=warn" "-e" "RUSTDOCFLAGS=--cap-lints=warn" "-w" "/opt/rustwide/workdir" "--user" "0:0" "682453ed6e302d168c4d6c4f5ebec6cbb605971a2464f92db5321f6309628802" "/opt/rustwide/cargo-home/bin/cargo" "+1.99.0-beta.8" "build" "--frozen" "--message-format=json" "--release", kill_on_drop: false }`
[INFO] [stderr]    Compiling cc v1.2.58
[INFO] [stderr]    Compiling tracing v0.1.44
[INFO] [stderr]    Compiling aws-lc-rs v1.16.2
[INFO] [stderr]    Compiling futures-util v0.3.32
[INFO] [stderr]    Compiling rustls v0.23.37
[INFO] [stderr]    Compiling serde v1.0.228
[INFO] [stderr]    Compiling rustls-native-certs v0.8.3
[INFO] [stderr]    Compiling serde_json v1.0.149
[INFO] [stderr]    Compiling iri-string v0.7.11
[INFO] [stderr]    Compiling clap_lex v1.1.0
[INFO] [stderr]    Compiling h2 v0.4.13
[INFO] [stderr]    Compiling bitflags v2.11.0
[INFO] [stderr]    Compiling regex-automata v0.4.14
[INFO] [stderr]    Compiling clap_derive v4.6.0
[INFO] [stderr]    Compiling serde_urlencoded v0.7.1
[INFO] [stderr]    Compiling cmake v0.1.58
[INFO] [stderr]    Compiling clap_builder v4.6.0
[INFO] [stderr]    Compiling aws-lc-sys v0.39.1
[INFO] [stderr]    Compiling serde_path_to_error v0.1.20
[INFO] [stderr]    Compiling sysinfo v0.38.4
[INFO] [stderr]    Compiling regex v1.12.3
[INFO] [stderr]    Compiling tower v0.5.3
[INFO] [stderr]    Compiling axum-core v0.4.5
[INFO] [stderr]    Compiling tower-http v0.6.8
[INFO] [stderr]    Compiling clap v4.6.0
[INFO] [stderr]    Compiling hyper v1.8.1
[INFO] [stderr]    Compiling hyper-util v0.1.20
[INFO] [stderr]    Compiling axum v0.7.9
[INFO] [stderr]    Compiling rustls-webpki v0.103.10
[INFO] [stderr]    Compiling tokio-rustls v0.26.4
[INFO] [stderr]    Compiling rustls-platform-verifier v0.6.2
[INFO] [stderr]    Compiling hyper-rustls v0.27.7
[INFO] [stderr]    Compiling reqwest v0.13.2
[INFO] [stderr]    Compiling fastmemory v0.4.10 (/opt/rustwide/workdir)
[INFO] [stdout] warning: constant `NLTK_EXTRACT_CODE` is never used
[INFO] [stdout]    --> src/lib.rs:128:7
[INFO] [stdout]     |
[INFO] [stdout] 128 | const NLTK_EXTRACT_CODE: &str = r#"
[INFO] [stdout]     |       ^^^^^^^^^^^^^^^^^
[INFO] [stdout]     |
[INFO] [stdout]     = note: `#[warn(dead_code)]` (part of `#[warn(unused)]`) on by default
[INFO] [stdout] 
[INFO] [stdout] 
[INFO] [stdout] warning: function `run_louvain_for_atfs` is never used
[INFO] [stdout]    --> src/lib.rs:185:4
[INFO] [stdout]     |
[INFO] [stdout] 185 | fn run_louvain_for_atfs(atfs_json: &str) -> String {
[INFO] [stdout]     |    ^^^^^^^^^^^^^^^^^^^^
[INFO] [stdout] 
[INFO] [stdout] 
[INFO] [stdout] warning: struct `Edge` is never constructed
[INFO] [stdout]  --> src/cluster.rs:5:8
[INFO] [stdout]   |
[INFO] [stdout] 5 | struct Edge {
[INFO] [stdout]   |        ^^^^
[INFO] [stdout] 
[INFO] [stdout] 
[INFO] [stderr]     Finished `release` profile [optimized] target(s) in 3m 59s
[INFO] running `Command { std: "docker" "inspect" "682453ed6e302d168c4d6c4f5ebec6cbb605971a2464f92db5321f6309628802", kill_on_drop: false }`
[INFO] running `Command { std: "docker" "exec" "-e" "SOURCE_DIR=/opt/rustwide/workdir" "-e" "CARGO_HOME=/opt/rustwide/cargo-home" "-e" "RUSTUP_HOME=/opt/rustwide/rustup-home" "-e" "CARGO_TARGET_DIR=/opt/rustwide/target" "-e" "CARGO_INCREMENTAL=0" "-e" "RUST_BACKTRACE=full" "-e" "RUSTFLAGS=--cap-lints=warn" "-e" "RUSTDOCFLAGS=--cap-lints=warn" "-w" "/opt/rustwide/workdir" "--user" "0:0" "682453ed6e302d168c4d6c4f5ebec6cbb605971a2464f92db5321f6309628802" "/opt/rustwide/cargo-home/bin/cargo" "+1.99.0-beta.8" "test" "--frozen" "--no-run" "--message-format=json" "--release", kill_on_drop: false }`
[INFO] [stderr]    Compiling fastmemory v0.4.10 (/opt/rustwide/workdir)
[INFO] [stdout] warning: constant `NLTK_EXTRACT_CODE` is never used
[INFO] [stdout]    --> src/lib.rs:128:7
[INFO] [stdout]     |
[INFO] [stdout] 128 | const NLTK_EXTRACT_CODE: &str = r#"
[INFO] [stdout]     |       ^^^^^^^^^^^^^^^^^
[INFO] [stdout]     |
[INFO] [stdout]     = note: `#[warn(dead_code)]` (part of `#[warn(unused)]`) on by default
[INFO] [stdout] 
[INFO] [stdout] 
[INFO] [stdout] warning: function `run_louvain_for_atfs` is never used
[INFO] [stdout]    --> src/lib.rs:185:4
[INFO] [stdout]     |
[INFO] [stdout] 185 | fn run_louvain_for_atfs(atfs_json: &str) -> String {
[INFO] [stdout]     |    ^^^^^^^^^^^^^^^^^^^^
[INFO] [stdout] 
[INFO] [stdout] 
[INFO] [stdout] warning: struct `Edge` is never constructed
[INFO] [stdout]  --> src/cluster.rs:5:8
[INFO] [stdout]   |
[INFO] [stdout] 5 | struct Edge {
[INFO] [stdout]   |        ^^^^
[INFO] [stdout] 
[INFO] [stdout] 
[INFO] [stdout] warning: constant `NLTK_EXTRACT_CODE` is never used
[INFO] [stdout]    --> src/lib.rs:128:7
[INFO] [stdout]     |
[INFO] [stdout] 128 | const NLTK_EXTRACT_CODE: &str = r#"
[INFO] [stdout]     |       ^^^^^^^^^^^^^^^^^
[INFO] [stdout]     |
[INFO] [stdout]     = note: `#[warn(dead_code)]` (part of `#[warn(unused)]`) on by default
[INFO] [stdout] 
[INFO] [stdout] 
[INFO] [stdout] warning: function `run_louvain_for_atfs` is never used
[INFO] [stdout]    --> src/lib.rs:185:4
[INFO] [stdout]     |
[INFO] [stdout] 185 | fn run_louvain_for_atfs(atfs_json: &str) -> String {
[INFO] [stdout]     |    ^^^^^^^^^^^^^^^^^^^^
[INFO] [stdout] 
[INFO] [stdout] 
[INFO] [stdout] warning: struct `Edge` is never constructed
[INFO] [stdout]  --> src/cluster.rs:5:8
[INFO] [stdout]   |
[INFO] [stdout] 5 | struct Edge {
[INFO] [stdout]   |        ^^^^
[INFO] [stdout] 
[INFO] [stdout] 
[INFO] [stderr]     Finished `release` profile [optimized] target(s) in 14.10s
[INFO] running `Command { std: "docker" "inspect" "682453ed6e302d168c4d6c4f5ebec6cbb605971a2464f92db5321f6309628802", kill_on_drop: false }`
[INFO] running `Command { std: "docker" "exec" "-e" "SOURCE_DIR=/opt/rustwide/workdir" "-e" "CARGO_HOME=/opt/rustwide/cargo-home" "-e" "RUSTUP_HOME=/opt/rustwide/rustup-home" "-e" "CARGO_TARGET_DIR=/opt/rustwide/target" "-e" "CARGO_INCREMENTAL=0" "-e" "RUST_BACKTRACE=full" "-e" "RUSTFLAGS=--cap-lints=warn" "-e" "RUSTDOCFLAGS=--cap-lints=warn" "-w" "/opt/rustwide/workdir" "--user" "0:0" "682453ed6e302d168c4d6c4f5ebec6cbb605971a2464f92db5321f6309628802" "/opt/rustwide/cargo-home/bin/cargo" "+1.99.0-beta.8" "test" "--frozen" "--release", kill_on_drop: false }`
[INFO] [stderr] warning: constant `NLTK_EXTRACT_CODE` is never used
[INFO] [stderr]    --> src/lib.rs:128:7
[INFO] [stderr]     |
[INFO] [stderr] 128 | const NLTK_EXTRACT_CODE: &str = r#"
[INFO] [stderr]     |       ^^^^^^^^^^^^^^^^^
[INFO] [stderr]     |
[INFO] [stderr]     = note: `#[warn(dead_code)]` (part of `#[warn(unused)]`) on by default
[INFO] [stderr] 
[INFO] [stderr] warning: function `run_louvain_for_atfs` is never used
[INFO] [stderr]    --> src/lib.rs:185:4
[INFO] [stderr]     |
[INFO] [stderr] 185 | fn run_louvain_for_atfs(atfs_json: &str) -> String {
[INFO] [stderr]     |    ^^^^^^^^^^^^^^^^^^^^
[INFO] [stderr] 
[INFO] [stderr] warning: struct `Edge` is never constructed
[INFO] [stderr]  --> src/cluster.rs:5:8
[INFO] [stderr]   |
[INFO] [stderr] 5 | struct Edge {
[INFO] [stderr]   |        ^^^^
[INFO] [stderr] 
[INFO] [stderr] warning: `fastmemory` (lib) generated 3 warnings
[INFO] [stderr] warning: `fastmemory` (lib test) generated 3 warnings (3 duplicates)
[INFO] [stderr]     Finished `release` profile [optimized] target(s) in 0.21s
[INFO] [stdout] 
[INFO] [stdout] running 17 tests
[INFO] [stdout] test ingest::tests::chunks_prose ... ok
[INFO] [stderr]      Running unittests src/lib.rs (/opt/rustwide/target/release/deps/fastmemory-707d8e39a5957911)
[INFO] [stdout] test ingest::tests::delegates_entity_tags_to_fastmemory ... ok
[INFO] [stdout] test ingest::tests::block_anchored_tags_get_text_and_one_id ... ok
[INFO] [stdout] test ingest::tests::empty_input_is_empty_not_error ... ok
[INFO] [stdout] test ingest::tests::prose_with_inline_id_marker_is_kept ... ok
[INFO] [stdout] test ingest::tests::prose_with_partial_entity_tag_is_kept ... ok
[INFO] [stdout] test text::tests::sentences_split ... ok
[INFO] [stdout] test ingest::tests::fastmemory_parser_alone_finds_nothing_in_atf_headers ... ok
[INFO] [stdout] test text::tests::splits_identifiers ... ok
[INFO] [stdout] test ingest::tests::parses_atf_headers ... ok
[INFO] [stdout] test ingest::tests::atf_then_heading_prose_becomes_its_own_passage ... ok
[INFO] [stdout] test text::tests::stems_meet ... ok
[INFO] [stdout] test text::tests::trigram_similarity_tolerates_typos ... ok
[INFO] [stdout] test text::tests::unspaced_scripts_become_bigrams ... ok
[INFO] [stdout] test ingest::tests::auto_keeps_entity_tag_lookalikes_as_prose ... ok
[INFO] [stdout] test text::tests::stems_do_not_merge_distinct_words ... ok
[INFO] [stdout] test index::tests::mean_len_is_exact_past_f32_integer_range ... ok
[INFO] [stdout] 
[INFO] [stdout] test result: ok. 17 passed; 0 failed; 0 ignored; 0 measured; 0 filtered out; finished in 0.04s
[INFO] [stdout] 
[INFO] [stderr]      Running unittests src/main.rs (/opt/rustwide/target/release/deps/fastmemory-70c7bcb97eecd510)
[INFO] [stdout] 
[INFO] [stdout] running 0 tests
[INFO] [stdout] 
[INFO] [stdout] test result: ok. 0 passed; 0 failed; 0 ignored; 0 measured; 0 filtered out; finished in 0.00s
[INFO] [stdout] 
[INFO] [stderr]      Running tests/louvain_backend.rs (/opt/rustwide/target/release/deps/louvain_backend-271aba5a277afc2e)
[INFO] [stdout] 
[INFO] [stdout] running 3 tests
[INFO] [stdout] test status_reports_backend_and_relative_paths_are_refused ... ok
[INFO] [stdout] test topology_json_is_identical_across_runs ... ok
[INFO] [stdout] test partition_is_deterministic_and_order_invariant ... ok
[INFO] [stdout] 
[INFO] [stdout] test result: ok. 3 passed; 0 failed; 0 ignored; 0 measured; 0 filtered out; finished in 0.09s
[INFO] [stdout] 
[INFO] [stdout] 
[INFO] [stdout] running 18 tests
[INFO] [stdout] test natural_language_questions_find_the_passage ... ok
[INFO] [stderr]      Running tests/search.rs (/opt/rustwide/target/release/deps/search-65a4e86fa220eb4d)
[INFO] [stdout] test empty_memory_is_an_answer_not_an_error ... ok
[INFO] [stdout] test isolated_atf_is_found ... ok
[INFO] [stdout] test one_term_of_many_hands_off ... ok
[INFO] [stdout] test auto_ingest_keeps_both_documents_with_tag_lookalikes ... ok
[INFO] [stdout] test entity_tags_opt_in_merges_names_across_documents ... ok
[INFO] [stdout] test plain_prose_becomes_source_scoped_passages ... ok
[INFO] [stdout] test stems_and_cjk_are_searchable ... ok
[INFO] [stdout] test reingesting_replaces_instead_of_duplicating ... ok
[INFO] [stdout] test hits_are_passages_never_bare_labels ... FAILED
[INFO] [stdout] test results_are_deterministic_across_builds ... FAILED
[INFO] [stdout] test stopword_and_tiny_queries_do_not_confidently_match ... ok
[INFO] [stdout] test typos_fall_back_to_fuzzy_with_corrections ... ok
[INFO] [stdout] test us_style_abbreviations_behave_as_in_mahabodi ... ok
[INFO] [stdout] test typo_of_a_real_word_is_corrected ... FAILED
[INFO] [stdout] test ranking_ties_break_by_id ... ok
[INFO] [stdout] test no_match_is_a_reported_hub_fallback ... ok
[INFO] [stdout] test examples_are_found_by_their_own_terms ... FAILED
[INFO] [stdout] 
[INFO] [stdout] failures:
[INFO] [stdout] 
[INFO] [stdout] ---- hits_are_passages_never_bare_labels stdout ----
[INFO] [stdout] 
[INFO] [stdout] thread 'hits_are_passages_never_bare_labels' (2163) panicked at tests/search.rs:11:96:
[INFO] [stdout] called `Result::unwrap()` on an `Err` value: Os { code: 2, kind: NotFound, message: "No such file or directory" }
[INFO] [stdout] stack backtrace:
[INFO] [stdout]    0:     0x6296be66e6f1 - <<std[70759c8f55707aa4]::sys::backtrace::BacktraceLock>::print::DisplayBacktrace as core[df12db4294e9bfd3]::fmt::Display>::fmt
[INFO] [stdout]    1:     0x6296be68577a - core[df12db4294e9bfd3]::fmt::write
[INFO] [stdout]    2:     0x6296be672bac - <alloc[2182bb758b4b3781]::vec::Vec<u8> as core[df12db4294e9bfd3]::io::write::Write>::write_fmt
[INFO] [stdout]    3:     0x6296be64a576 - std[70759c8f55707aa4]::panicking::default_hook::{closure#0}
[INFO] [stdout]    4:     0x6296be666a49 - std[70759c8f55707aa4]::panicking::default_hook
[INFO] [stdout]    5:     0x6296be4f52e0 - test[9d35eded1c95d3be]::test_main_inner::<test[9d35eded1c95d3be]::test_main_static::{closure#0}>::{closure#0}
[INFO] [stdout]    6:     0x6296be666c02 - std[70759c8f55707aa4]::panicking::panic_with_hook
[INFO] [stdout]    7:     0x6296be64a622 - std[70759c8f55707aa4]::panicking::panic_handler::{closure#0}
[INFO] [stdout]    8:     0x6296be643219 - std[70759c8f55707aa4]::sys::backtrace::__rust_end_short_backtrace::<std[70759c8f55707aa4]::panicking::panic_handler::{closure#0}, !>
[INFO] [stdout]    9:     0x6296be64b21d - __rustc[8fa7c3cbc660c2b3]::rust_begin_unwind
[INFO] [stdout]   10:     0x6296be685f5c - core[df12db4294e9bfd3]::panicking::panic_fmt
[INFO] [stdout]   11:     0x6296be685d32 - core[df12db4294e9bfd3]::result::unwrap_failed
[INFO] [stdout]   12:     0x6296be4dec61 - search[856a8931fa2fcebc]::example
[INFO] [stdout]   13:     0x6296be4e0473 - <search[856a8931fa2fcebc]::hits_are_passages_never_bare_labels::{closure#0} as core[df12db4294e9bfd3]::ops::function::FnOnce<()>>::call_once
[INFO] [stdout]   14:     0x6296be4e85cb - test[9d35eded1c95d3be]::__rust_begin_short_backtrace::<core[df12db4294e9bfd3]::result::Result<(), alloc[2182bb758b4b3781]::string::String>, fn() -> core[df12db4294e9bfd3]::result::Result<(), alloc[2182bb758b4b3781]::string::String>>
[INFO] [stdout]   15:     0x6296be4f5c35 - test[9d35eded1c95d3be]::run_test::{closure#0}
[INFO] [stdout]   16:     0x6296be4ef4f4 - std[70759c8f55707aa4]::sys::backtrace::__rust_begin_short_backtrace::<test[9d35eded1c95d3be]::run_test::{closure#1}, ()>
[INFO] [stdout]   17:     0x6296be4f8d92 - <std[70759c8f55707aa4]::thread::lifecycle::spawn_unchecked<test[9d35eded1c95d3be]::run_test::{closure#1}, ()>::{closure#1} as core[df12db4294e9bfd3]::ops::function::FnOnce<()>>::call_once::{shim:vtable#0}
[INFO] [stdout]   18:     0x6296be66dc59 - <std[70759c8f55707aa4]::sys::thread::unix::Thread>::new::thread_start
[INFO] [stdout]   19:     0x759e2d6bcdfa - <unknown>
[INFO] [stdout]   20:     0x759e2d7503d4 - clone
[INFO] [stdout]   21:                0x0 - <unknown>
[INFO] [stdout] 
[INFO] [stdout] ---- results_are_deterministic_across_builds stdout ----
[INFO] [stdout] 
[INFO] [stdout] thread 'results_are_deterministic_across_builds' (2171) panicked at tests/search.rs:11:96:
[INFO] [stdout] called `Result::unwrap()` on an `Err` value: Os { code: 2, kind: NotFound, message: "No such file or directory" }
[INFO] [stdout] stack backtrace:
[INFO] [stdout]    0:     0x6296be66e6f1 - <<std[70759c8f55707aa4]::sys::backtrace::BacktraceLock>::print::DisplayBacktrace as core[df12db4294e9bfd3]::fmt::Display>::fmt
[INFO] [stdout]    1:     0x6296be68577a - core[df12db4294e9bfd3]::fmt::write
[INFO] [stdout]    2:     0x6296be672bac - <alloc[2182bb758b4b3781]::vec::Vec<u8> as core[df12db4294e9bfd3]::io::write::Write>::write_fmt
[INFO] [stdout]    3:     0x6296be64a576 - std[70759c8f55707aa4]::panicking::default_hook::{closure#0}
[INFO] [stdout]    4:     0x6296be666a49 - std[70759c8f55707aa4]::panicking::default_hook
[INFO] [stdout]    5:     0x6296be4f52e0 - test[9d35eded1c95d3be]::test_main_inner::<test[9d35eded1c95d3be]::test_main_static::{closure#0}>::{closure#0}
[INFO] [stdout]    6:     0x6296be666c02 - std[70759c8f55707aa4]::panicking::panic_with_hook
[INFO] [stdout]    7:     0x6296be64a622 - std[70759c8f55707aa4]::panicking::panic_handler::{closure#0}
[INFO] [stdout]    8:     0x6296be643219 - std[70759c8f55707aa4]::sys::backtrace::__rust_end_short_backtrace::<std[70759c8f55707aa4]::panicking::panic_handler::{closure#0}, !>
[INFO] [stdout]    9:     0x6296be64b21d - __rustc[8fa7c3cbc660c2b3]::rust_begin_unwind
[INFO] [stdout]   10:     0x6296be685f5c - core[df12db4294e9bfd3]::panicking::panic_fmt
[INFO] [stdout]   11:     0x6296be685d32 - core[df12db4294e9bfd3]::result::unwrap_failed
[INFO] [stdout]   12:     0x6296be4dec61 - search[856a8931fa2fcebc]::example
[INFO] [stdout]   13:     0x6296be4e6cf1 - <core[df12db4294e9bfd3]::iter::adapters::map::Map<core[df12db4294e9bfd3]::slice::iter::Iter<&str>, search[856a8931fa2fcebc]::results_are_deterministic_across_builds::{closure#0}> as core[df12db4294e9bfd3]::iter::traits::iterator::Iterator>::fold::<(), core[df12db4294e9bfd3]::iter::traits::iterator::Iterator::for_each::call<(alloc[2182bb758b4b3781]::string::String, alloc[2182bb758b4b3781]::string::String), <alloc[2182bb758b4b3781]::vec::Vec<(alloc[2182bb758b4b3781]::string::String, alloc[2182bb758b4b3781]::string::String)>>::extend_trusted<core[df12db4294e9bfd3]::iter::adapters::map::Map<core[df12db4294e9bfd3]::slice::iter::Iter<&str>, search[856a8931fa2fcebc]::results_are_deterministic_across_builds::{closure#0}>>::{closure#0}>::{closure#0}>
[INFO] [stdout]   14:     0x6296be4e11e4 - <search[856a8931fa2fcebc]::results_are_deterministic_across_builds::{closure#0} as core[df12db4294e9bfd3]::ops::function::FnOnce<()>>::call_once
[INFO] [stdout]   15:     0x6296be4e85cb - test[9d35eded1c95d3be]::__rust_begin_short_backtrace::<core[df12db4294e9bfd3]::result::Result<(), alloc[2182bb758b4b3781]::string::String>, fn() -> core[df12db4294e9bfd3]::result::Result<(), alloc[2182bb758b4b3781]::string::String>>
[INFO] [stdout]   16:     0x6296be4f5c35 - test[9d35eded1c95d3be]::run_test::{closure#0}
[INFO] [stdout]   17:     0x6296be4ef4f4 - std[70759c8f55707aa4]::sys::backtrace::__rust_begin_short_backtrace::<test[9d35eded1c95d3be]::run_test::{closure#1}, ()>
[INFO] [stdout]   18:     0x6296be4f8d92 - <std[70759c8f55707aa4]::thread::lifecycle::spawn_unchecked<test[9d35eded1c95d3be]::run_test::{closure#1}, ()>::{closure#1} as core[df12db4294e9bfd3]::ops::function::FnOnce<()>>::call_once::{shim:vtable#0}
[INFO] [stdout]   19:     0x6296be66dc59 - <std[70759c8f55707aa4]::sys::thread::unix::Thread>::new::thread_start
[INFO] [stdout]   20:     0x759e2d6bcdfa - <unknown>
[INFO] [stdout]   21:     0x759e2d7503d4 - clone
[INFO] [stdout]   22:                0x0 - <unknown>
[INFO] [stdout] 
[INFO] [stdout] ---- typo_of_a_real_word_is_corrected stdout ----
[INFO] [stdout] 
[INFO] [stdout] thread 'typo_of_a_real_word_is_corrected' (2174) panicked at tests/search.rs:11:96:
[INFO] [stdout] called `Result::unwrap()` on an `Err` value: Os { code: 2, kind: NotFound, message: "No such file or directory" }
[INFO] [stdout] stack backtrace:
[INFO] [stdout]    0:     0x6296be66e6f1 - <<std[70759c8f55707aa4]::sys::backtrace::BacktraceLock>::print::DisplayBacktrace as core[df12db4294e9bfd3]::fmt::Display>::fmt
[INFO] [stdout]    1:     0x6296be68577a - core[df12db4294e9bfd3]::fmt::write
[INFO] [stdout]    2:     0x6296be672bac - <alloc[2182bb758b4b3781]::vec::Vec<u8> as core[df12db4294e9bfd3]::io::write::Write>::write_fmt
[INFO] [stdout]    3:     0x6296be64a576 - std[70759c8f55707aa4]::panicking::default_hook::{closure#0}
[INFO] [stdout]    4:     0x6296be666a49 - std[70759c8f55707aa4]::panicking::default_hook
[INFO] [stdout]    5:     0x6296be4f52e0 - test[9d35eded1c95d3be]::test_main_inner::<test[9d35eded1c95d3be]::test_main_static::{closure#0}>::{closure#0}
[INFO] [stdout]    6:     0x6296be666c02 - std[70759c8f55707aa4]::panicking::panic_with_hook
[INFO] [stdout]    7:     0x6296be64a622 - std[70759c8f55707aa4]::panicking::panic_handler::{closure#0}
[INFO] [stdout]    8:     0x6296be643219 - std[70759c8f55707aa4]::sys::backtrace::__rust_end_short_backtrace::<std[70759c8f55707aa4]::panicking::panic_handler::{closure#0}, !>
[INFO] [stdout]    9:     0x6296be64b21d - __rustc[8fa7c3cbc660c2b3]::rust_begin_unwind
[INFO] [stdout]   10:     0x6296be685f5c - core[df12db4294e9bfd3]::panicking::panic_fmt
[INFO] [stdout]   11:     0x6296be685d32 - core[df12db4294e9bfd3]::result::unwrap_failed
[INFO] [stdout]   12:     0x6296be4dec61 - search[856a8931fa2fcebc]::example
[INFO] [stdout]   13:     0x6296be4dfe8a - <search[856a8931fa2fcebc]::typo_of_a_real_word_is_corrected::{closure#0} as core[df12db4294e9bfd3]::ops::function::FnOnce<()>>::call_once
[INFO] [stdout]   14:     0x6296be4e85cb - test[9d35eded1c95d3be]::__rust_begin_short_backtrace::<core[df12db4294e9bfd3]::result::Result<(), alloc[2182bb758b4b3781]::string::String>, fn() -> core[df12db4294e9bfd3]::result::Result<(), alloc[2182bb758b4b3781]::string::String>>
[INFO] [stdout]   15:     0x6296be4f5c35 - test[9d35eded1c95d3be]::run_test::{closure#0}
[INFO] [stdout]   16:     0x6296be4ef4f4 - std[70759c8f55707aa4]::sys::backtrace::__rust_begin_short_backtrace::<test[9d35eded1c95d3be]::run_test::{closure#1}, ()>
[INFO] [stdout]   17:     0x6296be4f8d92 - <std[70759c8f55707aa4]::thread::lifecycle::spawn_unchecked<test[9d35eded1c95d3be]::run_test::{closure#1}, ()>::{closure#1} as core[df12db4294e9bfd3]::ops::function::FnOnce<()>>::call_once::{shim:vtable#0}
[INFO] [stdout]   18:     0x6296be66dc59 - <std[70759c8f55707aa4]::sys::thread::unix::Thread>::new::thread_start
[INFO] [stdout]   19:     0x759e2d6bcdfa - <unknown>
[INFO] [stdout]   20:     0x759e2d7503d4 - clone
[INFO] [stdout]   21:                0x0 - <unknown>
[INFO] [stdout] 
[INFO] [stdout] ---- examples_are_found_by_their_own_terms stdout ----
[INFO] [stdout] 
[INFO] [stdout] thread 'examples_are_found_by_their_own_terms' (2162) panicked at tests/search.rs:11:96:
[INFO] [stdout] called `Result::unwrap()` on an `Err` value: Os { code: 2, kind: NotFound, message: "No such file or directory" }
[INFO] [stdout] stack backtrace:
[INFO] [stdout]    0:     0x6296be66e6f1 - <<std[70759c8f55707aa4]::sys::backtrace::BacktraceLock>::print::DisplayBacktrace as core[df12db4294e9bfd3]::fmt::Display>::fmt
[INFO] [stdout]    1:     0x6296be68577a - core[df12db4294e9bfd3]::fmt::write
[INFO] [stdout]    2:     0x6296be672bac - <alloc[2182bb758b4b3781]::vec::Vec<u8> as core[df12db4294e9bfd3]::io::write::Write>::write_fmt
[INFO] [stdout]    3:     0x6296be64a576 - std[70759c8f55707aa4]::panicking::default_hook::{closure#0}
[INFO] [stdout]    4:     0x6296be666a49 - std[70759c8f55707aa4]::panicking::default_hook
[INFO] [stdout]    5:     0x6296be4f52e0 - test[9d35eded1c95d3be]::test_main_inner::<test[9d35eded1c95d3be]::test_main_static::{closure#0}>::{closure#0}
[INFO] [stdout]    6:     0x6296be666c02 - std[70759c8f55707aa4]::panicking::panic_with_hook
[INFO] [stdout]    7:     0x6296be64a622 - std[70759c8f55707aa4]::panicking::panic_handler::{closure#0}
[INFO] [stdout]    8:     0x6296be643219 - std[70759c8f55707aa4]::sys::backtrace::__rust_end_short_backtrace::<std[70759c8f55707aa4]::panicking::panic_handler::{closure#0}, !>
[INFO] [stdout]    9:     0x6296be64b21d - __rustc[8fa7c3cbc660c2b3]::rust_begin_unwind
[INFO] [stdout]   10:     0x6296be685f5c - core[df12db4294e9bfd3]::panicking::panic_fmt
[INFO] [stdout]   11:     0x6296be685d32 - core[df12db4294e9bfd3]::result::unwrap_failed
[INFO] [stdout]   12:     0x6296be4dec61 - search[856a8931fa2fcebc]::example
[INFO] [stdout]   13:     0x6296be4e0a10 - <search[856a8931fa2fcebc]::examples_are_found_by_their_own_terms::{closure#0} as core[df12db4294e9bfd3]::ops::function::FnOnce<()>>::call_once
[INFO] [stdout]   14:     0x6296be4e85cb - test[9d35eded1c95d3be]::__rust_begin_short_backtrace::<core[df12db4294e9bfd3]::result::Result<(), alloc[2182bb758b4b3781]::string::String>, fn() -> core[df12db4294e9bfd3]::result::Result<(), alloc[2182bb758b4b3781]::string::String>>
[INFO] [stdout]   15:     0x6296be4f5c35 - test[9d35eded1c95d3be]::run_test::{closure#0}
[INFO] [stdout]   16:     0x6296be4ef4f4 - std[70759c8f55707aa4]::sys::backtrace::__rust_begin_short_backtrace::<test[9d35eded1c95d3be]::run_test::{closure#1}, ()>
[INFO] [stdout]   17:     0x6296be4f8d92 - <std[70759c8f55707aa4]::thread::lifecycle::spawn_unchecked<test[9d35eded1c95d3be]::run_test::{closure#1}, ()>::{closure#1} as core[df12db4294e9bfd3]::ops::function::FnOnce<()>>::call_once::{shim:vtable#0}
[INFO] [stdout]   18:     0x6296be66dc59 - <std[70759c8f55707aa4]::sys::thread::unix::Thread>::new::thread_start
[INFO] [stdout]   19:     0x759e2d6bcdfa - <unknown>
[INFO] [stdout]   20:     0x759e2d7503d4 - clone
[INFO] [stdout]   21:                0x0 - <unknown>
[INFO] [stdout] 
[INFO] [stdout] 
[INFO] [stdout] failures:
[INFO] [stdout]     examples_are_found_by_their_own_terms
[INFO] [stdout]     hits_are_passages_never_bare_labels
[INFO] [stdout]     results_are_deterministic_across_builds
[INFO] [stdout]     typo_of_a_real_word_is_corrected
[INFO] [stdout] 
[INFO] [stdout] test result: FAILED. 14 passed; 4 failed; 0 ignored; 0 measured; 0 filtered out; finished in 0.02s
[INFO] [stdout] 
[INFO] [stderr] error: test failed, to rerun pass `--test search`
[INFO] running `Command { std: "docker" "inspect" "682453ed6e302d168c4d6c4f5ebec6cbb605971a2464f92db5321f6309628802", kill_on_drop: false }`
[INFO] running `Command { std: "docker" "rm" "-f" "682453ed6e302d168c4d6c4f5ebec6cbb605971a2464f92db5321f6309628802", kill_on_drop: false }`
[INFO] [stdout] 682453ed6e302d168c4d6c4f5ebec6cbb605971a2464f92db5321f6309628802
