[INFO] fetching crate fastly_rt 0.1.0...
[INFO] testing fastly_rt-0.1.0 against 1.99.0-beta.8+cargoflags=--release for beta-release-1.100-2
[INFO] extracting crate fastly_rt 0.1.0 into /workspace/builds/worker-6-tc1/source
[INFO] started tweaking crates.io crate fastly_rt 0.1.0
[INFO] finished tweaking crates.io crate fastly_rt 0.1.0
[INFO] tweaked toml for crates.io crate fastly_rt 0.1.0 written to /workspace/builds/worker-6-tc1/source/Cargo.toml
[INFO] validating manifest of crates.io crate fastly_rt 0.1.0 on toolchain 1.99.0-beta.8
[INFO] running `Command { std: CARGO_HOME="/workspace/cargo-home" RUSTUP_HOME="/workspace/rustup-home" "/workspace/cargo-home/bin/cargo" "+1.99.0-beta.8" "metadata" "--manifest-path" "Cargo.toml" "--no-deps", kill_on_drop: false }`
[INFO] running `Command { std: CARGO_HOME="/workspace/cargo-home" RUSTUP_HOME="/workspace/rustup-home" "/workspace/cargo-home/bin/cargo" "+1.99.0-beta.8" "generate-lockfile" "--manifest-path" "Cargo.toml", kill_on_drop: false }`
[INFO] [stderr]     Updating crates.io index
[INFO] [stderr]      Locking 170 packages to highest compatible versions
[INFO] [stderr]       Adding reqwest v0.11.27 (available: v0.13.5)
[INFO] running `Command { std: CARGO_HOME="/workspace/cargo-home" RUSTUP_HOME="/workspace/rustup-home" "/workspace/cargo-home/bin/cargo" "+1.99.0-beta.8" "fetch" "--manifest-path" "Cargo.toml", kill_on_drop: false }`
[INFO] running `Command { std: "docker" "create" "-v" "/var/lib/crater-agent-workspace/builds/worker-6-tc1/source:/opt/rustwide/workdir:ro,Z" "-v" "/var/lib/crater-agent-workspace/builds/worker-6-tc1/target:/opt/rustwide/target:rw,Z" "-v" "/var/lib/crater-agent-workspace/cargo-home:/opt/rustwide/cargo-home:ro,Z" "-v" "/var/lib/crater-agent-workspace/rustup-home:/opt/rustwide/rustup-home:ro,Z" "-m" "1610612736" "--network" "none" "ghcr.io/rust-lang/crates-build-env/linux@sha256:77db811e55d90add9212f6832c23229e3de5f1c1f9905e8cb07319ea15df73ac" "sleep" "infinity", kill_on_drop: false }`
[INFO] [stdout] 5dc53d95dfe46838270fe1bbaaec41eba669ceb69d52b1ec7db1cfce145c96aa
[INFO] running `Command { std: "docker" "start" "5dc53d95dfe46838270fe1bbaaec41eba669ceb69d52b1ec7db1cfce145c96aa", kill_on_drop: false }`
[INFO] running `Command { std: "docker" "inspect" "5dc53d95dfe46838270fe1bbaaec41eba669ceb69d52b1ec7db1cfce145c96aa", kill_on_drop: false }`
[INFO] running `Command { std: "docker" "exec" "-e" "SOURCE_DIR=/opt/rustwide/workdir" "-e" "CARGO_HOME=/opt/rustwide/cargo-home" "-e" "RUSTUP_HOME=/opt/rustwide/rustup-home" "-e" "CARGO_TARGET_DIR=/opt/rustwide/target" "-w" "/opt/rustwide/workdir" "--user" "0:0" "5dc53d95dfe46838270fe1bbaaec41eba669ceb69d52b1ec7db1cfce145c96aa" "/opt/rustwide/cargo-home/bin/cargo" "+1.99.0-beta.8" "metadata" "--no-deps" "--format-version=1", kill_on_drop: false }`
[INFO] running `Command { std: "docker" "inspect" "5dc53d95dfe46838270fe1bbaaec41eba669ceb69d52b1ec7db1cfce145c96aa", kill_on_drop: false }`
[INFO] running `Command { std: "docker" "exec" "-e" "SOURCE_DIR=/opt/rustwide/workdir" "-e" "CARGO_HOME=/opt/rustwide/cargo-home" "-e" "RUSTUP_HOME=/opt/rustwide/rustup-home" "-e" "CARGO_TARGET_DIR=/opt/rustwide/target" "-e" "CARGO_INCREMENTAL=0" "-e" "RUST_BACKTRACE=full" "-e" "RUSTFLAGS=--cap-lints=warn" "-e" "RUSTDOCFLAGS=--cap-lints=warn" "-w" "/opt/rustwide/workdir" "--user" "0:0" "5dc53d95dfe46838270fe1bbaaec41eba669ceb69d52b1ec7db1cfce145c96aa" "/opt/rustwide/cargo-home/bin/cargo" "+1.99.0-beta.8" "build" "--frozen" "--message-format=json" "--release", kill_on_drop: false }`
[INFO] [stderr]    Compiling syn v3.0.9
[INFO] [stderr]    Compiling libc v0.2.191
[INFO] [stderr]    Compiling syn v2.0.119
[INFO] [stderr]    Compiling openssl v0.10.81
[INFO] [stderr]    Compiling crc32fast v1.5.2
[INFO] [stderr]    Compiling openssl-sys v0.9.117
[INFO] [stderr]    Compiling http v0.2.12
[INFO] [stderr]    Compiling equivalent v1.0.3
[INFO] [stderr]    Compiling simd-adler32 v0.3.10
[INFO] [stderr]    Compiling futures-task v0.3.34
[INFO] [stderr]    Compiling smallvec v1.16.3
[INFO] [stderr]    Compiling want v0.3.2
[INFO] [stderr]    Compiling futures-channel v0.3.34
[INFO] [stderr]    Compiling serde_json v1.0.154
[INFO] [stderr]    Compiling compression-core v0.4.34
[INFO] [stderr]    Compiling simdutf8 v0.1.5
[INFO] [stderr]    Compiling indexmap v2.14.2
[INFO] [stderr]    Compiling multiversion_no_op v1.0.0
[INFO] [stderr]    Compiling futures-util v0.3.34
[INFO] [stderr]    Compiling core_detect v1.0.0
[INFO] [stderr]    Compiling base64 v0.21.7
[INFO] [stderr]    Compiling miniz_oxide v0.9.1
[INFO] [stderr]    Compiling sync_wrapper v0.1.2
[INFO] [stderr]    Compiling encoding_rs v0.8.42
[INFO] [stderr]    Compiling rustls-pemfile v1.0.4
[INFO] [stderr]    Compiling native-tls v0.2.18
[INFO] [stderr]    Compiling flate2 v1.1.10
[INFO] [stderr]    Compiling http-body v0.4.6
[INFO] [stderr]    Compiling compression-codecs v0.4.46
[INFO] [stderr]    Compiling socket2 v0.6.5
[INFO] [stderr]    Compiling mio v1.2.4
[INFO] [stderr]    Compiling socket2 v0.5.10
[INFO] [stderr]    Compiling tokio v1.53.3
[INFO] [stderr]    Compiling synstructure v0.14.0
[INFO] [stderr]    Compiling zerovec-derive v0.11.6
[INFO] [stderr]    Compiling displaydoc v0.2.7
[INFO] [stderr]    Compiling serde_derive v1.0.229
[INFO] [stderr]    Compiling openssl-macros v0.1.1
[INFO] [stderr]    Compiling zerofrom-derive v0.1.8
[INFO] [stderr]    Compiling yoke-derive v0.8.4
[INFO] [stderr]    Compiling zerofrom v0.1.8
[INFO] [stderr]    Compiling yoke v0.8.3
[INFO] [stderr]    Compiling zerotrie v0.2.5
[INFO] [stderr]    Compiling zerovec v0.11.8
[INFO] [stderr]    Compiling tinystr v0.8.4
[INFO] [stderr]    Compiling potential_utf v0.1.6
[INFO] [stderr]    Compiling icu_collections v2.3.0
[INFO] [stderr]    Compiling icu_locale_core v2.3.0
[INFO] [stderr]    Compiling serde v1.0.229
[INFO] [stderr]    Compiling icu_provider v2.3.1
[INFO] [stderr]    Compiling tokio-util v0.7.20
[INFO] [stderr]    Compiling async-compression v0.4.51
[INFO] [stderr]    Compiling icu_properties v2.3.0
[INFO] [stderr]    Compiling icu_normalizer v2.3.0
[INFO] [stderr]    Compiling serde_urlencoded v0.7.1
[INFO] [stderr]    Compiling h2 v0.3.27
[INFO] [stderr]    Compiling tokio-native-tls v0.3.1
[INFO] [stderr]    Compiling idna_adapter v1.2.2
[INFO] [stderr]    Compiling idna v1.1.0
[INFO] [stderr]    Compiling url v2.5.8
[INFO] [stderr]    Compiling hyper v0.14.32
[INFO] [stderr]    Compiling hyper-tls v0.5.0
[INFO] [stderr]    Compiling reqwest v0.11.27
[INFO] [stderr]    Compiling fastly_rt v0.1.0 (/opt/rustwide/workdir)
[INFO] [stderr]     Finished `release` profile [optimized] target(s) in 59.27s
[INFO] running `Command { std: "docker" "inspect" "5dc53d95dfe46838270fe1bbaaec41eba669ceb69d52b1ec7db1cfce145c96aa", kill_on_drop: false }`
[INFO] running `Command { std: "docker" "exec" "-e" "SOURCE_DIR=/opt/rustwide/workdir" "-e" "CARGO_HOME=/opt/rustwide/cargo-home" "-e" "RUSTUP_HOME=/opt/rustwide/rustup-home" "-e" "CARGO_TARGET_DIR=/opt/rustwide/target" "-e" "CARGO_INCREMENTAL=0" "-e" "RUST_BACKTRACE=full" "-e" "RUSTFLAGS=--cap-lints=warn" "-e" "RUSTDOCFLAGS=--cap-lints=warn" "-w" "/opt/rustwide/workdir" "--user" "0:0" "5dc53d95dfe46838270fe1bbaaec41eba669ceb69d52b1ec7db1cfce145c96aa" "/opt/rustwide/cargo-home/bin/cargo" "+1.99.0-beta.8" "test" "--frozen" "--no-run" "--message-format=json" "--release", kill_on_drop: false }`
[INFO] [stderr]    Compiling syn v3.0.9
[INFO] [stderr]    Compiling chrono v0.4.45
[INFO] [stderr]    Compiling synstructure v0.14.0
[INFO] [stderr]    Compiling zerofrom-derive v0.1.8
[INFO] [stderr]    Compiling yoke-derive v0.8.4
[INFO] [stderr]    Compiling zerovec-derive v0.11.6
[INFO] [stderr]    Compiling displaydoc v0.2.7
[INFO] [stderr]    Compiling tokio-macros v2.7.2
[INFO] [stderr]    Compiling serde_derive v1.0.229
[INFO] [stderr]    Compiling tokio v1.53.3
[INFO] [stderr]    Compiling zerofrom v0.1.8
[INFO] [stderr]    Compiling yoke v0.8.3
[INFO] [stderr]    Compiling zerovec v0.11.8
[INFO] [stderr]    Compiling zerotrie v0.2.5
[INFO] [stderr]    Compiling tinystr v0.8.4
[INFO] [stderr]    Compiling potential_utf v0.1.6
[INFO] [stderr]    Compiling icu_locale_core v2.3.0
[INFO] [stderr]    Compiling icu_collections v2.3.0
[INFO] [stderr]    Compiling icu_provider v2.3.1
[INFO] [stderr]    Compiling serde v1.0.229
[INFO] [stderr]    Compiling icu_properties v2.3.0
[INFO] [stderr]    Compiling icu_normalizer v2.3.0
[INFO] [stderr]    Compiling serde_urlencoded v0.7.1
[INFO] [stderr]    Compiling idna_adapter v1.2.2
[INFO] [stderr]    Compiling idna v1.1.0
[INFO] [stderr]    Compiling url v2.5.8
[INFO] [stderr]    Compiling tokio-util v0.7.20
[INFO] [stderr]    Compiling tokio-native-tls v0.3.1
[INFO] [stderr]    Compiling async-compression v0.4.51
[INFO] [stderr]    Compiling h2 v0.3.27
[INFO] [stderr]    Compiling hyper v0.14.32
[INFO] [stderr]    Compiling hyper-tls v0.5.0
[INFO] [stderr]    Compiling reqwest v0.11.27
[INFO] [stderr]    Compiling fastly_rt v0.1.0 (/opt/rustwide/workdir)
[INFO] [stderr]     Finished `release` profile [optimized] target(s) in 43.04s
[INFO] running `Command { std: "docker" "inspect" "5dc53d95dfe46838270fe1bbaaec41eba669ceb69d52b1ec7db1cfce145c96aa", kill_on_drop: false }`
[INFO] running `Command { std: "docker" "exec" "-e" "SOURCE_DIR=/opt/rustwide/workdir" "-e" "CARGO_HOME=/opt/rustwide/cargo-home" "-e" "RUSTUP_HOME=/opt/rustwide/rustup-home" "-e" "CARGO_TARGET_DIR=/opt/rustwide/target" "-e" "CARGO_INCREMENTAL=0" "-e" "RUST_BACKTRACE=full" "-e" "RUSTFLAGS=--cap-lints=warn" "-e" "RUSTDOCFLAGS=--cap-lints=warn" "-w" "/opt/rustwide/workdir" "--user" "0:0" "5dc53d95dfe46838270fe1bbaaec41eba669ceb69d52b1ec7db1cfce145c96aa" "/opt/rustwide/cargo-home/bin/cargo" "+1.99.0-beta.8" "test" "--frozen" "--release", kill_on_drop: false }`
[INFO] [stderr]     Finished `release` profile [optimized] target(s) in 0.20s
[INFO] [stderr]      Running unittests src/lib.rs (/opt/rustwide/target/release/deps/fastly_rt-ccf9a7c26aa1ac66)
[INFO] [stdout] 
[INFO] [stdout] running 0 tests
[INFO] [stdout] 
[INFO] [stdout] test result: ok. 0 passed; 0 failed; 0 ignored; 0 measured; 0 filtered out; finished in 0.00s
[INFO] [stdout] 
[INFO] [stderr]      Running tests/origin_test.rs (/opt/rustwide/target/release/deps/origin_test-410e6225494d2c78)
[INFO] [stdout] 
[INFO] [stdout] running 4 tests
[INFO] [stdout] test get_stats_120s ... FAILED
[INFO] [stdout] test get_consecutive_stats ... FAILED
[INFO] [stdout] test get_stats_max ... FAILED
[INFO] [stdout] test get_stats_from ... FAILED
[INFO] [stdout] 
[INFO] [stdout] failures:
[INFO] [stdout] 
[INFO] [stdout] ---- get_stats_120s stdout ----
[INFO] [stdout] 
[INFO] [stdout] thread 'get_stats_120s' (2041) panicked at tests/origin_test.rs:7:21:
[INFO] [stdout] env KEY not set: NotPresent
[INFO] [stdout] stack backtrace:
[INFO] [stdout]    0:     0x57317f7000f1 - <<std[70759c8f55707aa4]::sys::backtrace::BacktraceLock>::print::DisplayBacktrace as core[df12db4294e9bfd3]::fmt::Display>::fmt
[INFO] [stdout]    1:     0x57317f7164da - core[df12db4294e9bfd3]::fmt::write
[INFO] [stdout]    2:     0x57317f70509c - <alloc[2182bb758b4b3781]::vec::Vec<u8> as core[df12db4294e9bfd3]::io::write::Write>::write_fmt
[INFO] [stdout]    3:     0x57317f6daf16 - std[70759c8f55707aa4]::panicking::default_hook::{closure#0}
[INFO] [stdout]    4:     0x57317f6f8069 - std[70759c8f55707aa4]::panicking::default_hook
[INFO] [stdout]    5:     0x57317f54c0e0 - test[9d35eded1c95d3be]::test_main_inner::<test[9d35eded1c95d3be]::test_main_static::{closure#0}>::{closure#0}
[INFO] [stdout]    6:     0x57317f6f8392 - std[70759c8f55707aa4]::panicking::panic_with_hook
[INFO] [stdout]    7:     0x57317f6dafc2 - std[70759c8f55707aa4]::panicking::panic_handler::{closure#0}
[INFO] [stdout]    8:     0x57317f6d36d9 - std[70759c8f55707aa4]::sys::backtrace::__rust_end_short_backtrace::<std[70759c8f55707aa4]::panicking::panic_handler::{closure#0}, !>
[INFO] [stdout]    9:     0x57317f6dbebd - __rustc[8fa7c3cbc660c2b3]::rust_begin_unwind
[INFO] [stdout]   10:     0x57317f716c3c - core[df12db4294e9bfd3]::panicking::panic_fmt
[INFO] [stdout]   11:     0x57317f716a12 - core[df12db4294e9bfd3]::result::unwrap_failed
[INFO] [stdout]   12:     0x57317f537f9a - origin_test[8f5a9f3daf14d7a1]::get_stats_120s::{closure#0}
[INFO] [stdout]   13:     0x57317f53c573 - <tokio[73684837fa885987]::runtime::scheduler::current_thread::Context>::enter::<core[df12db4294e9bfd3]::task::poll::Poll<()>, <tokio[73684837fa885987]::runtime::scheduler::current_thread::CoreGuard>::block_on<core[df12db4294e9bfd3]::pin::Pin<&mut core[df12db4294e9bfd3]::pin::Pin<&mut dyn core[df12db4294e9bfd3]::future::future::Future<Output = ()>>>>::{closure#0}::{closure#0}>
[INFO] [stdout]   14:     0x57317f53204c - <tokio[73684837fa885987]::runtime::context::scoped::Scoped<tokio[73684837fa885987]::runtime::scheduler::Context>>::set::<<tokio[73684837fa885987]::runtime::scheduler::current_thread::CoreGuard>::enter<<tokio[73684837fa885987]::runtime::scheduler::current_thread::CoreGuard>::block_on<core[df12db4294e9bfd3]::pin::Pin<&mut core[df12db4294e9bfd3]::pin::Pin<&mut dyn core[df12db4294e9bfd3]::future::future::Future<Output = ()>>>>::{closure#0}, core[df12db4294e9bfd3]::option::Option<()>>::{closure#0}, (alloc[2182bb758b4b3781]::boxed::Box<tokio[73684837fa885987]::runtime::scheduler::current_thread::Core>, core[df12db4294e9bfd3]::option::Option<()>)>
[INFO] [stdout]   15:     0x57317f53c00b - <tokio[73684837fa885987]::runtime::scheduler::current_thread::CurrentThread>::block_on::<core[df12db4294e9bfd3]::pin::Pin<&mut dyn core[df12db4294e9bfd3]::future::future::Future<Output = ()>>>
[INFO] [stdout]   16:     0x57317f539e82 - <tokio[73684837fa885987]::runtime::runtime::Runtime>::block_on::<core[df12db4294e9bfd3]::pin::Pin<&mut dyn core[df12db4294e9bfd3]::future::future::Future<Output = ()>>>
[INFO] [stdout]   17:     0x57317f539a6e - <origin_test[8f5a9f3daf14d7a1]::get_stats_120s::{closure#0} as core[df12db4294e9bfd3]::ops::function::FnOnce<()>>::call_once
[INFO] [stdout]   18:     0x57317f53f3cb - test[9d35eded1c95d3be]::__rust_begin_short_backtrace::<core[df12db4294e9bfd3]::result::Result<(), alloc[2182bb758b4b3781]::string::String>, fn() -> core[df12db4294e9bfd3]::result::Result<(), alloc[2182bb758b4b3781]::string::String>>
[INFO] [stdout]   19:     0x57317f54ca35 - test[9d35eded1c95d3be]::run_test::{closure#0}
[INFO] [stdout]   20:     0x57317f5462f4 - std[70759c8f55707aa4]::sys::backtrace::__rust_begin_short_backtrace::<test[9d35eded1c95d3be]::run_test::{closure#1}, ()>
[INFO] [stdout]   21:     0x57317f54fb92 - <std[70759c8f55707aa4]::thread::lifecycle::spawn_unchecked<test[9d35eded1c95d3be]::run_test::{closure#1}, ()>::{closure#1} as core[df12db4294e9bfd3]::ops::function::FnOnce<()>>::call_once::{shim:vtable#0}
[INFO] [stdout]   22:     0x57317f6ff619 - <std[70759c8f55707aa4]::sys::thread::unix::Thread>::new::thread_start
[INFO] [stdout]   23:     0x7504378ebdfa - <unknown>
[INFO] [stdout]   24:     0x75043797f3d4 - clone
[INFO] [stdout]   25:                0x0 - <unknown>
[INFO] [stdout] 
[INFO] [stdout] ---- get_consecutive_stats stdout ----
[INFO] [stdout] 
[INFO] [stdout] thread 'get_consecutive_stats' (2040) panicked at tests/origin_test.rs:7:21:
[INFO] [stdout] env KEY not set: NotPresent
[INFO] [stdout] stack backtrace:
[INFO] [stdout]    0:     0x57317f7000f1 - <<std[70759c8f55707aa4]::sys::backtrace::BacktraceLock>::print::DisplayBacktrace as core[df12db4294e9bfd3]::fmt::Display>::fmt
[INFO] [stdout]    1:     0x57317f7164da - core[df12db4294e9bfd3]::fmt::write
[INFO] [stdout]    2:     0x57317f70509c - <alloc[2182bb758b4b3781]::vec::Vec<u8> as core[df12db4294e9bfd3]::io::write::Write>::write_fmt
[INFO] [stdout]    3:     0x57317f6daf16 - std[70759c8f55707aa4]::panicking::default_hook::{closure#0}
[INFO] [stdout]    4:     0x57317f6f8069 - std[70759c8f55707aa4]::panicking::default_hook
[INFO] [stdout]    5:     0x57317f54c0e0 - test[9d35eded1c95d3be]::test_main_inner::<test[9d35eded1c95d3be]::test_main_static::{closure#0}>::{closure#0}
[INFO] [stdout]    6:     0x57317f6f8392 - std[70759c8f55707aa4]::panicking::panic_with_hook
[INFO] [stdout]    7:     0x57317f6dafc2 - std[70759c8f55707aa4]::panicking::panic_handler::{closure#0}
[INFO] [stdout]    8:     0x57317f6d36d9 - std[70759c8f55707aa4]::sys::backtrace::__rust_end_short_backtrace::<std[70759c8f55707aa4]::panicking::panic_handler::{closure#0}, !>
[INFO] [stdout]    9:     0x57317f6dbebd - __rustc[8fa7c3cbc660c2b3]::rust_begin_unwind
[INFO] [stdout]   10:     0x57317f716c3c - core[df12db4294e9bfd3]::panicking::panic_fmt
[INFO] [stdout]   11:     0x57317f716a12 - core[df12db4294e9bfd3]::result::unwrap_failed
[INFO] [stdout]   12:     0x57317f538e7a - origin_test[8f5a9f3daf14d7a1]::get_consecutive_stats::{closure#0}
[INFO] [stdout]   13:     0x57317f53c573 - <tokio[73684837fa885987]::runtime::scheduler::current_thread::Context>::enter::<core[df12db4294e9bfd3]::task::poll::Poll<()>, <tokio[73684837fa885987]::runtime::scheduler::current_thread::CoreGuard>::block_on<core[df12db4294e9bfd3]::pin::Pin<&mut core[df12db4294e9bfd3]::pin::Pin<&mut dyn core[df12db4294e9bfd3]::future::future::Future<Output = ()>>>>::{closure#0}::{closure#0}>
[INFO] [stdout]   14:     0x57317f53204c - <tokio[73684837fa885987]::runtime::context::scoped::Scoped<tokio[73684837fa885987]::runtime::scheduler::Context>>::set::<<tokio[73684837fa885987]::runtime::scheduler::current_thread::CoreGuard>::enter<<tokio[73684837fa885987]::runtime::scheduler::current_thread::CoreGuard>::block_on<core[df12db4294e9bfd3]::pin::Pin<&mut core[df12db4294e9bfd3]::pin::Pin<&mut dyn core[df12db4294e9bfd3]::future::future::Future<Output = ()>>>>::{closure#0}, core[df12db4294e9bfd3]::option::Option<()>>::{closure#0}, (alloc[2182bb758b4b3781]::boxed::Box<tokio[73684837fa885987]::runtime::scheduler::current_thread::Core>, core[df12db4294e9bfd3]::option::Option<()>)>
[INFO] [stdout]   15:     0x57317f53c00b - <tokio[73684837fa885987]::runtime::scheduler::current_thread::CurrentThread>::block_on::<core[df12db4294e9bfd3]::pin::Pin<&mut dyn core[df12db4294e9bfd3]::future::future::Future<Output = ()>>>
[INFO] [stdout]   16:     0x57317f539e82 - <tokio[73684837fa885987]::runtime::runtime::Runtime>::block_on::<core[df12db4294e9bfd3]::pin::Pin<&mut dyn core[df12db4294e9bfd3]::future::future::Future<Output = ()>>>
[INFO] [stdout]   17:     0x57317f539d2e - <origin_test[8f5a9f3daf14d7a1]::get_consecutive_stats::{closure#0} as core[df12db4294e9bfd3]::ops::function::FnOnce<()>>::call_once
[INFO] [stdout]   18:     0x57317f53f3cb - test[9d35eded1c95d3be]::__rust_begin_short_backtrace::<core[df12db4294e9bfd3]::result::Result<(), alloc[2182bb758b4b3781]::string::String>, fn() -> core[df12db4294e9bfd3]::result::Result<(), alloc[2182bb758b4b3781]::string::String>>
[INFO] [stdout]   19:     0x57317f54ca35 - test[9d35eded1c95d3be]::run_test::{closure#0}
[INFO] [stdout]   20:     0x57317f5462f4 - std[70759c8f55707aa4]::sys::backtrace::__rust_begin_short_backtrace::<test[9d35eded1c95d3be]::run_test::{closure#1}, ()>
[INFO] [stdout]   21:     0x57317f54fb92 - <std[70759c8f55707aa4]::thread::lifecycle::spawn_unchecked<test[9d35eded1c95d3be]::run_test::{closure#1}, ()>::{closure#1} as core[df12db4294e9bfd3]::ops::function::FnOnce<()>>::call_once::{shim:vtable#0}
[INFO] [stdout]   22:     0x57317f6ff619 - <std[70759c8f55707aa4]::sys::thread::unix::Thread>::new::thread_start
[INFO] [stdout]   23:     0x7504378ebdfa - <unknown>
[INFO] [stdout]   24:     0x75043797f3d4 - clone
[INFO] [stdout]   25:                0x0 - <unknown>
[INFO] [stdout] 
[INFO] [stdout] ---- get_stats_max stdout ----
[INFO] [stdout] 
[INFO] [stdout] thread 'get_stats_max' (2043) panicked at tests/origin_test.rs:7:21:
[INFO] [stdout] env KEY not set: NotPresent
[INFO] [stdout] stack backtrace:
[INFO] [stdout]    0:     0x57317f7000f1 - <<std[70759c8f55707aa4]::sys::backtrace::BacktraceLock>::print::DisplayBacktrace as core[df12db4294e9bfd3]::fmt::Display>::fmt
[INFO] [stdout]    1:     0x57317f7164da - core[df12db4294e9bfd3]::fmt::write
[INFO] [stdout]    2:     0x57317f70509c - <alloc[2182bb758b4b3781]::vec::Vec<u8> as core[df12db4294e9bfd3]::io::write::Write>::write_fmt
[INFO] [stdout]    3:     0x57317f6daf16 - std[70759c8f55707aa4]::panicking::default_hook::{closure#0}
[INFO] [stdout]    4:     0x57317f6f8069 - std[70759c8f55707aa4]::panicking::default_hook
[INFO] [stdout]    5:     0x57317f54c0e0 - test[9d35eded1c95d3be]::test_main_inner::<test[9d35eded1c95d3be]::test_main_static::{closure#0}>::{closure#0}
[INFO] [stdout]    6:     0x57317f6f8392 - std[70759c8f55707aa4]::panicking::panic_with_hook
[INFO] [stdout]    7:     0x57317f6dafc2 - std[70759c8f55707aa4]::panicking::panic_handler::{closure#0}
[INFO] [stdout]    8:     0x57317f6d36d9 - std[70759c8f55707aa4]::sys::backtrace::__rust_end_short_backtrace::<std[70759c8f55707aa4]::panicking::panic_handler::{closure#0}, !>
[INFO] [stdout]    9:     0x57317f6dbebd - __rustc[8fa7c3cbc660c2b3]::rust_begin_unwind
[INFO] [stdout]   10:     0x57317f716c3c - core[df12db4294e9bfd3]::panicking::panic_fmt
[INFO] [stdout]   11:     0x57317f716a12 - core[df12db4294e9bfd3]::result::unwrap_failed
[INFO] [stdout]   12:     0x57317f537717 - origin_test[8f5a9f3daf14d7a1]::get_stats_max::{closure#0}
[INFO] [stdout]   13:     0x57317f53c573 - <tokio[73684837fa885987]::runtime::scheduler::current_thread::Context>::enter::<core[df12db4294e9bfd3]::task::poll::Poll<()>, <tokio[73684837fa885987]::runtime::scheduler::current_thread::CoreGuard>::block_on<core[df12db4294e9bfd3]::pin::Pin<&mut core[df12db4294e9bfd3]::pin::Pin<&mut dyn core[df12db4294e9bfd3]::future::future::Future<Output = ()>>>>::{closure#0}::{closure#0}>
[INFO] [stdout]   14:     0x57317f53204c - <tokio[73684837fa885987]::runtime::context::scoped::Scoped<tokio[73684837fa885987]::runtime::scheduler::Context>>::set::<<tokio[73684837fa885987]::runtime::scheduler::current_thread::CoreGuard>::enter<<tokio[73684837fa885987]::runtime::scheduler::current_thread::CoreGuard>::block_on<core[df12db4294e9bfd3]::pin::Pin<&mut core[df12db4294e9bfd3]::pin::Pin<&mut dyn core[df12db4294e9bfd3]::future::future::Future<Output = ()>>>>::{closure#0}, core[df12db4294e9bfd3]::option::Option<()>>::{closure#0}, (alloc[2182bb758b4b3781]::boxed::Box<tokio[73684837fa885987]::runtime::scheduler::current_thread::Core>, core[df12db4294e9bfd3]::option::Option<()>)>
[INFO] [stdout]   15:     0x57317f53c00b - <tokio[73684837fa885987]::runtime::scheduler::current_thread::CurrentThread>::block_on::<core[df12db4294e9bfd3]::pin::Pin<&mut dyn core[df12db4294e9bfd3]::future::future::Future<Output = ()>>>
[INFO] [stdout]   16:     0x57317f539e82 - <tokio[73684837fa885987]::runtime::runtime::Runtime>::block_on::<core[df12db4294e9bfd3]::pin::Pin<&mut dyn core[df12db4294e9bfd3]::future::future::Future<Output = ()>>>
[INFO] [stdout]   17:     0x57317f53990e - <origin_test[8f5a9f3daf14d7a1]::get_stats_max::{closure#0} as core[df12db4294e9bfd3]::ops::function::FnOnce<()>>::call_once
[INFO] [stdout]   18:     0x57317f53f3cb - test[9d35eded1c95d3be]::__rust_begin_short_backtrace::<core[df12db4294e9bfd3]::result::Result<(), alloc[2182bb758b4b3781]::string::String>, fn() -> core[df12db4294e9bfd3]::result::Result<(), alloc[2182bb758b4b3781]::string::String>>
[INFO] [stdout]   19:     0x57317f54ca35 - test[9d35eded1c95d3be]::run_test::{closure#0}
[INFO] [stdout]   20:     0x57317f5462f4 - std[70759c8f55707aa4]::sys::backtrace::__rust_begin_short_backtrace::<test[9d35eded1c95d3be]::run_test::{closure#1}, ()>
[INFO] [stdout]   21:     0x57317f54fb92 - <std[70759c8f55707aa4]::thread::lifecycle::spawn_unchecked<test[9d35eded1c95d3be]::run_test::{closure#1}, ()>::{closure#1} as core[df12db4294e9bfd3]::ops::function::FnOnce<()>>::call_once::{shim:vtable#0}
[INFO] [stdout]   22:     0x57317f6ff619 - <std[70759c8f55707aa4]::sys::thread::unix::Thread>::new::thread_start
[INFO] [stdout]   23:     0x7504378ebdfa - <unknown>
[INFO] [stdout]   24:     0x75043797f3d4 - clone
[INFO] [stdout]   25:                0x0 - <unknown>
[INFO] [stdout] 
[INFO] [stdout] ---- get_stats_from stdout ----
[INFO] [stdout] 
[INFO] [stdout] thread 'get_stats_from' (2042) panicked at tests/origin_test.rs:7:21:
[INFO] [stdout] env KEY not set: NotPresent
[INFO] [stdout] stack backtrace:
[INFO] [stdout]    0:     0x57317f7000f1 - <<std[70759c8f55707aa4]::sys::backtrace::BacktraceLock>::print::DisplayBacktrace as core[df12db4294e9bfd3]::fmt::Display>::fmt
[INFO] [stdout]    1:     0x57317f7164da - core[df12db4294e9bfd3]::fmt::write
[INFO] [stdout]    2:     0x57317f70509c - <alloc[2182bb758b4b3781]::vec::Vec<u8> as core[df12db4294e9bfd3]::io::write::Write>::write_fmt
[INFO] [stdout]    3:     0x57317f6daf16 - std[70759c8f55707aa4]::panicking::default_hook::{closure#0}
[INFO] [stdout]    4:     0x57317f6f8069 - std[70759c8f55707aa4]::panicking::default_hook
[INFO] [stdout]    5:     0x57317f54c0e0 - test[9d35eded1c95d3be]::test_main_inner::<test[9d35eded1c95d3be]::test_main_static::{closure#0}>::{closure#0}
[INFO] [stdout]    6:     0x57317f6f8392 - std[70759c8f55707aa4]::panicking::panic_with_hook
[INFO] [stdout]    7:     0x57317f6dafc2 - std[70759c8f55707aa4]::panicking::panic_handler::{closure#0}
[INFO] [stdout]    8:     0x57317f6d36d9 - std[70759c8f55707aa4]::sys::backtrace::__rust_end_short_backtrace::<std[70759c8f55707aa4]::panicking::panic_handler::{closure#0}, !>
[INFO] [stdout]    9:     0x57317f6dbebd - __rustc[8fa7c3cbc660c2b3]::rust_begin_unwind
[INFO] [stdout]   10:     0x57317f716c3c - core[df12db4294e9bfd3]::panicking::panic_fmt
[INFO] [stdout]   11:     0x57317f716a12 - core[df12db4294e9bfd3]::result::unwrap_failed
[INFO] [stdout]   12:     0x57317f538695 - origin_test[8f5a9f3daf14d7a1]::get_stats_from::{closure#0}
[INFO] [stdout]   13:     0x57317f53c573 - <tokio[73684837fa885987]::runtime::scheduler::current_thread::Context>::enter::<core[df12db4294e9bfd3]::task::poll::Poll<()>, <tokio[73684837fa885987]::runtime::scheduler::current_thread::CoreGuard>::block_on<core[df12db4294e9bfd3]::pin::Pin<&mut core[df12db4294e9bfd3]::pin::Pin<&mut dyn core[df12db4294e9bfd3]::future::future::Future<Output = ()>>>>::{closure#0}::{closure#0}>
[INFO] [stdout]   14:     0x57317f53204c - <tokio[73684837fa885987]::runtime::context::scoped::Scoped<tokio[73684837fa885987]::runtime::scheduler::Context>>::set::<<tokio[73684837fa885987]::runtime::scheduler::current_thread::CoreGuard>::enter<<tokio[73684837fa885987]::runtime::scheduler::current_thread::CoreGuard>::block_on<core[df12db4294e9bfd3]::pin::Pin<&mut core[df12db4294e9bfd3]::pin::Pin<&mut dyn core[df12db4294e9bfd3]::future::future::Future<Output = ()>>>>::{closure#0}, core[df12db4294e9bfd3]::option::Option<()>>::{closure#0}, (alloc[2182bb758b4b3781]::boxed::Box<tokio[73684837fa885987]::runtime::scheduler::current_thread::Core>, core[df12db4294e9bfd3]::option::Option<()>)>
[INFO] [stdout]   15:     0x57317f53c00b - <tokio[73684837fa885987]::runtime::scheduler::current_thread::CurrentThread>::block_on::<core[df12db4294e9bfd3]::pin::Pin<&mut dyn core[df12db4294e9bfd3]::future::future::Future<Output = ()>>>
[INFO] [stdout]   16:     0x57317f539e82 - <tokio[73684837fa885987]::runtime::runtime::Runtime>::block_on::<core[df12db4294e9bfd3]::pin::Pin<&mut dyn core[df12db4294e9bfd3]::future::future::Future<Output = ()>>>
[INFO] [stdout]   17:     0x57317f539bce - <origin_test[8f5a9f3daf14d7a1]::get_stats_from::{closure#0} as core[df12db4294e9bfd3]::ops::function::FnOnce<()>>::call_once
[INFO] [stdout]   18:     0x57317f53f3cb - test[9d35eded1c95d3be]::__rust_begin_short_backtrace::<core[df12db4294e9bfd3]::result::Result<(), alloc[2182bb758b4b3781]::string::String>, fn() -> core[df12db4294e9bfd3]::result::Result<(), alloc[2182bb758b4b3781]::string::String>>
[INFO] [stdout]   19:     0x57317f54ca35 - test[9d35eded1c95d3be]::run_test::{closure#0}
[INFO] [stdout]   20:     0x57317f5462f4 - std[70759c8f55707aa4]::sys::backtrace::__rust_begin_short_backtrace::<test[9d35eded1c95d3be]::run_test::{closure#1}, ()>
[INFO] [stdout]   21:     0x57317f54fb92 - <std[70759c8f55707aa4]::thread::lifecycle::spawn_unchecked<test[9d35eded1c95d3be]::run_test::{closure#1}, ()>::{closure#1} as core[df12db4294e9bfd3]::ops::function::FnOnce<()>>::call_once::{shim:vtable#0}
[INFO] [stdout]   22:     0x57317f6ff619 - <std[70759c8f55707aa4]::sys::thread::unix::Thread>::new::thread_start
[INFO] [stdout]   23:     0x7504378ebdfa - <unknown>
[INFO] [stdout]   24:     0x75043797f3d4 - clone
[INFO] [stdout]   25:                0x0 - <unknown>
[INFO] [stdout] 
[INFO] [stdout] 
[INFO] [stdout] failures:
[INFO] [stdout]     get_consecutive_stats
[INFO] [stdout]     get_stats_120s
[INFO] [stdout]     get_stats_from
[INFO] [stdout]     get_stats_max
[INFO] [stdout] 
[INFO] [stdout] test result: FAILED. 0 passed; 4 failed; 0 ignored; 0 measured; 0 filtered out; finished in 0.00s
[INFO] [stdout] 
[INFO] [stderr] error: test failed, to rerun pass `--test origin_test`
[INFO] running `Command { std: "docker" "inspect" "5dc53d95dfe46838270fe1bbaaec41eba669ceb69d52b1ec7db1cfce145c96aa", kill_on_drop: false }`
[INFO] running `Command { std: "docker" "rm" "-f" "5dc53d95dfe46838270fe1bbaaec41eba669ceb69d52b1ec7db1cfce145c96aa", kill_on_drop: false }`
[INFO] [stdout] 5dc53d95dfe46838270fe1bbaaec41eba669ceb69d52b1ec7db1cfce145c96aa
