[INFO] fetching crate fast_html2md 0.0.63...
[INFO] testing fast_html2md-0.0.63 against 1.100.0-beta.1+cargoflags=--release for beta-release-1.100-2
[INFO] extracting crate fast_html2md 0.0.63 into /workspace/builds/worker-3-tc2/source
[INFO] started tweaking crates.io crate fast_html2md 0.0.63
[INFO] removed 0 missing tests
[INFO] finished tweaking crates.io crate fast_html2md 0.0.63
[INFO] tweaked toml for crates.io crate fast_html2md 0.0.63 written to /workspace/builds/worker-3-tc2/source/Cargo.toml
[INFO] validating manifest of crates.io crate fast_html2md 0.0.63 on toolchain 1.100.0-beta.1
[INFO] running `Command { std: CARGO_HOME="/workspace/cargo-home" RUSTUP_HOME="/workspace/rustup-home" "/workspace/cargo-home/bin/cargo" "+1.100.0-beta.1" "metadata" "--manifest-path" "Cargo.toml" "--no-deps", kill_on_drop: false }`
[INFO] crate crates.io crate fast_html2md 0.0.63 already has a lockfile, it will not be regenerated
[INFO] running `Command { std: CARGO_HOME="/workspace/cargo-home" RUSTUP_HOME="/workspace/rustup-home" "/workspace/cargo-home/bin/cargo" "+1.100.0-beta.1" "fetch" "--manifest-path" "Cargo.toml", kill_on_drop: false }`
[INFO] running `Command { std: "docker" "create" "-v" "/var/lib/crater-agent-workspace/builds/worker-3-tc2/source:/opt/rustwide/workdir:ro,Z" "-v" "/var/lib/crater-agent-workspace/builds/worker-3-tc2/target:/opt/rustwide/target:rw,Z" "-v" "/var/lib/crater-agent-workspace/cargo-home:/opt/rustwide/cargo-home:ro,Z" "-v" "/var/lib/crater-agent-workspace/rustup-home:/opt/rustwide/rustup-home:ro,Z" "-m" "1610612736" "--network" "none" "ghcr.io/rust-lang/crates-build-env/linux@sha256:77db811e55d90add9212f6832c23229e3de5f1c1f9905e8cb07319ea15df73ac" "sleep" "infinity", kill_on_drop: false }`
[INFO] [stdout] 7fc8ac78c384514ee9ff04a53dcc4d959f710f0407e1569a5d7fb6301bad19d3
[INFO] running `Command { std: "docker" "start" "7fc8ac78c384514ee9ff04a53dcc4d959f710f0407e1569a5d7fb6301bad19d3", kill_on_drop: false }`
[INFO] running `Command { std: "docker" "inspect" "7fc8ac78c384514ee9ff04a53dcc4d959f710f0407e1569a5d7fb6301bad19d3", kill_on_drop: false }`
[INFO] running `Command { std: "docker" "exec" "-e" "SOURCE_DIR=/opt/rustwide/workdir" "-e" "CARGO_HOME=/opt/rustwide/cargo-home" "-e" "RUSTUP_HOME=/opt/rustwide/rustup-home" "-e" "CARGO_TARGET_DIR=/opt/rustwide/target" "-w" "/opt/rustwide/workdir" "--user" "0:0" "7fc8ac78c384514ee9ff04a53dcc4d959f710f0407e1569a5d7fb6301bad19d3" "/opt/rustwide/cargo-home/bin/cargo" "+1.100.0-beta.1" "metadata" "--no-deps" "--format-version=1", kill_on_drop: false }`
[INFO] running `Command { std: "docker" "inspect" "7fc8ac78c384514ee9ff04a53dcc4d959f710f0407e1569a5d7fb6301bad19d3", kill_on_drop: false }`
[INFO] running `Command { std: "docker" "exec" "-e" "SOURCE_DIR=/opt/rustwide/workdir" "-e" "CARGO_HOME=/opt/rustwide/cargo-home" "-e" "RUSTUP_HOME=/opt/rustwide/rustup-home" "-e" "CARGO_TARGET_DIR=/opt/rustwide/target" "-e" "CARGO_INCREMENTAL=0" "-e" "RUST_BACKTRACE=full" "-e" "RUSTFLAGS=--cap-lints=warn" "-e" "RUSTDOCFLAGS=--cap-lints=warn" "-w" "/opt/rustwide/workdir" "--user" "0:0" "7fc8ac78c384514ee9ff04a53dcc4d959f710f0407e1569a5d7fb6301bad19d3" "/opt/rustwide/cargo-home/bin/cargo" "+1.100.0-beta.1" "build" "--frozen" "--message-format=json" "--release", kill_on_drop: false }`
[INFO] [stderr]    Compiling siphasher v1.0.1
[INFO] [stderr]    Compiling rand_core v0.6.4
[INFO] [stderr]    Compiling litemap v0.8.1
[INFO] [stderr]    Compiling writeable v0.6.2
[INFO] [stderr]    Compiling icu_normalizer_data v2.1.1
[INFO] [stderr]    Compiling icu_properties_data v2.1.2
[INFO] [stderr]    Compiling dtoa v1.0.10
[INFO] [stderr]    Compiling encoding_rs v0.8.35
[INFO] [stderr]    Compiling rand v0.8.5
[INFO] [stderr]    Compiling serde v1.0.228
[INFO] [stderr]    Compiling aho-corasick v1.1.4
[INFO] [stderr]    Compiling syn v2.0.111
[INFO] [stderr]    Compiling regex-syntax v0.8.8
[INFO] [stderr]    Compiling rustc-hash v2.1.1
[INFO] [stderr]    Compiling futures-task v0.3.31
[INFO] [stderr]    Compiling futures-core v0.3.31
[INFO] [stderr]    Compiling phf_shared v0.11.3
[INFO] [stderr]    Compiling dtoa-short v0.3.5
[INFO] [stderr]    Compiling futures-util v0.3.31
[INFO] [stderr]    Compiling phf_generator v0.11.3
[INFO] [stderr]    Compiling phf_codegen v0.11.3
[INFO] [stderr]    Compiling selectors v0.32.0
[INFO] [stderr]    Compiling chardetng v0.1.17
[INFO] [stderr]    Compiling regex-automata v0.4.13
[INFO] [stderr]    Compiling synstructure v0.13.2
[INFO] [stderr]    Compiling regex v1.12.2
[INFO] [stderr]    Compiling zerofrom-derive v0.1.6
[INFO] [stderr]    Compiling yoke-derive v0.8.1
[INFO] [stderr]    Compiling zerovec-derive v0.11.2
[INFO] [stderr]    Compiling displaydoc v0.2.5
[INFO] [stderr]    Compiling phf_macros v0.11.3
[INFO] [stderr]    Compiling cssparser-macros v0.6.1
[INFO] [stderr]    Compiling derive_more-impl v2.1.0
[INFO] [stderr]    Compiling thiserror-impl v2.0.17
[INFO] [stderr]    Compiling serde_derive v1.0.228
[INFO] [stderr]    Compiling phf v0.11.3
[INFO] [stderr]    Compiling cssparser v0.35.0
[INFO] [stderr]    Compiling auto_encoder v0.1.10
[INFO] [stderr]    Compiling zerofrom v0.1.6
[INFO] [stderr]    Compiling yoke v0.8.1
[INFO] [stderr]    Compiling derive_more v2.1.0
[INFO] [stderr]    Compiling zerovec v0.11.5
[INFO] [stderr]    Compiling zerotrie v0.2.3
[INFO] [stderr]    Compiling tinystr v0.8.2
[INFO] [stderr]    Compiling potential_utf v0.1.4
[INFO] [stderr]    Compiling icu_locale_core v2.1.1
[INFO] [stderr]    Compiling icu_collections v2.1.1
[INFO] [stderr]    Compiling thiserror v2.0.17
[INFO] [stderr]    Compiling icu_provider v2.1.1
[INFO] [stderr]    Compiling icu_properties v2.1.2
[INFO] [stderr]    Compiling icu_normalizer v2.1.1
[INFO] [stderr]    Compiling lol_html v2.7.0
[INFO] [stderr]    Compiling idna_adapter v1.2.1
[INFO] [stderr]    Compiling idna v1.1.0
[INFO] [stderr]    Compiling url v2.5.7
[INFO] [stderr]    Compiling fast_html2md v0.0.63 (/opt/rustwide/workdir)
[INFO] [stdout] warning: value assigned to `is_last_whitespace` is never read
[INFO] [stdout]    --> src/extended/sifter.rs:255:29
[INFO] [stdout]     |
[INFO] [stdout] 255 | ...                   is_last_whitespace = false;
[INFO] [stdout]     |                       ^^^^^^^^^^^^^^^^^^^^^^^^^^
[INFO] [stdout]     |
[INFO] [stdout]     = help: maybe it is overwritten before being read?
[INFO] [stdout]     = note: `#[warn(unused_assignments)]` (part of `#[warn(unused)]`) on by default
[INFO] [stdout] 
[INFO] [stdout] 
[INFO] [stdout] warning: value captured by `in_table` is never read
[INFO] [stdout]    --> src/rewriter/writer.rs:203:9
[INFO] [stdout]     |
[INFO] [stdout] 203 |         in_table = in_table_flag_el.get();
[INFO] [stdout]     |         ^^^^^^^^
[INFO] [stdout]     |
[INFO] [stdout]     = help: did you mean to capture by reference instead?
[INFO] [stdout] 
[INFO] [stdout] 
[INFO] [stdout] warning: value captured by `list_item_start` is never read
[INFO] [stdout]    --> src/rewriter/writer.rs:204:9
[INFO] [stdout]     |
[INFO] [stdout] 204 |         list_item_start = list_item_start_flag_el.get();
[INFO] [stdout]     |         ^^^^^^^^^^^^^^^
[INFO] [stdout]     |
[INFO] [stdout]     = help: did you mean to capture by reference instead?
[INFO] [stdout] 
[INFO] [stdout] 
[INFO] [stdout] warning: value captured by `in_table` is never read
[INFO] [stdout]    --> src/rewriter/writer.rs:385:9
[INFO] [stdout]     |
[INFO] [stdout] 385 |         in_table = (f & F_IN_TABLE) != 0;
[INFO] [stdout]     |         ^^^^^^^^
[INFO] [stdout]     |
[INFO] [stdout]     = help: did you mean to capture by reference instead?
[INFO] [stdout] 
[INFO] [stdout] 
[INFO] [stdout] warning: value captured by `list_item_start` is never read
[INFO] [stdout]    --> src/rewriter/writer.rs:386:9
[INFO] [stdout]     |
[INFO] [stdout] 386 |         list_item_start = (f & F_LI_START) != 0;
[INFO] [stdout]     |         ^^^^^^^^^^^^^^^
[INFO] [stdout]     |
[INFO] [stdout]     = help: did you mean to capture by reference instead?
[INFO] [stdout] 
[INFO] [stdout] 
[INFO] [stderr]     Finished `release` profile [optimized] target(s) in 38.55s
[INFO] running `Command { std: "docker" "inspect" "7fc8ac78c384514ee9ff04a53dcc4d959f710f0407e1569a5d7fb6301bad19d3", kill_on_drop: false }`
[INFO] running `Command { std: "docker" "exec" "-e" "SOURCE_DIR=/opt/rustwide/workdir" "-e" "CARGO_HOME=/opt/rustwide/cargo-home" "-e" "RUSTUP_HOME=/opt/rustwide/rustup-home" "-e" "CARGO_TARGET_DIR=/opt/rustwide/target" "-e" "CARGO_INCREMENTAL=0" "-e" "RUST_BACKTRACE=full" "-e" "RUSTFLAGS=--cap-lints=warn" "-e" "RUSTDOCFLAGS=--cap-lints=warn" "-w" "/opt/rustwide/workdir" "--user" "0:0" "7fc8ac78c384514ee9ff04a53dcc4d959f710f0407e1569a5d7fb6301bad19d3" "/opt/rustwide/cargo-home/bin/cargo" "+1.100.0-beta.1" "test" "--frozen" "--no-run" "--message-format=json" "--release", kill_on_drop: false }`
[INFO] [stderr]    Compiling libc v0.2.178
[INFO] [stderr]    Compiling num-bigint v0.1.45
[INFO] [stderr]    Compiling rustc-serialize v0.3.25
[INFO] [stderr]    Compiling num-rational v0.1.43
[INFO] [stderr]    Compiling num-complex v0.1.44
[INFO] [stderr]    Compiling num-integer v0.1.46
[INFO] [stderr]    Compiling tokio-macros v2.6.0
[INFO] [stderr]    Compiling ansi_term v0.12.1
[INFO] [stderr]    Compiling bytes v1.11.0
[INFO] [stderr]    Compiling indoc v1.0.9
[INFO] [stdout] warning: value assigned to `is_last_whitespace` is never read
[INFO] [stdout]    --> src/extended/sifter.rs:255:29
[INFO] [stdout]     |
[INFO] [stdout] 255 | ...                   is_last_whitespace = false;
[INFO] [stdout]     |                       ^^^^^^^^^^^^^^^^^^^^^^^^^^
[INFO] [stdout]     |
[INFO] [stdout]     = help: maybe it is overwritten before being read?
[INFO] [stdout]     = note: `#[warn(unused_assignments)]` (part of `#[warn(unused)]`) on by default
[INFO] [stdout] 
[INFO] [stdout] 
[INFO] [stdout] warning: value captured by `in_table` is never read
[INFO] [stdout]    --> src/rewriter/writer.rs:203:9
[INFO] [stdout]     |
[INFO] [stdout] 203 |         in_table = in_table_flag_el.get();
[INFO] [stdout]     |         ^^^^^^^^
[INFO] [stdout]     |
[INFO] [stdout]     = help: did you mean to capture by reference instead?
[INFO] [stdout] 
[INFO] [stdout] 
[INFO] [stdout] warning: value captured by `list_item_start` is never read
[INFO] [stdout]    --> src/rewriter/writer.rs:204:9
[INFO] [stdout]     |
[INFO] [stdout] 204 |         list_item_start = list_item_start_flag_el.get();
[INFO] [stdout]     |         ^^^^^^^^^^^^^^^
[INFO] [stdout]     |
[INFO] [stdout]     = help: did you mean to capture by reference instead?
[INFO] [stdout] 
[INFO] [stdout] 
[INFO] [stdout] warning: value captured by `in_table` is never read
[INFO] [stdout]    --> src/rewriter/writer.rs:385:9
[INFO] [stdout]     |
[INFO] [stdout] 385 |         in_table = (f & F_IN_TABLE) != 0;
[INFO] [stdout]     |         ^^^^^^^^
[INFO] [stdout]     |
[INFO] [stdout]     = help: did you mean to capture by reference instead?
[INFO] [stdout] 
[INFO] [stdout] 
[INFO] [stdout] warning: value captured by `list_item_start` is never read
[INFO] [stdout]    --> src/rewriter/writer.rs:386:9
[INFO] [stdout]     |
[INFO] [stdout] 386 |         list_item_start = (f & F_LI_START) != 0;
[INFO] [stdout]     |         ^^^^^^^^^^^^^^^
[INFO] [stdout]     |
[INFO] [stdout]     = help: did you mean to capture by reference instead?
[INFO] [stdout] 
[INFO] [stdout] 
[INFO] [stderr]    Compiling pretty_assertions v0.7.2
[INFO] [stderr]    Compiling num-iter v0.1.45
[INFO] [stderr]    Compiling rand v0.4.6
[INFO] [stderr]    Compiling parking_lot_core v0.9.12
[INFO] [stderr]    Compiling signal-hook-registry v1.4.7
[INFO] [stderr]    Compiling mio v1.1.1
[INFO] [stderr]    Compiling socket2 v0.6.1
[INFO] [stderr]    Compiling parking_lot v0.12.5
[INFO] [stderr]    Compiling tokio v1.48.0
[INFO] [stderr]    Compiling num v0.1.43
[INFO] [stderr]    Compiling spectral v0.6.0
[INFO] [stderr]    Compiling fast_html2md v0.0.63 (/opt/rustwide/workdir)
[INFO] [stdout] warning: value assigned to `is_last_whitespace` is never read
[INFO] [stdout]    --> src/extended/sifter.rs:255:29
[INFO] [stdout]     |
[INFO] [stdout] 255 | ...                   is_last_whitespace = false;
[INFO] [stdout]     |                       ^^^^^^^^^^^^^^^^^^^^^^^^^^
[INFO] [stdout]     |
[INFO] [stdout]     = help: maybe it is overwritten before being read?
[INFO] [stdout]     = note: `#[warn(unused_assignments)]` (part of `#[warn(unused)]`) on by default
[INFO] [stdout] 
[INFO] [stdout] 
[INFO] [stdout] warning: value captured by `in_table` is never read
[INFO] [stdout]    --> src/rewriter/writer.rs:203:9
[INFO] [stdout]     |
[INFO] [stdout] 203 |         in_table = in_table_flag_el.get();
[INFO] [stdout]     |         ^^^^^^^^
[INFO] [stdout]     |
[INFO] [stdout]     = help: did you mean to capture by reference instead?
[INFO] [stdout] 
[INFO] [stdout] 
[INFO] [stdout] warning: value captured by `list_item_start` is never read
[INFO] [stdout]    --> src/rewriter/writer.rs:204:9
[INFO] [stdout]     |
[INFO] [stdout] 204 |         list_item_start = list_item_start_flag_el.get();
[INFO] [stdout]     |         ^^^^^^^^^^^^^^^
[INFO] [stdout]     |
[INFO] [stdout]     = help: did you mean to capture by reference instead?
[INFO] [stdout] 
[INFO] [stdout] 
[INFO] [stdout] warning: value captured by `in_table` is never read
[INFO] [stdout]    --> src/rewriter/writer.rs:385:9
[INFO] [stdout]     |
[INFO] [stdout] 385 |         in_table = (f & F_IN_TABLE) != 0;
[INFO] [stdout]     |         ^^^^^^^^
[INFO] [stdout]     |
[INFO] [stdout]     = help: did you mean to capture by reference instead?
[INFO] [stdout] 
[INFO] [stdout] 
[INFO] [stdout] warning: value captured by `list_item_start` is never read
[INFO] [stdout]    --> src/rewriter/writer.rs:386:9
[INFO] [stdout]     |
[INFO] [stdout] 386 |         list_item_start = (f & F_LI_START) != 0;
[INFO] [stdout]     |         ^^^^^^^^^^^^^^^
[INFO] [stdout]     |
[INFO] [stdout]     = help: did you mean to capture by reference instead?
[INFO] [stdout] 
[INFO] [stdout] 
[INFO] [stderr]     Finished `release` profile [optimized] target(s) in 19.96s
[INFO] running `Command { std: "docker" "inspect" "7fc8ac78c384514ee9ff04a53dcc4d959f710f0407e1569a5d7fb6301bad19d3", kill_on_drop: false }`
[INFO] running `Command { std: "docker" "exec" "-e" "SOURCE_DIR=/opt/rustwide/workdir" "-e" "CARGO_HOME=/opt/rustwide/cargo-home" "-e" "RUSTUP_HOME=/opt/rustwide/rustup-home" "-e" "CARGO_TARGET_DIR=/opt/rustwide/target" "-e" "CARGO_INCREMENTAL=0" "-e" "RUST_BACKTRACE=full" "-e" "RUSTFLAGS=--cap-lints=warn" "-e" "RUSTDOCFLAGS=--cap-lints=warn" "-w" "/opt/rustwide/workdir" "--user" "0:0" "7fc8ac78c384514ee9ff04a53dcc4d959f710f0407e1569a5d7fb6301bad19d3" "/opt/rustwide/cargo-home/bin/cargo" "+1.100.0-beta.1" "test" "--frozen" "--release", kill_on_drop: false }`
[INFO] [stderr] warning: value assigned to `is_last_whitespace` is never read
[INFO] [stderr]    --> src/extended/sifter.rs:255:29
[INFO] [stderr]     |
[INFO] [stderr] 255 | ...                   is_last_whitespace = false;
[INFO] [stderr]     |                       ^^^^^^^^^^^^^^^^^^^^^^^^^^
[INFO] [stderr]     |
[INFO] [stderr]     = help: maybe it is overwritten before being read?
[INFO] [stderr]     = note: `#[warn(unused_assignments)]` (part of `#[warn(unused)]`) on by default
[INFO] [stderr] 
[INFO] [stderr] warning: value captured by `in_table` is never read
[INFO] [stderr]    --> src/rewriter/writer.rs:203:9
[INFO] [stderr]     |
[INFO] [stderr] 203 |         in_table = in_table_flag_el.get();
[INFO] [stderr]     |         ^^^^^^^^
[INFO] [stderr]     |
[INFO] [stderr]     = help: did you mean to capture by reference instead?
[INFO] [stderr] 
[INFO] [stderr] warning: value captured by `list_item_start` is never read
[INFO] [stderr]    --> src/rewriter/writer.rs:204:9
[INFO] [stderr]     |
[INFO] [stderr] 204 |         list_item_start = list_item_start_flag_el.get();
[INFO] [stderr]     |         ^^^^^^^^^^^^^^^
[INFO] [stderr]     |
[INFO] [stderr]     = help: did you mean to capture by reference instead?
[INFO] [stderr] 
[INFO] [stderr] warning: value captured by `in_table` is never read
[INFO] [stderr]    --> src/rewriter/writer.rs:385:9
[INFO] [stderr]     |
[INFO] [stderr] 385 |         in_table = (f & F_IN_TABLE) != 0;
[INFO] [stderr]     |         ^^^^^^^^
[INFO] [stderr]     |
[INFO] [stderr]     = help: did you mean to capture by reference instead?
[INFO] [stderr] 
[INFO] [stderr] warning: value captured by `list_item_start` is never read
[INFO] [stderr]    --> src/rewriter/writer.rs:386:9
[INFO] [stderr]     |
[INFO] [stderr] 386 |         list_item_start = (f & F_LI_START) != 0;
[INFO] [stderr]     |         ^^^^^^^^^^^^^^^
[INFO] [stderr]     |
[INFO] [stderr]     = help: did you mean to capture by reference instead?
[INFO] [stderr] 
[INFO] [stderr] warning: `fast_html2md` (lib) generated 5 warnings
[INFO] [stderr] warning: `fast_html2md` (lib test) generated 5 warnings (5 duplicates)
[INFO] [stderr]     Finished `release` profile [optimized] target(s) in 0.13s
[INFO] [stderr]      Running unittests src/lib.rs (/opt/rustwide/target/release/build/fast_html2md/ba843bdd634d5ea7/out/html2md-ba843bdd634d5ea7)
[INFO] [stdout] 
[INFO] [stdout] running 0 tests
[INFO] [stdout] 
[INFO] [stdout] test result: ok. 0 passed; 0 failed; 0 ignored; 0 measured; 0 filtered out; finished in 0.00s
[INFO] [stdout] 
[INFO] [stderr]      Running tests/iframes.rs (/opt/rustwide/target/release/build/fast_html2md/3f08ce745d5f01e7/out/iframes-3f08ce745d5f01e7)
[INFO] [stdout] 
[INFO] [stdout] running 0 tests
[INFO] [stdout] 
[INFO] [stdout] test result: ok. 0 passed; 0 failed; 0 ignored; 0 measured; 0 filtered out; finished in 0.00s
[INFO] [stdout] 
[INFO] [stderr]      Running tests/images.rs (/opt/rustwide/target/release/build/fast_html2md/996f8446cd015ed7/out/images-996f8446cd015ed7)
[INFO] [stdout] 
[INFO] [stdout] running 0 tests
[INFO] [stdout] 
[INFO] [stdout] test result: ok. 0 passed; 0 failed; 0 ignored; 0 measured; 0 filtered out; finished in 0.00s
[INFO] [stdout] 
[INFO] [stderr]      Running tests/integration.rs (/opt/rustwide/target/release/build/fast_html2md/59f5906ad6537c48/out/integration-59f5906ad6537c48)
[INFO] [stdout] 
[INFO] [stdout] running 14 tests
[INFO] [stdout] test test_real_spider ... ignored
[INFO] [stdout] test test_real_spider_async ... ignored
[INFO] [stdout] test test_real_spider_async_basic ... ignored
[INFO] [stdout] test test_real_spider_async_basic1 ... ignored
[INFO] [stdout] test test_real_spider_async_basic2 ... ignored
[INFO] [stdout] test test_real_world_wiki_async ... FAILED
[INFO] [stdout] test test_stream_matches_sync ... ok
[INFO] [stdout] test test_stream_real_world_wiki ... FAILED
[INFO] [stdout] test test_stream_single_chunk ... ok
[INFO] [stdout] test test_stream_error_propagation ... ok
[INFO] [stdout] test test_stream_empty ... ok
[INFO] [stdout] test test_html_from_text_rewrite ... FAILED
[INFO] [stdout] test test_stream_custom_with_url ... ok
[INFO] [stdout] test test_real_world_wiki_rewriter ... FAILED
[INFO] [stdout] 
[INFO] [stdout] failures:
[INFO] [stdout] 
[INFO] [stdout] ---- test_real_world_wiki_async stdout ----
[INFO] [stdout] Error: Os { code: 2, kind: NotFound, message: "No such file or directory" }
[INFO] [stdout] 
[INFO] [stdout] ---- test_stream_real_world_wiki stdout ----
[INFO] [stdout] Error: Os { code: 2, kind: NotFound, message: "No such file or directory" }
[INFO] [stdout] 
[INFO] [stdout] ---- test_html_from_text_rewrite stdout ----
[INFO] [stdout] 
[INFO] [stdout] thread 'test_html_from_text_rewrite' (1950) panicked at tests/integration.rs:291:73:
[INFO] [stdout] called `Result::unwrap()` on an `Err` value: Os { code: 2, kind: NotFound, message: "No such file or directory" }
[INFO] [stdout] stack backtrace:
[INFO] [stdout]    0:     0x5c95860dc0d1 - <<std[617be2ca0a6fd877]::sys::backtrace::BacktraceLock>::print::DisplayBacktrace as core[a373ad73a504971]::fmt::Display>::fmt
[INFO] [stdout]    1:     0x5c95860f27ba - core[a373ad73a504971]::fmt::write
[INFO] [stdout]    2:     0x5c95860e074c - <alloc[2e1b2a31b91974c5]::vec::Vec<u8> as core[a373ad73a504971]::io::write::Write>::write_fmt
[INFO] [stdout]    3:     0x5c95860b7966 - std[617be2ca0a6fd877]::panicking::default_hook::{closure#0}
[INFO] [stdout]    4:     0x5c95860d4139 - std[617be2ca0a6fd877]::panicking::default_hook
[INFO] [stdout]    5:     0x5c9586055fb0 - test[aada8e7e76ba119b]::test_main_inner::{closure#0}
[INFO] [stdout]    6:     0x5c95860d42f2 - std[617be2ca0a6fd877]::panicking::panic_with_hook
[INFO] [stdout]    7:     0x5c95860b7a12 - std[617be2ca0a6fd877]::panicking::panic_handler::{closure#0}
[INFO] [stdout]    8:     0x5c95860b04f9 - std[617be2ca0a6fd877]::sys::backtrace::__rust_end_short_backtrace::<std[617be2ca0a6fd877]::panicking::panic_handler::{closure#0}, !>
[INFO] [stdout]    9:     0x5c95860b861d - __rustc[ea4f61d10b84890b]::rust_begin_unwind
[INFO] [stdout]   10:     0x5c95860f2f9c - core[a373ad73a504971]::panicking::panic_fmt
[INFO] [stdout]   11:     0x5c95860f2d72 - core[a373ad73a504971]::result::unwrap_failed
[INFO] [stdout]   12:     0x5c9585ed3de7 - <integration[a68ceb2454db034]::test_html_from_text_rewrite::{closure#0} as core[a373ad73a504971]::ops::function::FnOnce<()>>::call_once
[INFO] [stdout]   13:     0x5c95860493fb - test[aada8e7e76ba119b]::__rust_begin_short_backtrace::<core[a373ad73a504971]::result::Result<(), alloc[2e1b2a31b91974c5]::string::String>, fn() -> core[a373ad73a504971]::result::Result<(), alloc[2e1b2a31b91974c5]::string::String>>
[INFO] [stdout]   14:     0x5c95860565d5 - test[aada8e7e76ba119b]::run_test::{closure#0}
[INFO] [stdout]   15:     0x5c958604fec4 - std[617be2ca0a6fd877]::sys::backtrace::__rust_begin_short_backtrace::<test[aada8e7e76ba119b]::run_test::{closure#1}, ()>
[INFO] [stdout]   16:     0x5c9586059662 - <std[617be2ca0a6fd877]::thread::lifecycle::spawn_unchecked<test[aada8e7e76ba119b]::run_test::{closure#1}, ()>::{closure#1} as core[a373ad73a504971]::ops::function::FnOnce<()>>::call_once::{shim:vtable#0}
[INFO] [stdout]   17:     0x5c95860db5cf - <std[617be2ca0a6fd877]::sys::thread::unix::Thread>::new::thread_start
[INFO] [stdout]   18:     0x735057ed7dfa - <unknown>
[INFO] [stdout]   19:     0x735057f6b3d4 - clone
[INFO] [stdout]   20:                0x0 - <unknown>
[INFO] [stdout] 
[INFO] [stdout] ---- test_real_world_wiki_rewriter stdout ----
[INFO] [stdout] Error: Os { code: 2, kind: NotFound, message: "No such file or directory" }
[INFO] [stdout] 
[INFO] [stdout] 
[INFO] [stdout] failures:
[INFO] [stdout]     test_html_from_text_rewrite
[INFO] [stdout]     test_real_world_wiki_async
[INFO] [stdout]     test_real_world_wiki_rewriter
[INFO] [stdout]     test_stream_real_world_wiki
[INFO] [stdout] 
[INFO] [stdout] test result: FAILED. 5 passed; 4 failed; 5 ignored; 0 measured; 0 filtered out; finished in 0.01s
[INFO] [stdout] 
[INFO] [stderr] error: test failed, to rerun pass `--test integration`
[INFO] running `Command { std: "docker" "inspect" "7fc8ac78c384514ee9ff04a53dcc4d959f710f0407e1569a5d7fb6301bad19d3", kill_on_drop: false }`
[INFO] running `Command { std: "docker" "rm" "-f" "7fc8ac78c384514ee9ff04a53dcc4d959f710f0407e1569a5d7fb6301bad19d3", kill_on_drop: false }`
[INFO] [stdout] 7fc8ac78c384514ee9ff04a53dcc4d959f710f0407e1569a5d7fb6301bad19d3
