[INFO] fetching crate fast-yaml-parallel 0.7.0...
[INFO] testing fast-yaml-parallel-0.7.0 against 1.99.0-beta.8+cargoflags=--release for beta-release-1.100-2
[INFO] extracting crate fast-yaml-parallel 0.7.0 into /workspace/builds/worker-7-tc1/source
[INFO] started tweaking crates.io crate fast-yaml-parallel 0.7.0
[INFO] removed 0 missing tests
[INFO] finished tweaking crates.io crate fast-yaml-parallel 0.7.0
[INFO] tweaked toml for crates.io crate fast-yaml-parallel 0.7.0 written to /workspace/builds/worker-7-tc1/source/Cargo.toml
[INFO] validating manifest of crates.io crate fast-yaml-parallel 0.7.0 on toolchain 1.99.0-beta.8
[INFO] running `Command { std: CARGO_HOME="/workspace/cargo-home" RUSTUP_HOME="/workspace/rustup-home" "/workspace/cargo-home/bin/cargo" "+1.99.0-beta.8" "metadata" "--manifest-path" "Cargo.toml" "--no-deps", kill_on_drop: false }`
[INFO] crate crates.io crate fast-yaml-parallel 0.7.0 already has a lockfile, it will not be regenerated
[INFO] running `Command { std: CARGO_HOME="/workspace/cargo-home" RUSTUP_HOME="/workspace/rustup-home" "/workspace/cargo-home/bin/cargo" "+1.99.0-beta.8" "fetch" "--manifest-path" "Cargo.toml", kill_on_drop: false }`
[INFO] [stderr]     Updating crates.io index
[INFO] [stderr]  Downloading crates ...
[INFO] [stderr]   Downloaded zerocopy-derive v0.8.59
[INFO] [stderr]   Downloaded saphyr-parser v0.1.0
[INFO] [stderr]   Downloaded fast-yaml-core v0.7.0
[INFO] [stderr]   Downloaded zerocopy v0.8.59
[INFO] running `Command { std: "docker" "create" "-v" "/var/lib/crater-agent-workspace/builds/worker-7-tc1/source:/opt/rustwide/workdir:ro,Z" "-v" "/var/lib/crater-agent-workspace/builds/worker-7-tc1/target:/opt/rustwide/target:rw,Z" "-v" "/var/lib/crater-agent-workspace/cargo-home:/opt/rustwide/cargo-home:ro,Z" "-v" "/var/lib/crater-agent-workspace/rustup-home:/opt/rustwide/rustup-home:ro,Z" "-m" "1610612736" "--network" "none" "ghcr.io/rust-lang/crates-build-env/linux@sha256:77db811e55d90add9212f6832c23229e3de5f1c1f9905e8cb07319ea15df73ac" "sleep" "infinity", kill_on_drop: false }`
[INFO] [stdout] e12bcd47018f0b0a6b9164a0f0e5ef34c66b2b03561ddaa228b6a57c22cbab19
[INFO] running `Command { std: "docker" "start" "e12bcd47018f0b0a6b9164a0f0e5ef34c66b2b03561ddaa228b6a57c22cbab19", kill_on_drop: false }`
[INFO] running `Command { std: "docker" "inspect" "e12bcd47018f0b0a6b9164a0f0e5ef34c66b2b03561ddaa228b6a57c22cbab19", kill_on_drop: false }`
[INFO] running `Command { std: "docker" "exec" "-e" "SOURCE_DIR=/opt/rustwide/workdir" "-e" "CARGO_HOME=/opt/rustwide/cargo-home" "-e" "RUSTUP_HOME=/opt/rustwide/rustup-home" "-e" "CARGO_TARGET_DIR=/opt/rustwide/target" "-w" "/opt/rustwide/workdir" "--user" "0:0" "e12bcd47018f0b0a6b9164a0f0e5ef34c66b2b03561ddaa228b6a57c22cbab19" "/opt/rustwide/cargo-home/bin/cargo" "+1.99.0-beta.8" "metadata" "--no-deps" "--format-version=1", kill_on_drop: false }`
[INFO] running `Command { std: "docker" "inspect" "e12bcd47018f0b0a6b9164a0f0e5ef34c66b2b03561ddaa228b6a57c22cbab19", kill_on_drop: false }`
[INFO] running `Command { std: "docker" "exec" "-e" "SOURCE_DIR=/opt/rustwide/workdir" "-e" "CARGO_HOME=/opt/rustwide/cargo-home" "-e" "RUSTUP_HOME=/opt/rustwide/rustup-home" "-e" "CARGO_TARGET_DIR=/opt/rustwide/target" "-e" "CARGO_INCREMENTAL=0" "-e" "RUST_BACKTRACE=full" "-e" "RUSTFLAGS=--cap-lints=warn" "-e" "RUSTDOCFLAGS=--cap-lints=warn" "-w" "/opt/rustwide/workdir" "--user" "0:0" "e12bcd47018f0b0a6b9164a0f0e5ef34c66b2b03561ddaa228b6a57c22cbab19" "/opt/rustwide/cargo-home/bin/cargo" "+1.99.0-beta.8" "build" "--frozen" "--message-format=json" "--release", kill_on_drop: false }`
[INFO] [stderr]    Compiling crossbeam-utils v0.8.23
[INFO] [stderr]    Compiling crossbeam-epoch v0.9.21
[INFO] [stderr]    Compiling syn v3.0.6
[INFO] [stderr]    Compiling crossbeam-deque v0.8.8
[INFO] [stderr]    Compiling bitflags v2.13.2
[INFO] [stderr]    Compiling arraydeque v0.5.1
[INFO] [stderr]    Compiling cfg-if v1.0.5
[INFO] [stderr]    Compiling rustix v1.1.5
[INFO] [stderr]    Compiling indexmap v2.14.2
[INFO] [stderr]    Compiling either v1.18.0
[INFO] [stderr]    Compiling getrandom v0.4.3
[INFO] [stderr]    Compiling rayon-core v1.13.0
[INFO] [stderr]    Compiling thiserror-impl v2.0.21
[INFO] [stderr]    Compiling rayon v1.12.0
[INFO] [stderr]    Compiling thiserror v2.0.21
[INFO] [stderr]    Compiling saphyr-parser v0.1.0
[INFO] [stderr]    Compiling tempfile v3.27.0
[INFO] [stderr]    Compiling xattr v1.6.1
[INFO] [stderr]    Compiling fast-yaml-core v0.7.0
[INFO] [stderr]    Compiling fast-yaml-parallel v0.7.0 (/opt/rustwide/workdir)
[INFO] [stderr]     Finished `release` profile [optimized] target(s) in 17.78s
[INFO] running `Command { std: "docker" "inspect" "e12bcd47018f0b0a6b9164a0f0e5ef34c66b2b03561ddaa228b6a57c22cbab19", kill_on_drop: false }`
[INFO] running `Command { std: "docker" "exec" "-e" "SOURCE_DIR=/opt/rustwide/workdir" "-e" "CARGO_HOME=/opt/rustwide/cargo-home" "-e" "RUSTUP_HOME=/opt/rustwide/rustup-home" "-e" "CARGO_TARGET_DIR=/opt/rustwide/target" "-e" "CARGO_INCREMENTAL=0" "-e" "RUST_BACKTRACE=full" "-e" "RUSTFLAGS=--cap-lints=warn" "-e" "RUSTDOCFLAGS=--cap-lints=warn" "-w" "/opt/rustwide/workdir" "--user" "0:0" "e12bcd47018f0b0a6b9164a0f0e5ef34c66b2b03561ddaa228b6a57c22cbab19" "/opt/rustwide/cargo-home/bin/cargo" "+1.99.0-beta.8" "test" "--frozen" "--no-run" "--message-format=json" "--release", kill_on_drop: false }`
[INFO] [stderr]    Compiling syn v2.0.119
[INFO] [stderr]    Compiling zerocopy v0.8.59
[INFO] [stderr]    Compiling getrandom v0.3.4
[INFO] [stderr]    Compiling cc v1.5.1
[INFO] [stderr]    Compiling serde_derive v1.0.229
[INFO] [stderr]    Compiling clap_lex v1.1.1
[INFO] [stderr]    Compiling regex-automata v0.4.18
[INFO] [stderr]    Compiling rayon v1.12.0
[INFO] [stderr]    Compiling rusty-fork v0.3.1
[INFO] [stderr]    Compiling rand_core v0.9.5
[INFO] [stderr]    Compiling clap_builder v4.6.7
[INFO] [stderr]    Compiling rand v0.9.5
[INFO] [stderr]    Compiling rand_xorshift v0.4.0
[INFO] [stderr]    Compiling alloca v0.4.0
[INFO] [stderr]    Compiling zerocopy-derive v0.8.59
[INFO] [stderr]    Compiling regex v1.13.1
[INFO] [stderr]    Compiling fast-yaml-parallel v0.7.0 (/opt/rustwide/workdir)
[INFO] [stderr]    Compiling serde v1.0.229
[INFO] [stderr]    Compiling clap v4.6.7
[INFO] [stderr]    Compiling tinytemplate v1.2.1
[INFO] [stderr]    Compiling half v2.7.1
[INFO] [stderr]    Compiling ppv-lite86 v0.2.21
[INFO] [stderr]    Compiling ciborium-ll v0.2.2
[INFO] [stderr]    Compiling rand_chacha v0.9.0
[INFO] [stderr]    Compiling ciborium v0.2.2
[INFO] [stderr]    Compiling proptest v1.11.0
[INFO] [stderr]    Compiling criterion v0.8.2
[INFO] [stderr]     Finished `release` profile [optimized] target(s) in 1m 00s
[INFO] running `Command { std: "docker" "inspect" "e12bcd47018f0b0a6b9164a0f0e5ef34c66b2b03561ddaa228b6a57c22cbab19", kill_on_drop: false }`
[INFO] running `Command { std: "docker" "exec" "-e" "SOURCE_DIR=/opt/rustwide/workdir" "-e" "CARGO_HOME=/opt/rustwide/cargo-home" "-e" "RUSTUP_HOME=/opt/rustwide/rustup-home" "-e" "CARGO_TARGET_DIR=/opt/rustwide/target" "-e" "CARGO_INCREMENTAL=0" "-e" "RUST_BACKTRACE=full" "-e" "RUSTFLAGS=--cap-lints=warn" "-e" "RUSTDOCFLAGS=--cap-lints=warn" "-w" "/opt/rustwide/workdir" "--user" "0:0" "e12bcd47018f0b0a6b9164a0f0e5ef34c66b2b03561ddaa228b6a57c22cbab19" "/opt/rustwide/cargo-home/bin/cargo" "+1.99.0-beta.8" "test" "--frozen" "--release", kill_on_drop: false }`
[INFO] [stderr]     Finished `release` profile [optimized] target(s) in 0.17s
[INFO] [stderr]      Running unittests src/lib.rs (/opt/rustwide/target/release/deps/fast_yaml_parallel-2c5b9262cf55f6d0)
[INFO] [stdout] 
[INFO] [stdout] running 174 tests
[INFO] [stdout] test atomic::tests::refuses_directory_target ... ok
[INFO] [stdout] test atomic::tests::unix::permission_denied_is_tolerated_only_for_known_names ... ok
[INFO] [stdout] test atomic::tests::unix::losing_the_group_drops_group_and_other_bits ... ok
[INFO] [stdout] test atomic::tests::unix::failing_to_assign_the_owner_is_not_an_error ... ok
[INFO] [stdout] test atomic::tests::unix::in_place_write_does_not_follow_a_symlink ... ok
[INFO] [stdout] test atomic::tests::unix::hard_link_owned_by_someone_else_is_not_written_in_place ... ok
[INFO] [stdout] test chunker::tests::test_chunk_comment_only_input_is_single_chunk ... ok
[INFO] [stdout] test chunker::tests::test_chunk_directives_after_end_attach_to_next_chunk ... ok
[INFO] [stdout] test chunker::tests::test_chunk_document_end_marker ... ok
[INFO] [stdout] test chunker::tests::test_chunk_empty_documents ... ok
[INFO] [stdout] test chunker::tests::test_chunk_empty_input ... ok
[INFO] [stdout] test chunker::tests::test_chunk_explicit_multi_document ... ok
[INFO] [stdout] test chunker::tests::test_chunk_first_chunk_keeps_preamble ... ok
[INFO] [stdout] test chunker::tests::test_chunk_documents_stops_at_the_limit ... ok
[INFO] [stdout] test atomic::tests::unix::read_only_target_is_replaced_and_stays_read_only ... ok
[INFO] [stdout] test chunker::tests::test_chunk_implicit_first_document ... ok
[INFO] [stdout] test chunker::tests::test_chunk_line_endings ... ok
[INFO] [stdout] test chunker::tests::test_chunk_marker_followed_by_nbsp_or_nel_is_not_a_marker ... ok
[INFO] [stdout] test atomic::tests::unix::planted_tmp_symlink_does_not_clobber_victim ... ok
[INFO] [stdout] test chunker::tests::test_chunk_marker_lookalikes_are_content ... ok
[INFO] [stdout] test atomic::tests::unix::in_place_write_refuses_a_replaced_inode ... ok
[INFO] [stdout] test atomic::tests::unix::refuses_dangling_symlink ... ok
[INFO] [stdout] test atomic::tests::unix::identical_value_on_the_replacement_is_left_alone ... ok
[INFO] [stdout] test chunker::tests::test_chunk_indented_or_indicated_root_block_scalar_splits ... ok
[INFO] [stdout] test chunker::tests::test_chunk_multiple_separators_no_content ... ok
[INFO] [stdout] test atomic::tests::unix::new_file_is_not_restricted_to_owner_only ... ok
[INFO] [stdout] test atomic::tests::unix::unshared_target_gets_a_new_inode_with_same_owner_and_mode ... ok
[INFO] [stdout] test atomic::tests::unix::xattrs_survive_replacement ... ok
[INFO] [stdout] test chunker::tests::test_chunk_only_separator ... ok
[INFO] [stdout] test config::tests::test_config_builder ... ok
[INFO] [stdout] test chunker::tests::test_chunk_separator_with_spaces_and_comment ... ok
[INFO] [stdout] test chunker::tests::test_chunk_unicode_separator ... ok
[INFO] [stdout] test chunker::tests::test_chunk_separator_at_end ... ok
[INFO] [stdout] test config::tests::test_default_config ... ok
[INFO] [stdout] test chunker::tests::test_chunk_trailing_comment_after_end_stays_attached ... ok
[INFO] [stdout] test chunker::tests::test_chunk_origin ... ok
[INFO] [stdout] test chunker::tests::test_chunk_unindented_root_block_scalar_keeps_markers_as_content ... ok
[INFO] [stdout] test chunker::tests::test_document_limit_error_points_at_the_rejected_document ... ok
[INFO] [stdout] test chunker::tests::test_chunk_percent_line_inside_document_is_content ... ok
[INFO] [stdout] test config::tests::test_getters ... ok
[INFO] [stdout] test atomic::tests::creates_missing_file ... ok
[INFO] [stdout] test atomic::tests::unix::hard_linked_target_is_written_in_place_and_stays_linked ... ok
[INFO] [stdout] test config::tests::test_sequential_mode ... ok
[INFO] [stdout] test error::tests::test_parse_error_display_includes_cause ... ok
[INFO] [stdout] test config::tests::test_new_equals_default ... ok
[INFO] [stdout] test files::processor::tests::test_default_equals_new ... ok
[INFO] [stdout] test atomic::tests::writes_empty_content ... ok
[INFO] [stdout] test files::processor::tests::test_file_processor_with_config ... ok
[INFO] [stdout] test files::processor::tests::test_all_files_fail ... ok
[INFO] [stdout] test atomic::tests::unix::xattrs_come_from_the_inode_resolved_at_create ... ok
[INFO] [stdout] test atomic::tests::unix::xattrs_survive_read_only_replacement ... ok
[INFO] [stdout] test files::processor::tests::test_atomic_write ... ok
[INFO] [stdout] test files::processor::tests::test_file_within_size_limit ... ok
[INFO] [stdout] test files::processor::tests::test_file_processor_new ... ok
[INFO] [stdout] test files::processor::tests::test_format_files_returns_results ... ok
[INFO] [stdout] test files::processor::tests::test_format_files ... ok
[INFO] [stdout] test files::processor::tests::test_explicit_scan_ahead_limit_applies_to_format_files ... ok
[INFO] [stdout] test files::processor::tests::test_format_in_place_reject_leaves_file_untouched ... ok
[INFO] [stdout] test files::processor::tests::test_max_input_bytes_enforcement ... ok
[INFO] [stdout] test files::processor::tests::test_format_files_reports_changed_accurately ... ok
[INFO] [stdout] test files::processor::tests::test_format_files_enforces_max_input_bytes ... ok
[INFO] [stdout] test files::processor::tests::test_format_files_comment_policy ... ok
[INFO] [stdout] test files::processor::tests::test_many_files_parallel ... ok
[INFO] [stdout] test files::processor::tests::test_format_in_place ... ok
[INFO] [stdout] test files::processor::tests::test_format_changed_file ... ok
[INFO] [stdout] test chunker::tests::test_chunk_single_document ... ok
[INFO] [stdout] test files::processor::tests::test_format_in_place_tracking ... ok
[INFO] [stdout] test files::processor::tests::test_format_in_place_unchanged_counts_as_unchanged ... ok
[INFO] [stdout] test files::processor::tests::test_atomic_write_temp_file_cleanup ... ok
[INFO] [stdout] test files::processor::tests::test_parse_files_rejects_invalid_merge_key_in_later_document ... ok
[INFO] [stdout] test files::processor::tests::test_partial_batch_failure ... ok
[INFO] [stdout] test atomic::tests::unix::fifo_in_place_of_the_target_does_not_block ... ok
[INFO] [stdout] test files::processor::tests::test_process_custom_operation ... ok
[INFO] [stdout] test files::processor::tests::test_process_empty_batch ... ok
[INFO] [stdout] test files::processor::tests::test_explicit_scan_ahead_limit_applies_to_format_in_place ... ok
[INFO] [stdout] test files::processor::tests::test_process_multiple_files ... ok
[INFO] [stdout] test files::processor::tests::test_scaled_policy_lowers_the_first_scan_ahead_limit ... ok
[INFO] [stdout] test files::processor::tests::test_process_single_file ... ok
[INFO] [stdout] test files::processor::tests::test_process_with_errors ... ok
[INFO] [stdout] test files::processor::tests::test_scaled_policy_after_parse_limits_wins_and_parse_files_keep_their_limit ... ok
[INFO] [stdout] test io::reader::tests::test_directory_instead_of_file ... ok
[INFO] [stdout] test io::reader::tests::test_directory_symlink_rejection ... ok
[INFO] [stdout] test io::reader::tests::test_invalid_utf8_is_not_reported_as_encoding ... ok
[INFO] [stdout] test io::reader::tests::test_file_with_unsupported_bom_fails ... ok
[INFO] [stdout] test io::reader::tests::test_read_nonexistent_file ... ok
[INFO] [stdout] test io::reader::tests::test_read_rejects_file_above_limit_before_reading ... ok
[INFO] [stdout] test io::reader::tests::test_read_small_file ... ok
[INFO] [stdout] test io::reader::tests::test_read_accepts_file_at_limit ... ok
[INFO] [stdout] test io::reader::tests::test_read_large_file ... ok
[INFO] [stdout] test files::processor::tests::test_sequential_threshold_exactly_9_files ... ok
[INFO] [stdout] test io::reader::tests::test_symlink_handling ... ok
[INFO] [stdout] test pool::tests::test_for_config_needs_no_pool_for_auto_and_sequential ... ok
[INFO] [stdout] test io::reader::tests::test_utf8_bom_is_accepted ... ok
[INFO] [stdout] test io::reader::tests::test_zero_length_file ... ok
[INFO] [stdout] test io::reader::tests::test_broken_symlink_error ... ok
[INFO] [stdout] test processor::tests::test_comment_only_tail_does_not_inflate_the_count ... ok
[INFO] [stdout] test files::processor::tests::test_sequential_threshold_exactly_10_files ... ok
[INFO] [stdout] test files::processor::tests::test_parse_files ... ok
[INFO] [stdout] test io::reader::tests::test_large_file_with_unsupported_bom_fails ... ok
[INFO] [stdout] test files::processor::tests::test_parse_files_honors_parse_limits ... ok
[INFO] [stdout] test processor::tests::test_document_limit_does_not_parse_rejected_input ... ok
[INFO] [stdout] test processor::tests::test_key_domain_errors_match_parse_all_with_options ... ok
[INFO] [stdout] test processor::tests::test_document_limit_rejects_before_and_after_parsing ... ok
[INFO] [stdout] test processor::tests::test_error_marks_match_parse_all ... ok
[INFO] [stdout] test pool::tests::test_pool_is_reused_for_the_same_worker_count ... ok
[INFO] [stdout] test files::processor::tests::test_write_to_readonly_directory ... FAILED
[INFO] [stdout] test pool::tests::test_pool_is_replaced_when_the_worker_count_changes ... ok
[INFO] [stdout] test processor::tests::test_parity_with_parse_all ... ok
[INFO] [stdout] test processor::tests::test_parse_sequential_error ... ok
[INFO] [stdout] test io::reader::tests::test_read_rejects_fifo_without_blocking ... ok
[INFO] [stdout] test processor::tests::test_parse_chunks_parallel_error_with_index ... ok
[INFO] [stdout] test processor::tests::test_parse_chunks_parallel_order_preserved ... ok
[INFO] [stdout] test processor::tests::test_process_parallel_empty_input ... ok
[INFO] [stdout] test processor::tests::test_process_parallel_error_propagation ... ok
[INFO] [stdout] test processor::tests::test_process_parallel_honors_parse_limits ... ok
[INFO] [stdout] test processor::tests::test_process_parallel_input_size_limit ... ok
[INFO] [stdout] test processor::tests::test_document_limit_applies_by_default ... ok
[INFO] [stdout] test processor::tests::test_should_not_use_sequential_large_input ... ok
[INFO] [stdout] test processor::tests::test_process_parallel_with_thread_limit ... ok
[INFO] [stdout] test processor::tests::test_process_sequential_mode ... ok
[INFO] [stdout] test processor::tests::test_process_parallel_whitespace_only ... ok
[INFO] [stdout] test processor::tests::test_process_parallel_bom_before_document_start ... ok
[INFO] [stdout] test processor::tests::test_parse_limits_propagate_through_parallel_chunks ... ok
[INFO] [stdout] test processor::tests::test_process_parallel_single_document_fallback ... ok
[INFO] [stdout] test processor::tests::test_process_parallel_multi_document ... ok
[INFO] [stdout] test result::tests::prop_batch_total_invariant ... ok
[INFO] [stdout] test processor::tests::test_tag_budget_is_shared_across_chunks ... ok
[INFO] [stdout] test processor::tests::test_should_use_sequential_explicit ... ok
[INFO] [stdout] test processor::tests::test_should_use_sequential_empty_chunks ... ok
[INFO] [stdout] test processor::tests::test_should_use_sequential_single_doc ... ok
[INFO] [stdout] test result::tests::prop_changed_le_success ... ok
[INFO] [stdout] test pool::tests::test_auto_inside_an_oversized_pool_builds_one_capped_pool ... ok
[INFO] [stdout] test processor::tests::test_should_use_sequential_small_input ... ok
[INFO] [stdout] test processor::tests::test_process_parallel_rejects_tag_prefix_amplification ... ok
[INFO] [stdout] test result::tests::test_batch_result_files_per_second ... ok
[INFO] [stdout] test result::tests::test_batch_result_all_changed ... ok
[INFO] [stdout] test result::tests::test_batch_result_all_failures ... ok
[INFO] [stdout] test result::tests::test_batch_result_files_per_second_zero_duration ... ok
[INFO] [stdout] test result::tests::test_batch_result_is_success ... ok
[INFO] [stdout] test result::tests::test_batch_result_files_per_second_nanoseconds ... ok
[INFO] [stdout] test result::tests::prop_files_per_second_non_negative ... ok
[INFO] [stdout] test result::tests::test_file_result_new ... ok
[INFO] [stdout] test result::tests::test_batch_result_all_success ... ok
[INFO] [stdout] test scan_ahead::tests::test_fixed_lane_never_retries ... ok
[INFO] [stdout] test result::tests::test_batch_result_from_empty_vec ... ok
[INFO] [stdout] test result::tests::prop_success_count_bounds ... ok
[INFO] [stdout] test result::tests::test_file_outcome_zero_duration ... ok
[INFO] [stdout] test result::tests::test_batch_result_from_results ... ok
[INFO] [stdout] test tests::test_parse_parallel_empty_input ... ok
[INFO] [stdout] test scan_ahead::tests::test_scaled_first_limit_divides_the_default_down_to_one_mebichar ... ok
[INFO] [stdout] test scan_ahead::tests::test_scaled_lane_retries_only_the_exceeded_error_once ... ok
[INFO] [stdout] test result::tests::test_file_outcome_was_changed ... ok
[INFO] [stdout] test scan_ahead::tests::test_scaled_never_exceeds_a_small_full_limit ... ok
[INFO] [stdout] test tests::test_parse_parallel_single_document ... ok
[INFO] [stdout] test tests::test_parse_parallel_basic ... ok
[INFO] [stdout] test tests::test_process_files_empty ... ok
[INFO] [stdout] test tests::test_parse_parallel_error ... ok
[INFO] [stdout] test workers::tests::threads_report_what_runs ... ok
[INFO] [stdout] test tests::test_parse_parallel_with_config ... ok
[INFO] [stdout] test result::tests::test_file_outcome_duration ... ok
[INFO] [stdout] test workers::tests::dedicated_pool_only_when_the_current_pool_does_not_fit ... ok
[INFO] [stdout] test result::tests::test_file_outcome_is_success ... ok
[INFO] [stdout] test tests::test_parse_parallel_many_documents ... ok
[INFO] [stdout] test workers::tests::workers_from_count_follows_the_binding_convention ... ok
[INFO] [stdout] test result::tests::prop_errors_len_eq_failed ... ok
[INFO] [stdout] test workers::tests::worker_count_bounds ... ok
[INFO] [stdout] test pool::tests::test_auto_builds_no_pool_up_to_the_cap ... ok
[INFO] [stdout] test workers::tests::auto_uses_the_current_pool_up_to_the_cap ... ok
[INFO] [stdout] test workers::tests::auto_is_capped_inside_an_oversized_pool ... ok
[INFO] [stdout] test scan_ahead::tests::test_at_most_one_retry_holds_the_lane_at_a_time ... ok
[INFO] [stdout] test files::processor::tests::test_large_file ... ok
[INFO] [stdout] test files::processor::tests::test_mixed_file_sizes ... ok
[INFO] [stdout] test processor::tests::test_process_parallel_rejects_alias_bomb ... ok
[INFO] [stdout] test processor::tests::test_alias_budget_is_shared_across_chunks ... ok
[INFO] [stdout] 
[INFO] [stdout] failures:
[INFO] [stdout] 
[INFO] [stdout] ---- files::processor::tests::test_write_to_readonly_directory stdout ----
[INFO] [stdout] 
[INFO] [stdout] thread 'files::processor::tests::test_write_to_readonly_directory' (1606) panicked at src/files/processor.rs:847:9:
[INFO] [stdout] assertion failed: result.is_err()
[INFO] [stdout] stack backtrace:
[INFO] [stdout]    0:     0x56823fa27551 - <<std[70759c8f55707aa4]::sys::backtrace::BacktraceLock>::print::DisplayBacktrace as core[df12db4294e9bfd3]::fmt::Display>::fmt
[INFO] [stdout]    1:     0x56823fa3e95a - core[df12db4294e9bfd3]::fmt::write
[INFO] [stdout]    2:     0x56823fa2c17c - <alloc[2182bb758b4b3781]::vec::Vec<u8> as core[df12db4294e9bfd3]::io::write::Write>::write_fmt
[INFO] [stdout]    3:     0x56823fa00546 - std[70759c8f55707aa4]::panicking::default_hook::{closure#0}
[INFO] [stdout]    4:     0x56823fa1e3b9 - std[70759c8f55707aa4]::panicking::default_hook
[INFO] [stdout]    5:     0x56823f958c00 - test[9d35eded1c95d3be]::test_main_inner::<test[9d35eded1c95d3be]::test_main_static::{closure#0}>::{closure#0}
[INFO] [stdout]    6:     0x56823fa1e6e2 - std[70759c8f55707aa4]::panicking::panic_with_hook
[INFO] [stdout]    7:     0x56823fa00624 - std[70759c8f55707aa4]::panicking::panic_handler::{closure#0}
[INFO] [stdout]    8:     0x56823f9f8f69 - std[70759c8f55707aa4]::sys::backtrace::__rust_end_short_backtrace::<std[70759c8f55707aa4]::panicking::panic_handler::{closure#0}, !>
[INFO] [stdout]    9:     0x56823fa0157d - __rustc[8fa7c3cbc660c2b3]::rust_begin_unwind
[INFO] [stdout]   10:     0x56823fa3f0bc - core[df12db4294e9bfd3]::panicking::panic_fmt
[INFO] [stdout]   11:     0x56823fa3f082 - core[df12db4294e9bfd3]::panicking::panic
[INFO] [stdout]   12:     0x56823f91d94d - fast_yaml_parallel[dcac377e0d11bdd1]::files::processor::tests::test_write_to_readonly_directory
[INFO] [stdout]   13:     0x56823f905519 - <fast_yaml_parallel[dcac377e0d11bdd1]::files::processor::tests::test_write_to_readonly_directory::{closure#0} as core[df12db4294e9bfd3]::ops::function::FnOnce<()>>::call_once
[INFO] [stdout]   14:     0x56823f94beeb - test[9d35eded1c95d3be]::__rust_begin_short_backtrace::<core[df12db4294e9bfd3]::result::Result<(), alloc[2182bb758b4b3781]::string::String>, fn() -> core[df12db4294e9bfd3]::result::Result<(), alloc[2182bb758b4b3781]::string::String>>
[INFO] [stdout]   15:     0x56823f959555 - test[9d35eded1c95d3be]::run_test::{closure#0}
[INFO] [stdout]   16:     0x56823f952e14 - std[70759c8f55707aa4]::sys::backtrace::__rust_begin_short_backtrace::<test[9d35eded1c95d3be]::run_test::{closure#1}, ()>
[INFO] [stdout]   17:     0x56823f95c6b2 - <std[70759c8f55707aa4]::thread::lifecycle::spawn_unchecked<test[9d35eded1c95d3be]::run_test::{closure#1}, ()>::{closure#1} as core[df12db4294e9bfd3]::ops::function::FnOnce<()>>::call_once::{shim:vtable#0}
[INFO] [stdout]   18:     0x56823fa268b9 - <std[70759c8f55707aa4]::sys::thread::unix::Thread>::new::thread_start
[INFO] [stdout]   19:     0x73550d9c4dfa - <unknown>
[INFO] [stdout]   20:     0x73550da583d4 - clone
[INFO] [stdout]   21:                0x0 - <unknown>
[INFO] [stdout] 
[INFO] [stdout] 
[INFO] [stdout] failures:
[INFO] [stdout]     files::processor::tests::test_write_to_readonly_directory
[INFO] [stdout] 
[INFO] [stdout] test result: FAILED. 173 passed; 1 failed; 0 ignored; 0 measured; 0 filtered out; finished in 1.84s
[INFO] [stdout] 
[INFO] [stderr] error: test failed, to rerun pass `--lib`
[INFO] running `Command { std: "docker" "inspect" "e12bcd47018f0b0a6b9164a0f0e5ef34c66b2b03561ddaa228b6a57c22cbab19", kill_on_drop: false }`
[INFO] running `Command { std: "docker" "rm" "-f" "e12bcd47018f0b0a6b9164a0f0e5ef34c66b2b03561ddaa228b6a57c22cbab19", kill_on_drop: false }`
[INFO] [stdout] e12bcd47018f0b0a6b9164a0f0e5ef34c66b2b03561ddaa228b6a57c22cbab19
