[INFO] fetching crate fast-blurhash 1.0.1...
[INFO] testing fast-blurhash-1.0.1 against 1.99.0-beta.8+cargoflags=--release for beta-release-1.100-2
[INFO] extracting crate fast-blurhash 1.0.1 into /workspace/builds/worker-2-tc1/source
[INFO] started tweaking crates.io crate fast-blurhash 1.0.1
[INFO] finished tweaking crates.io crate fast-blurhash 1.0.1
[INFO] tweaked toml for crates.io crate fast-blurhash 1.0.1 written to /workspace/builds/worker-2-tc1/source/Cargo.toml
[INFO] validating manifest of crates.io crate fast-blurhash 1.0.1 on toolchain 1.99.0-beta.8
[INFO] running `Command { std: CARGO_HOME="/workspace/cargo-home" RUSTUP_HOME="/workspace/rustup-home" "/workspace/cargo-home/bin/cargo" "+1.99.0-beta.8" "metadata" "--manifest-path" "Cargo.toml" "--no-deps", kill_on_drop: false }`
[INFO] running `Command { std: CARGO_HOME="/workspace/cargo-home" RUSTUP_HOME="/workspace/rustup-home" "/workspace/cargo-home/bin/cargo" "+1.99.0-beta.8" "generate-lockfile" "--manifest-path" "Cargo.toml", kill_on_drop: false }`
[INFO] [stderr]     Updating crates.io index
[INFO] [stderr]      Locking 93 packages to highest compatible versions
[INFO] [stderr]       Adding criterion v0.4.0 (available: v0.8.2)
[INFO] [stderr]       Adding ril v0.9.0 (available: v0.10.3)
[INFO] running `Command { std: CARGO_HOME="/workspace/cargo-home" RUSTUP_HOME="/workspace/rustup-home" "/workspace/cargo-home/bin/cargo" "+1.99.0-beta.8" "fetch" "--manifest-path" "Cargo.toml", kill_on_drop: false }`
[INFO] [stderr]  Downloading crates ...
[INFO] [stderr]   Downloaded fontdue v0.7.3
[INFO] [stderr]   Downloaded colorgrad v0.6.2
[INFO] [stderr]   Downloaded fast_image_resize v2.7.3
[INFO] [stderr]   Downloaded libwebp-sys2 v0.1.11
[INFO] [stderr]   Downloaded ril v0.9.0
[INFO] running `Command { std: "docker" "create" "-v" "/var/lib/crater-agent-workspace/builds/worker-2-tc1/source:/opt/rustwide/workdir:ro,Z" "-v" "/var/lib/crater-agent-workspace/builds/worker-2-tc1/target:/opt/rustwide/target:rw,Z" "-v" "/var/lib/crater-agent-workspace/cargo-home:/opt/rustwide/cargo-home:ro,Z" "-v" "/var/lib/crater-agent-workspace/rustup-home:/opt/rustwide/rustup-home:ro,Z" "-m" "1610612736" "--network" "none" "ghcr.io/rust-lang/crates-build-env/linux@sha256:77db811e55d90add9212f6832c23229e3de5f1c1f9905e8cb07319ea15df73ac" "sleep" "infinity", kill_on_drop: false }`
[INFO] [stdout] 6b563955e79246dda05913ed6a63fce5455eb705e53297d2ba744863f8e90859
[INFO] running `Command { std: "docker" "start" "6b563955e79246dda05913ed6a63fce5455eb705e53297d2ba744863f8e90859", kill_on_drop: false }`
[INFO] running `Command { std: "docker" "inspect" "6b563955e79246dda05913ed6a63fce5455eb705e53297d2ba744863f8e90859", kill_on_drop: false }`
[INFO] running `Command { std: "docker" "exec" "-e" "SOURCE_DIR=/opt/rustwide/workdir" "-e" "CARGO_HOME=/opt/rustwide/cargo-home" "-e" "RUSTUP_HOME=/opt/rustwide/rustup-home" "-e" "CARGO_TARGET_DIR=/opt/rustwide/target" "-w" "/opt/rustwide/workdir" "--user" "0:0" "6b563955e79246dda05913ed6a63fce5455eb705e53297d2ba744863f8e90859" "/opt/rustwide/cargo-home/bin/cargo" "+1.99.0-beta.8" "metadata" "--no-deps" "--format-version=1", kill_on_drop: false }`
[INFO] running `Command { std: "docker" "inspect" "6b563955e79246dda05913ed6a63fce5455eb705e53297d2ba744863f8e90859", kill_on_drop: false }`
[INFO] running `Command { std: "docker" "exec" "-e" "SOURCE_DIR=/opt/rustwide/workdir" "-e" "CARGO_HOME=/opt/rustwide/cargo-home" "-e" "RUSTUP_HOME=/opt/rustwide/rustup-home" "-e" "CARGO_TARGET_DIR=/opt/rustwide/target" "-e" "CARGO_INCREMENTAL=0" "-e" "RUST_BACKTRACE=full" "-e" "RUSTFLAGS=--cap-lints=warn" "-e" "RUSTDOCFLAGS=--cap-lints=warn" "-w" "/opt/rustwide/workdir" "--user" "0:0" "6b563955e79246dda05913ed6a63fce5455eb705e53297d2ba744863f8e90859" "/opt/rustwide/cargo-home/bin/cargo" "+1.99.0-beta.8" "build" "--frozen" "--message-format=json" "--release", kill_on_drop: false }`
[INFO] [stderr]    Compiling fast-blurhash v1.0.1 (/opt/rustwide/workdir)
[INFO] [stderr]     Finished `release` profile [optimized] target(s) in 0.53s
[INFO] running `Command { std: "docker" "inspect" "6b563955e79246dda05913ed6a63fce5455eb705e53297d2ba744863f8e90859", kill_on_drop: false }`
[INFO] running `Command { std: "docker" "exec" "-e" "SOURCE_DIR=/opt/rustwide/workdir" "-e" "CARGO_HOME=/opt/rustwide/cargo-home" "-e" "RUSTUP_HOME=/opt/rustwide/rustup-home" "-e" "CARGO_TARGET_DIR=/opt/rustwide/target" "-e" "CARGO_INCREMENTAL=0" "-e" "RUST_BACKTRACE=full" "-e" "RUSTFLAGS=--cap-lints=warn" "-e" "RUSTDOCFLAGS=--cap-lints=warn" "-w" "/opt/rustwide/workdir" "--user" "0:0" "6b563955e79246dda05913ed6a63fce5455eb705e53297d2ba744863f8e90859" "/opt/rustwide/cargo-home/bin/cargo" "+1.99.0-beta.8" "test" "--frozen" "--no-run" "--message-format=json" "--release", kill_on_drop: false }`
[INFO] [stderr]    Compiling num-traits v0.2.19
[INFO] [stderr]    Compiling ahash v0.8.12
[INFO] [stderr]    Compiling syn v3.0.9
[INFO] [stderr]    Compiling indexmap v1.9.3
[INFO] [stderr]    Compiling once_cell v1.21.4
[INFO] [stderr]    Compiling zerocopy-derive v0.8.63
[INFO] [stderr]    Compiling serde v1.0.229
[INFO] [stderr]    Compiling libwebp-sys2 v0.1.11
[INFO] [stderr]    Compiling os_str_bytes v6.6.1
[INFO] [stderr]    Compiling serde_json v1.0.154
[INFO] [stderr]    Compiling regex-automata v0.4.18
[INFO] [stderr]    Compiling itertools v0.10.5
[INFO] [stderr]    Compiling textwrap v0.16.4
[INFO] [stderr]    Compiling ttf-parser v0.15.2
[INFO] [stderr]    Compiling csscolorparser v0.6.2
[INFO] [stderr]    Compiling atty v0.2.14
[INFO] [stderr]    Compiling lazy_static v1.5.1
[INFO] [stderr]    Compiling colorgrad v0.6.2
[INFO] [stderr]    Compiling clap_lex v0.2.4
[INFO] [stderr]    Compiling clap v3.2.25
[INFO] [stderr]    Compiling fast_image_resize v2.7.3
[INFO] [stderr]    Compiling plotters v0.3.7
[INFO] [stderr]    Compiling zerocopy v0.8.63
[INFO] [stderr]    Compiling criterion-plot v0.5.0
[INFO] [stderr]    Compiling serde_derive v1.0.229
[INFO] [stderr]    Compiling regex v1.13.1
[INFO] [stderr]    Compiling tinytemplate v1.2.1
[INFO] [stderr]    Compiling half v2.7.1
[INFO] [stderr]    Compiling hashbrown v0.13.2
[INFO] [stderr]    Compiling ciborium-ll v0.2.2
[INFO] [stderr]    Compiling ciborium v0.2.2
[INFO] [stderr]    Compiling fontdue v0.7.3
[INFO] [stderr]    Compiling criterion v0.4.0
[INFO] [stderr]    Compiling ril v0.9.0
[INFO] [stderr]    Compiling fast-blurhash v1.0.1 (/opt/rustwide/workdir)
[INFO] [stderr]     Finished `release` profile [optimized] target(s) in 49.33s
[INFO] running `Command { std: "docker" "inspect" "6b563955e79246dda05913ed6a63fce5455eb705e53297d2ba744863f8e90859", kill_on_drop: false }`
[INFO] running `Command { std: "docker" "exec" "-e" "SOURCE_DIR=/opt/rustwide/workdir" "-e" "CARGO_HOME=/opt/rustwide/cargo-home" "-e" "RUSTUP_HOME=/opt/rustwide/rustup-home" "-e" "CARGO_TARGET_DIR=/opt/rustwide/target" "-e" "CARGO_INCREMENTAL=0" "-e" "RUST_BACKTRACE=full" "-e" "RUSTFLAGS=--cap-lints=warn" "-e" "RUSTDOCFLAGS=--cap-lints=warn" "-w" "/opt/rustwide/workdir" "--user" "0:0" "6b563955e79246dda05913ed6a63fce5455eb705e53297d2ba744863f8e90859" "/opt/rustwide/cargo-home/bin/cargo" "+1.99.0-beta.8" "test" "--frozen" "--release", kill_on_drop: false }`
[INFO] [stderr]     Finished `release` profile [optimized] target(s) in 0.13s
[INFO] [stderr]      Running unittests src/lib.rs (/opt/rustwide/target/release/deps/fast_blurhash-9cedad83fe5989e7)
[INFO] [stdout] 
[INFO] [stdout] running 25 tests
[INFO] [stdout] test base83::tests::decode_overflow ... ok
[INFO] [stdout] test base83::tests::test_enc_dec_16bits ... ok
[INFO] [stdout] test base83::tests::test_enc_dec_24bits ... ok
[INFO] [stdout] test base83::tests::test_enc_dec_17bits ... ok
[INFO] [stdout] test base83::tests::test_enc_fixed_max ... ok
[INFO] [stdout] test base83::tests::decode_invalid ... ok
[INFO] [stdout] test tests::test_decode_image ... FAILED
[INFO] [stdout] test tests::test_encode_33 ... ok
[INFO] [stdout] test tests::test_encode_decode_no_comps ... ok
[INFO] [stdout] test base83::tests::test_enc_dec_one ... ok
[INFO] [stdout] test base83::tests::test_enc_fixed_8bits ... ok
[INFO] [stdout] test base83::tests::test_enc_fixed_one ... ok
[INFO] [stdout] test base83::tests::test_enc_dec_zero ... ok
[INFO] [stdout] test base83::tests::test_enc_fixed_zero ... ok
[INFO] [stdout] test base83::tests::test_enc_dec_32bits ... ok
[INFO] [stdout] test base83::tests::test_enc_fixed_17bits ... ok
[INFO] [stdout] test base83::tests::test_enc_fixed_32bits ... ok
[INFO] [stdout] test base83::tests::test_enc_fixed_24bits ... ok
[INFO] [stdout] test base83::tests::test_enc_fixed_16bits ... ok
[INFO] [stdout] test tests::test_encode_decode_black ... ok
[INFO] [stdout] test base83::tests::test_enc_dec_max ... ok
[INFO] [stdout] test base83::tests::test_enc_dec_8bits ... ok
[INFO] [stdout] test tests::test_encode_decode_white ... ok
[INFO] [stdout] test tests::test_encode_image ... FAILED
[INFO] [stdout] test tests::test_multiply_basis ... ok
[INFO] [stdout] 
[INFO] [stdout] failures:
[INFO] [stdout] 
[INFO] [stdout] ---- tests::test_decode_image stdout ----
[INFO] [stdout] 
[INFO] [stdout] thread 'tests::test_decode_image' (887) panicked at src/lib.rs:656:39:
[INFO] [stdout] called `Result::unwrap()` on an `Err` value: IOError(Os { code: 30, kind: ReadOnlyFilesystem, message: "Read-only file system" })
[INFO] [stdout] stack backtrace:
[INFO] [stdout]    0:     0x5feab398b6f1 - <<std[70759c8f55707aa4]::sys::backtrace::BacktraceLock>::print::DisplayBacktrace as core[df12db4294e9bfd3]::fmt::Display>::fmt
[INFO] [stdout]    1:     0x5feab39a058a - core[df12db4294e9bfd3]::fmt::write
[INFO] [stdout]    2:     0x5feab398fb8c - <alloc[2182bb758b4b3781]::vec::Vec<u8> as core[df12db4294e9bfd3]::io::write::Write>::write_fmt
[INFO] [stdout]    3:     0x5feab3967c36 - std[70759c8f55707aa4]::panicking::default_hook::{closure#0}
[INFO] [stdout]    4:     0x5feab3983e59 - std[70759c8f55707aa4]::panicking::default_hook
[INFO] [stdout]    5:     0x5feab3920130 - test[9d35eded1c95d3be]::test_main_inner::<test[9d35eded1c95d3be]::test_main_static::{closure#0}>::{closure#0}
[INFO] [stdout]    6:     0x5feab3984012 - std[70759c8f55707aa4]::panicking::panic_with_hook
[INFO] [stdout]    7:     0x5feab3967ce2 - std[70759c8f55707aa4]::panicking::panic_handler::{closure#0}
[INFO] [stdout]    8:     0x5feab3960a69 - std[70759c8f55707aa4]::sys::backtrace::__rust_end_short_backtrace::<std[70759c8f55707aa4]::panicking::panic_handler::{closure#0}, !>
[INFO] [stdout]    9:     0x5feab39688dd - __rustc[8fa7c3cbc660c2b3]::rust_begin_unwind
[INFO] [stdout]   10:     0x5feab39a0cbc - core[df12db4294e9bfd3]::panicking::panic_fmt
[INFO] [stdout]   11:     0x5feab39a0a92 - core[df12db4294e9bfd3]::result::unwrap_failed
[INFO] [stdout]   12:     0x5feab3908a5b - fast_blurhash[29517313a62c1264]::tests::test_decode_image
[INFO] [stdout]   13:     0x5feab3913089 - <fast_blurhash[29517313a62c1264]::tests::test_decode_image::{closure#0} as core[df12db4294e9bfd3]::ops::function::FnOnce<()>>::call_once
[INFO] [stdout]   14:     0x5feab391341b - test[9d35eded1c95d3be]::__rust_begin_short_backtrace::<core[df12db4294e9bfd3]::result::Result<(), alloc[2182bb758b4b3781]::string::String>, fn() -> core[df12db4294e9bfd3]::result::Result<(), alloc[2182bb758b4b3781]::string::String>>
[INFO] [stdout]   15:     0x5feab3920a85 - test[9d35eded1c95d3be]::run_test::{closure#0}
[INFO] [stdout]   16:     0x5feab391a344 - std[70759c8f55707aa4]::sys::backtrace::__rust_begin_short_backtrace::<test[9d35eded1c95d3be]::run_test::{closure#1}, ()>
[INFO] [stdout]   17:     0x5feab3923be2 - <std[70759c8f55707aa4]::thread::lifecycle::spawn_unchecked<test[9d35eded1c95d3be]::run_test::{closure#1}, ()>::{closure#1} as core[df12db4294e9bfd3]::ops::function::FnOnce<()>>::call_once::{shim:vtable#0}
[INFO] [stdout]   18:     0x5feab398afc9 - <std[70759c8f55707aa4]::sys::thread::unix::Thread>::new::thread_start
[INFO] [stdout]   19:     0x74922f3eddfa - <unknown>
[INFO] [stdout]   20:     0x74922f4813d4 - clone
[INFO] [stdout]   21:                0x0 - <unknown>
[INFO] [stdout] 
[INFO] [stdout] ---- tests::test_encode_image stdout ----
[INFO] [stdout] 
[INFO] [stdout] thread 'tests::test_encode_image' (892) panicked at src/lib.rs:640:63:
[INFO] [stdout] called `Result::unwrap()` on an `Err` value: IOError(Os { code: 2, kind: NotFound, message: "No such file or directory" })
[INFO] [stdout] stack backtrace:
[INFO] [stdout]    0:     0x5feab398b6f1 - <<std[70759c8f55707aa4]::sys::backtrace::BacktraceLock>::print::DisplayBacktrace as core[df12db4294e9bfd3]::fmt::Display>::fmt
[INFO] [stdout]    1:     0x5feab39a058a - core[df12db4294e9bfd3]::fmt::write
[INFO] [stdout]    2:     0x5feab398fb8c - <alloc[2182bb758b4b3781]::vec::Vec<u8> as core[df12db4294e9bfd3]::io::write::Write>::write_fmt
[INFO] [stdout]    3:     0x5feab3967c36 - std[70759c8f55707aa4]::panicking::default_hook::{closure#0}
[INFO] [stdout]    4:     0x5feab3983e59 - std[70759c8f55707aa4]::panicking::default_hook
[INFO] [stdout]    5:     0x5feab3920130 - test[9d35eded1c95d3be]::test_main_inner::<test[9d35eded1c95d3be]::test_main_static::{closure#0}>::{closure#0}
[INFO] [stdout]    6:     0x5feab3984012 - std[70759c8f55707aa4]::panicking::panic_with_hook
[INFO] [stdout]    7:     0x5feab3967ce2 - std[70759c8f55707aa4]::panicking::panic_handler::{closure#0}
[INFO] [stdout]    8:     0x5feab3960a69 - std[70759c8f55707aa4]::sys::backtrace::__rust_end_short_backtrace::<std[70759c8f55707aa4]::panicking::panic_handler::{closure#0}, !>
[INFO] [stdout]    9:     0x5feab39688dd - __rustc[8fa7c3cbc660c2b3]::rust_begin_unwind
[INFO] [stdout]   10:     0x5feab39a0cbc - core[df12db4294e9bfd3]::panicking::panic_fmt
[INFO] [stdout]   11:     0x5feab39a0a92 - core[df12db4294e9bfd3]::result::unwrap_failed
[INFO] [stdout]   12:     0x5feab3908cc7 - fast_blurhash[29517313a62c1264]::tests::test_encode_image
[INFO] [stdout]   13:     0x5feab39130a9 - <fast_blurhash[29517313a62c1264]::tests::test_encode_image::{closure#0} as core[df12db4294e9bfd3]::ops::function::FnOnce<()>>::call_once
[INFO] [stdout]   14:     0x5feab391341b - test[9d35eded1c95d3be]::__rust_begin_short_backtrace::<core[df12db4294e9bfd3]::result::Result<(), alloc[2182bb758b4b3781]::string::String>, fn() -> core[df12db4294e9bfd3]::result::Result<(), alloc[2182bb758b4b3781]::string::String>>
[INFO] [stdout]   15:     0x5feab3920a85 - test[9d35eded1c95d3be]::run_test::{closure#0}
[INFO] [stdout]   16:     0x5feab391a344 - std[70759c8f55707aa4]::sys::backtrace::__rust_begin_short_backtrace::<test[9d35eded1c95d3be]::run_test::{closure#1}, ()>
[INFO] [stdout]   17:     0x5feab3923be2 - <std[70759c8f55707aa4]::thread::lifecycle::spawn_unchecked<test[9d35eded1c95d3be]::run_test::{closure#1}, ()>::{closure#1} as core[df12db4294e9bfd3]::ops::function::FnOnce<()>>::call_once::{shim:vtable#0}
[INFO] [stdout]   18:     0x5feab398afc9 - <std[70759c8f55707aa4]::sys::thread::unix::Thread>::new::thread_start
[INFO] [stdout]   19:     0x74922f3eddfa - <unknown>
[INFO] [stdout]   20:     0x74922f4813d4 - clone
[INFO] [stdout]   21:                0x0 - <unknown>
[INFO] [stdout] 
[INFO] [stdout] 
[INFO] [stdout] failures:
[INFO] [stdout]     tests::test_decode_image
[INFO] [stdout]     tests::test_encode_image
[INFO] [stdout] 
[INFO] [stdout] test result: FAILED. 23 passed; 2 failed; 0 ignored; 0 measured; 0 filtered out; finished in 0.02s
[INFO] [stdout] 
[INFO] [stderr] error: test failed, to rerun pass `--lib`
[INFO] running `Command { std: "docker" "inspect" "6b563955e79246dda05913ed6a63fce5455eb705e53297d2ba744863f8e90859", kill_on_drop: false }`
[INFO] running `Command { std: "docker" "rm" "-f" "6b563955e79246dda05913ed6a63fce5455eb705e53297d2ba744863f8e90859", kill_on_drop: false }`
[INFO] [stdout] 6b563955e79246dda05913ed6a63fce5455eb705e53297d2ba744863f8e90859
