[INFO] fetching crate fast-assets 0.1.7...
[INFO] testing fast-assets-0.1.7 against 1.99.0-beta.8+cargoflags=--release for beta-release-1.100-2
[INFO] extracting crate fast-assets 0.1.7 into /workspace/builds/worker-6-tc1/source
[INFO] started tweaking crates.io crate fast-assets 0.1.7
[INFO] finished tweaking crates.io crate fast-assets 0.1.7
[INFO] tweaked toml for crates.io crate fast-assets 0.1.7 written to /workspace/builds/worker-6-tc1/source/Cargo.toml
[INFO] validating manifest of crates.io crate fast-assets 0.1.7 on toolchain 1.99.0-beta.8
[INFO] running `Command { std: CARGO_HOME="/workspace/cargo-home" RUSTUP_HOME="/workspace/rustup-home" "/workspace/cargo-home/bin/cargo" "+1.99.0-beta.8" "metadata" "--manifest-path" "Cargo.toml" "--no-deps", kill_on_drop: false }`
[INFO] running `Command { std: CARGO_HOME="/workspace/cargo-home" RUSTUP_HOME="/workspace/rustup-home" "/workspace/cargo-home/bin/cargo" "+1.99.0-beta.8" "generate-lockfile" "--manifest-path" "Cargo.toml", kill_on_drop: false }`
[INFO] [stderr]     Updating crates.io index
[INFO] [stderr]      Locking 75 packages to highest compatible versions
[INFO] [stderr]       Adding generic-array v0.14.7 (available: v0.14.9)
[INFO] [stderr]       Adding pollster v0.3.0 (available: v1.0.1)
[INFO] [stderr]       Adding zip v0.6.6 (available: v9.0.5)
[INFO] running `Command { std: CARGO_HOME="/workspace/cargo-home" RUSTUP_HOME="/workspace/rustup-home" "/workspace/cargo-home/bin/cargo" "+1.99.0-beta.8" "fetch" "--manifest-path" "Cargo.toml", kill_on_drop: false }`
[INFO] [stderr]  Downloading crates ...
[INFO] [stderr]   Downloaded pro_csv v0.1.1
[INFO] [stderr]   Downloaded pollster v0.3.0
[INFO] running `Command { std: "docker" "create" "-v" "/var/lib/crater-agent-workspace/builds/worker-6-tc1/source:/opt/rustwide/workdir:ro,Z" "-v" "/var/lib/crater-agent-workspace/builds/worker-6-tc1/target:/opt/rustwide/target:rw,Z" "-v" "/var/lib/crater-agent-workspace/cargo-home:/opt/rustwide/cargo-home:ro,Z" "-v" "/var/lib/crater-agent-workspace/rustup-home:/opt/rustwide/rustup-home:ro,Z" "-m" "1610612736" "--network" "none" "ghcr.io/rust-lang/crates-build-env/linux@sha256:77db811e55d90add9212f6832c23229e3de5f1c1f9905e8cb07319ea15df73ac" "sleep" "infinity", kill_on_drop: false }`
[INFO] [stdout] 58a1ba1955c074f1ed644fa28e04faae3d79435be4e241923fed0d2fa8af442e
[INFO] running `Command { std: "docker" "start" "58a1ba1955c074f1ed644fa28e04faae3d79435be4e241923fed0d2fa8af442e", kill_on_drop: false }`
[INFO] running `Command { std: "docker" "inspect" "58a1ba1955c074f1ed644fa28e04faae3d79435be4e241923fed0d2fa8af442e", kill_on_drop: false }`
[INFO] running `Command { std: "docker" "exec" "-e" "SOURCE_DIR=/opt/rustwide/workdir" "-e" "CARGO_HOME=/opt/rustwide/cargo-home" "-e" "RUSTUP_HOME=/opt/rustwide/rustup-home" "-e" "CARGO_TARGET_DIR=/opt/rustwide/target" "-w" "/opt/rustwide/workdir" "--user" "0:0" "58a1ba1955c074f1ed644fa28e04faae3d79435be4e241923fed0d2fa8af442e" "/opt/rustwide/cargo-home/bin/cargo" "+1.99.0-beta.8" "metadata" "--no-deps" "--format-version=1", kill_on_drop: false }`
[INFO] running `Command { std: "docker" "inspect" "58a1ba1955c074f1ed644fa28e04faae3d79435be4e241923fed0d2fa8af442e", kill_on_drop: false }`
[INFO] running `Command { std: "docker" "exec" "-e" "SOURCE_DIR=/opt/rustwide/workdir" "-e" "CARGO_HOME=/opt/rustwide/cargo-home" "-e" "RUSTUP_HOME=/opt/rustwide/rustup-home" "-e" "CARGO_TARGET_DIR=/opt/rustwide/target" "-e" "CARGO_INCREMENTAL=0" "-e" "RUST_BACKTRACE=full" "-e" "RUSTFLAGS=--cap-lints=warn" "-e" "RUSTDOCFLAGS=--cap-lints=warn" "-w" "/opt/rustwide/workdir" "--user" "0:0" "58a1ba1955c074f1ed644fa28e04faae3d79435be4e241923fed0d2fa8af442e" "/opt/rustwide/cargo-home/bin/cargo" "+1.99.0-beta.8" "build" "--frozen" "--message-format=json" "--release", kill_on_drop: false }`
[INFO] [stderr]    Compiling curl v0.4.51
[INFO] [stderr]    Compiling password-hash v0.4.2
[INFO] [stderr]    Compiling aho-corasick v1.1.5
[INFO] [stderr]    Compiling socket2 v0.6.5
[INFO] [stderr]    Compiling openssl-probe v0.1.6
[INFO] [stderr]    Compiling flate2 v1.1.10
[INFO] [stderr]    Compiling time v0.3.55
[INFO] [stderr]    Compiling pro_csv v0.1.1
[INFO] [stderr]    Compiling pollster v0.3.0
[INFO] [stderr]    Compiling json v0.12.4
[INFO] [stderr]    Compiling libz-sys v1.1.30
[INFO] [stderr]    Compiling openssl-sys v0.9.117
[INFO] [stderr]    Compiling zstd-sys v2.1.2+zstd.1.5.7
[INFO] [stderr]    Compiling curl-sys v0.4.91+curl-8.22.0
[INFO] [stderr]    Compiling digest v0.10.7
[INFO] [stderr]    Compiling bzip2-sys v0.1.13+1.0.8
[INFO] [stderr]    Compiling cipher v0.4.4
[INFO] [stderr]    Compiling bzip2 v0.4.4
[INFO] [stderr]    Compiling aes v0.8.4
[INFO] [stderr]    Compiling sha2 v0.10.9
[INFO] [stderr]    Compiling hmac v0.12.1
[INFO] [stderr]    Compiling sha1 v0.10.7
[INFO] [stderr]    Compiling pbkdf2 v0.11.0
[INFO] [stderr]    Compiling regex-automata v0.4.18
[INFO] [stderr]    Compiling regex v1.13.1
[INFO] [stderr]    Compiling zstd-safe v5.0.2+zstd.1.5.2
[INFO] [stderr]    Compiling zstd v0.11.2+zstd.1.5.2
[INFO] [stderr]    Compiling zip v0.6.6
[INFO] [stderr]    Compiling fast-assets v0.1.7 (/opt/rustwide/workdir)
[INFO] [stdout] warning: call to `.clone()` on a reference in this situation does nothing
[INFO] [stdout]   --> src/manager.rs:87:45
[INFO] [stdout]    |
[INFO] [stdout] 87 |         std::fs::copy(origin.clone(), target.clone())?;
[INFO] [stdout]    |                                             ^^^^^^^^ help: remove this redundant call
[INFO] [stdout]    |
[INFO] [stdout]    = note: the type `str` does not implement `Clone`, so calling `clone` on `&str` copies the reference, which does not do anything and can be removed
[INFO] [stdout]    = note: `#[warn(noop_method_call)]` on by default
[INFO] [stdout] 
[INFO] [stdout] 
[INFO] [stdout] warning: call to `.clone()` on a reference in this situation does nothing
[INFO] [stdout]    --> src/manager.rs:109:45
[INFO] [stdout]     |
[INFO] [stdout] 109 |         std::fs::copy(origin.clone(), target.clone())?;
[INFO] [stdout]     |                                             ^^^^^^^^ help: remove this redundant call
[INFO] [stdout]     |
[INFO] [stdout]     = note: the type `str` does not implement `Clone`, so calling `clone` on `&str` copies the reference, which does not do anything and can be removed
[INFO] [stdout] 
[INFO] [stdout] 
[INFO] [stderr]     Finished `release` profile [optimized] target(s) in 55.57s
[INFO] running `Command { std: "docker" "inspect" "58a1ba1955c074f1ed644fa28e04faae3d79435be4e241923fed0d2fa8af442e", kill_on_drop: false }`
[INFO] running `Command { std: "docker" "exec" "-e" "SOURCE_DIR=/opt/rustwide/workdir" "-e" "CARGO_HOME=/opt/rustwide/cargo-home" "-e" "RUSTUP_HOME=/opt/rustwide/rustup-home" "-e" "CARGO_TARGET_DIR=/opt/rustwide/target" "-e" "CARGO_INCREMENTAL=0" "-e" "RUST_BACKTRACE=full" "-e" "RUSTFLAGS=--cap-lints=warn" "-e" "RUSTDOCFLAGS=--cap-lints=warn" "-w" "/opt/rustwide/workdir" "--user" "0:0" "58a1ba1955c074f1ed644fa28e04faae3d79435be4e241923fed0d2fa8af442e" "/opt/rustwide/cargo-home/bin/cargo" "+1.99.0-beta.8" "test" "--frozen" "--no-run" "--message-format=json" "--release", kill_on_drop: false }`
[INFO] [stderr]    Compiling fast-assets v0.1.7 (/opt/rustwide/workdir)
[INFO] [stdout] warning: call to `.clone()` on a reference in this situation does nothing
[INFO] [stdout]   --> src/manager.rs:87:45
[INFO] [stdout]    |
[INFO] [stdout] 87 |         std::fs::copy(origin.clone(), target.clone())?;
[INFO] [stdout]    |                                             ^^^^^^^^ help: remove this redundant call
[INFO] [stdout]    |
[INFO] [stdout]    = note: the type `str` does not implement `Clone`, so calling `clone` on `&str` copies the reference, which does not do anything and can be removed
[INFO] [stdout]    = note: `#[warn(noop_method_call)]` on by default
[INFO] [stdout] 
[INFO] [stdout] 
[INFO] [stdout] warning: call to `.clone()` on a reference in this situation does nothing
[INFO] [stdout]    --> src/manager.rs:109:45
[INFO] [stdout]     |
[INFO] [stdout] 109 |         std::fs::copy(origin.clone(), target.clone())?;
[INFO] [stdout]     |                                             ^^^^^^^^ help: remove this redundant call
[INFO] [stdout]     |
[INFO] [stdout]     = note: the type `str` does not implement `Clone`, so calling `clone` on `&str` copies the reference, which does not do anything and can be removed
[INFO] [stdout] 
[INFO] [stdout] 
[INFO] [stdout] warning: call to `.clone()` on a reference in this situation does nothing
[INFO] [stdout]   --> src/manager.rs:87:45
[INFO] [stdout]    |
[INFO] [stdout] 87 |         std::fs::copy(origin.clone(), target.clone())?;
[INFO] [stdout]    |                                             ^^^^^^^^ help: remove this redundant call
[INFO] [stdout]    |
[INFO] [stdout]    = note: the type `str` does not implement `Clone`, so calling `clone` on `&str` copies the reference, which does not do anything and can be removed
[INFO] [stdout]    = note: `#[warn(noop_method_call)]` on by default
[INFO] [stdout] 
[INFO] [stdout] 
[INFO] [stdout] warning: call to `.clone()` on a reference in this situation does nothing
[INFO] [stdout]    --> src/manager.rs:109:45
[INFO] [stdout]     |
[INFO] [stdout] 109 |         std::fs::copy(origin.clone(), target.clone())?;
[INFO] [stdout]     |                                             ^^^^^^^^ help: remove this redundant call
[INFO] [stdout]     |
[INFO] [stdout]     = note: the type `str` does not implement `Clone`, so calling `clone` on `&str` copies the reference, which does not do anything and can be removed
[INFO] [stdout] 
[INFO] [stdout] 
[INFO] [stderr]     Finished `release` profile [optimized] target(s) in 2.55s
[INFO] running `Command { std: "docker" "inspect" "58a1ba1955c074f1ed644fa28e04faae3d79435be4e241923fed0d2fa8af442e", kill_on_drop: false }`
[INFO] running `Command { std: "docker" "exec" "-e" "SOURCE_DIR=/opt/rustwide/workdir" "-e" "CARGO_HOME=/opt/rustwide/cargo-home" "-e" "RUSTUP_HOME=/opt/rustwide/rustup-home" "-e" "CARGO_TARGET_DIR=/opt/rustwide/target" "-e" "CARGO_INCREMENTAL=0" "-e" "RUST_BACKTRACE=full" "-e" "RUSTFLAGS=--cap-lints=warn" "-e" "RUSTDOCFLAGS=--cap-lints=warn" "-w" "/opt/rustwide/workdir" "--user" "0:0" "58a1ba1955c074f1ed644fa28e04faae3d79435be4e241923fed0d2fa8af442e" "/opt/rustwide/cargo-home/bin/cargo" "+1.99.0-beta.8" "test" "--frozen" "--release", kill_on_drop: false }`
[INFO] [stderr] warning: call to `.clone()` on a reference in this situation does nothing
[INFO] [stderr]   --> src/manager.rs:87:45
[INFO] [stderr]    |
[INFO] [stderr] 87 |         std::fs::copy(origin.clone(), target.clone())?;
[INFO] [stderr]    |                                             ^^^^^^^^ help: remove this redundant call
[INFO] [stderr]    |
[INFO] [stderr]    = note: the type `str` does not implement `Clone`, so calling `clone` on `&str` copies the reference, which does not do anything and can be removed
[INFO] [stderr]    = note: `#[warn(noop_method_call)]` on by default
[INFO] [stderr] 
[INFO] [stderr] warning: call to `.clone()` on a reference in this situation does nothing
[INFO] [stderr]    --> src/manager.rs:109:45
[INFO] [stderr]     |
[INFO] [stderr] 109 |         std::fs::copy(origin.clone(), target.clone())?;
[INFO] [stderr]     |                                             ^^^^^^^^ help: remove this redundant call
[INFO] [stderr]     |
[INFO] [stderr]     = note: the type `str` does not implement `Clone`, so calling `clone` on `&str` copies the reference, which does not do anything and can be removed
[INFO] [stderr] 
[INFO] [stderr] warning: `fast-assets` (lib) generated 2 warnings (run `cargo fix --lib -p fast-assets` to apply 2 suggestions)
[INFO] [stderr] warning: `fast-assets` (lib test) generated 2 warnings (2 duplicates)
[INFO] [stderr]     Finished `release` profile [optimized] target(s) in 0.06s
[INFO] [stderr]      Running unittests src/lib.rs (/opt/rustwide/target/release/deps/fast_assets-78d4119675e442fd)
[INFO] [stdout] 
[INFO] [stdout] running 13 tests
[INFO] [stdout] test test::create ... FAILED
[INFO] [stdout] test test::get_data ... ok
[INFO] [stdout] test test::get_compressed_file_path ... ok
[INFO] [stdout] test test::saving ... FAILED
[INFO] [stdout] test test::redirect ... ok
[INFO] [stdout] test test::get_compressed ... ok
[INFO] [stdout] test test::file_control ... FAILED
[INFO] [stdout] test test::get_cargo_toml_path_index ... ok
[INFO] [stdout] test test::get_cargo_toml_path_index_using_custom ... ok
[INFO] [stdout] test test::set_data ... FAILED
[INFO] [stdout] test test::get_distant_file_using_asset_manager ... FAILED
[INFO] [stdout] test test::dependencie_manager ... ok
[INFO] [stdout] test test::downloader ... FAILED
[INFO] [stdout] 
[INFO] [stdout] failures:
[INFO] [stdout] 
[INFO] [stdout] ---- test::create stdout ----
[INFO] [stdout] Error: Os { code: 30, kind: ReadOnlyFilesystem, message: "Read-only file system" }
[INFO] [stdout] 
[INFO] [stdout] ---- test::saving stdout ----
[INFO] [stdout] paht cmp: test_resources/localization.zip/localization.csv/index.csv
[INFO] [stdout] paht cmp: other.toml/index.csv
[INFO] [stdout] paht cmp: test_resources/redirect.json/index.csv
[INFO] [stdout] paht cmp: test_resources/deps.json/index.csv
[INFO] [stdout] paht cmp: index/index.zip/index.json/index.csv
[INFO] [stdout] paht cmp: Cargo.toml/index.csv
[INFO] [stdout] paht cmp: test_resources/index.csv/index.csv
[INFO] [stdout] paht cmp: test_resources/localization.zip/localization.csv/index.csv
[INFO] [stdout] paht cmp: other.toml/index.csv
[INFO] [stdout] paht cmp: test_resources/redirect.json/index.csv
[INFO] [stdout] paht cmp: test_resources/deps.json/index.csv
[INFO] [stdout] paht cmp: test_resources/index.csv/index.csv
[INFO] [stdout] paht cmp: index/index.zip/index.json/index.csv
[INFO] [stdout] paht cmp: Cargo.toml/index.csv
[INFO] [stdout] paht cmp: test_resources/localization.zip/localization.csv/index.csv
[INFO] [stdout] paht cmp: other.toml/index.csv
[INFO] [stdout] paht cmp: test_resources/redirect.json/index.csv
[INFO] [stdout] paht cmp: test_resources/deps.json/index.csv
[INFO] [stdout] paht cmp: test_resources/index.csv/index.csv
[INFO] [stdout] paht cmp: index/index.zip/index.json/index.csv
[INFO] [stdout] paht cmp: Cargo.toml/index.csv
[INFO] [stdout] paht cmp: test_resources/localization.zip/localization.csv/index.csv
[INFO] [stdout] paht cmp: other.toml/index.csv
[INFO] [stdout] paht cmp: test_resources/redirect.json/index.csv
[INFO] [stdout] paht cmp: test_resources/deps.json/index.csv
[INFO] [stdout] paht cmp: test_resources/index.csv/index.csv
[INFO] [stdout] paht cmp: index/index.zip/index.json/index.csv
[INFO] [stdout] paht cmp: Cargo.toml/index.csv
[INFO] [stdout] paht cmp: test_resources/localization.zip/localization.csv/index.csv
[INFO] [stdout] paht cmp: other.toml/index.csv
[INFO] [stdout] paht cmp: test_resources/redirect.json/index.csv
[INFO] [stdout] paht cmp: test_resources/deps.json/index.csv
[INFO] [stdout] paht cmp: test_resources/index.csv/index.csv
[INFO] [stdout] paht cmp: index/index.zip/index.json/index.csv
[INFO] [stdout] paht cmp: Cargo.toml/index.csv
[INFO] [stdout] paht cmp: test_resources/localization.zip/localization.csv/index.csv
[INFO] [stdout] paht cmp: test_resources/deps.json/index.csv
[INFO] [stdout] paht cmp: other.toml/index.csv
[INFO] [stdout] paht cmp: test_resources/redirect.json/index.csv
[INFO] [stdout] paht cmp: index/index.zip/index.json/index.csv
[INFO] [stdout] paht cmp: Cargo.toml/index.csv
[INFO] [stdout] paht cmp: test_resources/index.csv/index.csv
[INFO] [stdout] paht cmp: test_resources/localization.zip/localization.csv/index.csv
[INFO] [stdout] paht cmp: other.toml/index.csv
[INFO] [stdout] paht cmp: test_resources/redirect.json/index.csv
[INFO] [stdout] paht cmp: test_resources/deps.json/index.csv
[INFO] [stdout] paht cmp: test_resources/index.csv/index.csv
[INFO] [stdout] paht cmp: index/index.zip/index.json/index.csv
[INFO] [stdout] paht cmp: Cargo.toml/index.csv
[INFO] [stdout] paht cmp: test_resources/localization.zip/localization.csv/index.csv
[INFO] [stdout] paht cmp: test_resources/deps.json/index.csv
[INFO] [stdout] paht cmp: test_resources/index.csv/index.csv
[INFO] [stdout] paht cmp: other.toml/index.csv
[INFO] [stdout] paht cmp: index/index.zip/index.json/index.csv
[INFO] [stdout] paht cmp: Cargo.toml/index.csv
[INFO] [stdout] paht cmp: test_resources/redirect.json/index.csv
[INFO] [stdout] paht cmp: test_resources/localization.zip/localization.csv/index.json
[INFO] [stdout] paht cmp: other.toml/index.json
[INFO] [stdout] paht cmp: test_resources/redirect.json/index.json
[INFO] [stdout] paht cmp: test_resources/deps.json/index.json
[INFO] [stdout] paht cmp: index/index.zip/index.json/index.json
[INFO] [stdout] paht cmp: test_resources/index.csv/index.json
[INFO] [stdout] paht cmp: Cargo.toml/index.json
[INFO] [stdout] paht cmp: test_resources/localization.zip/localization.csv/Cargo.toml
[INFO] [stdout] paht cmp: test_resources/deps.json/Cargo.toml
[INFO] [stdout] paht cmp: index/index.zip/index.json/Cargo.toml
[INFO] [stdout] paht cmp: test_resources/index.csv/Cargo.toml
[INFO] [stdout] paht cmp: Cargo.toml/Cargo.toml
[INFO] [stdout] paht cmp: test_resources/redirect.json/Cargo.toml
[INFO] [stdout] paht cmp: other.toml/Cargo.toml
[INFO] [stdout] paht cmp: test_resources/localization.zip/localization.csv/localization.csv
[INFO] [stdout] paht cmp: other.toml/localization.csv
[INFO] [stdout] paht cmp: test_resources/deps.json/localization.csv
[INFO] [stdout] paht cmp: test_resources/redirect.json/localization.csv
[INFO] [stdout] paht cmp: test_resources/index.csv/localization.csv
[INFO] [stdout] paht cmp: index/index.zip/index.json/localization.csv
[INFO] [stdout] paht cmp: Cargo.toml/localization.csv
[INFO] [stdout] paht cmp: test_resources/localization.zip/localization.csv/index.csv
[INFO] [stdout] paht cmp: other.toml/index.csv
[INFO] [stdout] paht cmp: test_resources/index.csv/index.csv
[INFO] [stdout] paht cmp: test_resources/redirect.json/index.csv
[INFO] [stdout] paht cmp: Cargo.toml/index.csv
[INFO] [stdout] paht cmp: index/index.zip/index.json/index.csv
[INFO] [stdout] paht cmp: test_resources/deps.json/index.csv
[INFO] [stdout] Error: Os { code: 30, kind: ReadOnlyFilesystem, message: "Read-only file system" }
[INFO] [stdout] 
[INFO] [stdout] ---- test::file_control stdout ----
[INFO] [stdout] 
[INFO] [stdout] thread 'test::file_control' (865) panicked at src/lib.rs:200:45:
[INFO] [stdout] called `Result::unwrap()` on an `Err` value: Os { code: 30, kind: ReadOnlyFilesystem, message: "Read-only file system" }
[INFO] [stdout] stack backtrace:
[INFO] [stdout]    0:     0x57ede55996f1 - <<std[70759c8f55707aa4]::sys::backtrace::BacktraceLock>::print::DisplayBacktrace as core[df12db4294e9bfd3]::fmt::Display>::fmt
[INFO] [stdout]    1:     0x57ede55af73a - core[df12db4294e9bfd3]::fmt::write
[INFO] [stdout]    2:     0x57ede559e02c - <alloc[2182bb758b4b3781]::vec::Vec<u8> as core[df12db4294e9bfd3]::io::write::Write>::write_fmt
[INFO] [stdout]    3:     0x57ede5573bc6 - std[70759c8f55707aa4]::panicking::default_hook::{closure#0}
[INFO] [stdout]    4:     0x57ede5590529 - std[70759c8f55707aa4]::panicking::default_hook
[INFO] [stdout]    5:     0x57ede5459e80 - test[9d35eded1c95d3be]::test_main_inner::<test[9d35eded1c95d3be]::test_main_static::{closure#0}>::{closure#0}
[INFO] [stdout]    6:     0x57ede5590852 - std[70759c8f55707aa4]::panicking::panic_with_hook
[INFO] [stdout]    7:     0x57ede5573c72 - std[70759c8f55707aa4]::panicking::panic_handler::{closure#0}
[INFO] [stdout]    8:     0x57ede556c719 - std[70759c8f55707aa4]::sys::backtrace::__rust_end_short_backtrace::<std[70759c8f55707aa4]::panicking::panic_handler::{closure#0}, !>
[INFO] [stdout]    9:     0x57ede557486d - __rustc[8fa7c3cbc660c2b3]::rust_begin_unwind
[INFO] [stdout]   10:     0x57ede55aff1c - core[df12db4294e9bfd3]::panicking::panic_fmt
[INFO] [stdout]   11:     0x57ede55afcf2 - core[df12db4294e9bfd3]::result::unwrap_failed
[INFO] [stdout]   12:     0x57ede53d273c - fast_assets[4403e04273b3ecad]::test::file_control
[INFO] [stdout]   13:     0x57ede53cd979 - <fast_assets[4403e04273b3ecad]::test::file_control::{closure#0} as core[df12db4294e9bfd3]::ops::function::FnOnce<()>>::call_once
[INFO] [stdout]   14:     0x57ede544d16b - test[9d35eded1c95d3be]::__rust_begin_short_backtrace::<core[df12db4294e9bfd3]::result::Result<(), alloc[2182bb758b4b3781]::string::String>, fn() -> core[df12db4294e9bfd3]::result::Result<(), alloc[2182bb758b4b3781]::string::String>>
[INFO] [stdout]   15:     0x57ede545a7d5 - test[9d35eded1c95d3be]::run_test::{closure#0}
[INFO] [stdout]   16:     0x57ede5454094 - std[70759c8f55707aa4]::sys::backtrace::__rust_begin_short_backtrace::<test[9d35eded1c95d3be]::run_test::{closure#1}, ()>
[INFO] [stdout]   17:     0x57ede545d932 - <std[70759c8f55707aa4]::thread::lifecycle::spawn_unchecked<test[9d35eded1c95d3be]::run_test::{closure#1}, ()>::{closure#1} as core[df12db4294e9bfd3]::ops::function::FnOnce<()>>::call_once::{shim:vtable#0}
[INFO] [stdout]   18:     0x57ede5598869 - <std[70759c8f55707aa4]::sys::thread::unix::Thread>::new::thread_start
[INFO] [stdout]   19:     0x73b9b895ddfa - <unknown>
[INFO] [stdout]   20:     0x73b9b89f13d4 - clone
[INFO] [stdout]   21:                0x0 - <unknown>
[INFO] [stdout] 
[INFO] [stdout] ---- test::set_data stdout ----
[INFO] [stdout] 
[INFO] [stdout] thread 'test::set_data' (874) panicked at src/lib.rs:242:45:
[INFO] [stdout] called `Result::unwrap()` on an `Err` value: Os { code: 30, kind: ReadOnlyFilesystem, message: "Read-only file system" }
[INFO] [stdout] stack backtrace:
[INFO] [stdout]    0:     0x57ede55996f1 - <<std[70759c8f55707aa4]::sys::backtrace::BacktraceLock>::print::DisplayBacktrace as core[df12db4294e9bfd3]::fmt::Display>::fmt
[INFO] [stdout]    1:     0x57ede55af73a - core[df12db4294e9bfd3]::fmt::write
[INFO] [stdout]    2:     0x57ede559e02c - <alloc[2182bb758b4b3781]::vec::Vec<u8> as core[df12db4294e9bfd3]::io::write::Write>::write_fmt
[INFO] [stdout]    3:     0x57ede5573bc6 - std[70759c8f55707aa4]::panicking::default_hook::{closure#0}
[INFO] [stdout]    4:     0x57ede5590529 - std[70759c8f55707aa4]::panicking::default_hook
[INFO] [stdout]    5:     0x57ede5459e80 - test[9d35eded1c95d3be]::test_main_inner::<test[9d35eded1c95d3be]::test_main_static::{closure#0}>::{closure#0}
[INFO] [stdout]    6:     0x57ede5590852 - std[70759c8f55707aa4]::panicking::panic_with_hook
[INFO] [stdout]    7:     0x57ede5573c72 - std[70759c8f55707aa4]::panicking::panic_handler::{closure#0}
[INFO] [stdout]    8:     0x57ede556c719 - std[70759c8f55707aa4]::sys::backtrace::__rust_end_short_backtrace::<std[70759c8f55707aa4]::panicking::panic_handler::{closure#0}, !>
[INFO] [stdout]    9:     0x57ede557486d - __rustc[8fa7c3cbc660c2b3]::rust_begin_unwind
[INFO] [stdout]   10:     0x57ede55aff1c - core[df12db4294e9bfd3]::panicking::panic_fmt
[INFO] [stdout]   11:     0x57ede55afcf2 - core[df12db4294e9bfd3]::result::unwrap_failed
[INFO] [stdout]   12:     0x57ede53d491f - fast_assets[4403e04273b3ecad]::test::set_data
[INFO] [stdout]   13:     0x57ede53cdad9 - <fast_assets[4403e04273b3ecad]::test::set_data::{closure#0} as core[df12db4294e9bfd3]::ops::function::FnOnce<()>>::call_once
[INFO] [stdout]   14:     0x57ede544d16b - test[9d35eded1c95d3be]::__rust_begin_short_backtrace::<core[df12db4294e9bfd3]::result::Result<(), alloc[2182bb758b4b3781]::string::String>, fn() -> core[df12db4294e9bfd3]::result::Result<(), alloc[2182bb758b4b3781]::string::String>>
[INFO] [stdout]   15:     0x57ede545a7d5 - test[9d35eded1c95d3be]::run_test::{closure#0}
[INFO] [stdout]   16:     0x57ede5454094 - std[70759c8f55707aa4]::sys::backtrace::__rust_begin_short_backtrace::<test[9d35eded1c95d3be]::run_test::{closure#1}, ()>
[INFO] [stdout]   17:     0x57ede545d932 - <std[70759c8f55707aa4]::thread::lifecycle::spawn_unchecked<test[9d35eded1c95d3be]::run_test::{closure#1}, ()>::{closure#1} as core[df12db4294e9bfd3]::ops::function::FnOnce<()>>::call_once::{shim:vtable#0}
[INFO] [stdout]   18:     0x57ede5598869 - <std[70759c8f55707aa4]::sys::thread::unix::Thread>::new::thread_start
[INFO] [stdout]   19:     0x73b9b895ddfa - <unknown>
[INFO] [stdout]   20:     0x73b9b89f13d4 - clone
[INFO] [stdout]   21:                0x0 - <unknown>
[INFO] [stdout] 
[INFO] [stdout] ---- test::get_distant_file_using_asset_manager stdout ----
[INFO] [stdout] 
[INFO] [stdout] thread 'test::get_distant_file_using_asset_manager' (871) panicked at src/lib.rs:49:58:
[INFO] [stdout] called `Result::unwrap()` on an `Err` value: Custom { kind: NotFound, error: "File \"\"https://www.rust-lang.org/\"\" not found" }
[INFO] [stdout] stack backtrace:
[INFO] [stdout]    0:     0x57ede55996f1 - <<std[70759c8f55707aa4]::sys::backtrace::BacktraceLock>::print::DisplayBacktrace as core[df12db4294e9bfd3]::fmt::Display>::fmt
[INFO] [stdout]    1:     0x57ede55af73a - core[df12db4294e9bfd3]::fmt::write
[INFO] [stdout]    2:     0x57ede559e02c - <alloc[2182bb758b4b3781]::vec::Vec<u8> as core[df12db4294e9bfd3]::io::write::Write>::write_fmt
[INFO] [stdout]    3:     0x57ede5573bc6 - std[70759c8f55707aa4]::panicking::default_hook::{closure#0}
[INFO] [stdout]    4:     0x57ede5590529 - std[70759c8f55707aa4]::panicking::default_hook
[INFO] [stdout]    5:     0x57ede5459e80 - test[9d35eded1c95d3be]::test_main_inner::<test[9d35eded1c95d3be]::test_main_static::{closure#0}>::{closure#0}
[INFO] [stdout]    6:     0x57ede5590852 - std[70759c8f55707aa4]::panicking::panic_with_hook
[INFO] [stdout]    7:     0x57ede5573c72 - std[70759c8f55707aa4]::panicking::panic_handler::{closure#0}
[INFO] [stdout]    8:     0x57ede556c719 - std[70759c8f55707aa4]::sys::backtrace::__rust_end_short_backtrace::<std[70759c8f55707aa4]::panicking::panic_handler::{closure#0}, !>
[INFO] [stdout]    9:     0x57ede557486d - __rustc[8fa7c3cbc660c2b3]::rust_begin_unwind
[INFO] [stdout]   10:     0x57ede55aff1c - core[df12db4294e9bfd3]::panicking::panic_fmt
[INFO] [stdout]   11:     0x57ede55afcf2 - core[df12db4294e9bfd3]::result::unwrap_failed
[INFO] [stdout]   12:     0x57ede53d3719 - fast_assets[4403e04273b3ecad]::test::get_distant_file_using_asset_manager
[INFO] [stdout]   13:     0x57ede53cda19 - <fast_assets[4403e04273b3ecad]::test::get_distant_file_using_asset_manager::{closure#0} as core[df12db4294e9bfd3]::ops::function::FnOnce<()>>::call_once
[INFO] [stdout]   14:     0x57ede544d16b - test[9d35eded1c95d3be]::__rust_begin_short_backtrace::<core[df12db4294e9bfd3]::result::Result<(), alloc[2182bb758b4b3781]::string::String>, fn() -> core[df12db4294e9bfd3]::result::Result<(), alloc[2182bb758b4b3781]::string::String>>
[INFO] [stdout]   15:     0x57ede545a7d5 - test[9d35eded1c95d3be]::run_test::{closure#0}
[INFO] [stdout]   16:     0x57ede5454094 - std[70759c8f55707aa4]::sys::backtrace::__rust_begin_short_backtrace::<test[9d35eded1c95d3be]::run_test::{closure#1}, ()>
[INFO] [stdout]   17:     0x57ede545d932 - <std[70759c8f55707aa4]::thread::lifecycle::spawn_unchecked<test[9d35eded1c95d3be]::run_test::{closure#1}, ()>::{closure#1} as core[df12db4294e9bfd3]::ops::function::FnOnce<()>>::call_once::{shim:vtable#0}
[INFO] [stdout]   18:     0x57ede5598869 - <std[70759c8f55707aa4]::sys::thread::unix::Thread>::new::thread_start
[INFO] [stdout]   19:     0x73b9b895ddfa - <unknown>
[INFO] [stdout]   20:     0x73b9b89f13d4 - clone
[INFO] [stdout]   21:                0x0 - <unknown>
[INFO] [stdout] 
[INFO] [stdout] ---- test::downloader stdout ----
[INFO] [stdout] 
[INFO] [stdout] thread 'test::downloader' (864) panicked at src/lib.rs:177:9:
[INFO] [stdout] assertion failed: downloader.can_download(&link_a)
[INFO] [stdout] stack backtrace:
[INFO] [stdout]    0:     0x57ede55996f1 - <<std[70759c8f55707aa4]::sys::backtrace::BacktraceLock>::print::DisplayBacktrace as core[df12db4294e9bfd3]::fmt::Display>::fmt
[INFO] [stdout]    1:     0x57ede55af73a - core[df12db4294e9bfd3]::fmt::write
[INFO] [stdout]    2:     0x57ede559e02c - <alloc[2182bb758b4b3781]::vec::Vec<u8> as core[df12db4294e9bfd3]::io::write::Write>::write_fmt
[INFO] [stdout]    3:     0x57ede5573bc6 - std[70759c8f55707aa4]::panicking::default_hook::{closure#0}
[INFO] [stdout]    4:     0x57ede5590529 - std[70759c8f55707aa4]::panicking::default_hook
[INFO] [stdout]    5:     0x57ede5459e80 - test[9d35eded1c95d3be]::test_main_inner::<test[9d35eded1c95d3be]::test_main_static::{closure#0}>::{closure#0}
[INFO] [stdout]    6:     0x57ede5590852 - std[70759c8f55707aa4]::panicking::panic_with_hook
[INFO] [stdout]    7:     0x57ede5573ca4 - std[70759c8f55707aa4]::panicking::panic_handler::{closure#0}
[INFO] [stdout]    8:     0x57ede556c719 - std[70759c8f55707aa4]::sys::backtrace::__rust_end_short_backtrace::<std[70759c8f55707aa4]::panicking::panic_handler::{closure#0}, !>
[INFO] [stdout]    9:     0x57ede557486d - __rustc[8fa7c3cbc660c2b3]::rust_begin_unwind
[INFO] [stdout]   10:     0x57ede55aff1c - core[df12db4294e9bfd3]::panicking::panic_fmt
[INFO] [stdout]   11:     0x57ede55afee2 - core[df12db4294e9bfd3]::panicking::panic
[INFO] [stdout]   12:     0x57ede53d1d42 - fast_assets[4403e04273b3ecad]::test::downloader
[INFO] [stdout]   13:     0x57ede53cd959 - <fast_assets[4403e04273b3ecad]::test::downloader::{closure#0} as core[df12db4294e9bfd3]::ops::function::FnOnce<()>>::call_once
[INFO] [stdout]   14:     0x57ede544d16b - test[9d35eded1c95d3be]::__rust_begin_short_backtrace::<core[df12db4294e9bfd3]::result::Result<(), alloc[2182bb758b4b3781]::string::String>, fn() -> core[df12db4294e9bfd3]::result::Result<(), alloc[2182bb758b4b3781]::string::String>>
[INFO] [stdout]   15:     0x57ede545a7d5 - test[9d35eded1c95d3be]::run_test::{closure#0}
[INFO] [stdout]   16:     0x57ede5454094 - std[70759c8f55707aa4]::sys::backtrace::__rust_begin_short_backtrace::<test[9d35eded1c95d3be]::run_test::{closure#1}, ()>
[INFO] [stdout]   17:     0x57ede545d932 - <std[70759c8f55707aa4]::thread::lifecycle::spawn_unchecked<test[9d35eded1c95d3be]::run_test::{closure#1}, ()>::{closure#1} as core[df12db4294e9bfd3]::ops::function::FnOnce<()>>::call_once::{shim:vtable#0}
[INFO] [stdout]   18:     0x57ede5598869 - <std[70759c8f55707aa4]::sys::thread::unix::Thread>::new::thread_start
[INFO] [stdout]   19:     0x73b9b895ddfa - <unknown>
[INFO] [stdout]   20:     0x73b9b89f13d4 - clone
[INFO] [stdout]   21:                0x0 - <unknown>
[INFO] [stdout] 
[INFO] [stdout] 
[INFO] [stdout] failures:
[INFO] [stdout]     test::create
[INFO] [stdout]     test::downloader
[INFO] [stdout]     test::file_control
[INFO] [stdout]     test::get_distant_file_using_asset_manager
[INFO] [stdout]     test::saving
[INFO] [stdout]     test::set_data
[INFO] [stdout] 
[INFO] [stdout] test result: FAILED. 7 passed; 6 failed; 0 ignored; 0 measured; 0 filtered out; finished in 0.12s
[INFO] [stdout] 
[INFO] [stderr] error: test failed, to rerun pass `--lib`
[INFO] running `Command { std: "docker" "inspect" "58a1ba1955c074f1ed644fa28e04faae3d79435be4e241923fed0d2fa8af442e", kill_on_drop: false }`
[INFO] running `Command { std: "docker" "rm" "-f" "58a1ba1955c074f1ed644fa28e04faae3d79435be4e241923fed0d2fa8af442e", kill_on_drop: false }`
[INFO] [stdout] 58a1ba1955c074f1ed644fa28e04faae3d79435be4e241923fed0d2fa8af442e
