[INFO] fetching crate fast-able 1.20.2...
[INFO] testing fast-able-1.20.2 against 1.100.0-beta.1+cargoflags=--release for beta-release-1.100-2
[INFO] extracting crate fast-able 1.20.2 into /workspace/builds/worker-6-tc2/source
[INFO] started tweaking crates.io crate fast-able 1.20.2
[INFO] removed 0 missing examples
[INFO] removed 0 missing tests
[INFO] finished tweaking crates.io crate fast-able 1.20.2
[INFO] tweaked toml for crates.io crate fast-able 1.20.2 written to /workspace/builds/worker-6-tc2/source/Cargo.toml
[INFO] validating manifest of crates.io crate fast-able 1.20.2 on toolchain 1.100.0-beta.1
[INFO] running `Command { std: CARGO_HOME="/workspace/cargo-home" RUSTUP_HOME="/workspace/rustup-home" "/workspace/cargo-home/bin/cargo" "+1.100.0-beta.1" "metadata" "--manifest-path" "Cargo.toml" "--no-deps", kill_on_drop: false }`
[INFO] crate crates.io crate fast-able 1.20.2 already has a lockfile, it will not be regenerated
[INFO] running `Command { std: CARGO_HOME="/workspace/cargo-home" RUSTUP_HOME="/workspace/rustup-home" "/workspace/cargo-home/bin/cargo" "+1.100.0-beta.1" "fetch" "--manifest-path" "Cargo.toml", kill_on_drop: false }`
[INFO] running `Command { std: "docker" "create" "-v" "/var/lib/crater-agent-workspace/builds/worker-6-tc2/source:/opt/rustwide/workdir:ro,Z" "-v" "/var/lib/crater-agent-workspace/builds/worker-6-tc2/target:/opt/rustwide/target:rw,Z" "-v" "/var/lib/crater-agent-workspace/cargo-home:/opt/rustwide/cargo-home:ro,Z" "-v" "/var/lib/crater-agent-workspace/rustup-home:/opt/rustwide/rustup-home:ro,Z" "-m" "1610612736" "--network" "none" "ghcr.io/rust-lang/crates-build-env/linux@sha256:77db811e55d90add9212f6832c23229e3de5f1c1f9905e8cb07319ea15df73ac" "sleep" "infinity", kill_on_drop: false }`
[INFO] [stdout] 4a51a2e9f8672cb627c8572eec70cccfed2ab22134e49e6e332a03d6ab9c9c8d
[INFO] running `Command { std: "docker" "start" "4a51a2e9f8672cb627c8572eec70cccfed2ab22134e49e6e332a03d6ab9c9c8d", kill_on_drop: false }`
[INFO] running `Command { std: "docker" "inspect" "4a51a2e9f8672cb627c8572eec70cccfed2ab22134e49e6e332a03d6ab9c9c8d", kill_on_drop: false }`
[INFO] running `Command { std: "docker" "exec" "-e" "SOURCE_DIR=/opt/rustwide/workdir" "-e" "CARGO_HOME=/opt/rustwide/cargo-home" "-e" "RUSTUP_HOME=/opt/rustwide/rustup-home" "-e" "CARGO_TARGET_DIR=/opt/rustwide/target" "-w" "/opt/rustwide/workdir" "--user" "0:0" "4a51a2e9f8672cb627c8572eec70cccfed2ab22134e49e6e332a03d6ab9c9c8d" "/opt/rustwide/cargo-home/bin/cargo" "+1.100.0-beta.1" "metadata" "--no-deps" "--format-version=1", kill_on_drop: false }`
[INFO] running `Command { std: "docker" "inspect" "4a51a2e9f8672cb627c8572eec70cccfed2ab22134e49e6e332a03d6ab9c9c8d", kill_on_drop: false }`
[INFO] running `Command { std: "docker" "exec" "-e" "SOURCE_DIR=/opt/rustwide/workdir" "-e" "CARGO_HOME=/opt/rustwide/cargo-home" "-e" "RUSTUP_HOME=/opt/rustwide/rustup-home" "-e" "CARGO_TARGET_DIR=/opt/rustwide/target" "-e" "CARGO_INCREMENTAL=0" "-e" "RUST_BACKTRACE=full" "-e" "RUSTFLAGS=--cap-lints=warn" "-e" "RUSTDOCFLAGS=--cap-lints=warn" "-w" "/opt/rustwide/workdir" "--user" "0:0" "4a51a2e9f8672cb627c8572eec70cccfed2ab22134e49e6e332a03d6ab9c9c8d" "/opt/rustwide/cargo-home/bin/cargo" "+1.100.0-beta.1" "build" "--frozen" "--message-format=json" "--release", kill_on_drop: false }`
[INFO] [stderr]    Compiling scopeguard v1.2.0
[INFO] [stderr]    Compiling crossbeam-utils v0.8.15
[INFO] [stderr]    Compiling memoffset v0.8.0
[INFO] [stderr]    Compiling lock_api v0.4.9
[INFO] [stderr]    Compiling syn v1.0.109
[INFO] [stderr]    Compiling crossbeam-epoch v0.9.14
[INFO] [stderr]    Compiling proc-macro2 v1.0.94
[INFO] [stderr]    Compiling parking_lot_core v0.9.7
[INFO] [stderr]    Compiling num-traits v0.2.19
[INFO] [stderr]    Compiling crossbeam-queue v0.3.8
[INFO] [stderr]    Compiling typenum v1.17.0
[INFO] [stderr]    Compiling smallvec v1.10.0
[INFO] [stderr]    Compiling futures-core v0.3.27
[INFO] [stderr]    Compiling num_cpus v1.15.0
[INFO] [stderr]    Compiling spin v0.9.8
[INFO] [stderr]    Compiling iana-time-zone v0.1.61
[INFO] [stderr]    Compiling quote v1.0.40
[INFO] [stderr]    Compiling parking_lot v0.12.1
[INFO] [stderr]    Compiling crossbeam-deque v0.8.3
[INFO] [stderr]    Compiling syn v2.0.100
[INFO] [stderr]    Compiling crossbeam-channel v0.5.7
[INFO] [stderr]    Compiling flume v0.11.1
[INFO] [stderr]    Compiling core_affinity v0.8.1
[INFO] [stderr]    Compiling kanal v0.1.1
[INFO] [stderr]    Compiling arraystring v0.3.0
[INFO] [stderr]    Compiling chrono v0.4.38
[INFO] [stderr]    Compiling spin v0.10.0
[INFO] [stderr]    Compiling fs2 v0.4.3
[INFO] [stderr]    Compiling crossbeam v0.8.2
[INFO] [stderr]    Compiling log v0.4.21
[INFO] [stderr]    Compiling serde_derive v1.0.219
[INFO] [stderr]    Compiling pin-project-internal v1.0.12
[INFO] [stderr]    Compiling pin-project v1.0.12
[INFO] [stderr]    Compiling thingbuf v0.1.6
[INFO] [stderr]    Compiling serde v1.0.219
[INFO] [stderr]    Compiling fast-able v1.20.2 (/opt/rustwide/workdir)
[INFO] [stdout] warning: unused imports: `EINVAL`, `EPERM`, and `ESRCH`
[INFO] [stdout]   --> src/fast_thread_pool/pool.rs:64:20
[INFO] [stdout]    |
[INFO] [stdout] 64 |         use libc::{EINVAL, EPERM, ESRCH, SCHED_RR, sched_param, sched_setscheduler};
[INFO] [stdout]    |                    ^^^^^^  ^^^^^  ^^^^^
[INFO] [stdout]    |
[INFO] [stdout]    = note: `#[warn(unused_imports)]` (part of `#[warn(unused)]`) on by default
[INFO] [stdout] 
[INFO] [stdout] 
[INFO] [stdout] warning: ambiguous glob re-exports
[INFO] [stdout]   --> src/fast_thread_pool/mod.rs:14:9
[INFO] [stdout]    |
[INFO] [stdout] 14 | pub use channel_types::*;
[INFO] [stdout]    |         ^^^^^^^^^^^^^^^^ the name `unbounded` in the value namespace is first re-exported here
[INFO] [stdout] ...
[INFO] [stdout] 17 | pub use task_executor::*;
[INFO] [stdout]    |         ---------------- but the name `unbounded` in the value namespace is also re-exported here
[INFO] [stdout]    |
[INFO] [stdout]    = note: `#[warn(ambiguous_glob_reexports)]` on by default
[INFO] [stdout] 
[INFO] [stdout] 
[INFO] [stdout] warning: unused import: `ErrorKind`
[INFO] [stdout]  --> src/fast_thread_pool/utils.rs:3:17
[INFO] [stdout]   |
[INFO] [stdout] 3 |     io::{Error, ErrorKind, Read, Seek, SeekFrom, Write},
[INFO] [stdout]   |                 ^^^^^^^^^
[INFO] [stdout] 
[INFO] [stdout] 
[INFO] [stdout] warning: unused import: `arraystring::error`
[INFO] [stdout]   --> src/fast_thread_pool/utils.rs:10:5
[INFO] [stdout]    |
[INFO] [stdout] 10 | use arraystring::error;
[INFO] [stdout]    |     ^^^^^^^^^^^^^^^^^^
[INFO] [stdout] 
[INFO] [stdout] 
[INFO] [stdout] warning: unused import: `time::Duration`
[INFO] [stdout]  --> src/cache.rs:1:42
[INFO] [stdout]   |
[INFO] [stdout] 1 | use std::{sync::Arc, thread::JoinHandle, time::Duration};
[INFO] [stdout]   |                                          ^^^^^^^^^^^^^^
[INFO] [stdout] 
[INFO] [stdout] 
[INFO] [stdout] warning: unused import: `std::fmt::Debug`
[INFO] [stdout]  --> src/cache_queue.rs:1:5
[INFO] [stdout]   |
[INFO] [stdout] 1 | use std::fmt::Debug;
[INFO] [stdout]   |     ^^^^^^^^^^^^^^^
[INFO] [stdout] 
[INFO] [stdout] 
[INFO] [stdout] warning: use of deprecated module `std::usize`: all constants in this module replaced by associated constants on the type
[INFO] [stdout]  --> src/num_log.rs:1:27
[INFO] [stdout]   |
[INFO] [stdout] 1 | use std::{time::Duration, usize};
[INFO] [stdout]   |                           ^^^^^
[INFO] [stdout]   |
[INFO] [stdout]   = note: `#[warn(deprecated)]` on by default
[INFO] [stdout] 
[INFO] [stdout] 
[INFO] [stdout] warning: use of deprecated module `std::usize`: all constants in this module replaced by associated constants on the type
[INFO] [stdout]  --> src/high_speed_cache.rs:4:29
[INFO] [stdout]   |
[INFO] [stdout] 4 | use std::{default::Default, usize};
[INFO] [stdout]   |                             ^^^^^
[INFO] [stdout] 
[INFO] [stdout] 
[INFO] [stdout] warning: variable does not need to be mutable
[INFO] [stdout]    --> src/fast_thread_pool/utils.rs:214:17
[INFO] [stdout]     |
[INFO] [stdout] 214 |             let mut start_index = (last_index + 1) % all_cores.len();
[INFO] [stdout]     |                 ----^^^^^^^^^^^
[INFO] [stdout]     |                 |
[INFO] [stdout]     |                 help: remove this `mut`
[INFO] [stdout]     |
[INFO] [stdout]     = note: `#[warn(unused_mut)]` (part of `#[warn(unused)]`) on by default
[INFO] [stdout] 
[INFO] [stdout] 
[INFO] [stdout] warning: variable does not need to be mutable
[INFO] [stdout]    --> src/fast_thread_pool/utils.rs:256:21
[INFO] [stdout]     |
[INFO] [stdout] 256 |                 let mut start_index = (last_index + 1) % all_cores.len();
[INFO] [stdout]     |                     ----^^^^^^^^^^^
[INFO] [stdout]     |                     |
[INFO] [stdout]     |                     help: remove this `mut`
[INFO] [stdout] 
[INFO] [stdout] 
[INFO] [stdout] warning: function `get_default_bounded_capacity` is never used
[INFO] [stdout]   --> src/fast_thread_pool/task_executor.rs:30:4
[INFO] [stdout]    |
[INFO] [stdout] 30 | fn get_default_bounded_capacity() -> usize {
[INFO] [stdout]    |    ^^^^^^^^^^^^^^^^^^^^^^^^^^^^
[INFO] [stdout]    |
[INFO] [stdout]    = note: `#[warn(dead_code)]` (part of `#[warn(unused)]`) on by default
[INFO] [stdout] 
[INFO] [stdout] 
[INFO] [stdout] warning: function `read_linux_system_cpu_cores` is never used
[INFO] [stdout]    --> src/fast_thread_pool/utils.rs:304:4
[INFO] [stdout]     |
[INFO] [stdout] 304 | fn read_linux_system_cpu_cores() -> Option<Vec<CoreId>> {
[INFO] [stdout]     |    ^^^^^^^^^^^^^^^^^^^^^^^^^^^
[INFO] [stdout] 
[INFO] [stdout] 
[INFO] [stdout] warning: function `parse_cpu_range` is never used
[INFO] [stdout]    --> src/fast_thread_pool/utils.rs:314:4
[INFO] [stdout]     |
[INFO] [stdout] 314 | fn parse_cpu_range(content: &str) -> Option<Vec<usize>> {
[INFO] [stdout]     |    ^^^^^^^^^^^^^^^
[INFO] [stdout] 
[INFO] [stdout] 
[INFO] [stdout] warning: field `useed` is never read
[INFO] [stdout]   --> src/cache_queue.rs:10:5
[INFO] [stdout]    |
[INFO] [stdout]  7 | pub struct CacheQueue<T, const L: usize> {
[INFO] [stdout]    |            ---------- field in this struct
[INFO] [stdout] ...
[INFO] [stdout] 10 |     useed: usize,
[INFO] [stdout]    |     ^^^^^
[INFO] [stdout] 
[INFO] [stdout] 
[INFO] [stdout] warning: unused imports: `error` and `info`
[INFO] [stdout]  --> src/bin/test_core_affinity_one.rs:2:11
[INFO] [stdout]   |
[INFO] [stdout] 2 | use log::{error, info};
[INFO] [stdout]   |           ^^^^^  ^^^^
[INFO] [stdout]   |
[INFO] [stdout]   = note: `#[warn(unused_imports)]` (part of `#[warn(unused)]`) on by default
[INFO] [stdout] 
[INFO] [stdout] 
[INFO] [stdout] warning: unused import: `fs::OpenOptions`
[INFO] [stdout]  --> src/bin/test_core_affinity_one.rs:3:15
[INFO] [stdout]   |
[INFO] [stdout] 3 | use std::{fs, fs::OpenOptions};
[INFO] [stdout]   |               ^^^^^^^^^^^^^^^
[INFO] [stdout] 
[INFO] [stdout] 
[INFO] [stdout] warning: unused imports: `error` and `info`
[INFO] [stdout]  --> src/bin/test_core_affinity.rs:2:11
[INFO] [stdout]   |
[INFO] [stdout] 2 | use log::{error, info};
[INFO] [stdout]   |           ^^^^^  ^^^^
[INFO] [stdout]   |
[INFO] [stdout]   = note: `#[warn(unused_imports)]` (part of `#[warn(unused)]`) on by default
[INFO] [stdout] 
[INFO] [stdout] 
[INFO] [stdout] warning: unused import: `fs::OpenOptions`
[INFO] [stdout]  --> src/bin/test_core_affinity.rs:3:15
[INFO] [stdout]   |
[INFO] [stdout] 3 | use std::{fs, fs::OpenOptions};
[INFO] [stdout]   |               ^^^^^^^^^^^^^^^
[INFO] [stdout] 
[INFO] [stdout] 
[INFO] [stdout] warning: unused import: `log::info`
[INFO] [stdout]  --> src/bin/test_bounded_executor.rs:2:5
[INFO] [stdout]   |
[INFO] [stdout] 2 | use log::info;
[INFO] [stdout]   |     ^^^^^^^^^
[INFO] [stdout]   |
[INFO] [stdout]   = note: `#[warn(unused_imports)]` (part of `#[warn(unused)]`) on by default
[INFO] [stdout] 
[INFO] [stdout] 
[INFO] [stdout] warning: unused import: `CoreId`
[INFO] [stdout]  --> src/bin/test_bounded_executor.rs:4:35
[INFO] [stdout]   |
[INFO] [stdout] 4 | use core_affinity::{get_core_ids, CoreId};
[INFO] [stdout]   |                                   ^^^^^^
[INFO] [stdout] 
[INFO] [stdout] 
[INFO] [stdout] warning: unused variable: `core1`
[INFO] [stdout]   --> src/bin/test_core_affinity_one.rs:26:9
[INFO] [stdout]    |
[INFO] [stdout] 26 |     let core1 = use_last_core2("测试11多核心", 10);
[INFO] [stdout]    |         ^^^^^ help: if this is intentional, prefix it with an underscore: `_core1`
[INFO] [stdout]    |
[INFO] [stdout]    = note: `#[warn(unused_variables)]` (part of `#[warn(unused)]`) on by default
[INFO] [stdout] 
[INFO] [stdout] 
[INFO] [stderr] warning: unused dependency `kanal`
[INFO] [stderr]   --> Cargo.toml:52:15
[INFO] [stderr]    |
[INFO] [stderr] 52 | [dependencies.kanal]
[INFO] [stderr]    |               ^^^^^^
[INFO] [stderr]    |
[INFO] [stderr]    = note: `cargo::unused_dependencies` is set to `warn` by default
[INFO] [stderr] help: consider removing the dependency on `kanal`
[INFO] [stderr] warning: unused dependency `thingbuf`
[INFO] [stderr]   --> Cargo.toml:74:15
[INFO] [stderr]    |
[INFO] [stderr] 74 | [dependencies.thingbuf]
[INFO] [stderr]    |               ^^^^^^^^^
[INFO] [stderr]    |
[INFO] [stderr] help: consider removing the dependency on `thingbuf`
[INFO] [stderr] warning: `fast-able` (manifest) generated 2 warnings
[INFO] [stderr]     Finished `release` profile [optimized] target(s) in 35.14s
[INFO] running `Command { std: "docker" "inspect" "4a51a2e9f8672cb627c8572eec70cccfed2ab22134e49e6e332a03d6ab9c9c8d", kill_on_drop: false }`
[INFO] running `Command { std: "docker" "exec" "-e" "SOURCE_DIR=/opt/rustwide/workdir" "-e" "CARGO_HOME=/opt/rustwide/cargo-home" "-e" "RUSTUP_HOME=/opt/rustwide/rustup-home" "-e" "CARGO_TARGET_DIR=/opt/rustwide/target" "-e" "CARGO_INCREMENTAL=0" "-e" "RUST_BACKTRACE=full" "-e" "RUSTFLAGS=--cap-lints=warn" "-e" "RUSTDOCFLAGS=--cap-lints=warn" "-w" "/opt/rustwide/workdir" "--user" "0:0" "4a51a2e9f8672cb627c8572eec70cccfed2ab22134e49e6e332a03d6ab9c9c8d" "/opt/rustwide/cargo-home/bin/cargo" "+1.100.0-beta.1" "test" "--frozen" "--no-run" "--message-format=json" "--release", kill_on_drop: false }`
[INFO] [stderr]    Compiling log v0.4.21
[INFO] [stderr]    Compiling memchr v2.7.4
[INFO] [stderr]    Compiling regex-syntax v0.8.4
[INFO] [stderr]    Compiling tokio v1.26.0
[INFO] [stderr]    Compiling anstyle-query v1.1.0
[INFO] [stderr]    Compiling anstyle-parse v0.2.4
[INFO] [stderr]    Compiling anstyle v1.0.7
[INFO] [stderr]    Compiling colorchoice v1.0.1
[INFO] [stderr]    Compiling is_terminal_polyfill v1.70.0
[INFO] [stderr]    Compiling tokio-macros v1.8.2
[INFO] [stderr]    Compiling signal-hook-registry v1.4.1
[INFO] [stderr]    Compiling fast-able v1.20.2 (/opt/rustwide/workdir)
[INFO] [stderr]    Compiling anstream v0.6.14
[INFO] [stderr]    Compiling mio v0.8.6
[INFO] [stderr]    Compiling socket2 v0.4.9
[INFO] [stdout] warning: unused imports: `EINVAL`, `EPERM`, and `ESRCH`
[INFO] [stdout]   --> src/fast_thread_pool/pool.rs:64:20
[INFO] [stdout]    |
[INFO] [stdout] 64 |         use libc::{EINVAL, EPERM, ESRCH, SCHED_RR, sched_param, sched_setscheduler};
[INFO] [stdout]    |                    ^^^^^^  ^^^^^  ^^^^^
[INFO] [stdout]    |
[INFO] [stdout]    = note: `#[warn(unused_imports)]` (part of `#[warn(unused)]`) on by default
[INFO] [stdout] 
[INFO] [stdout] 
[INFO] [stdout] warning: ambiguous glob re-exports
[INFO] [stdout]   --> src/fast_thread_pool/mod.rs:14:9
[INFO] [stdout]    |
[INFO] [stdout] 14 | pub use channel_types::*;
[INFO] [stdout]    |         ^^^^^^^^^^^^^^^^ the name `unbounded` in the value namespace is first re-exported here
[INFO] [stdout] ...
[INFO] [stdout] 17 | pub use task_executor::*;
[INFO] [stdout]    |         ---------------- but the name `unbounded` in the value namespace is also re-exported here
[INFO] [stdout]    |
[INFO] [stdout]    = note: `#[warn(ambiguous_glob_reexports)]` on by default
[INFO] [stdout] 
[INFO] [stdout] 
[INFO] [stdout] warning: unused import: `ErrorKind`
[INFO] [stdout]  --> src/fast_thread_pool/utils.rs:3:17
[INFO] [stdout]   |
[INFO] [stdout] 3 |     io::{Error, ErrorKind, Read, Seek, SeekFrom, Write},
[INFO] [stdout]   |                 ^^^^^^^^^
[INFO] [stdout] 
[INFO] [stdout] 
[INFO] [stdout] warning: unused import: `arraystring::error`
[INFO] [stdout]   --> src/fast_thread_pool/utils.rs:10:5
[INFO] [stdout]    |
[INFO] [stdout] 10 | use arraystring::error;
[INFO] [stdout]    |     ^^^^^^^^^^^^^^^^^^
[INFO] [stdout] 
[INFO] [stdout] 
[INFO] [stdout] warning: unused import: `time::Duration`
[INFO] [stdout]  --> src/cache.rs:1:42
[INFO] [stdout]   |
[INFO] [stdout] 1 | use std::{sync::Arc, thread::JoinHandle, time::Duration};
[INFO] [stdout]   |                                          ^^^^^^^^^^^^^^
[INFO] [stdout] 
[INFO] [stdout] 
[INFO] [stdout] warning: unused import: `std::fmt::Debug`
[INFO] [stdout]  --> src/cache_queue.rs:1:5
[INFO] [stdout]   |
[INFO] [stdout] 1 | use std::fmt::Debug;
[INFO] [stdout]   |     ^^^^^^^^^^^^^^^
[INFO] [stdout] 
[INFO] [stdout] 
[INFO] [stdout] warning: use of deprecated module `std::usize`: all constants in this module replaced by associated constants on the type
[INFO] [stdout]  --> src/num_log.rs:1:27
[INFO] [stdout]   |
[INFO] [stdout] 1 | use std::{time::Duration, usize};
[INFO] [stdout]   |                           ^^^^^
[INFO] [stdout]   |
[INFO] [stdout]   = note: `#[warn(deprecated)]` on by default
[INFO] [stdout] 
[INFO] [stdout] 
[INFO] [stdout] warning: use of deprecated module `std::usize`: all constants in this module replaced by associated constants on the type
[INFO] [stdout]  --> src/high_speed_cache.rs:4:29
[INFO] [stdout]   |
[INFO] [stdout] 4 | use std::{default::Default, usize};
[INFO] [stdout]   |                             ^^^^^
[INFO] [stdout] 
[INFO] [stdout] 
[INFO] [stderr]    Compiling aho-corasick v1.1.3
[INFO] [stderr]    Compiling humantime v2.1.0
[INFO] [stderr]    Compiling bytes v1.4.0
[INFO] [stdout] warning: variable does not need to be mutable
[INFO] [stdout]    --> src/fast_thread_pool/utils.rs:214:17
[INFO] [stdout]     |
[INFO] [stdout] 214 |             let mut start_index = (last_index + 1) % all_cores.len();
[INFO] [stdout]     |                 ----^^^^^^^^^^^
[INFO] [stdout]     |                 |
[INFO] [stdout]     |                 help: remove this `mut`
[INFO] [stdout]     |
[INFO] [stdout]     = note: `#[warn(unused_mut)]` (part of `#[warn(unused)]`) on by default
[INFO] [stdout] 
[INFO] [stdout] 
[INFO] [stdout] warning: variable does not need to be mutable
[INFO] [stdout]    --> src/fast_thread_pool/utils.rs:256:21
[INFO] [stdout]     |
[INFO] [stdout] 256 |                 let mut start_index = (last_index + 1) % all_cores.len();
[INFO] [stdout]     |                     ----^^^^^^^^^^^
[INFO] [stdout]     |                     |
[INFO] [stdout]     |                     help: remove this `mut`
[INFO] [stdout] 
[INFO] [stdout] 
[INFO] [stdout] warning: function `get_default_bounded_capacity` is never used
[INFO] [stdout]   --> src/fast_thread_pool/task_executor.rs:30:4
[INFO] [stdout]    |
[INFO] [stdout] 30 | fn get_default_bounded_capacity() -> usize {
[INFO] [stdout]    |    ^^^^^^^^^^^^^^^^^^^^^^^^^^^^
[INFO] [stdout]    |
[INFO] [stdout]    = note: `#[warn(dead_code)]` (part of `#[warn(unused)]`) on by default
[INFO] [stdout] 
[INFO] [stdout] 
[INFO] [stdout] warning: function `read_linux_system_cpu_cores` is never used
[INFO] [stdout]    --> src/fast_thread_pool/utils.rs:304:4
[INFO] [stdout]     |
[INFO] [stdout] 304 | fn read_linux_system_cpu_cores() -> Option<Vec<CoreId>> {
[INFO] [stdout]     |    ^^^^^^^^^^^^^^^^^^^^^^^^^^^
[INFO] [stdout] 
[INFO] [stdout] 
[INFO] [stdout] warning: function `parse_cpu_range` is never used
[INFO] [stdout]    --> src/fast_thread_pool/utils.rs:314:4
[INFO] [stdout]     |
[INFO] [stdout] 314 | fn parse_cpu_range(content: &str) -> Option<Vec<usize>> {
[INFO] [stdout]     |    ^^^^^^^^^^^^^^^
[INFO] [stdout] 
[INFO] [stdout] 
[INFO] [stdout] warning: field `useed` is never read
[INFO] [stdout]   --> src/cache_queue.rs:10:5
[INFO] [stdout]    |
[INFO] [stdout]  7 | pub struct CacheQueue<T, const L: usize> {
[INFO] [stdout]    |            ---------- field in this struct
[INFO] [stdout] ...
[INFO] [stdout] 10 |     useed: usize,
[INFO] [stdout]    |     ^^^^^
[INFO] [stdout] 
[INFO] [stdout] 
[INFO] [stderr]    Compiling pin-project-lite v0.2.9
[INFO] [stderr]    Compiling serde_json v1.0.140
[INFO] [stderr]    Compiling once_cell v1.17.1
[INFO] [stderr]    Compiling regex-automata v0.4.7
[INFO] [stdout] warning: unused imports: `error` and `info`
[INFO] [stdout]  --> src/bin/test_core_affinity.rs:2:11
[INFO] [stdout]   |
[INFO] [stdout] 2 | use log::{error, info};
[INFO] [stdout]   |           ^^^^^  ^^^^
[INFO] [stdout]   |
[INFO] [stdout]   = note: `#[warn(unused_imports)]` (part of `#[warn(unused)]`) on by default
[INFO] [stdout] 
[INFO] [stdout] 
[INFO] [stdout] warning: unused import: `fs::OpenOptions`
[INFO] [stdout]  --> src/bin/test_core_affinity.rs:3:15
[INFO] [stdout]   |
[INFO] [stdout] 3 | use std::{fs, fs::OpenOptions};
[INFO] [stdout]   |               ^^^^^^^^^^^^^^^
[INFO] [stdout] 
[INFO] [stdout] 
[INFO] [stdout] warning: unused import: `log::info`
[INFO] [stdout]  --> src/bin/test_bounded_executor.rs:2:5
[INFO] [stdout]   |
[INFO] [stdout] 2 | use log::info;
[INFO] [stdout]   |     ^^^^^^^^^
[INFO] [stdout]   |
[INFO] [stdout]   = note: `#[warn(unused_imports)]` (part of `#[warn(unused)]`) on by default
[INFO] [stdout] 
[INFO] [stdout] 
[INFO] [stdout] warning: unused import: `CoreId`
[INFO] [stdout]  --> src/bin/test_bounded_executor.rs:4:35
[INFO] [stdout]   |
[INFO] [stdout] 4 | use core_affinity::{get_core_ids, CoreId};
[INFO] [stdout]   |                                   ^^^^^^
[INFO] [stdout] 
[INFO] [stdout] 
[INFO] [stdout] warning: unused imports: `error` and `info`
[INFO] [stdout]  --> src/bin/test_core_affinity_one.rs:2:11
[INFO] [stdout]   |
[INFO] [stdout] 2 | use log::{error, info};
[INFO] [stdout]   |           ^^^^^  ^^^^
[INFO] [stdout]   |
[INFO] [stdout]   = note: `#[warn(unused_imports)]` (part of `#[warn(unused)]`) on by default
[INFO] [stdout] 
[INFO] [stdout] 
[INFO] [stdout] warning: unused import: `fs::OpenOptions`
[INFO] [stdout]  --> src/bin/test_core_affinity_one.rs:3:15
[INFO] [stdout]   |
[INFO] [stdout] 3 | use std::{fs, fs::OpenOptions};
[INFO] [stdout]   |               ^^^^^^^^^^^^^^^
[INFO] [stdout] 
[INFO] [stdout] 
[INFO] [stdout] warning: unused variable: `core1`
[INFO] [stdout]   --> src/bin/test_core_affinity_one.rs:26:9
[INFO] [stdout]    |
[INFO] [stdout] 26 |     let core1 = use_last_core2("测试11多核心", 10);
[INFO] [stdout]    |         ^^^^^ help: if this is intentional, prefix it with an underscore: `_core1`
[INFO] [stdout]    |
[INFO] [stdout]    = note: `#[warn(unused_variables)]` (part of `#[warn(unused)]`) on by default
[INFO] [stdout] 
[INFO] [stdout] 
[INFO] [stderr]    Compiling regex v1.10.5
[INFO] [stderr]    Compiling env_filter v0.1.0
[INFO] [stderr]    Compiling env_logger v0.11.3
[INFO] [stdout] warning: unused imports: `error` and `info`
[INFO] [stdout]  --> src/bin/test_core_affinity.rs:2:11
[INFO] [stdout]   |
[INFO] [stdout] 2 | use log::{error, info};
[INFO] [stdout]   |           ^^^^^  ^^^^
[INFO] [stdout]   |
[INFO] [stdout]   = note: `#[warn(unused_imports)]` (part of `#[warn(unused)]`) on by default
[INFO] [stdout] 
[INFO] [stdout] 
[INFO] [stdout] warning: unused import: `fs::OpenOptions`
[INFO] [stdout]  --> src/bin/test_core_affinity.rs:3:15
[INFO] [stdout]   |
[INFO] [stdout] 3 | use std::{fs, fs::OpenOptions};
[INFO] [stdout]   |               ^^^^^^^^^^^^^^^
[INFO] [stdout] 
[INFO] [stdout] 
[INFO] [stdout] warning: unused imports: `error` and `info`
[INFO] [stdout]  --> src/bin/test_core_affinity_one.rs:2:11
[INFO] [stdout]   |
[INFO] [stdout] 2 | use log::{error, info};
[INFO] [stdout]   |           ^^^^^  ^^^^
[INFO] [stdout]   |
[INFO] [stdout]   = note: `#[warn(unused_imports)]` (part of `#[warn(unused)]`) on by default
[INFO] [stdout] 
[INFO] [stdout] 
[INFO] [stdout] warning: unused import: `fs::OpenOptions`
[INFO] [stdout]  --> src/bin/test_core_affinity_one.rs:3:15
[INFO] [stdout]   |
[INFO] [stdout] 3 | use std::{fs, fs::OpenOptions};
[INFO] [stdout]   |               ^^^^^^^^^^^^^^^
[INFO] [stdout] 
[INFO] [stdout] 
[INFO] [stdout] warning: unused import: `log::info`
[INFO] [stdout]  --> src/bin/test_bounded_executor.rs:2:5
[INFO] [stdout]   |
[INFO] [stdout] 2 | use log::info;
[INFO] [stdout]   |     ^^^^^^^^^
[INFO] [stdout]   |
[INFO] [stdout]   = note: `#[warn(unused_imports)]` (part of `#[warn(unused)]`) on by default
[INFO] [stdout] 
[INFO] [stdout] 
[INFO] [stdout] warning: unused import: `CoreId`
[INFO] [stdout]  --> src/bin/test_bounded_executor.rs:4:35
[INFO] [stdout]   |
[INFO] [stdout] 4 | use core_affinity::{get_core_ids, CoreId};
[INFO] [stdout]   |                                   ^^^^^^
[INFO] [stdout] 
[INFO] [stdout] 
[INFO] [stdout] warning: unused variable: `core1`
[INFO] [stdout]   --> src/bin/test_core_affinity_one.rs:26:9
[INFO] [stdout]    |
[INFO] [stdout] 26 |     let core1 = use_last_core2("测试11多核心", 10);
[INFO] [stdout]    |         ^^^^^ help: if this is intentional, prefix it with an underscore: `_core1`
[INFO] [stdout]    |
[INFO] [stdout]    = note: `#[warn(unused_variables)]` (part of `#[warn(unused)]`) on by default
[INFO] [stdout] 
[INFO] [stdout] 
[INFO] [stdout] warning: unused import: `std::time::Duration`
[INFO] [stdout]  --> tests/test_wg.rs:3:5
[INFO] [stdout]   |
[INFO] [stdout] 3 | use std::time::Duration;
[INFO] [stdout]   |     ^^^^^^^^^^^^^^^^^^^
[INFO] [stdout]   |
[INFO] [stdout]   = note: `#[warn(unused_imports)]` (part of `#[warn(unused)]`) on by default
[INFO] [stdout] 
[INFO] [stdout] 
[INFO] [stdout] warning: unused import: `tokio::time::sleep`
[INFO] [stdout]  --> tests/test_wg.rs:4:5
[INFO] [stdout]   |
[INFO] [stdout] 4 | use tokio::time::sleep;
[INFO] [stdout]   |     ^^^^^^^^^^^^^^^^^^
[INFO] [stdout] 
[INFO] [stdout] 
[INFO] [stdout] warning: call to `.deref()` on a reference in this situation does nothing
[INFO] [stdout]   --> tests/btree.rs:58:21
[INFO] [stdout]    |
[INFO] [stdout] 58 |     assert_eq!(2, *g.deref());
[INFO] [stdout]    |                     ^^^^^^^^ help: remove this redundant call
[INFO] [stdout]    |
[INFO] [stdout]    = note: the type `i32` does not implement `Deref`, so calling `deref` on `&i32` copies the reference, which does not do anything and can be removed
[INFO] [stdout]    = note: `#[warn(noop_method_call)]` on by default
[INFO] [stdout] 
[INFO] [stdout] 
[INFO] [stdout] warning: unused imports: `EINVAL`, `EPERM`, and `ESRCH`
[INFO] [stdout]   --> src/fast_thread_pool/pool.rs:64:20
[INFO] [stdout]    |
[INFO] [stdout] 64 |         use libc::{EINVAL, EPERM, ESRCH, SCHED_RR, sched_param, sched_setscheduler};
[INFO] [stdout]    |                    ^^^^^^  ^^^^^  ^^^^^
[INFO] [stdout]    |
[INFO] [stdout]    = note: `#[warn(unused_imports)]` (part of `#[warn(unused)]`) on by default
[INFO] [stdout] 
[INFO] [stdout] 
[INFO] [stdout] warning: ambiguous glob re-exports
[INFO] [stdout]   --> src/fast_thread_pool/mod.rs:14:9
[INFO] [stdout]    |
[INFO] [stdout] 14 | pub use channel_types::*;
[INFO] [stdout]    |         ^^^^^^^^^^^^^^^^ the name `unbounded` in the value namespace is first re-exported here
[INFO] [stdout] ...
[INFO] [stdout] 17 | pub use task_executor::*;
[INFO] [stdout]    |         ---------------- but the name `unbounded` in the value namespace is also re-exported here
[INFO] [stdout]    |
[INFO] [stdout]    = note: `#[warn(ambiguous_glob_reexports)]` on by default
[INFO] [stdout] 
[INFO] [stdout] 
[INFO] [stdout] warning: unused import: `ErrorKind`
[INFO] [stdout]  --> src/fast_thread_pool/utils.rs:3:17
[INFO] [stdout]   |
[INFO] [stdout] 3 |     io::{Error, ErrorKind, Read, Seek, SeekFrom, Write},
[INFO] [stdout]   |                 ^^^^^^^^^
[INFO] [stdout] 
[INFO] [stdout] 
[INFO] [stdout] warning: unused import: `arraystring::error`
[INFO] [stdout]   --> src/fast_thread_pool/utils.rs:10:5
[INFO] [stdout]    |
[INFO] [stdout] 10 | use arraystring::error;
[INFO] [stdout]    |     ^^^^^^^^^^^^^^^^^^
[INFO] [stdout] 
[INFO] [stdout] 
[INFO] [stdout] warning: unused import: `time::Duration`
[INFO] [stdout]  --> src/cache.rs:1:42
[INFO] [stdout]   |
[INFO] [stdout] 1 | use std::{sync::Arc, thread::JoinHandle, time::Duration};
[INFO] [stdout]   |                                          ^^^^^^^^^^^^^^
[INFO] [stdout] 
[INFO] [stdout] 
[INFO] [stdout] warning: unused import: `std::fmt::Debug`
[INFO] [stdout]  --> src/cache_queue.rs:1:5
[INFO] [stdout]   |
[INFO] [stdout] 1 | use std::fmt::Debug;
[INFO] [stdout]   |     ^^^^^^^^^^^^^^^
[INFO] [stdout] 
[INFO] [stdout] 
[INFO] [stdout] warning: use of deprecated module `std::usize`: all constants in this module replaced by associated constants on the type
[INFO] [stdout]  --> src/num_log.rs:1:27
[INFO] [stdout]   |
[INFO] [stdout] 1 | use std::{time::Duration, usize};
[INFO] [stdout]   |                           ^^^^^
[INFO] [stdout]   |
[INFO] [stdout]   = note: `#[warn(deprecated)]` on by default
[INFO] [stdout] 
[INFO] [stdout] 
[INFO] [stdout] warning: use of deprecated module `std::usize`: all constants in this module replaced by associated constants on the type
[INFO] [stdout]  --> src/high_speed_cache.rs:4:29
[INFO] [stdout]   |
[INFO] [stdout] 4 | use std::{default::Default, usize};
[INFO] [stdout]   |                             ^^^^^
[INFO] [stdout] 
[INFO] [stdout] 
[INFO] [stdout] warning: unreachable statement
[INFO] [stdout]    --> src/fast_thread_pool/pool.rs:463:5
[INFO] [stdout]     |
[INFO] [stdout] 442 | /     loop {
[INFO] [stdout] 443 | |         for i in 0..100 {
[INFO] [stdout] 444 | |             // std::thread::sleep(std::time::Duration::from_micros(i % 50));
[INFO] [stdout] 445 | |             let time_hs = std::time::Instant::now();
[INFO] [stdout] ...   |
[INFO] [stdout] 461 | |         std::thread::sleep(std::time::Duration::from_micros(110));
[INFO] [stdout] 462 | |     }
[INFO] [stdout]     | |_____- any code following this expression is unreachable
[INFO] [stdout] 463 |       std::thread::sleep(std::time::Duration::from_secs(9999));
[INFO] [stdout]     |       ^^^^^^^^^^^^^^^^^^^^^^^^^^^^^^^^^^^^^^^^^^^^^^^^^^^^^^^^^ unreachable statement
[INFO] [stdout]     |
[INFO] [stdout]     = note: `#[warn(unreachable_code)]` (part of `#[warn(unused)]`) on by default
[INFO] [stdout] 
[INFO] [stdout] 
[INFO] [stdout] warning: unreachable statement
[INFO] [stdout]    --> src/fast_thread_pool/mod.rs:116:5
[INFO] [stdout]     |
[INFO] [stdout]  97 | /     loop {
[INFO] [stdout]  98 | |         for i in 0..100 {
[INFO] [stdout]  99 | |             let time_hs = std::time::Instant::now();
[INFO] [stdout] 100 | |             let count = count.clone();
[INFO] [stdout] ...   |
[INFO] [stdout] 114 | |         std::thread::sleep(std::time::Duration::from_micros(110));
[INFO] [stdout] 115 | |     }
[INFO] [stdout]     | |_____- any code following this expression is unreachable
[INFO] [stdout] 116 |       std::thread::sleep(std::time::Duration::from_secs(9999));
[INFO] [stdout]     |       ^^^^^^^^^^^^^^^^^^^^^^^^^^^^^^^^^^^^^^^^^^^^^^^^^^^^^^^^^ unreachable statement
[INFO] [stdout] 
[INFO] [stdout] 
[INFO] [stdout] warning: unreachable statement
[INFO] [stdout]    --> src/fast_thread_pool/mod.rs:158:5
[INFO] [stdout]     |
[INFO] [stdout] 142 | /     loop {
[INFO] [stdout] 143 | |         for _ in 0..500 {
[INFO] [stdout] 144 | |             let time_hs = std::time::Instant::now();
[INFO] [stdout] 145 | |             pool.spawn_blocking(move || {
[INFO] [stdout] ...   |
[INFO] [stdout] 157 | |     }
[INFO] [stdout]     | |_____- any code following this expression is unreachable
[INFO] [stdout] 158 |       std::thread::sleep(std::time::Duration::from_secs(9999));
[INFO] [stdout]     |       ^^^^^^^^^^^^^^^^^^^^^^^^^^^^^^^^^^^^^^^^^^^^^^^^^^^^^^^^^ unreachable statement
[INFO] [stdout] 
[INFO] [stdout] 
[INFO] [stdout] warning: variable does not need to be mutable
[INFO] [stdout]     --> src/map_hash.rs:1853:17
[INFO] [stdout]      |
[INFO] [stdout] 1853 |         for (k, mut v) in &mut map {
[INFO] [stdout]      |                 ----^
[INFO] [stdout]      |                 |
[INFO] [stdout]      |                 help: remove this `mut`
[INFO] [stdout]      |
[INFO] [stdout]      = note: `#[warn(unused_mut)]` (part of `#[warn(unused)]`) on by default
[INFO] [stdout] 
[INFO] [stdout] 
[INFO] [stdout] warning: variable does not need to be mutable
[INFO] [stdout]    --> src/vec2.rs:897:13
[INFO] [stdout]     |
[INFO] [stdout] 897 |         for mut item in vec.iter_mut() {
[INFO] [stdout]     |             ----^^^^
[INFO] [stdout]     |             |
[INFO] [stdout]     |             help: remove this `mut`
[INFO] [stdout] 
[INFO] [stdout] 
[INFO] [stdout] warning: variable does not need to be mutable
[INFO] [stdout]    --> src/vec2.rs:941:13
[INFO] [stdout]     |
[INFO] [stdout] 941 |         let mut vec = SyncVec::new();
[INFO] [stdout]     |             ----^^^
[INFO] [stdout]     |             |
[INFO] [stdout]     |             help: remove this `mut`
[INFO] [stdout] 
[INFO] [stdout] 
[INFO] [stdout] warning: variable does not need to be mutable
[INFO] [stdout]     --> src/vec2.rs:1042:13
[INFO] [stdout]      |
[INFO] [stdout] 1042 |         for mut item in &mut vec {
[INFO] [stdout]      |             ----^^^^
[INFO] [stdout]      |             |
[INFO] [stdout]      |             help: remove this `mut`
[INFO] [stdout] 
[INFO] [stdout] 
[INFO] [stdout] warning: unused variable: `i`
[INFO] [stdout]   --> src/statis.rs:57:13
[INFO] [stdout]    |
[INFO] [stdout] 57 |         for i in 0..10000_0000 {
[INFO] [stdout]    |             ^ help: if this is intentional, prefix it with an underscore: `_i`
[INFO] [stdout]    |
[INFO] [stdout]    = note: `#[warn(unused_variables)]` (part of `#[warn(unused)]`) on by default
[INFO] [stdout] 
[INFO] [stdout] 
[INFO] [stdout] warning: unused variable: `i`
[INFO] [stdout]   --> src/statis.rs:52:13
[INFO] [stdout]    |
[INFO] [stdout] 52 |         for i in 0..10000_0000 {
[INFO] [stdout]    |             ^ help: if this is intentional, prefix it with an underscore: `_i`
[INFO] [stdout] 
[INFO] [stdout] 
[INFO] [stdout] warning: unused variable: `i`
[INFO] [stdout]   --> src/statis.rs:47:13
[INFO] [stdout]    |
[INFO] [stdout] 47 |         for i in 0..10000_0000 {
[INFO] [stdout]    |             ^ help: if this is intentional, prefix it with an underscore: `_i`
[INFO] [stdout] 
[INFO] [stdout] 
[INFO] [stdout] warning: unused variable: `pool_c`
[INFO] [stdout]   --> src/fast_thread_pool/test.rs:95:9
[INFO] [stdout]    |
[INFO] [stdout] 95 |     let pool_c = pool.clone();
[INFO] [stdout]    |         ^^^^^^ help: if this is intentional, prefix it with an underscore: `_pool_c`
[INFO] [stdout] 
[INFO] [stdout] 
[INFO] [stdout] warning: variable does not need to be mutable
[INFO] [stdout]    --> src/fast_thread_pool/utils.rs:214:17
[INFO] [stdout]     |
[INFO] [stdout] 214 |             let mut start_index = (last_index + 1) % all_cores.len();
[INFO] [stdout]     |                 ----^^^^^^^^^^^
[INFO] [stdout]     |                 |
[INFO] [stdout]     |                 help: remove this `mut`
[INFO] [stdout] 
[INFO] [stdout] 
[INFO] [stdout] warning: variable does not need to be mutable
[INFO] [stdout]    --> src/fast_thread_pool/utils.rs:256:21
[INFO] [stdout]     |
[INFO] [stdout] 256 |                 let mut start_index = (last_index + 1) % all_cores.len();
[INFO] [stdout]     |                     ----^^^^^^^^^^^
[INFO] [stdout]     |                     |
[INFO] [stdout]     |                     help: remove this `mut`
[INFO] [stdout] 
[INFO] [stdout] 
[INFO] [stdout] warning: unused variable: `i`
[INFO] [stdout]   --> src/fast_thread_pool/mod.rs:98:13
[INFO] [stdout]    |
[INFO] [stdout] 98 |         for i in 0..100 {
[INFO] [stdout]    |             ^ help: if this is intentional, prefix it with an underscore: `_i`
[INFO] [stdout] 
[INFO] [stdout] 
[INFO] [stdout] warning: function `get_default_bounded_capacity` is never used
[INFO] [stdout]   --> src/fast_thread_pool/task_executor.rs:30:4
[INFO] [stdout]    |
[INFO] [stdout] 30 | fn get_default_bounded_capacity() -> usize {
[INFO] [stdout]    |    ^^^^^^^^^^^^^^^^^^^^^^^^^^^^
[INFO] [stdout]    |
[INFO] [stdout]    = note: `#[warn(dead_code)]` (part of `#[warn(unused)]`) on by default
[INFO] [stdout] 
[INFO] [stdout] 
[INFO] [stdout] warning: function `read_linux_system_cpu_cores` is never used
[INFO] [stdout]    --> src/fast_thread_pool/utils.rs:304:4
[INFO] [stdout]     |
[INFO] [stdout] 304 | fn read_linux_system_cpu_cores() -> Option<Vec<CoreId>> {
[INFO] [stdout]     |    ^^^^^^^^^^^^^^^^^^^^^^^^^^^
[INFO] [stdout] 
[INFO] [stdout] 
[INFO] [stdout] warning: function `parse_cpu_range` is never used
[INFO] [stdout]    --> src/fast_thread_pool/utils.rs:314:4
[INFO] [stdout]     |
[INFO] [stdout] 314 | fn parse_cpu_range(content: &str) -> Option<Vec<usize>> {
[INFO] [stdout]     |    ^^^^^^^^^^^^^^^
[INFO] [stdout] 
[INFO] [stdout] 
[INFO] [stdout] warning: field `useed` is never read
[INFO] [stdout]   --> src/cache_queue.rs:10:5
[INFO] [stdout]    |
[INFO] [stdout]  7 | pub struct CacheQueue<T, const L: usize> {
[INFO] [stdout]    |            ---------- field in this struct
[INFO] [stdout] ...
[INFO] [stdout] 10 |     useed: usize,
[INFO] [stdout]    |     ^^^^^
[INFO] [stdout] 
[INFO] [stdout] 
[INFO] [stdout] warning: unused `std::result::Result` that must be used
[INFO] [stdout]   --> src/statis.rs:62:5
[INFO] [stdout]    |
[INFO] [stdout] 62 |     rt.join();
[INFO] [stdout]    |     ^^^^^^^^^
[INFO] [stdout]    |
[INFO] [stdout]    = note: this `Result` may be an `Err` variant, which should be handled
[INFO] [stdout]    = note: `#[warn(unused_must_use)]` (part of `#[warn(unused)]`) on by default
[INFO] [stdout] help: use `let _ = ...` to ignore the resulting value
[INFO] [stdout]    |
[INFO] [stdout] 62 |     let _ = rt.join();
[INFO] [stdout]    |     +++++++
[INFO] [stdout] 
[INFO] [stdout] 
[INFO] [stdout] warning: unused `std::result::Result` that must be used
[INFO] [stdout]   --> src/statis.rs:63:5
[INFO] [stdout]    |
[INFO] [stdout] 63 |     rt2.join();
[INFO] [stdout]    |     ^^^^^^^^^^
[INFO] [stdout]    |
[INFO] [stdout]    = note: this `Result` may be an `Err` variant, which should be handled
[INFO] [stdout] help: use `let _ = ...` to ignore the resulting value
[INFO] [stdout]    |
[INFO] [stdout] 63 |     let _ = rt2.join();
[INFO] [stdout]    |     +++++++
[INFO] [stdout] 
[INFO] [stdout] 
[INFO] [stdout] warning: unused `std::result::Result` that must be used
[INFO] [stdout]   --> src/statis.rs:64:5
[INFO] [stdout]    |
[INFO] [stdout] 64 |     rt3.join();
[INFO] [stdout]    |     ^^^^^^^^^^
[INFO] [stdout]    |
[INFO] [stdout]    = note: this `Result` may be an `Err` variant, which should be handled
[INFO] [stdout] help: use `let _ = ...` to ignore the resulting value
[INFO] [stdout]    |
[INFO] [stdout] 64 |     let _ = rt3.join();
[INFO] [stdout]    |     +++++++
[INFO] [stdout] 
[INFO] [stdout] 
[INFO] [stdout] warning: static variable `statis_v` should have an upper case name
[INFO] [stdout]    --> src/fast_thread_pool/mod.rs:132:12
[INFO] [stdout]     |
[INFO] [stdout] 132 |     static statis_v: once_cell::sync::Lazy<crate::statis::Statis> =
[INFO] [stdout]     |            ^^^^^^^^
[INFO] [stdout]     |
[INFO] [stdout]     = note: `#[warn(non_upper_case_globals)]` (part of `#[warn(nonstandard_style)]`) on by default
[INFO] [stdout] help: convert the identifier to upper case
[INFO] [stdout]     |
[INFO] [stdout] 132 -     static statis_v: once_cell::sync::Lazy<crate::statis::Statis> =
[INFO] [stdout] 132 +     static STATIS_V: once_cell::sync::Lazy<crate::statis::Statis> =
[INFO] [stdout]     |
[INFO] [stdout] 
[INFO] [stdout] 
[INFO] [stdout] warning: static variable `thread_lite` should have an upper case name
[INFO] [stdout]    --> src/fast_thread_pool/mod.rs:135:12
[INFO] [stdout]     |
[INFO] [stdout] 135 |     static thread_lite: once_cell::sync::Lazy<crate::fast_thread_pool::ThreadPoolLite> =
[INFO] [stdout]     |            ^^^^^^^^^^^
[INFO] [stdout]     |
[INFO] [stdout] help: convert the identifier to upper case
[INFO] [stdout]     |
[INFO] [stdout] 135 -     static thread_lite: once_cell::sync::Lazy<crate::fast_thread_pool::ThreadPoolLite> =
[INFO] [stdout] 135 +     static THREAD_LITE: once_cell::sync::Lazy<crate::fast_thread_pool::ThreadPoolLite> =
[INFO] [stdout]     |
[INFO] [stdout] 
[INFO] [stdout] 
[INFO] [stdout] warning: static variable `statis_v` should have an upper case name
[INFO] [stdout]   --> src/fast_thread_pool/test.rs:38:12
[INFO] [stdout]    |
[INFO] [stdout] 38 |     static statis_v: Lazy<crate::statis::Statis> =
[INFO] [stdout]    |            ^^^^^^^^
[INFO] [stdout]    |
[INFO] [stdout] help: convert the identifier to upper case
[INFO] [stdout]    |
[INFO] [stdout] 38 -     static statis_v: Lazy<crate::statis::Statis> =
[INFO] [stdout] 38 +     static STATIS_V: Lazy<crate::statis::Statis> =
[INFO] [stdout]    |
[INFO] [stdout] 
[INFO] [stdout] 
[INFO] [stdout] warning: static variable `statis_v` should have an upper case name
[INFO] [stdout]    --> src/fast_thread_pool/test.rs:113:12
[INFO] [stdout]     |
[INFO] [stdout] 113 |     static statis_v: Lazy<crate::statis::Statis> =
[INFO] [stdout]     |            ^^^^^^^^
[INFO] [stdout]     |
[INFO] [stdout] help: convert the identifier to upper case
[INFO] [stdout]     |
[INFO] [stdout] 113 -     static statis_v: Lazy<crate::statis::Statis> =
[INFO] [stdout] 113 +     static STATIS_V: Lazy<crate::statis::Statis> =
[INFO] [stdout]     |
[INFO] [stdout] 
[INFO] [stdout] 
[INFO] [stdout] warning: static variable `thread_lite` should have an upper case name
[INFO] [stdout]    --> src/fast_thread_pool/test.rs:122:12
[INFO] [stdout]     |
[INFO] [stdout] 122 |     static thread_lite: Lazy<ThreadPoolLite> = Lazy::new(|| ThreadPoolLite::new());
[INFO] [stdout]     |            ^^^^^^^^^^^
[INFO] [stdout]     |
[INFO] [stdout] help: convert the identifier to upper case
[INFO] [stdout]     |
[INFO] [stdout] 122 -     static thread_lite: Lazy<ThreadPoolLite> = Lazy::new(|| ThreadPoolLite::new());
[INFO] [stdout] 122 +     static THREAD_LITE: Lazy<ThreadPoolLite> = Lazy::new(|| ThreadPoolLite::new());
[INFO] [stdout]     |
[INFO] [stdout] 
[INFO] [stdout] 
[INFO] [stdout] warning: unused `std::result::Result` that must be used
[INFO] [stdout]   --> src/thread_channel.rs:49:5
[INFO] [stdout]    |
[INFO] [stdout] 49 |     S.send(1);
[INFO] [stdout]    |     ^^^^^^^^^
[INFO] [stdout]    |
[INFO] [stdout]    = note: this `Result` may be an `Err` variant, which should be handled
[INFO] [stdout] help: use `let _ = ...` to ignore the resulting value
[INFO] [stdout]    |
[INFO] [stdout] 49 |     let _ = S.send(1);
[INFO] [stdout]    |     +++++++
[INFO] [stdout] 
[INFO] [stdout] 
[INFO] [stdout] warning: unused `std::result::Result` that must be used
[INFO] [stdout]   --> src/thread_channel.rs:50:5
[INFO] [stdout]    |
[INFO] [stdout] 50 |     S.send(2);
[INFO] [stdout]    |     ^^^^^^^^^
[INFO] [stdout]    |
[INFO] [stdout]    = note: this `Result` may be an `Err` variant, which should be handled
[INFO] [stdout] help: use `let _ = ...` to ignore the resulting value
[INFO] [stdout]    |
[INFO] [stdout] 50 |     let _ = S.send(2);
[INFO] [stdout]    |     +++++++
[INFO] [stdout] 
[INFO] [stdout] 
[INFO] [stdout] warning: unused `std::result::Result` that must be used
[INFO] [stdout]   --> src/thread_channel.rs:51:5
[INFO] [stdout]    |
[INFO] [stdout] 51 |     S.send(3);
[INFO] [stdout]    |     ^^^^^^^^^
[INFO] [stdout]    |
[INFO] [stdout]    = note: this `Result` may be an `Err` variant, which should be handled
[INFO] [stdout] help: use `let _ = ...` to ignore the resulting value
[INFO] [stdout]    |
[INFO] [stdout] 51 |     let _ = S.send(3);
[INFO] [stdout]    |     +++++++
[INFO] [stdout] 
[INFO] [stdout] 
[INFO] [stdout] warning: unused `std::result::Result` that must be used
[INFO] [stdout]   --> src/thread_channel.rs:52:5
[INFO] [stdout]    |
[INFO] [stdout] 52 |     S.send(4);
[INFO] [stdout]    |     ^^^^^^^^^
[INFO] [stdout]    |
[INFO] [stdout]    = note: this `Result` may be an `Err` variant, which should be handled
[INFO] [stdout] help: use `let _ = ...` to ignore the resulting value
[INFO] [stdout]    |
[INFO] [stdout] 52 |     let _ = S.send(4);
[INFO] [stdout]    |     +++++++
[INFO] [stdout] 
[INFO] [stdout] 
[INFO] [stderr]     Finished `release` profile [optimized] target(s) in 1m 09s
[INFO] running `Command { std: "docker" "inspect" "4a51a2e9f8672cb627c8572eec70cccfed2ab22134e49e6e332a03d6ab9c9c8d", kill_on_drop: false }`
[INFO] running `Command { std: "docker" "exec" "-e" "SOURCE_DIR=/opt/rustwide/workdir" "-e" "CARGO_HOME=/opt/rustwide/cargo-home" "-e" "RUSTUP_HOME=/opt/rustwide/rustup-home" "-e" "CARGO_TARGET_DIR=/opt/rustwide/target" "-e" "CARGO_INCREMENTAL=0" "-e" "RUST_BACKTRACE=full" "-e" "RUSTFLAGS=--cap-lints=warn" "-e" "RUSTDOCFLAGS=--cap-lints=warn" "-w" "/opt/rustwide/workdir" "--user" "0:0" "4a51a2e9f8672cb627c8572eec70cccfed2ab22134e49e6e332a03d6ab9c9c8d" "/opt/rustwide/cargo-home/bin/cargo" "+1.100.0-beta.1" "test" "--frozen" "--release", kill_on_drop: false }`
[INFO] [stderr] warning: unused imports: `EINVAL`, `EPERM`, and `ESRCH`
[INFO] [stderr]   --> src/fast_thread_pool/pool.rs:64:20
[INFO] [stderr]    |
[INFO] [stderr] 64 |         use libc::{EINVAL, EPERM, ESRCH, SCHED_RR, sched_param, sched_setscheduler};
[INFO] [stderr]    |                    ^^^^^^  ^^^^^  ^^^^^
[INFO] [stderr]    |
[INFO] [stderr]    = note: `#[warn(unused_imports)]` (part of `#[warn(unused)]`) on by default
[INFO] [stderr] 
[INFO] [stderr] warning: ambiguous glob re-exports
[INFO] [stderr]   --> src/fast_thread_pool/mod.rs:14:9
[INFO] [stderr]    |
[INFO] [stderr] 14 | pub use channel_types::*;
[INFO] [stderr]    |         ^^^^^^^^^^^^^^^^ the name `unbounded` in the value namespace is first re-exported here
[INFO] [stderr] ...
[INFO] [stderr] 17 | pub use task_executor::*;
[INFO] [stderr]    |         ---------------- but the name `unbounded` in the value namespace is also re-exported here
[INFO] [stderr]    |
[INFO] [stderr]    = note: `#[warn(ambiguous_glob_reexports)]` on by default
[INFO] [stderr] 
[INFO] [stderr] warning: unused import: `ErrorKind`
[INFO] [stderr]  --> src/fast_thread_pool/utils.rs:3:17
[INFO] [stderr]   |
[INFO] [stderr] 3 |     io::{Error, ErrorKind, Read, Seek, SeekFrom, Write},
[INFO] [stderr]   |                 ^^^^^^^^^
[INFO] [stderr] 
[INFO] [stderr] warning: unused import: `arraystring::error`
[INFO] [stderr]   --> src/fast_thread_pool/utils.rs:10:5
[INFO] [stderr]    |
[INFO] [stderr] 10 | use arraystring::error;
[INFO] [stderr]    |     ^^^^^^^^^^^^^^^^^^
[INFO] [stderr] 
[INFO] [stderr] warning: unused import: `time::Duration`
[INFO] [stderr]  --> src/cache.rs:1:42
[INFO] [stderr]   |
[INFO] [stderr] 1 | use std::{sync::Arc, thread::JoinHandle, time::Duration};
[INFO] [stderr]   |                                          ^^^^^^^^^^^^^^
[INFO] [stderr] 
[INFO] [stderr] warning: unused import: `std::fmt::Debug`
[INFO] [stderr]  --> src/cache_queue.rs:1:5
[INFO] [stderr]   |
[INFO] [stderr] 1 | use std::fmt::Debug;
[INFO] [stderr]   |     ^^^^^^^^^^^^^^^
[INFO] [stderr] 
[INFO] [stderr] warning: use of deprecated module `std::usize`: all constants in this module replaced by associated constants on the type
[INFO] [stderr]  --> src/num_log.rs:1:27
[INFO] [stderr]   |
[INFO] [stderr] 1 | use std::{time::Duration, usize};
[INFO] [stderr]   |                           ^^^^^
[INFO] [stderr]   |
[INFO] [stderr]   = note: `#[warn(deprecated)]` on by default
[INFO] [stderr] 
[INFO] [stderr] warning: use of deprecated module `std::usize`: all constants in this module replaced by associated constants on the type
[INFO] [stderr]  --> src/high_speed_cache.rs:4:29
[INFO] [stderr]   |
[INFO] [stderr] 4 | use std::{default::Default, usize};
[INFO] [stderr]   |                             ^^^^^
[INFO] [stderr] 
[INFO] [stderr] warning: variable does not need to be mutable
[INFO] [stderr]    --> src/fast_thread_pool/utils.rs:214:17
[INFO] [stderr]     |
[INFO] [stderr] 214 |             let mut start_index = (last_index + 1) % all_cores.len();
[INFO] [stderr]     |                 ----^^^^^^^^^^^
[INFO] [stderr]     |                 |
[INFO] [stderr]     |                 help: remove this `mut`
[INFO] [stderr]     |
[INFO] [stderr]     = note: `#[warn(unused_mut)]` (part of `#[warn(unused)]`) on by default
[INFO] [stderr] 
[INFO] [stderr] warning: variable does not need to be mutable
[INFO] [stderr]    --> src/fast_thread_pool/utils.rs:256:21
[INFO] [stderr]     |
[INFO] [stderr] 256 |                 let mut start_index = (last_index + 1) % all_cores.len();
[INFO] [stderr]     |                     ----^^^^^^^^^^^
[INFO] [stderr]     |                     |
[INFO] [stderr]     |                     help: remove this `mut`
[INFO] [stderr] 
[INFO] [stderr] warning: function `get_default_bounded_capacity` is never used
[INFO] [stderr]   --> src/fast_thread_pool/task_executor.rs:30:4
[INFO] [stderr]    |
[INFO] [stderr] 30 | fn get_default_bounded_capacity() -> usize {
[INFO] [stderr]    |    ^^^^^^^^^^^^^^^^^^^^^^^^^^^^
[INFO] [stderr]    |
[INFO] [stderr]    = note: `#[warn(dead_code)]` (part of `#[warn(unused)]`) on by default
[INFO] [stderr] 
[INFO] [stderr] warning: function `read_linux_system_cpu_cores` is never used
[INFO] [stderr]    --> src/fast_thread_pool/utils.rs:304:4
[INFO] [stderr]     |
[INFO] [stderr] 304 | fn read_linux_system_cpu_cores() -> Option<Vec<CoreId>> {
[INFO] [stderr]     |    ^^^^^^^^^^^^^^^^^^^^^^^^^^^
[INFO] [stderr] 
[INFO] [stderr] warning: function `parse_cpu_range` is never used
[INFO] [stderr]    --> src/fast_thread_pool/utils.rs:314:4
[INFO] [stderr]     |
[INFO] [stderr] 314 | fn parse_cpu_range(content: &str) -> Option<Vec<usize>> {
[INFO] [stderr]     |    ^^^^^^^^^^^^^^^
[INFO] [stderr] 
[INFO] [stderr] warning: field `useed` is never read
[INFO] [stderr]   --> src/cache_queue.rs:10:5
[INFO] [stderr]    |
[INFO] [stderr]  7 | pub struct CacheQueue<T, const L: usize> {
[INFO] [stderr]    |            ---------- field in this struct
[INFO] [stderr] ...
[INFO] [stderr] 10 |     useed: usize,
[INFO] [stderr]    |     ^^^^^
[INFO] [stderr] 
[INFO] [stderr] warning: `fast-able` (lib) generated 14 warnings (run `cargo fix --lib -p fast-able` to apply 7 suggestions)
[INFO] [stderr] warning: unused import: `log::info`
[INFO] [stderr]  --> src/bin/test_bounded_executor.rs:2:5
[INFO] [stderr]   |
[INFO] [stderr] 2 | use log::info;
[INFO] [stderr]   |     ^^^^^^^^^
[INFO] [stderr]   |
[INFO] [stderr]   = note: `#[warn(unused_imports)]` (part of `#[warn(unused)]`) on by default
[INFO] [stderr] 
[INFO] [stderr] warning: unused import: `CoreId`
[INFO] [stderr]  --> src/bin/test_bounded_executor.rs:4:35
[INFO] [stderr]   |
[INFO] [stderr] 4 | use core_affinity::{get_core_ids, CoreId};
[INFO] [stderr]   |                                   ^^^^^^
[INFO] [stderr] 
[INFO] [stderr] warning: unused imports: `error` and `info`
[INFO] [stderr]  --> src/bin/test_core_affinity_one.rs:2:11
[INFO] [stderr]   |
[INFO] [stderr] 2 | use log::{error, info};
[INFO] [stderr]   |           ^^^^^  ^^^^
[INFO] [stderr]   |
[INFO] [stderr]   = note: `#[warn(unused_imports)]` (part of `#[warn(unused)]`) on by default
[INFO] [stderr] 
[INFO] [stderr] warning: unused import: `fs::OpenOptions`
[INFO] [stderr]  --> src/bin/test_core_affinity_one.rs:3:15
[INFO] [stderr]   |
[INFO] [stderr] 3 | use std::{fs, fs::OpenOptions};
[INFO] [stderr]   |               ^^^^^^^^^^^^^^^
[INFO] [stderr] 
[INFO] [stderr] warning: unused variable: `core1`
[INFO] [stderr]   --> src/bin/test_core_affinity_one.rs:26:9
[INFO] [stderr]    |
[INFO] [stderr] 26 |     let core1 = use_last_core2("测试11多核心", 10);
[INFO] [stderr]    |         ^^^^^ help: if this is intentional, prefix it with an underscore: `_core1`
[INFO] [stderr]    |
[INFO] [stderr]    = note: `#[warn(unused_variables)]` (part of `#[warn(unused)]`) on by default
[INFO] [stderr] 
[INFO] [stderr] warning: unused imports: `error` and `info`
[INFO] [stderr]  --> src/bin/test_core_affinity.rs:2:11
[INFO] [stderr]   |
[INFO] [stderr] 2 | use log::{error, info};
[INFO] [stderr]   |           ^^^^^  ^^^^
[INFO] [stderr]   |
[INFO] [stderr]   = note: `#[warn(unused_imports)]` (part of `#[warn(unused)]`) on by default
[INFO] [stderr] 
[INFO] [stderr] warning: unused import: `fs::OpenOptions`
[INFO] [stderr]  --> src/bin/test_core_affinity.rs:3:15
[INFO] [stderr]   |
[INFO] [stderr] 3 | use std::{fs, fs::OpenOptions};
[INFO] [stderr]   |               ^^^^^^^^^^^^^^^
[INFO] [stderr] 
[INFO] [stderr] warning: `fast-able` (bin "test_bounded_executor") generated 2 warnings (run `cargo fix --bin "test_bounded_executor" -p fast-able` to apply 2 suggestions)
[INFO] [stderr] warning: `fast-able` (bin "test_core_affinity_one") generated 3 warnings (run `cargo fix --bin "test_core_affinity_one" -p fast-able` to apply 3 suggestions)
[INFO] [stderr] warning: `fast-able` (bin "test_core_affinity") generated 2 warnings (run `cargo fix --bin "test_core_affinity" -p fast-able` to apply 2 suggestions)
[INFO] [stderr] warning: unreachable statement
[INFO] [stderr]    --> src/fast_thread_pool/pool.rs:463:5
[INFO] [stderr]     |
[INFO] [stderr] 442 | /     loop {
[INFO] [stderr] 443 | |         for i in 0..100 {
[INFO] [stderr] 444 | |             // std::thread::sleep(std::time::Duration::from_micros(i % 50));
[INFO] [stderr] 445 | |             let time_hs = std::time::Instant::now();
[INFO] [stderr] ...   |
[INFO] [stderr] 461 | |         std::thread::sleep(std::time::Duration::from_micros(110));
[INFO] [stderr] 462 | |     }
[INFO] [stderr]     | |_____- any code following this expression is unreachable
[INFO] [stderr] 463 |       std::thread::sleep(std::time::Duration::from_secs(9999));
[INFO] [stderr]     |       ^^^^^^^^^^^^^^^^^^^^^^^^^^^^^^^^^^^^^^^^^^^^^^^^^^^^^^^^^ unreachable statement
[INFO] [stderr]     |
[INFO] [stderr]     = note: `#[warn(unreachable_code)]` (part of `#[warn(unused)]`) on by default
[INFO] [stderr] 
[INFO] [stderr] warning: unreachable statement
[INFO] [stderr]    --> src/fast_thread_pool/mod.rs:116:5
[INFO] [stderr]     |
[INFO] [stderr]  97 | /     loop {
[INFO] [stderr]  98 | |         for i in 0..100 {
[INFO] [stderr]  99 | |             let time_hs = std::time::Instant::now();
[INFO] [stderr] 100 | |             let count = count.clone();
[INFO] [stderr] ...   |
[INFO] [stderr] 114 | |         std::thread::sleep(std::time::Duration::from_micros(110));
[INFO] [stderr] 115 | |     }
[INFO] [stderr]     | |_____- any code following this expression is unreachable
[INFO] [stderr] 116 |       std::thread::sleep(std::time::Duration::from_secs(9999));
[INFO] [stderr]     |       ^^^^^^^^^^^^^^^^^^^^^^^^^^^^^^^^^^^^^^^^^^^^^^^^^^^^^^^^^ unreachable statement
[INFO] [stderr] 
[INFO] [stderr] warning: unreachable statement
[INFO] [stderr]    --> src/fast_thread_pool/mod.rs:158:5
[INFO] [stderr]     |
[INFO] [stderr] 142 | /     loop {
[INFO] [stderr] 143 | |         for _ in 0..500 {
[INFO] [stderr] 144 | |             let time_hs = std::time::Instant::now();
[INFO] [stderr] 145 | |             pool.spawn_blocking(move || {
[INFO] [stderr] ...   |
[INFO] [stderr] 157 | |     }
[INFO] [stderr]     | |_____- any code following this expression is unreachable
[INFO] [stderr] 158 |       std::thread::sleep(std::time::Duration::from_secs(9999));
[INFO] [stderr]     |       ^^^^^^^^^^^^^^^^^^^^^^^^^^^^^^^^^^^^^^^^^^^^^^^^^^^^^^^^^ unreachable statement
[INFO] [stderr] 
[INFO] [stderr] warning: variable does not need to be mutable
[INFO] [stderr]     --> src/map_hash.rs:1853:17
[INFO] [stderr]      |
[INFO] [stderr] 1853 |         for (k, mut v) in &mut map {
[INFO] [stderr]      |                 ----^
[INFO] [stderr]      |                 |
[INFO] [stderr]      |                 help: remove this `mut`
[INFO] [stderr]      |
[INFO] [stderr]      = note: `#[warn(unused_mut)]` (part of `#[warn(unused)]`) on by default
[INFO] [stderr] 
[INFO] [stderr] warning: variable does not need to be mutable
[INFO] [stderr]    --> src/vec2.rs:897:13
[INFO] [stderr]     |
[INFO] [stderr] 897 |         for mut item in vec.iter_mut() {
[INFO] [stderr]     |             ----^^^^
[INFO] [stderr]     |             |
[INFO] [stderr]     |             help: remove this `mut`
[INFO] [stderr] 
[INFO] [stderr] warning: variable does not need to be mutable
[INFO] [stderr]    --> src/vec2.rs:941:13
[INFO] [stderr]     |
[INFO] [stderr] 941 |         let mut vec = SyncVec::new();
[INFO] [stderr]     |             ----^^^
[INFO] [stderr]     |             |
[INFO] [stderr]     |             help: remove this `mut`
[INFO] [stderr] 
[INFO] [stderr] warning: variable does not need to be mutable
[INFO] [stderr]     --> src/vec2.rs:1042:13
[INFO] [stderr]      |
[INFO] [stderr] 1042 |         for mut item in &mut vec {
[INFO] [stderr]      |             ----^^^^
[INFO] [stderr]      |             |
[INFO] [stderr]      |             help: remove this `mut`
[INFO] [stderr] 
[INFO] [stderr] warning: unused variable: `i`
[INFO] [stderr]   --> src/statis.rs:57:13
[INFO] [stderr]    |
[INFO] [stderr] 57 |         for i in 0..10000_0000 {
[INFO] [stderr]    |             ^ help: if this is intentional, prefix it with an underscore: `_i`
[INFO] [stderr]    |
[INFO] [stderr]    = note: `#[warn(unused_variables)]` (part of `#[warn(unused)]`) on by default
[INFO] [stderr] 
[INFO] [stderr] warning: unused variable: `i`
[INFO] [stderr]   --> src/statis.rs:52:13
[INFO] [stderr]    |
[INFO] [stderr] 52 |         for i in 0..10000_0000 {
[INFO] [stderr]    |             ^ help: if this is intentional, prefix it with an underscore: `_i`
[INFO] [stderr] 
[INFO] [stderr] warning: unused variable: `i`
[INFO] [stderr]   --> src/statis.rs:47:13
[INFO] [stderr]    |
[INFO] [stderr] 47 |         for i in 0..10000_0000 {
[INFO] [stderr]    |             ^ help: if this is intentional, prefix it with an underscore: `_i`
[INFO] [stderr] 
[INFO] [stderr] warning: unused variable: `pool_c`
[INFO] [stderr]   --> src/fast_thread_pool/test.rs:95:9
[INFO] [stderr]    |
[INFO] [stderr] 95 |     let pool_c = pool.clone();
[INFO] [stderr]    |         ^^^^^^ help: if this is intentional, prefix it with an underscore: `_pool_c`
[INFO] [stderr] 
[INFO] [stderr] warning: variable does not need to be mutable
[INFO] [stderr]    --> src/fast_thread_pool/utils.rs:214:17
[INFO] [stderr]     |
[INFO] [stderr] 214 |             let mut start_index = (last_index + 1) % all_cores.len();
[INFO] [stderr]     |                 ----^^^^^^^^^^^
[INFO] [stderr]     |                 |
[INFO] [stderr]     |                 help: remove this `mut`
[INFO] [stderr] 
[INFO] [stderr] warning: unused variable: `i`
[INFO] [stderr]   --> src/fast_thread_pool/mod.rs:98:13
[INFO] [stderr]    |
[INFO] [stderr] 98 |         for i in 0..100 {
[INFO] [stderr]    |             ^ help: if this is intentional, prefix it with an underscore: `_i`
[INFO] [stderr] 
[INFO] [stderr] warning: unused `std::result::Result` that must be used
[INFO] [stderr]   --> src/statis.rs:62:5
[INFO] [stderr]    |
[INFO] [stderr] 62 |     rt.join();
[INFO] [stderr]    |     ^^^^^^^^^
[INFO] [stderr]    |
[INFO] [stderr]    = note: this `Result` may be an `Err` variant, which should be handled
[INFO] [stderr]    = note: `#[warn(unused_must_use)]` (part of `#[warn(unused)]`) on by default
[INFO] [stderr] help: use `let _ = ...` to ignore the resulting value
[INFO] [stderr]    |
[INFO] [stderr] 62 |     let _ = rt.join();
[INFO] [stderr]    |     +++++++
[INFO] [stderr] 
[INFO] [stderr] warning: unused `std::result::Result` that must be used
[INFO] [stderr]   --> src/statis.rs:63:5
[INFO] [stderr]    |
[INFO] [stderr] 63 |     rt2.join();
[INFO] [stderr]    |     ^^^^^^^^^^
[INFO] [stderr]    |
[INFO] [stderr]    = note: this `Result` may be an `Err` variant, which should be handled
[INFO] [stderr] help: use `let _ = ...` to ignore the resulting value
[INFO] [stderr]    |
[INFO] [stderr] 63 |     let _ = rt2.join();
[INFO] [stderr]    |     +++++++
[INFO] [stderr] 
[INFO] [stderr] warning: unused `std::result::Result` that must be used
[INFO] [stderr]   --> src/statis.rs:64:5
[INFO] [stderr]    |
[INFO] [stderr] 64 |     rt3.join();
[INFO] [stderr]    |     ^^^^^^^^^^
[INFO] [stderr]    |
[INFO] [stderr]    = note: this `Result` may be an `Err` variant, which should be handled
[INFO] [stderr] help: use `let _ = ...` to ignore the resulting value
[INFO] [stderr]    |
[INFO] [stderr] 64 |     let _ = rt3.join();
[INFO] [stderr]    |     +++++++
[INFO] [stderr] 
[INFO] [stderr] warning: static variable `statis_v` should have an upper case name
[INFO] [stderr]    --> src/fast_thread_pool/mod.rs:132:12
[INFO] [stderr]     |
[INFO] [stderr] 132 |     static statis_v: once_cell::sync::Lazy<crate::statis::Statis> =
[INFO] [stderr]     |            ^^^^^^^^
[INFO] [stderr]     |
[INFO] [stderr]     = note: `#[warn(non_upper_case_globals)]` (part of `#[warn(nonstandard_style)]`) on by default
[INFO] [stderr] help: convert the identifier to upper case
[INFO] [stderr]     |
[INFO] [stderr] 132 -     static statis_v: once_cell::sync::Lazy<crate::statis::Statis> =
[INFO] [stderr] 132 +     static STATIS_V: once_cell::sync::Lazy<crate::statis::Statis> =
[INFO] [stderr]     |
[INFO] [stderr] 
[INFO] [stderr] warning: static variable `thread_lite` should have an upper case name
[INFO] [stderr]    --> src/fast_thread_pool/mod.rs:135:12
[INFO] [stderr]     |
[INFO] [stderr] 135 |     static thread_lite: once_cell::sync::Lazy<crate::fast_thread_pool::ThreadPoolLite> =
[INFO] [stderr]     |            ^^^^^^^^^^^
[INFO] [stderr]     |
[INFO] [stderr] help: convert the identifier to upper case
[INFO] [stderr]     |
[INFO] [stderr] 135 -     static thread_lite: once_cell::sync::Lazy<crate::fast_thread_pool::ThreadPoolLite> =
[INFO] [stderr] 135 +     static THREAD_LITE: once_cell::sync::Lazy<crate::fast_thread_pool::ThreadPoolLite> =
[INFO] [stderr]     |
[INFO] [stderr] 
[INFO] [stderr] warning: static variable `statis_v` should have an upper case name
[INFO] [stderr]   --> src/fast_thread_pool/test.rs:38:12
[INFO] [stderr]    |
[INFO] [stderr] 38 |     static statis_v: Lazy<crate::statis::Statis> =
[INFO] [stderr]    |            ^^^^^^^^
[INFO] [stderr]    |
[INFO] [stderr] help: convert the identifier to upper case
[INFO] [stderr]    |
[INFO] [stderr] 38 -     static statis_v: Lazy<crate::statis::Statis> =
[INFO] [stderr] 38 +     static STATIS_V: Lazy<crate::statis::Statis> =
[INFO] [stderr]    |
[INFO] [stderr] 
[INFO] [stderr] warning: static variable `statis_v` should have an upper case name
[INFO] [stderr]    --> src/fast_thread_pool/test.rs:113:12
[INFO] [stderr]     |
[INFO] [stderr] 113 |     static statis_v: Lazy<crate::statis::Statis> =
[INFO] [stderr]     |            ^^^^^^^^
[INFO] [stderr]     |
[INFO] [stderr] help: convert the identifier to upper case
[INFO] [stderr]     |
[INFO] [stderr] 113 -     static statis_v: Lazy<crate::statis::Statis> =
[INFO] [stderr] 113 +     static STATIS_V: Lazy<crate::statis::Statis> =
[INFO] [stderr]     |
[INFO] [stderr] 
[INFO] [stderr] warning: static variable `thread_lite` should have an upper case name
[INFO] [stderr]    --> src/fast_thread_pool/test.rs:122:12
[INFO] [stderr]     |
[INFO] [stderr] 122 |     static thread_lite: Lazy<ThreadPoolLite> = Lazy::new(|| ThreadPoolLite::new());
[INFO] [stderr]     |            ^^^^^^^^^^^
[INFO] [stderr]     |
[INFO] [stderr] help: convert the identifier to upper case
[INFO] [stderr]     |
[INFO] [stderr] 122 -     static thread_lite: Lazy<ThreadPoolLite> = Lazy::new(|| ThreadPoolLite::new());
[INFO] [stderr] 122 +     static THREAD_LITE: Lazy<ThreadPoolLite> = Lazy::new(|| ThreadPoolLite::new());
[INFO] [stderr]     |
[INFO] [stderr] 
[INFO] [stderr] warning: unused `std::result::Result` that must be used
[INFO] [stderr]   --> src/thread_channel.rs:49:5
[INFO] [stderr]    |
[INFO] [stderr] 49 |     S.send(1);
[INFO] [stderr]    |     ^^^^^^^^^
[INFO] [stderr]    |
[INFO] [stderr]    = note: this `Result` may be an `Err` variant, which should be handled
[INFO] [stderr] help: use `let _ = ...` to ignore the resulting value
[INFO] [stderr]    |
[INFO] [stderr] 49 |     let _ = S.send(1);
[INFO] [stderr]    |     +++++++
[INFO] [stderr] 
[INFO] [stderr] warning: unused `std::result::Result` that must be used
[INFO] [stderr]   --> src/thread_channel.rs:50:5
[INFO] [stderr]    |
[INFO] [stderr] 50 |     S.send(2);
[INFO] [stderr]    |     ^^^^^^^^^
[INFO] [stderr]    |
[INFO] [stderr]    = note: this `Result` may be an `Err` variant, which should be handled
[INFO] [stderr] help: use `let _ = ...` to ignore the resulting value
[INFO] [stderr]    |
[INFO] [stderr] 50 |     let _ = S.send(2);
[INFO] [stderr]    |     +++++++
[INFO] [stderr] 
[INFO] [stderr] warning: unused `std::result::Result` that must be used
[INFO] [stderr]   --> src/thread_channel.rs:51:5
[INFO] [stderr]    |
[INFO] [stderr] 51 |     S.send(3);
[INFO] [stderr]    |     ^^^^^^^^^
[INFO] [stderr]    |
[INFO] [stderr]    = note: this `Result` may be an `Err` variant, which should be handled
[INFO] [stderr] help: use `let _ = ...` to ignore the resulting value
[INFO] [stderr]    |
[INFO] [stderr] 51 |     let _ = S.send(3);
[INFO] [stderr]    |     +++++++
[INFO] [stderr] 
[INFO] [stderr] warning: unused `std::result::Result` that must be used
[INFO] [stderr]   --> src/thread_channel.rs:52:5
[INFO] [stderr]    |
[INFO] [stderr] 52 |     S.send(4);
[INFO] [stderr]    |     ^^^^^^^^^
[INFO] [stderr]    |
[INFO] [stderr]    = note: this `Result` may be an `Err` variant, which should be handled
[INFO] [stderr] help: use `let _ = ...` to ignore the resulting value
[INFO] [stderr]    |
[INFO] [stderr] 52 |     let _ = S.send(4);
[INFO] [stderr]    |     +++++++
[INFO] [stderr] 
[INFO] [stderr] warning: unused import: `std::time::Duration`
[INFO] [stderr]  --> tests/test_wg.rs:3:5
[INFO] [stderr]   |
[INFO] [stderr] 3 | use std::time::Duration;
[INFO] [stderr]   |     ^^^^^^^^^^^^^^^^^^^
[INFO] [stderr]   |
[INFO] [stderr]   = note: `#[warn(unused_imports)]` (part of `#[warn(unused)]`) on by default
[INFO] [stderr] 
[INFO] [stderr] warning: unused import: `tokio::time::sleep`
[INFO] [stderr]  --> tests/test_wg.rs:4:5
[INFO] [stderr]   |
[INFO] [stderr] 4 | use tokio::time::sleep;
[INFO] [stderr]   |     ^^^^^^^^^^^^^^^^^^
[INFO] [stderr] 
[INFO] [stderr] warning: call to `.deref()` on a reference in this situation does nothing
[INFO] [stderr]   --> tests/btree.rs:58:21
[INFO] [stderr]    |
[INFO] [stderr] 58 |     assert_eq!(2, *g.deref());
[INFO] [stderr]    |                     ^^^^^^^^ help: remove this redundant call
[INFO] [stderr]    |
[INFO] [stderr]    = note: the type `i32` does not implement `Deref`, so calling `deref` on `&i32` copies the reference, which does not do anything and can be removed
[INFO] [stderr]    = note: `#[warn(noop_method_call)]` on by default
[INFO] [stderr] 
[INFO] [stderr] warning: `fast-able` (bin "test_core_affinity" test) generated 2 warnings (2 duplicates)
[INFO] [stderr] warning: `fast-able` (lib test) generated 38 warnings (13 duplicates) (run `cargo fix --lib -p fast-able --tests` to apply 15 suggestions)
[INFO] [stderr] warning: `fast-able` (bin "test_bounded_executor" test) generated 2 warnings (2 duplicates)
[INFO] [stderr] warning: `fast-able` (test "test_wg") generated 2 warnings (run `cargo fix --test "test_wg" -p fast-able` to apply 2 suggestions)
[INFO] [stderr] warning: `fast-able` (test "btree") generated 1 warning (run `cargo fix --test "btree" -p fast-able` to apply 1 suggestion)
[INFO] [stderr] warning: `fast-able` (bin "test_core_affinity_one" test) generated 3 warnings (3 duplicates)
[INFO] [stderr]     Finished `release` profile [optimized] target(s) in 0.16s
[INFO] [stderr]      Running unittests src/lib.rs (/opt/rustwide/target/release/build/fast-able/100f951b10de55da/out/fast_able-100f951b10de55da)
[INFO] [stdout] 
[INFO] [stdout] running 162 tests
[INFO] [stdout] test defer::test::test_defer ... ok
[INFO] [stdout] test fast_thread_pool::lite::test_cores_count ... ok
[INFO] [stdout] test fast_thread_pool::test_channel_features::tests::test_channel_feature_info ... ok
[INFO] [stdout] test error::test::test_error ... ok
[INFO] [stdout] test fast_thread_pool::pool::_test_pool ... FAILED
[INFO] [stdout] test fast_thread_pool::test_channel_features::tests::test_channel_types ... ok
[INFO] [stdout] test high_speed_cache::tests::test_clear_overflow_then_refill ... ok
[INFO] [stdout] test high_speed_cache::tests::test_all_apis_on_overflow_scenario ... ok
[INFO] [stdout] test high_speed_cache::tests::test_clear ... ok
[INFO] [stdout] test fast_thread_pool::test_thread ... FAILED
[INFO] [stdout] test fast_thread_pool::_test_tokio ... FAILED
[INFO] [stdout] test fast_thread_pool::_test_task_executor ... FAILED
[INFO] [stdout] test high_speed_cache::tests::test_debug_full ... ok
[INFO] [stdout] test high_speed_cache::tests::test_debug_empty ... ok
[INFO] [stdout] test high_speed_cache::tests::test_debug_overflow ... ok
[INFO] [stdout] test high_speed_cache::tests::test_current_empty ... ok
[INFO] [stdout] test high_speed_cache::tests::test_clear_then_push ... ok
[INFO] [stdout] test high_speed_cache::tests::test_current_after_pushes ... ok
[INFO] [stdout] test high_speed_cache::tests::test_debug_partial ... ok
[INFO] [stdout] test high_speed_cache::tests::test_default ... ok
[INFO] [stdout] test high_speed_cache::tests::test_display_full ... ok
[INFO] [stdout] test high_speed_cache::tests::test_display_partial ... ok
[INFO] [stdout] test high_speed_cache::tests::test_empty_no_push ... ok
[INFO] [stdout] test high_speed_cache::tests::test_exact_full ... ok
[INFO] [stdout] test high_speed_cache::tests::test_exact_two_wraps ... ok
[INFO] [stdout] test high_speed_cache::tests::test_exact_two_wraps_plus_one ... ok
[INFO] [stdout] test high_speed_cache::tests::test_find_empty ... ok
[INFO] [stdout] test high_speed_cache::tests::test_find_full ... ok
[INFO] [stdout] test high_speed_cache::tests::test_find_overflow ... ok
[INFO] [stdout] test high_speed_cache::tests::test_find_partial ... ok
[INFO] [stdout] test high_speed_cache::tests::test_find_vec_all ... ok
[INFO] [stdout] test high_speed_cache::tests::test_display_debug_consistency ... ok
[INFO] [stdout] test high_speed_cache::tests::test_find_vec_overflow ... ok
[INFO] [stdout] test high_speed_cache::tests::test_display_empty ... ok
[INFO] [stdout] test high_speed_cache::tests::test_display_overflow ... ok
[INFO] [stdout] test high_speed_cache::tests::test_find_vec_partial ... ok
[INFO] [stdout] test high_speed_cache::tests::test_for_loop ... ok
[INFO] [stdout] test high_speed_cache::tests::test_index_mut_overflow ... ok
[INFO] [stdout] test high_speed_cache::tests::test_index_mut_partial ... ok
[INFO] [stdout] test high_speed_cache::tests::test_index_full ... ok
[INFO] [stdout] test high_speed_cache::tests::test_find_vec_empty ... ok
[INFO] [stdout] test high_speed_cache::tests::test_find_vec_none_match ... ok
[INFO] [stdout] test high_speed_cache::tests::test_for_loop_overflow ... ok
[INFO] [stdout] test high_speed_cache::tests::test_index_partial ... ok
[INFO] [stdout] test high_speed_cache::tests::test_index_mut_then_iter ... ok
[INFO] [stderr] [2026-10-18T09:04:05Z ERROR fast_able::fast_thread_pool::task_executor] PANIC in TaskExecutor worker thread!
[INFO] [stdout] test high_speed_cache::tests::test_into_iter_borrow ... ok
[INFO] [stderr]     ┌─ Thread Info ─────────────────────────────────────┐
[INFO] [stdout] test high_speed_cache::tests::test_into_iter_owned_empty ... ok
[INFO] [stderr]     │ Thread Name: high_speed_cache::tests::test_index_out_of_bounds_partial
[INFO] [stdout] test high_speed_cache::tests::test_index_out_of_bounds_partial - should panic ... ok
[INFO] [stderr]     │ Core ID: 0
[INFO] [stdout] test high_speed_cache::tests::test_index_overflow ... ok
[INFO] [stderr]     │ Thread ID: ThreadId(51)
[INFO] [stderr]     ├─ Panic Details ──────────────────────────────────┤
[INFO] [stderr]     │ Message: index out of bounds: the len is 2 but the index is 2
[INFO] [stderr]     │ Location: file: 'src/high_speed_cache.rs', line: 182, column: 9
[INFO] [stderr]     └──────────────────────────────────────────────────┘
[INFO] [stdout] test high_speed_cache::tests::test_into_iter_owned_overflow ... ok
[INFO] [stdout] test high_speed_cache::tests::test_into_iter_owned_mixed ... ok
[INFO] [stdout] test high_speed_cache::tests::test_into_iter_owned_full ... ok
[INFO] [stderr] [2026-10-18T09:04:05Z ERROR fast_able::fast_thread_pool::task_executor] PANIC in TaskExecutor worker thread!
[INFO] [stderr]     ┌─ Thread Info ─────────────────────────────────────┐
[INFO] [stderr]     │ Thread Name: high_speed_cache::tests::test_index_out_of_bounds_empty
[INFO] [stderr]     │ Core ID: 0
[INFO] [stderr]     │ Thread ID: ThreadId(49)
[INFO] [stderr]     ├─ Panic Details ──────────────────────────────────┤
[INFO] [stderr]     │ Message: index out of bounds: the len is 0 but the index is 0
[INFO] [stderr]     │ Location: file: 'src/high_speed_cache.rs', line: 182, column: 9
[INFO] [stderr]     └──────────────────────────────────────────────────┘
[INFO] [stderr] [2026-10-18T09:04:05Z ERROR fast_able::fast_thread_pool::task_executor] PANIC in TaskExecutor worker thread!
[INFO] [stderr]     ┌─ Thread Info ─────────────────────────────────────┐
[INFO] [stderr]     │ Thread Name: high_speed_cache::tests::test_index_out_of_bounds_full
[INFO] [stderr]     │ Core ID: 0
[INFO] [stderr]     │ Thread ID: ThreadId(50)
[INFO] [stderr]     ├─ Panic Details ──────────────────────────────────┤
[INFO] [stderr]     │ Message: index out of bounds: the len is 4 but the index is 4
[INFO] [stderr]     │ Location: file: 'src/high_speed_cache.rs', line: 182, column: 9
[INFO] [stderr]     └──────────────────────────────────────────────────┘
[INFO] [stdout] test high_speed_cache::tests::test_into_iter_owned_partial ... ok
[INFO] [stdout] test high_speed_cache::tests::test_index_out_of_bounds_empty - should panic ... ok
[INFO] [stdout] test high_speed_cache::tests::test_index_out_of_bounds_full - should panic ... ok
[INFO] [stdout] test high_speed_cache::tests::test_into_iter_owned_rev ... ok
[INFO] [stdout] test high_speed_cache::tests::test_iter_exact_size_overflow ... ok
[INFO] [stdout] test high_speed_cache::tests::test_iter_empty ... ok
[INFO] [stdout] test high_speed_cache::tests::test_iter_find_vec_consistency_many_wraps ... ok
[INFO] [stdout] test high_speed_cache::tests::test_iter_size_hint ... ok
[INFO] [stdout] test high_speed_cache::tests::test_iter_step_by_step ... ok
[INFO] [stdout] test high_speed_cache::tests::test_len_and_count_incremental ... ok
[INFO] [stdout] test high_speed_cache::tests::test_len_one_cache ... ok
[INFO] [stdout] test high_speed_cache::tests::test_into_iter_owned_for_loop ... ok
[INFO] [stdout] test high_speed_cache::tests::test_many_wraps ... ok
[INFO] [stdout] test high_speed_cache::tests::test_mixed_next_and_next_back ... ok
[INFO] [stdout] test high_speed_cache::tests::test_iter_index_consistency ... ok
[INFO] [stdout] test high_speed_cache::tests::test_iter_find_vec_consistency_partial ... ok
[INFO] [stdout] test high_speed_cache::tests::test_overflow_by_one ... ok
[INFO] [stdout] test high_speed_cache::tests::test_many_wraps_large ... ok
[INFO] [stdout] test high_speed_cache::tests::test_partial_fill ... ok
[INFO] [stdout] test high_speed_cache::tests::test_iter_find_vec_consistency ... ok
[INFO] [stdout] test high_speed_cache::tests::test_partial_fill_three ... ok
[INFO] [stdout] test high_speed_cache::tests::test_iter_find_vec_consistency_exact_full ... ok
[INFO] [stdout] test high_speed_cache::tests::test_overflow_by_two ... ok
[INFO] [stdout] test high_speed_cache::tests::test_rev_is_inverse_of_iter ... ok
[INFO] [stdout] test high_speed_cache::tests::test_push_clear_push_cycle ... ok
[INFO] [stdout] test high_speed_cache::tests::test_rev_empty ... ok
[INFO] [stdout] test high_speed_cache::tests::test_rev_exact_full ... ok
[INFO] [stdout] test high_speed_cache::tests::test_push_single ... ok
[INFO] [stdout] test high_speed_cache::tests::test_rev_len_one_cache ... ok
[INFO] [stdout] test high_speed_cache::tests::test_rev_many_wraps ... ok
[INFO] [stdout] test high_speed_cache::tests::test_rev_overflow ... ok
[INFO] [stdout] test high_speed_cache::tests::test_rev_partial ... ok
[INFO] [stdout] test high_speed_cache::tests::test_rev_single ... ok
[INFO] [stdout] test map_hash::tests::buckets_tests::test_sync_hash_map_buckets_clear ... ok
[INFO] [stdout] test map_hash::tests::buckets_tests::test_sync_hash_map_buckets_iterators ... ok
[INFO] [stdout] test map_hash::tests::buckets_tests::test_sync_hash_map_buckets_new ... ok
[INFO] [stdout] test map_hash::tests::buckets_tests::test_sync_hash_map_buckets_remove ... ok
[INFO] [stdout] test map_hash::tests::buckets_tests::test_sync_hash_map_buckets_with_custom_size ... ok
[INFO] [stdout] test map_hash::tests::test_sync_hash_map_arc ... ok
[INFO] [stdout] test map_hash::tests::test_sync_hash_map_capacity_operations ... ok
[INFO] [stdout] test map_hash::tests::test_sync_hash_map_clear ... ok
[INFO] [stdout] test map_hash::tests::test_sync_hash_map_clone ... ok
[INFO] [stdout] test map_hash::tests::test_sync_hash_map_comprehensive ... ok
[INFO] [stdout] test map_hash::tests::test_sync_hash_map_contains_key ... ok
[INFO] [stdout] test map_hash::tests::test_sync_hash_map_debug ... ok
[INFO] [stdout] test map_hash::tests::test_sync_hash_map_default ... ok
[INFO] [stdout] test map_hash::tests::test_sync_hash_map_dirty_ref ... ok
[INFO] [stdout] test map_hash::tests::test_sync_hash_map_from_hashmap ... ok
[INFO] [stdout] test map_hash::tests::test_sync_hash_map_get_clone ... ok
[INFO] [stdout] test map_hash::tests::buckets_tests::test_sync_hash_map_buckets_debug ... ok
[INFO] [stdout] test map_hash::tests::buckets_tests::test_sync_hash_map_buckets_default ... ok
[INFO] [stdout] test map_hash::tests::test_sync_hash_map_get_mut ... ok
[INFO] [stdout] test map_hash::tests::test_sync_hash_map_get_or_insert ... ok
[INFO] [stdout] test map_hash::tests::test_sync_hash_map_insert_and_get ... ok
[INFO] [stdout] test map_hash::tests::test_sync_hash_map_get_or_insert_with ... ok
[INFO] [stdout] test map_hash::tests::test_sync_hash_map_insert_replace ... ok
[INFO] [stdout] test map_hash::tests::test_sync_hash_map_into_inner ... ok
[INFO] [stdout] test map_hash::tests::test_sync_hash_map_into_iter_mut ... ok
[INFO] [stdout] test map_hash::tests::test_sync_hash_map_into_iter_ref ... ok
[INFO] [stdout] test map_hash::tests::test_sync_hash_map_into_iterator ... ok
[INFO] [stdout] test map_hash::tests::test_sync_hash_map_iter_mut ... ok
[INFO] [stdout] test map_hash::tests::buckets_tests::test_sync_hash_map_buckets_insert_and_get ... ok
[INFO] [stdout] test map_hash::tests::test_sync_hash_map_iter_nlock_empty ... ok
[INFO] [stdout] test map_hash::tests::test_sync_hash_map_iterators ... ok
[INFO] [stdout] test map_hash::tests::test_sync_hash_map_iter_nlock ... ok
[INFO] [stdout] test map_hash::tests::test_sync_hash_map_partial_eq ... ok
[INFO] [stdout] test map_hash::tests::test_sync_hash_map_remove ... ok
[INFO] [stdout] test map_hash::tests::test_sync_hash_map_remove_entry ... ok
[INFO] [stdout] test map_hash::tests::test_sync_hash_map_retain ... ok
[INFO] [stdout] test map_hash::tests::test_sync_hash_map_serialization ... ok
[INFO] [stdout] test map_hash::tests::test_sync_hash_map_values_mut ... ok
[INFO] [stdout] test map_hash::tests::test_sync_hash_map_with_capacity ... ok
[INFO] [stdout] test map_hash::tests::test_sync_hash_map_guard_debug ... ok
[INFO] [stdout] test map_hash::tests::test_sync_hash_map_with_map ... ok
[INFO] [stdout] test map_hash::tests::test_sync_hash_map_guard_partial_eq ... ok
[INFO] [stdout] test static_type::test_static_type ... ok
[INFO] [stdout] test map_hash::tests::test_sync_hash_map_new ... ok
[INFO] [stdout] test num_log::test ... ok
[INFO] [stdout] test static_type_std::test_static_type ... ok
[INFO] [stderr] [2026-10-18T09:04:05Z ERROR fast_able::fast_thread_pool::task_executor] PANIC in TaskExecutor worker thread!
[INFO] [stderr]     ┌─ Thread Info ─────────────────────────────────────┐
[INFO] [stderr]     │ Thread Name: stock_pool::test_stock_pool
[INFO] [stderr]     │ Core ID: 0
[INFO] [stderr]     │ Thread ID: ThreadId(158)
[INFO] [stderr]     ├─ Panic Details ──────────────────────────────────┤
[INFO] [stderr]     │ Message: env_logger::init should not be called after logger initialized: SetLoggerError(())
[INFO] [stderr]     │ Location: file: '/opt/rustwide/cargo-home/registry/src/index.crates.io-1949cf8c6b5b557f/env_logger-0.11.3/src/logger.rs', line: 879, column: 16
[INFO] [stderr]     └──────────────────────────────────────────────────┘
[INFO] [stderr] [2026-10-18T09:04:05Z ERROR fast_able::fast_thread_pool::task_executor] PANIC in TaskExecutor worker thread!
[INFO] [stderr]     ┌─ Thread Info ─────────────────────────────────────┐
[INFO] [stderr]     │ Thread Name: stock_pool::test_stock_pool_2
[INFO] [stderr]     │ Core ID: 0
[INFO] [stderr]     │ Thread ID: ThreadId(159)
[INFO] [stderr]     ├─ Panic Details ──────────────────────────────────┤
[INFO] [stderr]     │ Message: env_logger::init should not be called after logger initialized: SetLoggerError(())
[INFO] [stderr]     │ Location: file: '/opt/rustwide/cargo-home/registry/src/index.crates.io-1949cf8c6b5b557f/env_logger-0.11.3/src/logger.rs', line: 879, column: 16
[INFO] [stderr]     └──────────────────────────────────────────────────┘
[INFO] [stdout] test stock_pool::test_stock_pool ... FAILED
[INFO] [stdout] test stock_pool::test_stock_pool_2 ... FAILED
[INFO] [stdout] test unsafe_cell_type::test ... ok
[INFO] [stdout] test unsafe_cell_type::test_serialize ... ok
[INFO] [stdout] test vec::test_case ... ok
[INFO] [stderr] [2026-10-18T09:04:05Z ERROR fast_able::fast_thread_pool::task_executor] PANIC in TaskExecutor worker thread!
[INFO] [stderr]     ┌─ Thread Info ─────────────────────────────────────┐
[INFO] [stderr]     │ Thread Name: unsafe_cell_type::test_mut_thread
[INFO] [stderr]     │ Core ID: 0
[INFO] [stderr]     │ Thread ID: ThreadId(167)
[INFO] [stderr]     ├─ Panic Details ──────────────────────────────────┤
[INFO] [stderr]     │ Message: env_logger::init should not be called after logger initialized: SetLoggerError(())
[INFO] [stderr]     │ Location: file: '/opt/rustwide/cargo-home/registry/src/index.crates.io-1949cf8c6b5b557f/env_logger-0.11.3/src/logger.rs', line: 879, column: 16
[INFO] [stderr]     └──────────────────────────────────────────────────┘
[INFO] [stdout] test unsafe_cell_type::test_mut_thread ... FAILED
[INFO] [stdout] test vec::tests::test_clear ... ok
[INFO] [stdout] test vec::tests::test_concurrent_modify ... ok
[INFO] [stdout] test vec::tests::test_contains ... ok
[INFO] [stdout] test vec::tests::test_from_iter_and_extend ... ok
[INFO] [stdout] test vec::tests::test_index_methods ... ok
[INFO] [stdout] test vec::tests::test_index_mut_panic - should panic ... ok
[INFO] [stderr] [2026-10-18T09:04:05Z ERROR fast_able::fast_thread_pool::task_executor] PANIC in TaskExecutor worker thread!
[INFO] [stderr]     ┌─ Thread Info ─────────────────────────────────────┐
[INFO] [stderr]     │ Thread Name: vec::tests::test_index_mut_panic
[INFO] [stderr]     │ Core ID: 0
[INFO] [stderr]     │ Thread ID: ThreadId(177)
[INFO] [stderr]     ├─ Panic Details ──────────────────────────────────┤
[INFO] [stderr]     │ Message: index out of bounds: the len is 1 but the index is 1
[INFO] [stderr]     │ Location: file: 'src/vec2.rs', line: 805, column: 25
[INFO] [stderr]     └──────────────────────────────────────────────────┘
[INFO] [stderr] [2026-10-18T09:04:05Z ERROR fast_able::fast_thread_pool::task_executor] PANIC in TaskExecutor worker thread!
[INFO] [stderr]     ┌─ Thread Info ─────────────────────────────────────┐
[INFO] [stderr]     │ Thread Name: vec::tests::test_index_panic
[INFO] [stderr]     │ Core ID: 0
[INFO] [stderr]     │ Thread ID: ThreadId(178)
[INFO] [stderr]     ├─ Panic Details ──────────────────────────────────┤
[INFO] [stderr]     │ Message: index out of bounds: the len is 1 but the index is 1
[INFO] [stderr]     │ Location: file: 'src/vec2.rs', line: 797, column: 20
[INFO] [stderr]     └──────────────────────────────────────────────────┘
[INFO] [stdout] test vec::tests::test_index_panic - should panic ... ok
[INFO] [stdout] test map_hash::tests::test_sync_hash_map_concurrent_access ... ok
[INFO] [stdout] test vec::tests::test_into_iter_mut ... ok
[INFO] [stdout] test vec::tests::test_into_iter_ref ... ok
[INFO] [stdout] test vec::tests::test_iter ... ok
[INFO] [stdout] test vec::tests::test_iter_double_ended ... ok
[INFO] [stdout] test vec::tests::test_iter_empty ... ok
[INFO] [stdout] test vec::tests::test_into_iter_owned ... ok
[INFO] [stdout] test vec::tests::test_concurrency ... ok
[INFO] [stdout] test vec::tests::test_iterator_traits ... ok
[INFO] [stdout] test vec::tests::test_new_and_capacity ... ok
[INFO] [stdout] test vec::tests::test_push_and_get ... ok
[INFO] [stdout] test vec::tests::test_remove_and_pop ... ok
[INFO] [stdout] test vec::tests::test_iter_mut ... ok
[INFO] [stdout] test vec::tests::test_iter_notlock ... ok
[INFO] [stdout] test fast_thread_pool::test_channel_features::tests::test_task_executor_unified ... ok
[INFO] [stdout] test statis::test ... ok
[INFO] [stdout] test thread_channel::test ... ok
[INFO] [stdout] test elapsed_time::test_ElapsedTime ... ok
[INFO] [stdout] 
[INFO] [stdout] failures:
[INFO] [stdout] 
[INFO] [stdout] ---- fast_thread_pool::pool::_test_pool stdout ----
[INFO] [stdout] 
[INFO] [stdout] thread 'fast_thread_pool::pool::_test_pool' (1611) panicked at /opt/rustwide/cargo-home/registry/src/index.crates.io-1949cf8c6b5b557f/env_logger-0.11.3/src/logger.rs:879:16:
[INFO] [stdout] env_logger::init should not be called after logger initialized: SetLoggerError(())
[INFO] [stdout] stack backtrace:
[INFO] [stdout]    0:     0x58e409c807d1 - <<std[617be2ca0a6fd877]::sys::backtrace::BacktraceLock>::print::DisplayBacktrace as core[a373ad73a504971]::fmt::Display>::fmt
[INFO] [stdout]    1:     0x58e409c97e9a - core[a373ad73a504971]::fmt::write
[INFO] [stdout]    2:     0x58e409c863bc - <alloc[2e1b2a31b91974c5]::vec::Vec<u8> as core[a373ad73a504971]::io::write::Write>::write_fmt
[INFO] [stdout]    3:     0x58e409c5b716 - std[617be2ca0a6fd877]::panicking::default_hook::{closure#0}
[INFO] [stdout]    4:     0x58e409c77e39 - std[617be2ca0a6fd877]::panicking::default_hook
[INFO] [stdout]    5:     0x58e409c002a0 - test[aada8e7e76ba119b]::test_main_inner::{closure#0}
[INFO] [stdout]    6:     0x58e409c77ff2 - std[617be2ca0a6fd877]::panicking::panic_with_hook
[INFO] [stdout]    7:     0x58e409c5b7c2 - std[617be2ca0a6fd877]::panicking::panic_handler::{closure#0}
[INFO] [stdout]    8:     0x58e409c540d9 - std[617be2ca0a6fd877]::sys::backtrace::__rust_end_short_backtrace::<std[617be2ca0a6fd877]::panicking::panic_handler::{closure#0}, !>
[INFO] [stdout]    9:     0x58e409c5c46d - __rustc[ea4f61d10b84890b]::rust_begin_unwind
[INFO] [stdout]   10:     0x58e409c9867c - core[a373ad73a504971]::panicking::panic_fmt
[INFO] [stdout]   11:     0x58e409c98452 - core[a373ad73a504971]::result::unwrap_failed
[INFO] [stdout]   12:     0x58e409b27822 - env_logger[222c010ab273caff]::logger::init
[INFO] [stdout]   13:     0x58e409ad3d60 - <fast_able[5e9ce40b36d60e60]::fast_thread_pool::pool::_test_pool::{closure#0} as core[a373ad73a504971]::ops::function::FnOnce<()>>::call_once
[INFO] [stdout]   14:     0x58e409bf36eb - test[aada8e7e76ba119b]::__rust_begin_short_backtrace::<core[a373ad73a504971]::result::Result<(), alloc[2e1b2a31b91974c5]::string::String>, fn() -> core[a373ad73a504971]::result::Result<(), alloc[2e1b2a31b91974c5]::string::String>>
[INFO] [stdout]   15:     0x58e409c008c5 - test[aada8e7e76ba119b]::run_test::{closure#0}
[INFO] [stdout]   16:     0x58e409bfa1b4 - std[617be2ca0a6fd877]::sys::backtrace::__rust_begin_short_backtrace::<test[aada8e7e76ba119b]::run_test::{closure#1}, ()>
[INFO] [stdout]   17:     0x58e409c03952 - <std[617be2ca0a6fd877]::thread::lifecycle::spawn_unchecked<test[aada8e7e76ba119b]::run_test::{closure#1}, ()>::{closure#1} as core[a373ad73a504971]::ops::function::FnOnce<()>>::call_once::{shim:vtable#0}
[INFO] [stdout]   18:     0x58e409c7f7af - <std[617be2ca0a6fd877]::sys::thread::unix::Thread>::new::thread_start
[INFO] [stdout]   19:     0x7e0194e68dfa - <unknown>
[INFO] [stdout]   20:     0x7e0194efc3d4 - clone
[INFO] [stdout]   21:                0x0 - <unknown>
[INFO] [stdout] 
[INFO] [stdout] ---- fast_thread_pool::test_thread stdout ----
[INFO] [stdout] 
[INFO] [stdout] thread 'fast_thread_pool::test_thread' (1615) panicked at /opt/rustwide/cargo-home/registry/src/index.crates.io-1949cf8c6b5b557f/env_logger-0.11.3/src/logger.rs:879:16:
[INFO] [stdout] env_logger::init should not be called after logger initialized: SetLoggerError(())
[INFO] [stdout] stack backtrace:
[INFO] [stdout]    0:     0x58e409c807d1 - <<std[617be2ca0a6fd877]::sys::backtrace::BacktraceLock>::print::DisplayBacktrace as core[a373ad73a504971]::fmt::Display>::fmt
[INFO] [stdout]    1:     0x58e409c97e9a - core[a373ad73a504971]::fmt::write
[INFO] [stdout]    2:     0x58e409c863bc - <alloc[2e1b2a31b91974c5]::vec::Vec<u8> as core[a373ad73a504971]::io::write::Write>::write_fmt
[INFO] [stdout]    3:     0x58e409c5b716 - std[617be2ca0a6fd877]::panicking::default_hook::{closure#0}
[INFO] [stdout]    4:     0x58e409c77e39 - std[617be2ca0a6fd877]::panicking::default_hook
[INFO] [stdout]    5:     0x58e409c002a0 - test[aada8e7e76ba119b]::test_main_inner::{closure#0}
[INFO] [stdout]    6:     0x58e409c77ff2 - std[617be2ca0a6fd877]::panicking::panic_with_hook
[INFO] [stdout]    7:     0x58e409c5b7c2 - std[617be2ca0a6fd877]::panicking::panic_handler::{closure#0}
[INFO] [stdout]    8:     0x58e409c540d9 - std[617be2ca0a6fd877]::sys::backtrace::__rust_end_short_backtrace::<std[617be2ca0a6fd877]::panicking::panic_handler::{closure#0}, !>
[INFO] [stdout]    9:     0x58e409c5c46d - __rustc[ea4f61d10b84890b]::rust_begin_unwind
[INFO] [stdout]   10:     0x58e409c9867c - core[a373ad73a504971]::panicking::panic_fmt
[INFO] [stdout]   11:     0x58e409c98452 - core[a373ad73a504971]::result::unwrap_failed
[INFO] [stdout]   12:     0x58e409b27822 - env_logger[222c010ab273caff]::logger::init
[INFO] [stdout]   13:     0x58e409aca260 - <fast_able[5e9ce40b36d60e60]::fast_thread_pool::test_thread::{closure#0} as core[a373ad73a504971]::ops::function::FnOnce<()>>::call_once
[INFO] [stdout]   14:     0x58e409bf36eb - test[aada8e7e76ba119b]::__rust_begin_short_backtrace::<core[a373ad73a504971]::result::Result<(), alloc[2e1b2a31b91974c5]::string::String>, fn() -> core[a373ad73a504971]::result::Result<(), alloc[2e1b2a31b91974c5]::string::String>>
[INFO] [stdout]   15:     0x58e409c008c5 - test[aada8e7e76ba119b]::run_test::{closure#0}
[INFO] [stdout]   16:     0x58e409bfa1b4 - std[617be2ca0a6fd877]::sys::backtrace::__rust_begin_short_backtrace::<test[aada8e7e76ba119b]::run_test::{closure#1}, ()>
[INFO] [stdout]   17:     0x58e409c03952 - <std[617be2ca0a6fd877]::thread::lifecycle::spawn_unchecked<test[aada8e7e76ba119b]::run_test::{closure#1}, ()>::{closure#1} as core[a373ad73a504971]::ops::function::FnOnce<()>>::call_once::{shim:vtable#0}
[INFO] [stdout]   18:     0x58e409c7f7af - <std[617be2ca0a6fd877]::sys::thread::unix::Thread>::new::thread_start
[INFO] [stdout]   19:     0x7e0194e68dfa - <unknown>
[INFO] [stdout]   20:     0x7e0194efc3d4 - clone
[INFO] [stdout]   21:                0x0 - <unknown>
[INFO] [stdout] 
[INFO] [stdout] ---- fast_thread_pool::_test_tokio stdout ----
[INFO] [stdout] 
[INFO] [stdout] thread 'fast_thread_pool::_test_tokio' (1609) panicked at /opt/rustwide/cargo-home/registry/src/index.crates.io-1949cf8c6b5b557f/env_logger-0.11.3/src/logger.rs:879:16:
[INFO] [stdout] env_logger::init should not be called after logger initialized: SetLoggerError(())
[INFO] [stdout] stack backtrace:
[INFO] [stdout]    0:     0x58e409c807d1 - <<std[617be2ca0a6fd877]::sys::backtrace::BacktraceLock>::print::DisplayBacktrace as core[a373ad73a504971]::fmt::Display>::fmt
[INFO] [stdout]    1:     0x58e409c97e9a - core[a373ad73a504971]::fmt::write
[INFO] [stdout]    2:     0x58e409c863bc - <alloc[2e1b2a31b91974c5]::vec::Vec<u8> as core[a373ad73a504971]::io::write::Write>::write_fmt
[INFO] [stdout]    3:     0x58e409c5b716 - std[617be2ca0a6fd877]::panicking::default_hook::{closure#0}
[INFO] [stdout]    4:     0x58e409c77e39 - std[617be2ca0a6fd877]::panicking::default_hook
[INFO] [stdout]    5:     0x58e409c002a0 - test[aada8e7e76ba119b]::test_main_inner::{closure#0}
[INFO] [stdout]    6:     0x58e409c77ff2 - std[617be2ca0a6fd877]::panicking::panic_with_hook
[INFO] [stdout]    7:     0x58e409c5b7c2 - std[617be2ca0a6fd877]::panicking::panic_handler::{closure#0}
[INFO] [stdout]    8:     0x58e409c540d9 - std[617be2ca0a6fd877]::sys::backtrace::__rust_end_short_backtrace::<std[617be2ca0a6fd877]::panicking::panic_handler::{closure#0}, !>
[INFO] [stdout]    9:     0x58e409c5c46d - __rustc[ea4f61d10b84890b]::rust_begin_unwind
[INFO] [stdout]   10:     0x58e409c9867c - core[a373ad73a504971]::panicking::panic_fmt
[INFO] [stdout]   11:     0x58e409c98452 - core[a373ad73a504971]::result::unwrap_failed
[INFO] [stdout]   12:     0x58e409b27822 - env_logger[222c010ab273caff]::logger::init
[INFO] [stdout]   13:     0x58e409ac9ec0 - <fast_able[5e9ce40b36d60e60]::fast_thread_pool::_test_tokio::{closure#0} as core[a373ad73a504971]::ops::function::FnOnce<()>>::call_once
[INFO] [stdout]   14:     0x58e409bf36eb - test[aada8e7e76ba119b]::__rust_begin_short_backtrace::<core[a373ad73a504971]::result::Result<(), alloc[2e1b2a31b91974c5]::string::String>, fn() -> core[a373ad73a504971]::result::Result<(), alloc[2e1b2a31b91974c5]::string::String>>
[INFO] [stdout]   15:     0x58e409c008c5 - test[aada8e7e76ba119b]::run_test::{closure#0}
[INFO] [stdout]   16:     0x58e409bfa1b4 - std[617be2ca0a6fd877]::sys::backtrace::__rust_begin_short_backtrace::<test[aada8e7e76ba119b]::run_test::{closure#1}, ()>
[INFO] [stdout]   17:     0x58e409c03952 - <std[617be2ca0a6fd877]::thread::lifecycle::spawn_unchecked<test[aada8e7e76ba119b]::run_test::{closure#1}, ()>::{closure#1} as core[a373ad73a504971]::ops::function::FnOnce<()>>::call_once::{shim:vtable#0}
[INFO] [stdout]   18:     0x58e409c7f7af - <std[617be2ca0a6fd877]::sys::thread::unix::Thread>::new::thread_start
[INFO] [stdout]   19:     0x7e0194e68dfa - <unknown>
[INFO] [stdout]   20:     0x7e0194efc3d4 - clone
[INFO] [stdout]   21:                0x0 - <unknown>
[INFO] [stdout] 
[INFO] [stdout] ---- fast_thread_pool::_test_task_executor stdout ----
[INFO] [stdout] 
[INFO] [stdout] thread 'fast_thread_pool::_test_task_executor' (1608) panicked at /opt/rustwide/cargo-home/registry/src/index.crates.io-1949cf8c6b5b557f/env_logger-0.11.3/src/logger.rs:879:16:
[INFO] [stdout] env_logger::init should not be called after logger initialized: SetLoggerError(())
[INFO] [stdout] stack backtrace:
[INFO] [stdout]    0:     0x58e409c807d1 - <<std[617be2ca0a6fd877]::sys::backtrace::BacktraceLock>::print::DisplayBacktrace as core[a373ad73a504971]::fmt::Display>::fmt
[INFO] [stdout]    1:     0x58e409c97e9a - core[a373ad73a504971]::fmt::write
[INFO] [stdout]    2:     0x58e409c863bc - <alloc[2e1b2a31b91974c5]::vec::Vec<u8> as core[a373ad73a504971]::io::write::Write>::write_fmt
[INFO] [stdout]    3:     0x58e409c5b716 - std[617be2ca0a6fd877]::panicking::default_hook::{closure#0}
[INFO] [stdout]    4:     0x58e409c77e39 - std[617be2ca0a6fd877]::panicking::default_hook
[INFO] [stdout]    5:     0x58e409c002a0 - test[aada8e7e76ba119b]::test_main_inner::{closure#0}
[INFO] [stdout]    6:     0x58e409c77ff2 - std[617be2ca0a6fd877]::panicking::panic_with_hook
[INFO] [stdout]    7:     0x58e409c5b7c2 - std[617be2ca0a6fd877]::panicking::panic_handler::{closure#0}
[INFO] [stdout]    8:     0x58e409c540d9 - std[617be2ca0a6fd877]::sys::backtrace::__rust_end_short_backtrace::<std[617be2ca0a6fd877]::panicking::panic_handler::{closure#0}, !>
[INFO] [stdout]    9:     0x58e409c5c46d - __rustc[ea4f61d10b84890b]::rust_begin_unwind
[INFO] [stdout]   10:     0x58e409c9867c - core[a373ad73a504971]::panicking::panic_fmt
[INFO] [stdout]   11:     0x58e409c98452 - core[a373ad73a504971]::result::unwrap_failed
[INFO] [stdout]   12:     0x58e409b27822 - env_logger[222c010ab273caff]::logger::init
[INFO] [stdout]   13:     0x58e409acb2da - <fast_able[5e9ce40b36d60e60]::fast_thread_pool::_test_task_executor::{closure#0} as core[a373ad73a504971]::ops::function::FnOnce<()>>::call_once
[INFO] [stdout]   14:     0x58e409bf36eb - test[aada8e7e76ba119b]::__rust_begin_short_backtrace::<core[a373ad73a504971]::result::Result<(), alloc[2e1b2a31b91974c5]::string::String>, fn() -> core[a373ad73a504971]::result::Result<(), alloc[2e1b2a31b91974c5]::string::String>>
[INFO] [stdout]   15:     0x58e409c008c5 - test[aada8e7e76ba119b]::run_test::{closure#0}
[INFO] [stdout]   16:     0x58e409bfa1b4 - std[617be2ca0a6fd877]::sys::backtrace::__rust_begin_short_backtrace::<test[aada8e7e76ba119b]::run_test::{closure#1}, ()>
[INFO] [stdout]   17:     0x58e409c03952 - <std[617be2ca0a6fd877]::thread::lifecycle::spawn_unchecked<test[aada8e7e76ba119b]::run_test::{closure#1}, ()>::{closure#1} as core[a373ad73a504971]::ops::function::FnOnce<()>>::call_once::{shim:vtable#0}
[INFO] [stdout]   18:     0x58e409c7f7af - <std[617be2ca0a6fd877]::sys::thread::unix::Thread>::new::thread_start
[INFO] [stdout]   19:     0x7e0194e68dfa - <unknown>
[INFO] [stdout]   20:     0x7e0194efc3d4 - clone
[INFO] [stdout]   21:                0x0 - <unknown>
[INFO] [stdout] 
[INFO] [stdout] ---- stock_pool::test_stock_pool stdout ----
[INFO] [stdout] 
[INFO] [stdout] thread 'stock_pool::test_stock_pool' (1761) panicked at /opt/rustwide/cargo-home/registry/src/index.crates.io-1949cf8c6b5b557f/env_logger-0.11.3/src/logger.rs:879:16:
[INFO] [stdout] env_logger::init should not be called after logger initialized: SetLoggerError(())
[INFO] [stdout] stack backtrace:
[INFO] [stdout]    0:     0x58e409c807d1 - <<std[617be2ca0a6fd877]::sys::backtrace::BacktraceLock>::print::DisplayBacktrace as core[a373ad73a504971]::fmt::Display>::fmt
[INFO] [stdout]    1:     0x58e409c97e9a - core[a373ad73a504971]::fmt::write
[INFO] [stdout]    2:     0x58e409c863bc - <alloc[2e1b2a31b91974c5]::vec::Vec<u8> as core[a373ad73a504971]::io::write::Write>::write_fmt
[INFO] [stdout]    3:     0x58e409c5b716 - std[617be2ca0a6fd877]::panicking::default_hook::{closure#0}
[INFO] [stdout]    4:     0x58e409c77e39 - std[617be2ca0a6fd877]::panicking::default_hook
[INFO] [stdout]    5:     0x58e409c002a0 - test[aada8e7e76ba119b]::test_main_inner::{closure#0}
[INFO] [stdout]    6:     0x58e409aec2b6 - <fast_able[5e9ce40b36d60e60]::fast_thread_pool::task_executor::TaskExecutor>::new::{closure#0}::{closure#0}
[INFO] [stdout]    7:     0x58e409c77ff2 - std[617be2ca0a6fd877]::panicking::panic_with_hook
[INFO] [stdout]    8:     0x58e409c5b7c2 - std[617be2ca0a6fd877]::panicking::panic_handler::{closure#0}
[INFO] [stdout]    9:     0x58e409c540d9 - std[617be2ca0a6fd877]::sys::backtrace::__rust_end_short_backtrace::<std[617be2ca0a6fd877]::panicking::panic_handler::{closure#0}, !>
[INFO] [stdout]   10:     0x58e409c5c46d - __rustc[ea4f61d10b84890b]::rust_begin_unwind
[INFO] [stdout]   11:     0x58e409c9867c - core[a373ad73a504971]::panicking::panic_fmt
[INFO] [stdout]   12:     0x58e409c98452 - core[a373ad73a504971]::result::unwrap_failed
[INFO] [stdout]   13:     0x58e409b27822 - env_logger[222c010ab273caff]::logger::init
[INFO] [stdout]   14:     0x58e409af6863 - <fast_able[5e9ce40b36d60e60]::stock_pool::test_stock_pool::{closure#0} as core[a373ad73a504971]::ops::function::FnOnce<()>>::call_once
[INFO] [stdout]   15:     0x58e409bf36eb - test[aada8e7e76ba119b]::__rust_begin_short_backtrace::<core[a373ad73a504971]::result::Result<(), alloc[2e1b2a31b91974c5]::string::String>, fn() -> core[a373ad73a504971]::result::Result<(), alloc[2e1b2a31b91974c5]::string::String>>
[INFO] [stdout]   16:     0x58e409c008c5 - test[aada8e7e76ba119b]::run_test::{closure#0}
[INFO] [stdout]   17:     0x58e409bfa1b4 - std[617be2ca0a6fd877]::sys::backtrace::__rust_begin_short_backtrace::<test[aada8e7e76ba119b]::run_test::{closure#1}, ()>
[INFO] [stdout]   18:     0x58e409c03952 - <std[617be2ca0a6fd877]::thread::lifecycle::spawn_unchecked<test[aada8e7e76ba119b]::run_test::{closure#1}, ()>::{closure#1} as core[a373ad73a504971]::ops::function::FnOnce<()>>::call_once::{shim:vtable#0}
[INFO] [stdout]   19:     0x58e409c7f7af - <std[617be2ca0a6fd877]::sys::thread::unix::Thread>::new::thread_start
[INFO] [stdout]   20:     0x7e0194e68dfa - <unknown>
[INFO] [stdout]   21:     0x7e0194efc3d4 - clone
[INFO] [stdout]   22:                0x0 - <unknown>
[INFO] [stdout] 
[INFO] [stdout] ---- stock_pool::test_stock_pool_2 stdout ----
[INFO] [stdout] 
[INFO] [stdout] thread 'stock_pool::test_stock_pool_2' (1762) panicked at /opt/rustwide/cargo-home/registry/src/index.crates.io-1949cf8c6b5b557f/env_logger-0.11.3/src/logger.rs:879:16:
[INFO] [stdout] env_logger::init should not be called after logger initialized: SetLoggerError(())
[INFO] [stdout] stack backtrace:
[INFO] [stdout]    0:     0x58e409c807d1 - <<std[617be2ca0a6fd877]::sys::backtrace::BacktraceLock>::print::DisplayBacktrace as core[a373ad73a504971]::fmt::Display>::fmt
[INFO] [stdout]    1:     0x58e409c97e9a - core[a373ad73a504971]::fmt::write
[INFO] [stdout]    2:     0x58e409c863bc - <alloc[2e1b2a31b91974c5]::vec::Vec<u8> as core[a373ad73a504971]::io::write::Write>::write_fmt
[INFO] [stdout]    3:     0x58e409c5b716 - std[617be2ca0a6fd877]::panicking::default_hook::{closure#0}
[INFO] [stdout]    4:     0x58e409c77e39 - std[617be2ca0a6fd877]::panicking::default_hook
[INFO] [stdout]    5:     0x58e409c002a0 - test[aada8e7e76ba119b]::test_main_inner::{closure#0}
[INFO] [stdout]    6:     0x58e409aec2b6 - <fast_able[5e9ce40b36d60e60]::fast_thread_pool::task_executor::TaskExecutor>::new::{closure#0}::{closure#0}
[INFO] [stdout]    7:     0x58e409c77ff2 - std[617be2ca0a6fd877]::panicking::panic_with_hook
[INFO] [stdout]    8:     0x58e409c5b7c2 - std[617be2ca0a6fd877]::panicking::panic_handler::{closure#0}
[INFO] [stdout]    9:     0x58e409c540d9 - std[617be2ca0a6fd877]::sys::backtrace::__rust_end_short_backtrace::<std[617be2ca0a6fd877]::panicking::panic_handler::{closure#0}, !>
[INFO] [stdout]   10:     0x58e409c5c46d - __rustc[ea4f61d10b84890b]::rust_begin_unwind
[INFO] [stdout]   11:     0x58e409c9867c - core[a373ad73a504971]::panicking::panic_fmt
[INFO] [stdout]   12:     0x58e409c98452 - core[a373ad73a504971]::result::unwrap_failed
[INFO] [stdout]   13:     0x58e409b27822 - env_logger[222c010ab273caff]::logger::init
[INFO] [stdout]   14:     0x58e409af85b5 - <fast_able[5e9ce40b36d60e60]::stock_pool::test_stock_pool_2::{closure#0} as core[a373ad73a504971]::ops::function::FnOnce<()>>::call_once
[INFO] [stdout]   15:     0x58e409bf36eb - test[aada8e7e76ba119b]::__rust_begin_short_backtrace::<core[a373ad73a504971]::result::Result<(), alloc[2e1b2a31b91974c5]::string::String>, fn() -> core[a373ad73a504971]::result::Result<(), alloc[2e1b2a31b91974c5]::string::String>>
[INFO] [stdout]   16:     0x58e409c008c5 - test[aada8e7e76ba119b]::run_test::{closure#0}
[INFO] [stdout]   17:     0x58e409bfa1b4 - std[617be2ca0a6fd877]::sys::backtrace::__rust_begin_short_backtrace::<test[aada8e7e76ba119b]::run_test::{closure#1}, ()>
[INFO] [stdout]   18:     0x58e409c03952 - <std[617be2ca0a6fd877]::thread::lifecycle::spawn_unchecked<test[aada8e7e76ba119b]::run_test::{closure#1}, ()>::{closure#1} as core[a373ad73a504971]::ops::function::FnOnce<()>>::call_once::{shim:vtable#0}
[INFO] [stdout]   19:     0x58e409c7f7af - <std[617be2ca0a6fd877]::sys::thread::unix::Thread>::new::thread_start
[INFO] [stdout]   20:     0x7e0194e68dfa - <unknown>
[INFO] [stdout]   21:     0x7e0194efc3d4 - clone
[INFO] [stdout]   22:                0x0 - <unknown>
[INFO] [stdout] 
[INFO] [stdout] ---- unsafe_cell_type::test_mut_thread stdout ----
[INFO] [stdout] 
[INFO] [stdout] thread 'unsafe_cell_type::test_mut_thread' (1770) panicked at /opt/rustwide/cargo-home/registry/src/index.crates.io-1949cf8c6b5b557f/env_logger-0.11.3/src/logger.rs:879:16:
[INFO] [stdout] env_logger::init should not be called after logger initialized: SetLoggerError(())
[INFO] [stdout] stack backtrace:
[INFO] [stdout]    0:     0x58e409c807d1 - <<std[617be2ca0a6fd877]::sys::backtrace::BacktraceLock>::print::DisplayBacktrace as core[a373ad73a504971]::fmt::Display>::fmt
[INFO] [stdout]    1:     0x58e409c97e9a - core[a373ad73a504971]::fmt::write
[INFO] [stdout]    2:     0x58e409c863bc - <alloc[2e1b2a31b91974c5]::vec::Vec<u8> as core[a373ad73a504971]::io::write::Write>::write_fmt
[INFO] [stdout]    3:     0x58e409c5b716 - std[617be2ca0a6fd877]::panicking::default_hook::{closure#0}
[INFO] [stdout]    4:     0x58e409c77e39 - std[617be2ca0a6fd877]::panicking::default_hook
[INFO] [stdout]    5:     0x58e409c002a0 - test[aada8e7e76ba119b]::test_main_inner::{closure#0}
[INFO] [stdout]    6:     0x58e409aec2b6 - <fast_able[5e9ce40b36d60e60]::fast_thread_pool::task_executor::TaskExecutor>::new::{closure#0}::{closure#0}
[INFO] [stdout]    7:     0x58e409c77ff2 - std[617be2ca0a6fd877]::panicking::panic_with_hook
[INFO] [stdout]    8:     0x58e409c5b7c2 - std[617be2ca0a6fd877]::panicking::panic_handler::{closure#0}
[INFO] [stdout]    9:     0x58e409c540d9 - std[617be2ca0a6fd877]::sys::backtrace::__rust_end_short_backtrace::<std[617be2ca0a6fd877]::panicking::panic_handler::{closure#0}, !>
[INFO] [stdout]   10:     0x58e409c5c46d - __rustc[ea4f61d10b84890b]::rust_begin_unwind
[INFO] [stdout]   11:     0x58e409c9867c - core[a373ad73a504971]::panicking::panic_fmt
[INFO] [stdout]   12:     0x58e409c98452 - core[a373ad73a504971]::result::unwrap_failed
[INFO] [stdout]   13:     0x58e409b27822 - env_logger[222c010ab273caff]::logger::init
[INFO] [stdout]   14:     0x58e409af22aa - <fast_able[5e9ce40b36d60e60]::unsafe_cell_type::test_mut_thread::{closure#0} as core[a373ad73a504971]::ops::function::FnOnce<()>>::call_once
[INFO] [stdout]   15:     0x58e409bf36eb - test[aada8e7e76ba119b]::__rust_begin_short_backtrace::<core[a373ad73a504971]::result::Result<(), alloc[2e1b2a31b91974c5]::string::String>, fn() -> core[a373ad73a504971]::result::Result<(), alloc[2e1b2a31b91974c5]::string::String>>
[INFO] [stdout]   16:     0x58e409c008c5 - test[aada8e7e76ba119b]::run_test::{closure#0}
[INFO] [stdout]   17:     0x58e409bfa1b4 - std[617be2ca0a6fd877]::sys::backtrace::__rust_begin_short_backtrace::<test[aada8e7e76ba119b]::run_test::{closure#1}, ()>
[INFO] [stdout]   18:     0x58e409c03952 - <std[617be2ca0a6fd877]::thread::lifecycle::spawn_unchecked<test[aada8e7e76ba119b]::run_test::{closure#1}, ()>::{closure#1} as core[a373ad73a504971]::ops::function::FnOnce<()>>::call_once::{shim:vtable#0}
[INFO] [stdout]   19:     0x58e409c7f7af - <std[617be2ca0a6fd877]::sys::thread::unix::Thread>::new::thread_start
[INFO] [stdout]   20:     0x7e0194e68dfa - <unknown>
[INFO] [stdout]   21:     0x7e0194efc3d4 - clone
[INFO] [stdout]   22:                0x0 - <unknown>
[INFO] [stdout] 
[INFO] [stdout] 
[INFO] [stdout] failures:
[INFO] [stdout]     fast_thread_pool::_test_task_executor
[INFO] [stdout]     fast_thread_pool::_test_tokio
[INFO] [stdout]     fast_thread_pool::pool::_test_pool
[INFO] [stdout]     fast_thread_pool::test_thread
[INFO] [stdout]     stock_pool::test_stock_pool
[INFO] [stdout]     stock_pool::test_stock_pool_2
[INFO] [stdout]     unsafe_cell_type::test_mut_thread
[INFO] [stdout] 
[INFO] [stdout] test result: FAILED. 155 passed; 7 failed; 0 ignored; 0 measured; 0 filtered out; finished in 4.51s
[INFO] [stdout] 
[INFO] [stderr] error: test failed, to rerun pass `--lib`
[INFO] running `Command { std: "docker" "inspect" "4a51a2e9f8672cb627c8572eec70cccfed2ab22134e49e6e332a03d6ab9c9c8d", kill_on_drop: false }`
[INFO] running `Command { std: "docker" "rm" "-f" "4a51a2e9f8672cb627c8572eec70cccfed2ab22134e49e6e332a03d6ab9c9c8d", kill_on_drop: false }`
[INFO] [stdout] 4a51a2e9f8672cb627c8572eec70cccfed2ab22134e49e6e332a03d6ab9c9c8d
