[INFO] fetching crate fashion 0.2.0...
[INFO] testing fashion-0.2.0 against 1.99.0-beta.8+cargoflags=--release for beta-release-1.100-2
[INFO] extracting crate fashion 0.2.0 into /workspace/builds/worker-0-tc1/source
[INFO] started tweaking crates.io crate fashion 0.2.0
[INFO] finished tweaking crates.io crate fashion 0.2.0
[INFO] tweaked toml for crates.io crate fashion 0.2.0 written to /workspace/builds/worker-0-tc1/source/Cargo.toml
[INFO] validating manifest of crates.io crate fashion 0.2.0 on toolchain 1.99.0-beta.8
[INFO] running `Command { std: CARGO_HOME="/workspace/cargo-home" RUSTUP_HOME="/workspace/rustup-home" "/workspace/cargo-home/bin/cargo" "+1.99.0-beta.8" "metadata" "--manifest-path" "Cargo.toml" "--no-deps", kill_on_drop: false }`
[INFO] running `Command { std: CARGO_HOME="/workspace/cargo-home" RUSTUP_HOME="/workspace/rustup-home" "/workspace/cargo-home/bin/cargo" "+1.99.0-beta.8" "generate-lockfile" "--manifest-path" "Cargo.toml", kill_on_drop: false }`
[INFO] [stderr]     Updating crates.io index
[INFO] [stderr]      Locking 112 packages to highest compatible versions
[INFO] [stderr]       Adding cssparser v0.32.0 (available: v0.38.0)
[INFO] [stderr]       Adding html5ever v0.26.0 (available: v0.40.1)
[INFO] [stderr]       Adding string_cache v0.8.9 (available: v0.11.0)
[INFO] [stderr]       Adding thiserror v1.0.69 (available: v2.0.21)
[INFO] running `Command { std: CARGO_HOME="/workspace/cargo-home" RUSTUP_HOME="/workspace/rustup-home" "/workspace/cargo-home/bin/cargo" "+1.99.0-beta.8" "fetch" "--manifest-path" "Cargo.toml", kill_on_drop: false }`
[INFO] [stderr]  Downloading crates ...
[INFO] [stderr]   Downloaded cssparser v0.32.0
[INFO] [stderr]   Downloaded insta v1.49.0
[INFO] [stderr]   Downloaded console v0.16.6
[INFO] running `Command { std: "docker" "create" "-v" "/var/lib/crater-agent-workspace/builds/worker-0-tc1/source:/opt/rustwide/workdir:ro,Z" "-v" "/var/lib/crater-agent-workspace/builds/worker-0-tc1/target:/opt/rustwide/target:rw,Z" "-v" "/var/lib/crater-agent-workspace/cargo-home:/opt/rustwide/cargo-home:ro,Z" "-v" "/var/lib/crater-agent-workspace/rustup-home:/opt/rustwide/rustup-home:ro,Z" "-m" "1610612736" "--network" "none" "ghcr.io/rust-lang/crates-build-env/linux@sha256:77db811e55d90add9212f6832c23229e3de5f1c1f9905e8cb07319ea15df73ac" "sleep" "infinity", kill_on_drop: false }`
[INFO] [stdout] b77696f5eb4ee3b1a2e1bdd4a1fa8c3f3c8b3dece2dd5ebec90070a80e12b08d
[INFO] running `Command { std: "docker" "start" "b77696f5eb4ee3b1a2e1bdd4a1fa8c3f3c8b3dece2dd5ebec90070a80e12b08d", kill_on_drop: false }`
[INFO] running `Command { std: "docker" "inspect" "b77696f5eb4ee3b1a2e1bdd4a1fa8c3f3c8b3dece2dd5ebec90070a80e12b08d", kill_on_drop: false }`
[INFO] running `Command { std: "docker" "exec" "-e" "SOURCE_DIR=/opt/rustwide/workdir" "-e" "CARGO_HOME=/opt/rustwide/cargo-home" "-e" "RUSTUP_HOME=/opt/rustwide/rustup-home" "-e" "CARGO_TARGET_DIR=/opt/rustwide/target" "-w" "/opt/rustwide/workdir" "--user" "0:0" "b77696f5eb4ee3b1a2e1bdd4a1fa8c3f3c8b3dece2dd5ebec90070a80e12b08d" "/opt/rustwide/cargo-home/bin/cargo" "+1.99.0-beta.8" "metadata" "--no-deps" "--format-version=1", kill_on_drop: false }`
[INFO] running `Command { std: "docker" "inspect" "b77696f5eb4ee3b1a2e1bdd4a1fa8c3f3c8b3dece2dd5ebec90070a80e12b08d", kill_on_drop: false }`
[INFO] running `Command { std: "docker" "exec" "-e" "SOURCE_DIR=/opt/rustwide/workdir" "-e" "CARGO_HOME=/opt/rustwide/cargo-home" "-e" "RUSTUP_HOME=/opt/rustwide/rustup-home" "-e" "CARGO_TARGET_DIR=/opt/rustwide/target" "-e" "CARGO_INCREMENTAL=0" "-e" "RUST_BACKTRACE=full" "-e" "RUSTFLAGS=--cap-lints=warn" "-e" "RUSTDOCFLAGS=--cap-lints=warn" "-w" "/opt/rustwide/workdir" "--user" "0:0" "b77696f5eb4ee3b1a2e1bdd4a1fa8c3f3c8b3dece2dd5ebec90070a80e12b08d" "/opt/rustwide/cargo-home/bin/cargo" "+1.99.0-beta.8" "build" "--frozen" "--message-format=json" "--release", kill_on_drop: false }`
[INFO] [stderr]    Compiling libc v0.2.191
[INFO] [stderr]    Compiling siphasher v1.0.4
[INFO] [stderr]    Compiling zerocopy v0.8.63
[INFO] [stderr]    Compiling smallvec v1.16.3
[INFO] [stderr]    Compiling syn v1.0.109
[INFO] [stderr]    Compiling serde v1.0.229
[INFO] [stderr]    Compiling phf_shared v0.10.0
[INFO] [stderr]    Compiling phf_shared v0.11.3
[INFO] [stderr]    Compiling parking_lot_core v0.9.12
[INFO] [stderr]    Compiling phf v0.10.1
[INFO] [stderr]    Compiling dtoa v1.0.11
[INFO] [stderr]    Compiling cssparser-macros v0.6.1
[INFO] [stderr]    Compiling thiserror-impl v1.0.69
[INFO] [stderr]    Compiling dtoa-short v0.3.5
[INFO] [stderr]    Compiling parking_lot v0.12.5
[INFO] [stderr]    Compiling string_cache v0.8.9
[INFO] [stderr]    Compiling getrandom v0.2.17
[INFO] [stderr]    Compiling rand_core v0.6.4
[INFO] [stderr]    Compiling thiserror v1.0.69
[INFO] [stderr]    Compiling ppv-lite86 v0.2.21
[INFO] [stderr]    Compiling rand_chacha v0.3.1
[INFO] [stderr]    Compiling rand v0.8.8
[INFO] [stderr]    Compiling html5ever v0.26.0
[INFO] [stderr]    Compiling phf_generator v0.11.3
[INFO] [stderr]    Compiling phf_generator v0.10.0
[INFO] [stderr]    Compiling phf_codegen v0.10.0
[INFO] [stderr]    Compiling string_cache_codegen v0.5.4
[INFO] [stderr]    Compiling phf_macros v0.11.3
[INFO] [stderr]    Compiling markup5ever v0.11.0
[INFO] [stderr]    Compiling phf v0.11.3
[INFO] [stderr]    Compiling cssparser v0.32.0
[INFO] [stderr]    Compiling fashion v0.2.0 (/opt/rustwide/workdir)
[INFO] [stderr]     Finished `release` profile [optimized] target(s) in 26.76s
[INFO] running `Command { std: "docker" "inspect" "b77696f5eb4ee3b1a2e1bdd4a1fa8c3f3c8b3dece2dd5ebec90070a80e12b08d", kill_on_drop: false }`
[INFO] running `Command { std: "docker" "exec" "-e" "SOURCE_DIR=/opt/rustwide/workdir" "-e" "CARGO_HOME=/opt/rustwide/cargo-home" "-e" "RUSTUP_HOME=/opt/rustwide/rustup-home" "-e" "CARGO_TARGET_DIR=/opt/rustwide/target" "-e" "CARGO_INCREMENTAL=0" "-e" "RUST_BACKTRACE=full" "-e" "RUSTFLAGS=--cap-lints=warn" "-e" "RUSTDOCFLAGS=--cap-lints=warn" "-w" "/opt/rustwide/workdir" "--user" "0:0" "b77696f5eb4ee3b1a2e1bdd4a1fa8c3f3c8b3dece2dd5ebec90070a80e12b08d" "/opt/rustwide/cargo-home/bin/cargo" "+1.99.0-beta.8" "test" "--frozen" "--no-run" "--message-format=json" "--release", kill_on_drop: false }`
[INFO] [stderr]    Compiling crossbeam-utils v0.8.23
[INFO] [stderr]    Compiling rustix v1.1.5
[INFO] [stderr]    Compiling value-bag v1.14.1
[INFO] [stderr]    Compiling futures-lite v2.6.1
[INFO] [stderr]    Compiling async-io v2.6.0
[INFO] [stderr]    Compiling async-task v4.7.1
[INFO] [stderr]    Compiling piper v0.2.5
[INFO] [stderr]    Compiling getrandom v0.4.3
[INFO] [stderr]    Compiling async-attributes v1.1.2
[INFO] [stderr]    Compiling console v0.16.6
[INFO] [stderr]    Compiling log v0.4.34
[INFO] [stderr]    Compiling similar v2.7.0
[INFO] [stderr]    Compiling pin-utils v0.1.1
[INFO] [stderr]    Compiling markup5ever v0.11.0
[INFO] [stderr]    Compiling kv-log-macro v1.0.7
[INFO] [stderr]    Compiling concurrent-queue v2.5.0
[INFO] [stderr]    Compiling async-channel v2.5.0
[INFO] [stderr]    Compiling async-executor v1.14.0
[INFO] [stderr]    Compiling async-channel v1.9.0
[INFO] [stderr]    Compiling blocking v1.7.0
[INFO] [stderr]    Compiling html5ever v0.26.0
[INFO] [stderr]    Compiling fashion v0.2.0 (/opt/rustwide/workdir)
[INFO] [stderr]    Compiling polling v3.11.0
[INFO] [stderr]    Compiling tempfile v3.27.0
[INFO] [stderr]    Compiling insta v1.49.0
[INFO] [stderr]    Compiling async-global-executor v2.4.1
[INFO] [stderr]    Compiling async-std v1.13.2
[INFO] [stderr]     Finished `release` profile [optimized] target(s) in 48.61s
[INFO] running `Command { std: "docker" "inspect" "b77696f5eb4ee3b1a2e1bdd4a1fa8c3f3c8b3dece2dd5ebec90070a80e12b08d", kill_on_drop: false }`
[INFO] running `Command { std: "docker" "exec" "-e" "SOURCE_DIR=/opt/rustwide/workdir" "-e" "CARGO_HOME=/opt/rustwide/cargo-home" "-e" "RUSTUP_HOME=/opt/rustwide/rustup-home" "-e" "CARGO_TARGET_DIR=/opt/rustwide/target" "-e" "CARGO_INCREMENTAL=0" "-e" "RUST_BACKTRACE=full" "-e" "RUSTFLAGS=--cap-lints=warn" "-e" "RUSTDOCFLAGS=--cap-lints=warn" "-w" "/opt/rustwide/workdir" "--user" "0:0" "b77696f5eb4ee3b1a2e1bdd4a1fa8c3f3c8b3dece2dd5ebec90070a80e12b08d" "/opt/rustwide/cargo-home/bin/cargo" "+1.99.0-beta.8" "test" "--frozen" "--release", kill_on_drop: false }`
[INFO] [stderr]     Finished `release` profile [optimized] target(s) in 0.23s
[INFO] [stderr]      Running unittests src/lib.rs (/opt/rustwide/target/release/deps/fashion-20230a0c8cf6c1ad)
[INFO] [stdout] 
[INFO] [stdout] running 10 tests
[INFO] [stdout] test parse::tests::test_css_child ... ok
[INFO] [stdout] test parse::tests::test_css_wildcards ... ok
[INFO] [stdout] test parse::tests::test_css ... ok
[INFO] [stdout] test parse::tests::test_css_namespaces ... ok
[INFO] [stdout] test parse::tests::test_css_multi_select ... ok
[INFO] [stdout] test parse::tests::test_css_root ... ok
[INFO] [stdout] test parse::tests::test_css_ids ... ok
[INFO] [stdout] test parse::tests::test_selector_next_sibling ... FAILED
[INFO] [stdout] test parse::tests::test_selectors ... FAILED
[INFO] [stdout] test parse::tests::test_selector_no_descend_after_child ... FAILED
[INFO] [stdout] 
[INFO] [stdout] failures:
[INFO] [stdout] 
[INFO] [stdout] ---- parse::tests::test_selector_next_sibling stdout ----
[INFO] [stdout] ━━━━━━━━━━━━━━━━━━━━━━━━━━━━━━━ Snapshot Summary ━━━━━━━━━━━━━━━━━━━━━━━━━━━━━━━
[INFO] [stdout] Snapshot: selector_next_sibling
[INFO] [stdout] Source: src/parse.rs:570
[INFO] [stdout] ────────────────────────────────────────────────────────────────────────────────
[INFO] [stdout] Expression: selectors
[INFO] [stdout] ────────────────────────────────────────────────────────────────────────────────
[INFO] [stdout] -old snapshot
[INFO] [stdout] +new results
[INFO] [stdout] ────────────┬───────────────────────────────────────────────────────────────────
[INFO] [stdout]     1     1 │ [
[INFO] [stdout]     2     2 │     Expression(
[INFO] [stdout]     3     3 │         [
[INFO] [stdout]     4     4 │             Tag(
[INFO] [stdout]     5       │-                Atom('div' type=static),
[INFO] [stdout]           5 │+                Atom('div' type=inline),
[INFO] [stdout]     6     6 │             ),
[INFO] [stdout]     7     7 │             NextSibling,
[INFO] [stdout]     8     8 │             Tag(
[INFO] [stdout]     9       │-                Atom('span' type=static),
[INFO] [stdout]           9 │+                Atom('span' type=inline),
[INFO] [stdout]    10    10 │             ),
[INFO] [stdout]    11    11 │         ],
[INFO] [stdout]    12    12 │     ),
[INFO] [stdout]    13    13 │ ]
[INFO] [stdout] ────────────┴───────────────────────────────────────────────────────────────────
[INFO] [stdout] 
[INFO] [stdout] thread 'parse::tests::test_selector_next_sibling' (1041) panicked at src/parse.rs:570:9:
[INFO] [stdout] called `Result::unwrap()` on an `Err` value: Os { code: 30, kind: ReadOnlyFilesystem, message: "Read-only file system" }
[INFO] [stdout] stack backtrace:
[INFO] [stdout]    0:     0x5d2459d214b1 - <<std[70759c8f55707aa4]::sys::backtrace::BacktraceLock>::print::DisplayBacktrace as core[df12db4294e9bfd3]::fmt::Display>::fmt
[INFO] [stdout]    1:     0x5d2459d38faa - core[df12db4294e9bfd3]::fmt::write
[INFO] [stdout]    2:     0x5d2459d2646c - <alloc[2182bb758b4b3781]::vec::Vec<u8> as core[df12db4294e9bfd3]::io::write::Write>::write_fmt
[INFO] [stdout]    3:     0x5d2459cfa1e6 - std[70759c8f55707aa4]::panicking::default_hook::{closure#0}
[INFO] [stdout]    4:     0x5d2459d18609 - std[70759c8f55707aa4]::panicking::default_hook
[INFO] [stdout]    5:     0x5d2459cab6e0 - test[9d35eded1c95d3be]::test_main_inner::<test[9d35eded1c95d3be]::test_main_static::{closure#0}>::{closure#0}
[INFO] [stdout]    6:     0x5d2459d187c2 - std[70759c8f55707aa4]::panicking::panic_with_hook
[INFO] [stdout]    7:     0x5d2459cfa292 - std[70759c8f55707aa4]::panicking::panic_handler::{closure#0}
[INFO] [stdout]    8:     0x5d2459cf2579 - std[70759c8f55707aa4]::sys::backtrace::__rust_end_short_backtrace::<std[70759c8f55707aa4]::panicking::panic_handler::{closure#0}, !>
[INFO] [stdout]    9:     0x5d2459cfb03d - __rustc[8fa7c3cbc660c2b3]::rust_begin_unwind
[INFO] [stdout]   10:     0x5d2459d3970c - core[df12db4294e9bfd3]::panicking::panic_fmt
[INFO] [stdout]   11:     0x5d2459d394e2 - core[df12db4294e9bfd3]::result::unwrap_failed
[INFO] [stdout]   12:     0x5d2459c2e6b1 - fashion[debcfaacbcef62b]::parse::tests::test_selector_next_sibling
[INFO] [stdout]   13:     0x5d2459c226ff - <fashion[debcfaacbcef62b]::parse::tests::test_selector_next_sibling::{closure#0} as core[df12db4294e9bfd3]::ops::function::FnOnce<()>>::call_once
[INFO] [stdout]   14:     0x5d2459c9e9cb - test[9d35eded1c95d3be]::__rust_begin_short_backtrace::<core[df12db4294e9bfd3]::result::Result<(), alloc[2182bb758b4b3781]::string::String>, fn() -> core[df12db4294e9bfd3]::result::Result<(), alloc[2182bb758b4b3781]::string::String>>
[INFO] [stdout]   15:     0x5d2459cac035 - test[9d35eded1c95d3be]::run_test::{closure#0}
[INFO] [stdout]   16:     0x5d2459ca58f4 - std[70759c8f55707aa4]::sys::backtrace::__rust_begin_short_backtrace::<test[9d35eded1c95d3be]::run_test::{closure#1}, ()>
[INFO] [stdout]   17:     0x5d2459caf192 - <std[70759c8f55707aa4]::thread::lifecycle::spawn_unchecked<test[9d35eded1c95d3be]::run_test::{closure#1}, ()>::{closure#1} as core[df12db4294e9bfd3]::ops::function::FnOnce<()>>::call_once::{shim:vtable#0}
[INFO] [stdout]   18:     0x5d2459d204d9 - <std[70759c8f55707aa4]::sys::thread::unix::Thread>::new::thread_start
[INFO] [stdout]   19:     0x7bfd2f897dfa - <unknown>
[INFO] [stdout]   20:     0x7bfd2f92b3d4 - clone
[INFO] [stdout]   21:                0x0 - <unknown>
[INFO] [stdout] 
[INFO] [stdout] ---- parse::tests::test_selectors stdout ----
[INFO] [stdout] ━━━━━━━━━━━━━━━━━━━━━━━━━━━━━━━ Snapshot Summary ━━━━━━━━━━━━━━━━━━━━━━━━━━━━━━━
[INFO] [stdout] Snapshot: selectors
[INFO] [stdout] Source: src/parse.rs:513
[INFO] [stdout] ────────────────────────────────────────────────────────────────────────────────
[INFO] [stdout] Expression: selectors
[INFO] [stdout] ────────────────────────────────────────────────────────────────────────────────
[INFO] [stdout] -old snapshot
[INFO] [stdout] +new results
[INFO] [stdout] ────────────┬───────────────────────────────────────────────────────────────────
[INFO] [stdout]     1     1 │ [
[INFO] [stdout]     2     2 │     Expression(
[INFO] [stdout]     3     3 │         [
[INFO] [stdout]     4     4 │             Tag(
[INFO] [stdout]     5       │-                Atom('h1' type=static),
[INFO] [stdout]           5 │+                Atom('h1' type=inline),
[INFO] [stdout]     6     6 │             ),
[INFO] [stdout]     7     7 │             Descendant,
[INFO] [stdout]     8     8 │             Tag(
[INFO] [stdout]     9       │-                Atom('a' type=static),
[INFO] [stdout]           9 │+                Atom('a' type=inline),
[INFO] [stdout]    10    10 │             ),
[INFO] [stdout]    11    11 │         ],
[INFO] [stdout]    12    12 │     ),
[INFO] [stdout]    13    13 │     Expression(
[INFO] [stdout]    14    14 │         [
[INFO] [stdout]    15    15 │             Tag(
[INFO] [stdout]    16       │-                Atom('h2' type=static),
[INFO] [stdout]          16 │+                Atom('h2' type=inline),
[INFO] [stdout]    17    17 │             ),
[INFO] [stdout]    18    18 │         ],
[INFO] [stdout]    19    19 │     ),
[INFO] [stdout]    20    20 │ ]
[INFO] [stdout] ────────────┴───────────────────────────────────────────────────────────────────
[INFO] [stdout] 
[INFO] [stdout] thread 'parse::tests::test_selectors' (1044) panicked at src/parse.rs:513:9:
[INFO] [stdout] called `Result::unwrap()` on an `Err` value: Os { code: 30, kind: ReadOnlyFilesystem, message: "Read-only file system" }
[INFO] [stdout] stack backtrace:
[INFO] [stdout]    0:     0x5d2459d214b1 - <<std[70759c8f55707aa4]::sys::backtrace::BacktraceLock>::print::DisplayBacktrace as core[df12db4294e9bfd3]::fmt::Display>::fmt
[INFO] [stdout]    1:     0x5d2459d38faa - core[df12db4294e9bfd3]::fmt::write
[INFO] [stdout]    2:     0x5d2459d2646c - <alloc[2182bb758b4b3781]::vec::Vec<u8> as core[df12db4294e9bfd3]::io::write::Write>::write_fmt
[INFO] [stdout]    3:     0x5d2459cfa1e6 - std[70759c8f55707aa4]::panicking::default_hook::{closure#0}
[INFO] [stdout]    4:     0x5d2459d18609 - std[70759c8f55707aa4]::panicking::default_hook
[INFO] [stdout]    5:     0x5d2459cab6e0 - test[9d35eded1c95d3be]::test_main_inner::<test[9d35eded1c95d3be]::test_main_static::{closure#0}>::{closure#0}
[INFO] [stdout]    6:     0x5d2459d187c2 - std[70759c8f55707aa4]::panicking::panic_with_hook
[INFO] [stdout]    7:     0x5d2459cfa292 - std[70759c8f55707aa4]::panicking::panic_handler::{closure#0}
[INFO] [stdout]    8:     0x5d2459cf2579 - std[70759c8f55707aa4]::sys::backtrace::__rust_end_short_backtrace::<std[70759c8f55707aa4]::panicking::panic_handler::{closure#0}, !>
[INFO] [stdout]    9:     0x5d2459cfb03d - __rustc[8fa7c3cbc660c2b3]::rust_begin_unwind
[INFO] [stdout]   10:     0x5d2459d3970c - core[df12db4294e9bfd3]::panicking::panic_fmt
[INFO] [stdout]   11:     0x5d2459d394e2 - core[df12db4294e9bfd3]::result::unwrap_failed
[INFO] [stdout]   12:     0x5d2459c2d981 - fashion[debcfaacbcef62b]::parse::tests::test_selectors
[INFO] [stdout]   13:     0x5d2459c2243f - <fashion[debcfaacbcef62b]::parse::tests::test_selectors::{closure#0} as core[df12db4294e9bfd3]::ops::function::FnOnce<()>>::call_once
[INFO] [stdout]   14:     0x5d2459c9e9cb - test[9d35eded1c95d3be]::__rust_begin_short_backtrace::<core[df12db4294e9bfd3]::result::Result<(), alloc[2182bb758b4b3781]::string::String>, fn() -> core[df12db4294e9bfd3]::result::Result<(), alloc[2182bb758b4b3781]::string::String>>
[INFO] [stdout]   15:     0x5d2459cac035 - test[9d35eded1c95d3be]::run_test::{closure#0}
[INFO] [stdout]   16:     0x5d2459ca58f4 - std[70759c8f55707aa4]::sys::backtrace::__rust_begin_short_backtrace::<test[9d35eded1c95d3be]::run_test::{closure#1}, ()>
[INFO] [stdout]   17:     0x5d2459caf192 - <std[70759c8f55707aa4]::thread::lifecycle::spawn_unchecked<test[9d35eded1c95d3be]::run_test::{closure#1}, ()>::{closure#1} as core[df12db4294e9bfd3]::ops::function::FnOnce<()>>::call_once::{shim:vtable#0}
[INFO] [stdout]   18:     0x5d2459d204d9 - <std[70759c8f55707aa4]::sys::thread::unix::Thread>::new::thread_start
[INFO] [stdout]   19:     0x7bfd2f897dfa - <unknown>
[INFO] [stdout]   20:     0x7bfd2f92b3d4 - clone
[INFO] [stdout]   21:                0x0 - <unknown>
[INFO] [stdout] 
[INFO] [stdout] ---- parse::tests::test_selector_no_descend_after_child stdout ----
[INFO] [stdout] ━━━━━━━━━━━━━━━━━━━━━━━━━━━━━━━ Snapshot Summary ━━━━━━━━━━━━━━━━━━━━━━━━━━━━━━━
[INFO] [stdout] Snapshot: selector_no_descend_after_child
[INFO] [stdout] Source: src/parse.rs:541
[INFO] [stdout] ────────────────────────────────────────────────────────────────────────────────
[INFO] [stdout] Expression: selectors
[INFO] [stdout] ────────────────────────────────────────────────────────────────────────────────
[INFO] [stdout] -old snapshot
[INFO] [stdout] +new results
[INFO] [stdout] ────────────┬───────────────────────────────────────────────────────────────────
[INFO] [stdout]     1     1 │ [
[INFO] [stdout]     2     2 │     Expression(
[INFO] [stdout]     3     3 │         [
[INFO] [stdout]     4     4 │             Tag(
[INFO] [stdout]     5       │-                Atom('body' type=static),
[INFO] [stdout]           5 │+                Atom('body' type=inline),
[INFO] [stdout]     6     6 │             ),
[INFO] [stdout]     7     7 │             Child,
[INFO] [stdout]     8     8 │             Tag(
[INFO] [stdout]     9       │-                Atom('div' type=static),
[INFO] [stdout]           9 │+                Atom('div' type=inline),
[INFO] [stdout]    10    10 │             ),
[INFO] [stdout]    11    11 │             Descendant,
[INFO] [stdout]    12    12 │             Tag(
[INFO] [stdout]    13       │-                Atom('span' type=static),
[INFO] [stdout]          13 │+                Atom('span' type=inline),
[INFO] [stdout]    14    14 │             ),
[INFO] [stdout]    15    15 │             Id(
[INFO] [stdout]    16    16 │                 Atom('123' type=inline),
[INFO] [stdout]    17    17 │             ),
[INFO] [stdout] ────────────┴───────────────────────────────────────────────────────────────────
[INFO] [stdout] 
[INFO] [stdout] thread 'parse::tests::test_selector_no_descend_after_child' (1042) panicked at src/parse.rs:541:9:
[INFO] [stdout] called `Result::unwrap()` on an `Err` value: Os { code: 30, kind: ReadOnlyFilesystem, message: "Read-only file system" }
[INFO] [stdout] stack backtrace:
[INFO] [stdout]    0:     0x5d2459d214b1 - <<std[70759c8f55707aa4]::sys::backtrace::BacktraceLock>::print::DisplayBacktrace as core[df12db4294e9bfd3]::fmt::Display>::fmt
[INFO] [stdout]    1:     0x5d2459d38faa - core[df12db4294e9bfd3]::fmt::write
[INFO] [stdout]    2:     0x5d2459d2646c - <alloc[2182bb758b4b3781]::vec::Vec<u8> as core[df12db4294e9bfd3]::io::write::Write>::write_fmt
[INFO] [stdout]    3:     0x5d2459cfa1e6 - std[70759c8f55707aa4]::panicking::default_hook::{closure#0}
[INFO] [stdout]    4:     0x5d2459d18609 - std[70759c8f55707aa4]::panicking::default_hook
[INFO] [stdout]    5:     0x5d2459cab6e0 - test[9d35eded1c95d3be]::test_main_inner::<test[9d35eded1c95d3be]::test_main_static::{closure#0}>::{closure#0}
[INFO] [stdout]    6:     0x5d2459d187c2 - std[70759c8f55707aa4]::panicking::panic_with_hook
[INFO] [stdout]    7:     0x5d2459cfa292 - std[70759c8f55707aa4]::panicking::panic_handler::{closure#0}
[INFO] [stdout]    8:     0x5d2459cf2579 - std[70759c8f55707aa4]::sys::backtrace::__rust_end_short_backtrace::<std[70759c8f55707aa4]::panicking::panic_handler::{closure#0}, !>
[INFO] [stdout]    9:     0x5d2459cfb03d - __rustc[8fa7c3cbc660c2b3]::rust_begin_unwind
[INFO] [stdout]   10:     0x5d2459d3970c - core[df12db4294e9bfd3]::panicking::panic_fmt
[INFO] [stdout]   11:     0x5d2459d394e2 - core[df12db4294e9bfd3]::result::unwrap_failed
[INFO] [stdout]   12:     0x5d2459c2e991 - fashion[debcfaacbcef62b]::parse::tests::test_selector_no_descend_after_child
[INFO] [stdout]   13:     0x5d2459c227af - <fashion[debcfaacbcef62b]::parse::tests::test_selector_no_descend_after_child::{closure#0} as core[df12db4294e9bfd3]::ops::function::FnOnce<()>>::call_once
[INFO] [stdout]   14:     0x5d2459c9e9cb - test[9d35eded1c95d3be]::__rust_begin_short_backtrace::<core[df12db4294e9bfd3]::result::Result<(), alloc[2182bb758b4b3781]::string::String>, fn() -> core[df12db4294e9bfd3]::result::Result<(), alloc[2182bb758b4b3781]::string::String>>
[INFO] [stdout]   15:     0x5d2459cac035 - test[9d35eded1c95d3be]::run_test::{closure#0}
[INFO] [stdout]   16:     0x5d2459ca58f4 - std[70759c8f55707aa4]::sys::backtrace::__rust_begin_short_backtrace::<test[9d35eded1c95d3be]::run_test::{closure#1}, ()>
[INFO] [stdout]   17:     0x5d2459caf192 - <std[70759c8f55707aa4]::thread::lifecycle::spawn_unchecked<test[9d35eded1c95d3be]::run_test::{closure#1}, ()>::{closure#1} as core[df12db4294e9bfd3]::ops::function::FnOnce<()>>::call_once::{shim:vtable#0}
[INFO] [stdout]   18:     0x5d2459d204d9 - <std[70759c8f55707aa4]::sys::thread::unix::Thread>::new::thread_start
[INFO] [stdout]   19:     0x7bfd2f897dfa - <unknown>
[INFO] [stdout]   20:     0x7bfd2f92b3d4 - clone
[INFO] [stdout]   21:                0x0 - <unknown>
[INFO] [stdout] 
[INFO] [stdout] 
[INFO] [stdout] failures:
[INFO] [stdout]     parse::tests::test_selector_next_sibling
[INFO] [stdout]     parse::tests::test_selector_no_descend_after_child
[INFO] [stdout]     parse::tests::test_selectors
[INFO] [stdout] 
[INFO] [stdout] test result: FAILED. 7 passed; 3 failed; 0 ignored; 0 measured; 0 filtered out; finished in 0.61s
[INFO] [stdout] 
[INFO] [stderr] error: test failed, to rerun pass `--lib`
[INFO] running `Command { std: "docker" "inspect" "b77696f5eb4ee3b1a2e1bdd4a1fa8c3f3c8b3dece2dd5ebec90070a80e12b08d", kill_on_drop: false }`
[INFO] running `Command { std: "docker" "rm" "-f" "b77696f5eb4ee3b1a2e1bdd4a1fa8c3f3c8b3dece2dd5ebec90070a80e12b08d", kill_on_drop: false }`
[INFO] [stdout] b77696f5eb4ee3b1a2e1bdd4a1fa8c3f3c8b3dece2dd5ebec90070a80e12b08d
