[INFO] fetching crate farben 0.20.0...
[INFO] testing farben-0.20.0 against 1.99.0-beta.8+cargoflags=--release for beta-release-1.100-2
[INFO] extracting crate farben 0.20.0 into /workspace/builds/worker-3-tc1/source
[INFO] started tweaking crates.io crate farben 0.20.0
[INFO] removed 0 missing examples
[INFO] finished tweaking crates.io crate farben 0.20.0
[INFO] tweaked toml for crates.io crate farben 0.20.0 written to /workspace/builds/worker-3-tc1/source/Cargo.toml
[INFO] validating manifest of crates.io crate farben 0.20.0 on toolchain 1.99.0-beta.8
[INFO] running `Command { std: CARGO_HOME="/workspace/cargo-home" RUSTUP_HOME="/workspace/rustup-home" "/workspace/cargo-home/bin/cargo" "+1.99.0-beta.8" "metadata" "--manifest-path" "Cargo.toml" "--no-deps", kill_on_drop: false }`
[INFO] crate crates.io crate farben 0.20.0 already has a lockfile, it will not be regenerated
[INFO] running `Command { std: CARGO_HOME="/workspace/cargo-home" RUSTUP_HOME="/workspace/rustup-home" "/workspace/cargo-home/bin/cargo" "+1.99.0-beta.8" "fetch" "--manifest-path" "Cargo.toml", kill_on_drop: false }`
[INFO] [stderr]     Updating crates.io index
[INFO] [stderr]  Downloading crates ...
[INFO] [stderr]   Downloaded farben-macros v0.7.1
[INFO] [stderr]   Downloaded litext v1.3.0
[INFO] [stderr]   Downloaded farben-md v0.2.7
[INFO] [stderr]   Downloaded comperr v1.0.0
[INFO] [stderr]   Downloaded farben-core v0.14.0
[INFO] running `Command { std: "docker" "create" "-v" "/var/lib/crater-agent-workspace/builds/worker-3-tc1/source:/opt/rustwide/workdir:ro,Z" "-v" "/var/lib/crater-agent-workspace/builds/worker-3-tc1/target:/opt/rustwide/target:rw,Z" "-v" "/var/lib/crater-agent-workspace/cargo-home:/opt/rustwide/cargo-home:ro,Z" "-v" "/var/lib/crater-agent-workspace/rustup-home:/opt/rustwide/rustup-home:ro,Z" "-m" "1610612736" "--network" "none" "ghcr.io/rust-lang/crates-build-env/linux@sha256:77db811e55d90add9212f6832c23229e3de5f1c1f9905e8cb07319ea15df73ac" "sleep" "infinity", kill_on_drop: false }`
[INFO] [stdout] 475b933bb0fb2aed041f9ea1cb70f12d3f1b60d48a815a53611c5c0c46dbc887
[INFO] running `Command { std: "docker" "start" "475b933bb0fb2aed041f9ea1cb70f12d3f1b60d48a815a53611c5c0c46dbc887", kill_on_drop: false }`
[INFO] running `Command { std: "docker" "inspect" "475b933bb0fb2aed041f9ea1cb70f12d3f1b60d48a815a53611c5c0c46dbc887", kill_on_drop: false }`
[INFO] running `Command { std: "docker" "exec" "-e" "SOURCE_DIR=/opt/rustwide/workdir" "-e" "CARGO_HOME=/opt/rustwide/cargo-home" "-e" "RUSTUP_HOME=/opt/rustwide/rustup-home" "-e" "CARGO_TARGET_DIR=/opt/rustwide/target" "-w" "/opt/rustwide/workdir" "--user" "0:0" "475b933bb0fb2aed041f9ea1cb70f12d3f1b60d48a815a53611c5c0c46dbc887" "/opt/rustwide/cargo-home/bin/cargo" "+1.99.0-beta.8" "metadata" "--no-deps" "--format-version=1", kill_on_drop: false }`
[INFO] running `Command { std: "docker" "inspect" "475b933bb0fb2aed041f9ea1cb70f12d3f1b60d48a815a53611c5c0c46dbc887", kill_on_drop: false }`
[INFO] running `Command { std: "docker" "exec" "-e" "SOURCE_DIR=/opt/rustwide/workdir" "-e" "CARGO_HOME=/opt/rustwide/cargo-home" "-e" "RUSTUP_HOME=/opt/rustwide/rustup-home" "-e" "CARGO_TARGET_DIR=/opt/rustwide/target" "-e" "CARGO_INCREMENTAL=0" "-e" "RUST_BACKTRACE=full" "-e" "RUSTFLAGS=--cap-lints=warn" "-e" "RUSTDOCFLAGS=--cap-lints=warn" "-w" "/opt/rustwide/workdir" "--user" "0:0" "475b933bb0fb2aed041f9ea1cb70f12d3f1b60d48a815a53611c5c0c46dbc887" "/opt/rustwide/cargo-home/bin/cargo" "+1.99.0-beta.8" "build" "--frozen" "--message-format=json" "--release", kill_on_drop: false }`
[INFO] [stderr]    Compiling farben-core v0.14.0
[INFO] [stderr]    Compiling farben v0.20.0 (/opt/rustwide/workdir)
[INFO] [stderr]     Finished `release` profile [optimized] target(s) in 2.66s
[INFO] running `Command { std: "docker" "inspect" "475b933bb0fb2aed041f9ea1cb70f12d3f1b60d48a815a53611c5c0c46dbc887", kill_on_drop: false }`
[INFO] running `Command { std: "docker" "exec" "-e" "SOURCE_DIR=/opt/rustwide/workdir" "-e" "CARGO_HOME=/opt/rustwide/cargo-home" "-e" "RUSTUP_HOME=/opt/rustwide/rustup-home" "-e" "CARGO_TARGET_DIR=/opt/rustwide/target" "-e" "CARGO_INCREMENTAL=0" "-e" "RUST_BACKTRACE=full" "-e" "RUSTFLAGS=--cap-lints=warn" "-e" "RUSTDOCFLAGS=--cap-lints=warn" "-w" "/opt/rustwide/workdir" "--user" "0:0" "475b933bb0fb2aed041f9ea1cb70f12d3f1b60d48a815a53611c5c0c46dbc887" "/opt/rustwide/cargo-home/bin/cargo" "+1.99.0-beta.8" "test" "--frozen" "--no-run" "--message-format=json" "--release", kill_on_drop: false }`
[INFO] [stderr]    Compiling farben v0.20.0 (/opt/rustwide/workdir)
[INFO] [stderr]     Finished `release` profile [optimized] target(s) in 2.39s
[INFO] running `Command { std: "docker" "inspect" "475b933bb0fb2aed041f9ea1cb70f12d3f1b60d48a815a53611c5c0c46dbc887", kill_on_drop: false }`
[INFO] running `Command { std: "docker" "exec" "-e" "SOURCE_DIR=/opt/rustwide/workdir" "-e" "CARGO_HOME=/opt/rustwide/cargo-home" "-e" "RUSTUP_HOME=/opt/rustwide/rustup-home" "-e" "CARGO_TARGET_DIR=/opt/rustwide/target" "-e" "CARGO_INCREMENTAL=0" "-e" "RUST_BACKTRACE=full" "-e" "RUSTFLAGS=--cap-lints=warn" "-e" "RUSTDOCFLAGS=--cap-lints=warn" "-w" "/opt/rustwide/workdir" "--user" "0:0" "475b933bb0fb2aed041f9ea1cb70f12d3f1b60d48a815a53611c5c0c46dbc887" "/opt/rustwide/cargo-home/bin/cargo" "+1.99.0-beta.8" "test" "--frozen" "--release", kill_on_drop: false }`
[INFO] [stderr]     Finished `release` profile [optimized] target(s) in 0.02s
[INFO] [stderr]      Running unittests src/lib.rs (/opt/rustwide/target/release/deps/farben-84998fa7b1e4e71f)
[INFO] [stdout] 
[INFO] [stdout] running 108 tests
[INFO] [stdout] test tests::test_cformat_implicit_capture ... ok
[INFO] [stdout] test tests::test_cformat_explicit_named ... ok
[INFO] [stdout] test tests::test_cformat_empty_format ... ok
[INFO] [stdout] test tests::test_ansi_strip_deprecated ... ok
[INFO] [stdout] test tests::test_cformat_format_spec ... ok
[INFO] [stdout] test tests::test_cformat_no_args ... ok
[INFO] [stdout] test tests::test_color_enabled_with_force_color ... ok
[INFO] [stdout] test tests::test_cformat_no_markup ... ok
[INFO] [stdout] test tests::test_cformat_positional_still_works ... ok
[INFO] [stdout] test tests::test_cformat_mixed_markup_and_args ... ok
[INFO] [stdout] test tests::test_cformat_multiple_args ... ok
[INFO] [stdout] test tests::test_cformatb_no_trailing_reset ... ok
[INFO] [stdout] test tests::test_color_runtime_bleed_no_trailing_reset ... ok
[INFO] [stdout] test tests::test_cformatb_plain_text ... ok
[INFO] [stdout] test tests::test_color_runtime_empty_bleed ... ok
[INFO] [stdout] test tests::test_color_runtime_empty_non_bleed ... ok
[INFO] [stdout] test tests::test_color_runtime_plain_text_bleed ... ok
[INFO] [stdout] test tests::test_color_fmt_deprecated_still_works ... ok
[INFO] [stdout] test tests::test_cformat_positional ... ok
[INFO] [stdout] test tests::test_core_tokenize_tag ... ok
[INFO] [stdout] test tests::test_cwrite_plain_text ... ok
[INFO] [stdout] test tests::test_color_invalid_input_panics - should panic ... ok
[INFO] [stdout] test tests::test_color_runtime_plain_text_non_bleed ... ok
[INFO] [stdout] test tests::test_cwriteb_chained_then_cwrite ... ok
[INFO] [stdout] test tests::test_color_runtime_bleed_chaining ... ok
[INFO] [stdout] test tests::test_color_runtime_non_bleed_has_reset ... ok
[INFO] [stdout] test tests::test_cwrite_no_args ... ok
[INFO] [stdout] test tests::test_color_valid_input_returns_string ... ok
[INFO] [stdout] test tests::test_markup_strip_deprecated ... ok
[INFO] [stdout] test tests::test_core_tokenize_plain ... ok
[INFO] [stdout] test tests::test_style_and_prefix ... ok
[INFO] [stdout] test tests::test_farben_str_display_with_color ... ok
[INFO] [stdout] test tests::test_style_retrieval ... ok
[INFO] [stdout] test tests::test_try_color_appends_trailing_reset ... ok
[INFO] [stdout] test tests::test_try_color_background_named ... ok
[INFO] [stdout] test tests::test_try_color_ansi256_bg ... FAILED
[INFO] [stdout] test tests::test_try_color_ansi256 ... FAILED
[INFO] [stdout] test tests::test_try_color_background_rgb ... FAILED
[INFO] [stdout] test tests::test_farben_str_resolve_with_color ... ok
[INFO] [stdout] test tests::test_try_color_ansi256_invalid_value_returns_error ... ok
[INFO] [stdout] test tests::test_cwriteb_to_buffer ... ok
[INFO] [stdout] test tests::test_try_color_double_close_bracket_in_text ... ok
[INFO] [stdout] test tests::test_cwritebln_to_buffer ... ok
[INFO] [stdout] test tests::test_try_color_emphasis_blink ... ok
[INFO] [stdout] test tests::test_try_color_emphasis_invisible ... ok
[INFO] [stdout] test tests::test_try_color_emphasis_italic ... ok
[INFO] [stdout] test tests::test_try_color_emphasis_bold ... ok
[INFO] [stdout] test tests::test_try_color_emphasis_dim ... ok
[INFO] [stdout] test tests::test_try_color_emphasis_double_underline ... ok
[INFO] [stdout] test tests::test_try_color_bold_and_named_color ... ok
[INFO] [stdout] test tests::test_try_color_compound_tag ... ok
[INFO] [stdout] test tests::test_try_color_emphasis_strikethrough ... ok
[INFO] [stdout] test tests::test_try_color_emphasis_reverse ... ok
[INFO] [stdout] test tests::test_try_color_emphasis_underline ... ok
[INFO] [stdout] test tests::test_try_color_escaped_bracket ... ok
[INFO] [stdout] test tests::test_try_color_empty_bracket_is_consumed ... ok
[INFO] [stdout] test tests::test_try_color_emphasis_overline ... ok
[INFO] [stdout] test tests::test_try_color_emphasis_rapid_blink ... ok
[INFO] [stdout] test tests::test_try_color_escape_double_bracket_in_text ... ok
[INFO] [stdout] test tests::test_try_color_fg_bg_same_bracket ... ok
[INFO] [stdout] test tests::test_try_color_hex_3digit ... FAILED
[INFO] [stdout] test tests::test_try_color_hex_6digit ... FAILED
[INFO] [stdout] test tests::test_try_color_hex_invalid_chars_returns_error ... ok
[INFO] [stdout] test tests::test_try_color_empty_string ... ok
[INFO] [stdout] test tests::test_try_color_emoji_preserved ... ok
[INFO] [stdout] test tests::test_try_color_hex_invalid_length_returns_error ... ok
[INFO] [stdout] test tests::test_try_color_hsl ... FAILED
[INFO] [stdout] test tests::test_try_color_hsv ... FAILED
[INFO] [stdout] test tests::test_try_color_hsl_invalid_hue_returns_error ... ok
[INFO] [stdout] test tests::test_try_color_hsl_wrong_arg_count_returns_error ... ok
[INFO] [stdout] test tests::test_try_color_hwb ... FAILED
[INFO] [stdout] test tests::test_try_color_hsl_with_spaces ... FAILED
[INFO] [stdout] test tests::test_try_color_hsv_hue_out_of_range_returns_error ... ok
[INFO] [stdout] test tests::test_try_color_invalid_arg_count_rgb ... ok
[INFO] [stdout] test tests::test_try_color_hwb_wb_too_high_returns_error ... ok
[INFO] [stdout] test tests::test_try_color_inline_reset ... ok
[INFO] [stdout] test tests::test_try_color_invalid_value_rgb ... ok
[INFO] [stdout] test tests::test_try_color_invalid_tag_returns_error ... ok
[INFO] [stdout] test tests::test_try_color_lab ... FAILED
[INFO] [stdout] test tests::test_try_color_lab_l_out_of_range_returns_error ... ok
[INFO] [stdout] test tests::test_try_color_lch ... FAILED
[INFO] [stdout] test tests::test_try_color_multiple_tags_sequentially ... ok
[INFO] [stdout] test tests::test_try_color_plain_text_no_tags ... ok
[INFO] [stdout] test tests::test_try_color_named_color ... ok
[INFO] [stdout] test tests::test_try_color_oklch ... FAILED
[INFO] [stdout] test tests::test_try_color_reset_at_start ... ok
[INFO] [stdout] test tests::test_try_color_reset_mid_string ... ok
[INFO] [stdout] test tests::test_try_color_rgb_color ... FAILED
[INFO] [stdout] test tests::test_try_color_rgb_with_spaces ... FAILED
[INFO] [stdout] test tests::test_try_color_unclosed_color_fn ... ok
[INFO] [stdout] test tests::test_try_color_unclosed_tag_returns_error ... ok
[INFO] [stdout] test tests::test_try_color_unicode_text ... ok
[INFO] [stdout] test tests::test_unansi_empty ... ok
[INFO] [stdout] test tests::test_unansi_expr_variant ... ok
[INFO] [stdout] test tests::test_unansi_named_arg ... ok
[INFO] [stdout] test tests::test_unmarkup_empty ... ok
[INFO] [stdout] test tests::test_unansi_no_ansi ... ok
[INFO] [stdout] test tests::test_unansi_only_ansi ... ok
[INFO] [stdout] test tests::test_untag_all_tag_types ... ok
[INFO] [stdout] test tests::test_untag_empty ... ok
[INFO] [stdout] test tests::test_untag_no_tags ... ok
[INFO] [stdout] test tests::test_unmarkup_implicit_capture ... ok
[INFO] [stdout] test tests::test_unmarkup_no_tags ... ok
[INFO] [stdout] test tests::test_unmarkup_invalid_markup_is_unchanged ... ok
[INFO] [stdout] test tests::test_unmarkup_only_tags ... ok
[INFO] [stdout] test tests::test_untag_already_escaped ... ok
[INFO] [stdout] test tests::test_untag_named_arg ... ok
[INFO] [stdout] test tests::test_unmarkup_removes_tags_preserves_text ... ok
[INFO] [stdout] 
[INFO] [stdout] failures:
[INFO] [stdout] 
[INFO] [stdout] ---- tests::test_try_color_ansi256_bg stdout ----
[INFO] [stdout] 
[INFO] [stdout] thread 'tests::test_try_color_ansi256_bg' (278) panicked at src/tests.rs:199:5:
[INFO] [stdout] assertion `left == right` failed
[INFO] [stdout]   left: "\u{1b}[101mred bg\u{1b}[0m"
[INFO] [stdout]  right: "\u{1b}[48;5;196mred bg\u{1b}[0m"
[INFO] [stdout] stack backtrace:
[INFO] [stdout]    0:     0x63acafb15c11 - <<std[70759c8f55707aa4]::sys::backtrace::BacktraceLock>::print::DisplayBacktrace as core[df12db4294e9bfd3]::fmt::Display>::fmt
[INFO] [stdout]    1:     0x63acafb2a6ba - core[df12db4294e9bfd3]::fmt::write
[INFO] [stdout]    2:     0x63acafb1a0ac - <alloc[2182bb758b4b3781]::vec::Vec<u8> as core[df12db4294e9bfd3]::io::write::Write>::write_fmt
[INFO] [stdout]    3:     0x63acafaf2056 - std[70759c8f55707aa4]::panicking::default_hook::{closure#0}
[INFO] [stdout]    4:     0x63acafb0e269 - std[70759c8f55707aa4]::panicking::default_hook
[INFO] [stdout]    5:     0x63acafa9fcb0 - test[9d35eded1c95d3be]::test_main_inner::<test[9d35eded1c95d3be]::test_main_static::{closure#0}>::{closure#0}
[INFO] [stdout]    6:     0x63acafb0e422 - std[70759c8f55707aa4]::panicking::panic_with_hook
[INFO] [stdout]    7:     0x63acafaf2102 - std[70759c8f55707aa4]::panicking::panic_handler::{closure#0}
[INFO] [stdout]    8:     0x63acafaeac49 - std[70759c8f55707aa4]::sys::backtrace::__rust_end_short_backtrace::<std[70759c8f55707aa4]::panicking::panic_handler::{closure#0}, !>
[INFO] [stdout]    9:     0x63acafaf2d9d - __rustc[8fa7c3cbc660c2b3]::rust_begin_unwind
[INFO] [stdout]   10:     0x63acafb2ae1c - core[df12db4294e9bfd3]::panicking::panic_fmt
[INFO] [stdout]   11:     0x63acafb2ad33 - core[df12db4294e9bfd3]::panicking::assert_failed_inner
[INFO] [stdout]   12:     0x63acafa8ef75 - core[df12db4294e9bfd3]::panicking::assert_failed::<alloc[2182bb758b4b3781]::string::String, &str>
[INFO] [stdout]   13:     0x63acafa873c9 - farben[bd2ca25c451220c9]::tests::test_try_color_ansi256_bg
[INFO] [stdout]   14:     0x63acafa92519 - <farben[bd2ca25c451220c9]::tests::test_try_color_ansi256_bg::{closure#0} as core[df12db4294e9bfd3]::ops::function::FnOnce<()>>::call_once
[INFO] [stdout]   15:     0x63acafa92f9b - test[9d35eded1c95d3be]::__rust_begin_short_backtrace::<core[df12db4294e9bfd3]::result::Result<(), alloc[2182bb758b4b3781]::string::String>, fn() -> core[df12db4294e9bfd3]::result::Result<(), alloc[2182bb758b4b3781]::string::String>>
[INFO] [stdout]   16:     0x63acafaa0605 - test[9d35eded1c95d3be]::run_test::{closure#0}
[INFO] [stdout]   17:     0x63acafa99ec4 - std[70759c8f55707aa4]::sys::backtrace::__rust_begin_short_backtrace::<test[9d35eded1c95d3be]::run_test::{closure#1}, ()>
[INFO] [stdout]   18:     0x63acafaa3762 - <std[70759c8f55707aa4]::thread::lifecycle::spawn_unchecked<test[9d35eded1c95d3be]::run_test::{closure#1}, ()>::{closure#1} as core[df12db4294e9bfd3]::ops::function::FnOnce<()>>::call_once::{shim:vtable#0}
[INFO] [stdout]   19:     0x63acafb154e9 - <std[70759c8f55707aa4]::sys::thread::unix::Thread>::new::thread_start
[INFO] [stdout]   20:     0x7ff938a06dfa - <unknown>
[INFO] [stdout]   21:     0x7ff938a9a3d4 - clone
[INFO] [stdout]   22:                0x0 - <unknown>
[INFO] [stdout] 
[INFO] [stdout] ---- tests::test_try_color_ansi256 stdout ----
[INFO] [stdout] 
[INFO] [stdout] thread 'tests::test_try_color_ansi256' (277) panicked at src/tests.rs:191:5:
[INFO] [stdout] assertion `left == right` failed
[INFO] [stdout]   left: "\u{1b}[91mred\u{1b}[0m"
[INFO] [stdout]  right: "\u{1b}[38;5;196mred\u{1b}[0m"
[INFO] [stdout] stack backtrace:
[INFO] [stdout]    0:     0x63acafb15c11 - <<std[70759c8f55707aa4]::sys::backtrace::BacktraceLock>::print::DisplayBacktrace as core[df12db4294e9bfd3]::fmt::Display>::fmt
[INFO] [stdout]    1:     0x63acafb2a6ba - core[df12db4294e9bfd3]::fmt::write
[INFO] [stdout]    2:     0x63acafb1a0ac - <alloc[2182bb758b4b3781]::vec::Vec<u8> as core[df12db4294e9bfd3]::io::write::Write>::write_fmt
[INFO] [stdout]    3:     0x63acafaf2056 - std[70759c8f55707aa4]::panicking::default_hook::{closure#0}
[INFO] [stdout]    4:     0x63acafb0e269 - std[70759c8f55707aa4]::panicking::default_hook
[INFO] [stdout]    5:     0x63acafa9fcb0 - test[9d35eded1c95d3be]::test_main_inner::<test[9d35eded1c95d3be]::test_main_static::{closure#0}>::{closure#0}
[INFO] [stdout]    6:     0x63acafb0e422 - std[70759c8f55707aa4]::panicking::panic_with_hook
[INFO] [stdout]    7:     0x63acafaf2102 - std[70759c8f55707aa4]::panicking::panic_handler::{closure#0}
[INFO] [stdout]    8:     0x63acafaeac49 - std[70759c8f55707aa4]::sys::backtrace::__rust_end_short_backtrace::<std[70759c8f55707aa4]::panicking::panic_handler::{closure#0}, !>
[INFO] [stdout]    9:     0x63acafaf2d9d - __rustc[8fa7c3cbc660c2b3]::rust_begin_unwind
[INFO] [stdout]   10:     0x63acafb2ae1c - core[df12db4294e9bfd3]::panicking::panic_fmt
[INFO] [stdout]   11:     0x63acafb2ad33 - core[df12db4294e9bfd3]::panicking::assert_failed_inner
[INFO] [stdout]   12:     0x63acafa8ef75 - core[df12db4294e9bfd3]::panicking::assert_failed::<alloc[2182bb758b4b3781]::string::String, &str>
[INFO] [stdout]   13:     0x63acafa8614c - farben[bd2ca25c451220c9]::tests::test_try_color_ansi256
[INFO] [stdout]   14:     0x63acafa923b9 - <farben[bd2ca25c451220c9]::tests::test_try_color_ansi256::{closure#0} as core[df12db4294e9bfd3]::ops::function::FnOnce<()>>::call_once
[INFO] [stdout]   15:     0x63acafa92f9b - test[9d35eded1c95d3be]::__rust_begin_short_backtrace::<core[df12db4294e9bfd3]::result::Result<(), alloc[2182bb758b4b3781]::string::String>, fn() -> core[df12db4294e9bfd3]::result::Result<(), alloc[2182bb758b4b3781]::string::String>>
[INFO] [stdout]   16:     0x63acafaa0605 - test[9d35eded1c95d3be]::run_test::{closure#0}
[INFO] [stdout]   17:     0x63acafa99ec4 - std[70759c8f55707aa4]::sys::backtrace::__rust_begin_short_backtrace::<test[9d35eded1c95d3be]::run_test::{closure#1}, ()>
[INFO] [stdout]   18:     0x63acafaa3762 - <std[70759c8f55707aa4]::thread::lifecycle::spawn_unchecked<test[9d35eded1c95d3be]::run_test::{closure#1}, ()>::{closure#1} as core[df12db4294e9bfd3]::ops::function::FnOnce<()>>::call_once::{shim:vtable#0}
[INFO] [stdout]   19:     0x63acafb154e9 - <std[70759c8f55707aa4]::sys::thread::unix::Thread>::new::thread_start
[INFO] [stdout]   20:     0x7ff938a06dfa - <unknown>
[INFO] [stdout]   21:     0x7ff938a9a3d4 - clone
[INFO] [stdout]   22:                0x0 - <unknown>
[INFO] [stdout] 
[INFO] [stdout] ---- tests::test_try_color_background_rgb stdout ----
[INFO] [stdout] 
[INFO] [stdout] thread 'tests::test_try_color_background_rgb' (282) panicked at src/tests.rs:381:5:
[INFO] [stdout] assertion `left == right` failed
[INFO] [stdout]   left: "\u{1b}[101mtext\u{1b}[0m"
[INFO] [stdout]  right: "\u{1b}[48;2;255;0;0mtext\u{1b}[0m"
[INFO] [stdout] stack backtrace:
[INFO] [stdout]    0:     0x63acafb15c11 - <<std[70759c8f55707aa4]::sys::backtrace::BacktraceLock>::print::DisplayBacktrace as core[df12db4294e9bfd3]::fmt::Display>::fmt
[INFO] [stdout]    1:     0x63acafb2a6ba - core[df12db4294e9bfd3]::fmt::write
[INFO] [stdout]    2:     0x63acafb1a0ac - <alloc[2182bb758b4b3781]::vec::Vec<u8> as core[df12db4294e9bfd3]::io::write::Write>::write_fmt
[INFO] [stdout]    3:     0x63acafaf2056 - std[70759c8f55707aa4]::panicking::default_hook::{closure#0}
[INFO] [stdout]    4:     0x63acafb0e269 - std[70759c8f55707aa4]::panicking::default_hook
[INFO] [stdout]    5:     0x63acafa9fcb0 - test[9d35eded1c95d3be]::test_main_inner::<test[9d35eded1c95d3be]::test_main_static::{closure#0}>::{closure#0}
[INFO] [stdout]    6:     0x63acafb0e422 - std[70759c8f55707aa4]::panicking::panic_with_hook
[INFO] [stdout]    7:     0x63acafaf2102 - std[70759c8f55707aa4]::panicking::panic_handler::{closure#0}
[INFO] [stdout]    8:     0x63acafaeac49 - std[70759c8f55707aa4]::sys::backtrace::__rust_end_short_backtrace::<std[70759c8f55707aa4]::panicking::panic_handler::{closure#0}, !>
[INFO] [stdout]    9:     0x63acafaf2d9d - __rustc[8fa7c3cbc660c2b3]::rust_begin_unwind
[INFO] [stdout]   10:     0x63acafb2ae1c - core[df12db4294e9bfd3]::panicking::panic_fmt
[INFO] [stdout]   11:     0x63acafb2ad33 - core[df12db4294e9bfd3]::panicking::assert_failed_inner
[INFO] [stdout]   12:     0x63acafa8ef75 - core[df12db4294e9bfd3]::panicking::assert_failed::<alloc[2182bb758b4b3781]::string::String, &str>
[INFO] [stdout]   13:     0x63acafa88819 - farben[bd2ca25c451220c9]::tests::test_try_color_background_rgb
[INFO] [stdout]   14:     0x63acafa92719 - <farben[bd2ca25c451220c9]::tests::test_try_color_background_rgb::{closure#0} as core[df12db4294e9bfd3]::ops::function::FnOnce<()>>::call_once
[INFO] [stdout]   15:     0x63acafa92f9b - test[9d35eded1c95d3be]::__rust_begin_short_backtrace::<core[df12db4294e9bfd3]::result::Result<(), alloc[2182bb758b4b3781]::string::String>, fn() -> core[df12db4294e9bfd3]::result::Result<(), alloc[2182bb758b4b3781]::string::String>>
[INFO] [stdout]   16:     0x63acafaa0605 - test[9d35eded1c95d3be]::run_test::{closure#0}
[INFO] [stdout]   17:     0x63acafa99ec4 - std[70759c8f55707aa4]::sys::backtrace::__rust_begin_short_backtrace::<test[9d35eded1c95d3be]::run_test::{closure#1}, ()>
[INFO] [stdout]   18:     0x63acafaa3762 - <std[70759c8f55707aa4]::thread::lifecycle::spawn_unchecked<test[9d35eded1c95d3be]::run_test::{closure#1}, ()>::{closure#1} as core[df12db4294e9bfd3]::ops::function::FnOnce<()>>::call_once::{shim:vtable#0}
[INFO] [stdout]   19:     0x63acafb154e9 - <std[70759c8f55707aa4]::sys::thread::unix::Thread>::new::thread_start
[INFO] [stdout]   20:     0x7ff938a06dfa - <unknown>
[INFO] [stdout]   21:     0x7ff938a9a3d4 - clone
[INFO] [stdout]   22:                0x0 - <unknown>
[INFO] [stdout] 
[INFO] [stdout] ---- tests::test_try_color_hex_3digit stdout ----
[INFO] [stdout] 
[INFO] [stdout] thread 'tests::test_try_color_hex_3digit' (303) panicked at src/tests.rs:183:5:
[INFO] [stdout] assertion `left == right` failed
[INFO] [stdout]   left: "\u{1b}[91mred\u{1b}[0m"
[INFO] [stdout]  right: "\u{1b}[38;2;255;0;0mred\u{1b}[0m"
[INFO] [stdout] stack backtrace:
[INFO] [stdout]    0:     0x63acafb15c11 - <<std[70759c8f55707aa4]::sys::backtrace::BacktraceLock>::print::DisplayBacktrace as core[df12db4294e9bfd3]::fmt::Display>::fmt
[INFO] [stdout]    1:     0x63acafb2a6ba - core[df12db4294e9bfd3]::fmt::write
[INFO] [stdout]    2:     0x63acafb1a0ac - <alloc[2182bb758b4b3781]::vec::Vec<u8> as core[df12db4294e9bfd3]::io::write::Write>::write_fmt
[INFO] [stdout]    3:     0x63acafaf2056 - std[70759c8f55707aa4]::panicking::default_hook::{closure#0}
[INFO] [stdout]    4:     0x63acafb0e269 - std[70759c8f55707aa4]::panicking::default_hook
[INFO] [stdout]    5:     0x63acafa9fcb0 - test[9d35eded1c95d3be]::test_main_inner::<test[9d35eded1c95d3be]::test_main_static::{closure#0}>::{closure#0}
[INFO] [stdout]    6:     0x63acafb0e422 - std[70759c8f55707aa4]::panicking::panic_with_hook
[INFO] [stdout]    7:     0x63acafaf2102 - std[70759c8f55707aa4]::panicking::panic_handler::{closure#0}
[INFO] [stdout]    8:     0x63acafaeac49 - std[70759c8f55707aa4]::sys::backtrace::__rust_end_short_backtrace::<std[70759c8f55707aa4]::panicking::panic_handler::{closure#0}, !>
[INFO] [stdout]    9:     0x63acafaf2d9d - __rustc[8fa7c3cbc660c2b3]::rust_begin_unwind
[INFO] [stdout]   10:     0x63acafb2ae1c - core[df12db4294e9bfd3]::panicking::panic_fmt
[INFO] [stdout]   11:     0x63acafb2ad33 - core[df12db4294e9bfd3]::panicking::assert_failed_inner
[INFO] [stdout]   12:     0x63acafa8ef75 - core[df12db4294e9bfd3]::panicking::assert_failed::<alloc[2182bb758b4b3781]::string::String, &str>
[INFO] [stdout]   13:     0x63acafa87519 - farben[bd2ca25c451220c9]::tests::test_try_color_hex_3digit
[INFO] [stdout]   14:     0x63acafa92539 - <farben[bd2ca25c451220c9]::tests::test_try_color_hex_3digit::{closure#0} as core[df12db4294e9bfd3]::ops::function::FnOnce<()>>::call_once
[INFO] [stdout]   15:     0x63acafa92f9b - test[9d35eded1c95d3be]::__rust_begin_short_backtrace::<core[df12db4294e9bfd3]::result::Result<(), alloc[2182bb758b4b3781]::string::String>, fn() -> core[df12db4294e9bfd3]::result::Result<(), alloc[2182bb758b4b3781]::string::String>>
[INFO] [stdout]   16:     0x63acafaa0605 - test[9d35eded1c95d3be]::run_test::{closure#0}
[INFO] [stdout]   17:     0x63acafa99ec4 - std[70759c8f55707aa4]::sys::backtrace::__rust_begin_short_backtrace::<test[9d35eded1c95d3be]::run_test::{closure#1}, ()>
[INFO] [stdout]   18:     0x63acafaa3762 - <std[70759c8f55707aa4]::thread::lifecycle::spawn_unchecked<test[9d35eded1c95d3be]::run_test::{closure#1}, ()>::{closure#1} as core[df12db4294e9bfd3]::ops::function::FnOnce<()>>::call_once::{shim:vtable#0}
[INFO] [stdout]   19:     0x63acafb154e9 - <std[70759c8f55707aa4]::sys::thread::unix::Thread>::new::thread_start
[INFO] [stdout]   20:     0x7ff938a06dfa - <unknown>
[INFO] [stdout]   21:     0x7ff938a9a3d4 - clone
[INFO] [stdout]   22:                0x0 - <unknown>
[INFO] [stdout] 
[INFO] [stdout] ---- tests::test_try_color_hex_6digit stdout ----
[INFO] [stdout] 
[INFO] [stdout] thread 'tests::test_try_color_hex_6digit' (304) panicked at src/tests.rs:175:5:
[INFO] [stdout] assertion `left == right` failed
[INFO] [stdout]   left: "\u{1b}[91mred\u{1b}[0m"
[INFO] [stdout]  right: "\u{1b}[38;2;255;0;0mred\u{1b}[0m"
[INFO] [stdout] stack backtrace:
[INFO] [stdout]    0:     0x63acafb15c11 - <<std[70759c8f55707aa4]::sys::backtrace::BacktraceLock>::print::DisplayBacktrace as core[df12db4294e9bfd3]::fmt::Display>::fmt
[INFO] [stdout]    1:     0x63acafb2a6ba - core[df12db4294e9bfd3]::fmt::write
[INFO] [stdout]    2:     0x63acafb1a0ac - <alloc[2182bb758b4b3781]::vec::Vec<u8> as core[df12db4294e9bfd3]::io::write::Write>::write_fmt
[INFO] [stdout]    3:     0x63acafaf2056 - std[70759c8f55707aa4]::panicking::default_hook::{closure#0}
[INFO] [stdout]    4:     0x63acafb0e269 - std[70759c8f55707aa4]::panicking::default_hook
[INFO] [stdout]    5:     0x63acafa9fcb0 - test[9d35eded1c95d3be]::test_main_inner::<test[9d35eded1c95d3be]::test_main_static::{closure#0}>::{closure#0}
[INFO] [stdout]    6:     0x63acafb0e422 - std[70759c8f55707aa4]::panicking::panic_with_hook
[INFO] [stdout]    7:     0x63acafaf2102 - std[70759c8f55707aa4]::panicking::panic_handler::{closure#0}
[INFO] [stdout]    8:     0x63acafaeac49 - std[70759c8f55707aa4]::sys::backtrace::__rust_end_short_backtrace::<std[70759c8f55707aa4]::panicking::panic_handler::{closure#0}, !>
[INFO] [stdout]    9:     0x63acafaf2d9d - __rustc[8fa7c3cbc660c2b3]::rust_begin_unwind
[INFO] [stdout]   10:     0x63acafb2ae1c - core[df12db4294e9bfd3]::panicking::panic_fmt
[INFO] [stdout]   11:     0x63acafb2ad33 - core[df12db4294e9bfd3]::panicking::assert_failed_inner
[INFO] [stdout]   12:     0x63acafa8ef75 - core[df12db4294e9bfd3]::panicking::assert_failed::<alloc[2182bb758b4b3781]::string::String, &str>
[INFO] [stdout]   13:     0x63acafa87669 - farben[bd2ca25c451220c9]::tests::test_try_color_hex_6digit
[INFO] [stdout]   14:     0x63acafa92559 - <farben[bd2ca25c451220c9]::tests::test_try_color_hex_6digit::{closure#0} as core[df12db4294e9bfd3]::ops::function::FnOnce<()>>::call_once
[INFO] [stdout]   15:     0x63acafa92f9b - test[9d35eded1c95d3be]::__rust_begin_short_backtrace::<core[df12db4294e9bfd3]::result::Result<(), alloc[2182bb758b4b3781]::string::String>, fn() -> core[df12db4294e9bfd3]::result::Result<(), alloc[2182bb758b4b3781]::string::String>>
[INFO] [stdout]   16:     0x63acafaa0605 - test[9d35eded1c95d3be]::run_test::{closure#0}
[INFO] [stdout]   17:     0x63acafa99ec4 - std[70759c8f55707aa4]::sys::backtrace::__rust_begin_short_backtrace::<test[9d35eded1c95d3be]::run_test::{closure#1}, ()>
[INFO] [stdout]   18:     0x63acafaa3762 - <std[70759c8f55707aa4]::thread::lifecycle::spawn_unchecked<test[9d35eded1c95d3be]::run_test::{closure#1}, ()>::{closure#1} as core[df12db4294e9bfd3]::ops::function::FnOnce<()>>::call_once::{shim:vtable#0}
[INFO] [stdout]   19:     0x63acafb154e9 - <std[70759c8f55707aa4]::sys::thread::unix::Thread>::new::thread_start
[INFO] [stdout]   20:     0x7ff938a06dfa - <unknown>
[INFO] [stdout]   21:     0x7ff938a9a3d4 - clone
[INFO] [stdout]   22:                0x0 - <unknown>
[INFO] [stdout] 
[INFO] [stdout] ---- tests::test_try_color_hsl stdout ----
[INFO] [stdout] 
[INFO] [stdout] thread 'tests::test_try_color_hsl' (307) panicked at src/tests.rs:119:5:
[INFO] [stdout] assertion `left == right` failed
[INFO] [stdout]   left: "\u{1b}[91mred\u{1b}[0m"
[INFO] [stdout]  right: "\u{1b}[38;2;255;0;0mred\u{1b}[0m"
[INFO] [stdout] stack backtrace:
[INFO] [stdout]    0:     0x63acafb15c11 - <<std[70759c8f55707aa4]::sys::backtrace::BacktraceLock>::print::DisplayBacktrace as core[df12db4294e9bfd3]::fmt::Display>::fmt
[INFO] [stdout]    1:     0x63acafb2a6ba - core[df12db4294e9bfd3]::fmt::write
[INFO] [stdout]    2:     0x63acafb1a0ac - <alloc[2182bb758b4b3781]::vec::Vec<u8> as core[df12db4294e9bfd3]::io::write::Write>::write_fmt
[INFO] [stdout]    3:     0x63acafaf2056 - std[70759c8f55707aa4]::panicking::default_hook::{closure#0}
[INFO] [stdout]    4:     0x63acafb0e269 - std[70759c8f55707aa4]::panicking::default_hook
[INFO] [stdout]    5:     0x63acafa9fcb0 - test[9d35eded1c95d3be]::test_main_inner::<test[9d35eded1c95d3be]::test_main_static::{closure#0}>::{closure#0}
[INFO] [stdout]    6:     0x63acafb0e422 - std[70759c8f55707aa4]::panicking::panic_with_hook
[INFO] [stdout]    7:     0x63acafaf2102 - std[70759c8f55707aa4]::panicking::panic_handler::{closure#0}
[INFO] [stdout]    8:     0x63acafaeac49 - std[70759c8f55707aa4]::sys::backtrace::__rust_end_short_backtrace::<std[70759c8f55707aa4]::panicking::panic_handler::{closure#0}, !>
[INFO] [stdout]    9:     0x63acafaf2d9d - __rustc[8fa7c3cbc660c2b3]::rust_begin_unwind
[INFO] [stdout]   10:     0x63acafb2ae1c - core[df12db4294e9bfd3]::panicking::panic_fmt
[INFO] [stdout]   11:     0x63acafb2ad33 - core[df12db4294e9bfd3]::panicking::assert_failed_inner
[INFO] [stdout]   12:     0x63acafa8ef75 - core[df12db4294e9bfd3]::panicking::assert_failed::<alloc[2182bb758b4b3781]::string::String, &str>
[INFO] [stdout]   13:     0x63acafa84109 - farben[bd2ca25c451220c9]::tests::test_try_color_hsl
[INFO] [stdout]   14:     0x63acafa920a9 - <farben[bd2ca25c451220c9]::tests::test_try_color_hsl::{closure#0} as core[df12db4294e9bfd3]::ops::function::FnOnce<()>>::call_once
[INFO] [stdout]   15:     0x63acafa92f9b - test[9d35eded1c95d3be]::__rust_begin_short_backtrace::<core[df12db4294e9bfd3]::result::Result<(), alloc[2182bb758b4b3781]::string::String>, fn() -> core[df12db4294e9bfd3]::result::Result<(), alloc[2182bb758b4b3781]::string::String>>
[INFO] [stdout]   16:     0x63acafaa0605 - test[9d35eded1c95d3be]::run_test::{closure#0}
[INFO] [stdout]   17:     0x63acafa99ec4 - std[70759c8f55707aa4]::sys::backtrace::__rust_begin_short_backtrace::<test[9d35eded1c95d3be]::run_test::{closure#1}, ()>
[INFO] [stdout]   18:     0x63acafaa3762 - <std[70759c8f55707aa4]::thread::lifecycle::spawn_unchecked<test[9d35eded1c95d3be]::run_test::{closure#1}, ()>::{closure#1} as core[df12db4294e9bfd3]::ops::function::FnOnce<()>>::call_once::{shim:vtable#0}
[INFO] [stdout]   19:     0x63acafb154e9 - <std[70759c8f55707aa4]::sys::thread::unix::Thread>::new::thread_start
[INFO] [stdout]   20:     0x7ff938a06dfa - <unknown>
[INFO] [stdout]   21:     0x7ff938a9a3d4 - clone
[INFO] [stdout]   22:                0x0 - <unknown>
[INFO] [stdout] 
[INFO] [stdout] ---- tests::test_try_color_hsv stdout ----
[INFO] [stdout] 
[INFO] [stdout] thread 'tests::test_try_color_hsv' (311) panicked at src/tests.rs:135:5:
[INFO] [stdout] assertion `left == right` failed
[INFO] [stdout]   left: "\u{1b}[91mred\u{1b}[0m"
[INFO] [stdout]  right: "\u{1b}[38;2;255;0;0mred\u{1b}[0m"
[INFO] [stdout] stack backtrace:
[INFO] [stdout]    0:     0x63acafb15c11 - <<std[70759c8f55707aa4]::sys::backtrace::BacktraceLock>::print::DisplayBacktrace as core[df12db4294e9bfd3]::fmt::Display>::fmt
[INFO] [stdout]    1:     0x63acafb2a6ba - core[df12db4294e9bfd3]::fmt::write
[INFO] [stdout]    2:     0x63acafb1a0ac - <alloc[2182bb758b4b3781]::vec::Vec<u8> as core[df12db4294e9bfd3]::io::write::Write>::write_fmt
[INFO] [stdout]    3:     0x63acafaf2056 - std[70759c8f55707aa4]::panicking::default_hook::{closure#0}
[INFO] [stdout]    4:     0x63acafb0e269 - std[70759c8f55707aa4]::panicking::default_hook
[INFO] [stdout]    5:     0x63acafa9fcb0 - test[9d35eded1c95d3be]::test_main_inner::<test[9d35eded1c95d3be]::test_main_static::{closure#0}>::{closure#0}
[INFO] [stdout]    6:     0x63acafb0e422 - std[70759c8f55707aa4]::panicking::panic_with_hook
[INFO] [stdout]    7:     0x63acafaf2102 - std[70759c8f55707aa4]::panicking::panic_handler::{closure#0}
[INFO] [stdout]    8:     0x63acafaeac49 - std[70759c8f55707aa4]::sys::backtrace::__rust_end_short_backtrace::<std[70759c8f55707aa4]::panicking::panic_handler::{closure#0}, !>
[INFO] [stdout]    9:     0x63acafaf2d9d - __rustc[8fa7c3cbc660c2b3]::rust_begin_unwind
[INFO] [stdout]   10:     0x63acafb2ae1c - core[df12db4294e9bfd3]::panicking::panic_fmt
[INFO] [stdout]   11:     0x63acafb2ad33 - core[df12db4294e9bfd3]::panicking::assert_failed_inner
[INFO] [stdout]   12:     0x63acafa8ef75 - core[df12db4294e9bfd3]::panicking::assert_failed::<alloc[2182bb758b4b3781]::string::String, &str>
[INFO] [stdout]   13:     0x63acafa84259 - farben[bd2ca25c451220c9]::tests::test_try_color_hsv
[INFO] [stdout]   14:     0x63acafa920c9 - <farben[bd2ca25c451220c9]::tests::test_try_color_hsv::{closure#0} as core[df12db4294e9bfd3]::ops::function::FnOnce<()>>::call_once
[INFO] [stdout]   15:     0x63acafa92f9b - test[9d35eded1c95d3be]::__rust_begin_short_backtrace::<core[df12db4294e9bfd3]::result::Result<(), alloc[2182bb758b4b3781]::string::String>, fn() -> core[df12db4294e9bfd3]::result::Result<(), alloc[2182bb758b4b3781]::string::String>>
[INFO] [stdout]   16:     0x63acafaa0605 - test[9d35eded1c95d3be]::run_test::{closure#0}
[INFO] [stdout]   17:     0x63acafa99ec4 - std[70759c8f55707aa4]::sys::backtrace::__rust_begin_short_backtrace::<test[9d35eded1c95d3be]::run_test::{closure#1}, ()>
[INFO] [stdout]   18:     0x63acafaa3762 - <std[70759c8f55707aa4]::thread::lifecycle::spawn_unchecked<test[9d35eded1c95d3be]::run_test::{closure#1}, ()>::{closure#1} as core[df12db4294e9bfd3]::ops::function::FnOnce<()>>::call_once::{shim:vtable#0}
[INFO] [stdout]   19:     0x63acafb154e9 - <std[70759c8f55707aa4]::sys::thread::unix::Thread>::new::thread_start
[INFO] [stdout]   20:     0x7ff938a06dfa - <unknown>
[INFO] [stdout]   21:     0x7ff938a9a3d4 - clone
[INFO] [stdout]   22:                0x0 - <unknown>
[INFO] [stdout] 
[INFO] [stdout] ---- tests::test_try_color_hwb stdout ----
[INFO] [stdout] 
[INFO] [stdout] thread 'tests::test_try_color_hwb' (313) panicked at src/tests.rs:143:5:
[INFO] [stdout] assertion `left == right` failed
[INFO] [stdout]   left: "\u{1b}[91mred\u{1b}[0m"
[INFO] [stdout]  right: "\u{1b}[38;2;255;0;0mred\u{1b}[0m"
[INFO] [stdout] stack backtrace:
[INFO] [stdout]    0:     0x63acafb15c11 - <<std[70759c8f55707aa4]::sys::backtrace::BacktraceLock>::print::DisplayBacktrace as core[df12db4294e9bfd3]::fmt::Display>::fmt
[INFO] [stdout]    1:     0x63acafb2a6ba - core[df12db4294e9bfd3]::fmt::write
[INFO] [stdout]    2:     0x63acafb1a0ac - <alloc[2182bb758b4b3781]::vec::Vec<u8> as core[df12db4294e9bfd3]::io::write::Write>::write_fmt
[INFO] [stdout]    3:     0x63acafaf2056 - std[70759c8f55707aa4]::panicking::default_hook::{closure#0}
[INFO] [stdout]    4:     0x63acafb0e269 - std[70759c8f55707aa4]::panicking::default_hook
[INFO] [stdout]    5:     0x63acafa9fcb0 - test[9d35eded1c95d3be]::test_main_inner::<test[9d35eded1c95d3be]::test_main_static::{closure#0}>::{closure#0}
[INFO] [stdout]    6:     0x63acafb0e422 - std[70759c8f55707aa4]::panicking::panic_with_hook
[INFO] [stdout]    7:     0x63acafaf2102 - std[70759c8f55707aa4]::panicking::panic_handler::{closure#0}
[INFO] [stdout]    8:     0x63acafaeac49 - std[70759c8f55707aa4]::sys::backtrace::__rust_end_short_backtrace::<std[70759c8f55707aa4]::panicking::panic_handler::{closure#0}, !>
[INFO] [stdout]    9:     0x63acafaf2d9d - __rustc[8fa7c3cbc660c2b3]::rust_begin_unwind
[INFO] [stdout]   10:     0x63acafb2ae1c - core[df12db4294e9bfd3]::panicking::panic_fmt
[INFO] [stdout]   11:     0x63acafb2ad33 - core[df12db4294e9bfd3]::panicking::assert_failed_inner
[INFO] [stdout]   12:     0x63acafa8ef75 - core[df12db4294e9bfd3]::panicking::assert_failed::<alloc[2182bb758b4b3781]::string::String, &str>
[INFO] [stdout]   13:     0x63acafa843a9 - farben[bd2ca25c451220c9]::tests::test_try_color_hwb
[INFO] [stdout]   14:     0x63acafa920e9 - <farben[bd2ca25c451220c9]::tests::test_try_color_hwb::{closure#0} as core[df12db4294e9bfd3]::ops::function::FnOnce<()>>::call_once
[INFO] [stdout]   15:     0x63acafa92f9b - test[9d35eded1c95d3be]::__rust_begin_short_backtrace::<core[df12db4294e9bfd3]::result::Result<(), alloc[2182bb758b4b3781]::string::String>, fn() -> core[df12db4294e9bfd3]::result::Result<(), alloc[2182bb758b4b3781]::string::String>>
[INFO] [stdout]   16:     0x63acafaa0605 - test[9d35eded1c95d3be]::run_test::{closure#0}
[INFO] [stdout]   17:     0x63acafa99ec4 - std[70759c8f55707aa4]::sys::backtrace::__rust_begin_short_backtrace::<test[9d35eded1c95d3be]::run_test::{closure#1}, ()>
[INFO] [stdout]   18:     0x63acafaa3762 - <std[70759c8f55707aa4]::thread::lifecycle::spawn_unchecked<test[9d35eded1c95d3be]::run_test::{closure#1}, ()>::{closure#1} as core[df12db4294e9bfd3]::ops::function::FnOnce<()>>::call_once::{shim:vtable#0}
[INFO] [stdout]   19:     0x63acafb154e9 - <std[70759c8f55707aa4]::sys::thread::unix::Thread>::new::thread_start
[INFO] [stdout]   20:     0x7ff938a06dfa - <unknown>
[INFO] [stdout]   21:     0x7ff938a9a3d4 - clone
[INFO] [stdout]   22:                0x0 - <unknown>
[INFO] [stdout] 
[INFO] [stdout] ---- tests::test_try_color_hsl_with_spaces stdout ----
[INFO] [stdout] 
[INFO] [stdout] thread 'tests::test_try_color_hsl_with_spaces' (309) panicked at src/tests.rs:127:5:
[INFO] [stdout] assertion `left == right` failed
[INFO] [stdout]   left: "\u{1b}[92mgreen\u{1b}[0m"
[INFO] [stdout]  right: "\u{1b}[38;2;0;255;0mgreen\u{1b}[0m"
[INFO] [stdout] stack backtrace:
[INFO] [stdout]    0:     0x63acafb15c11 - <<std[70759c8f55707aa4]::sys::backtrace::BacktraceLock>::print::DisplayBacktrace as core[df12db4294e9bfd3]::fmt::Display>::fmt
[INFO] [stdout]    1:     0x63acafb2a6ba - core[df12db4294e9bfd3]::fmt::write
[INFO] [stdout]    2:     0x63acafb1a0ac - <alloc[2182bb758b4b3781]::vec::Vec<u8> as core[df12db4294e9bfd3]::io::write::Write>::write_fmt
[INFO] [stdout]    3:     0x63acafaf2056 - std[70759c8f55707aa4]::panicking::default_hook::{closure#0}
[INFO] [stdout]    4:     0x63acafb0e269 - std[70759c8f55707aa4]::panicking::default_hook
[INFO] [stdout]    5:     0x63acafa9fcb0 - test[9d35eded1c95d3be]::test_main_inner::<test[9d35eded1c95d3be]::test_main_static::{closure#0}>::{closure#0}
[INFO] [stdout]    6:     0x63acafb0e422 - std[70759c8f55707aa4]::panicking::panic_with_hook
[INFO] [stdout]    7:     0x63acafaf2102 - std[70759c8f55707aa4]::panicking::panic_handler::{closure#0}
[INFO] [stdout]    8:     0x63acafaeac49 - std[70759c8f55707aa4]::sys::backtrace::__rust_end_short_backtrace::<std[70759c8f55707aa4]::panicking::panic_handler::{closure#0}, !>
[INFO] [stdout]    9:     0x63acafaf2d9d - __rustc[8fa7c3cbc660c2b3]::rust_begin_unwind
[INFO] [stdout]   10:     0x63acafb2ae1c - core[df12db4294e9bfd3]::panicking::panic_fmt
[INFO] [stdout]   11:     0x63acafb2ad33 - core[df12db4294e9bfd3]::panicking::assert_failed_inner
[INFO] [stdout]   12:     0x63acafa8ef75 - core[df12db4294e9bfd3]::panicking::assert_failed::<alloc[2182bb758b4b3781]::string::String, &str>
[INFO] [stdout]   13:     0x63acafa89109 - farben[bd2ca25c451220c9]::tests::test_try_color_hsl_with_spaces
[INFO] [stdout]   14:     0x63acafa927f9 - <farben[bd2ca25c451220c9]::tests::test_try_color_hsl_with_spaces::{closure#0} as core[df12db4294e9bfd3]::ops::function::FnOnce<()>>::call_once
[INFO] [stdout]   15:     0x63acafa92f9b - test[9d35eded1c95d3be]::__rust_begin_short_backtrace::<core[df12db4294e9bfd3]::result::Result<(), alloc[2182bb758b4b3781]::string::String>, fn() -> core[df12db4294e9bfd3]::result::Result<(), alloc[2182bb758b4b3781]::string::String>>
[INFO] [stdout]   16:     0x63acafaa0605 - test[9d35eded1c95d3be]::run_test::{closure#0}
[INFO] [stdout]   17:     0x63acafa99ec4 - std[70759c8f55707aa4]::sys::backtrace::__rust_begin_short_backtrace::<test[9d35eded1c95d3be]::run_test::{closure#1}, ()>
[INFO] [stdout]   18:     0x63acafaa3762 - <std[70759c8f55707aa4]::thread::lifecycle::spawn_unchecked<test[9d35eded1c95d3be]::run_test::{closure#1}, ()>::{closure#1} as core[df12db4294e9bfd3]::ops::function::FnOnce<()>>::call_once::{shim:vtable#0}
[INFO] [stdout]   19:     0x63acafb154e9 - <std[70759c8f55707aa4]::sys::thread::unix::Thread>::new::thread_start
[INFO] [stdout]   20:     0x7ff938a06dfa - <unknown>
[INFO] [stdout]   21:     0x7ff938a9a3d4 - clone
[INFO] [stdout]   22:                0x0 - <unknown>
[INFO] [stdout] 
[INFO] [stdout] ---- tests::test_try_color_lab stdout ----
[INFO] [stdout] 
[INFO] [stdout] thread 'tests::test_try_color_lab' (319) panicked at src/tests.rs:151:5:
[INFO] [stdout] assertion `left == right` failed
[INFO] [stdout]   left: "\u{1b}[30mblack\u{1b}[0m"
[INFO] [stdout]  right: "\u{1b}[38;2;0;0;0mblack\u{1b}[0m"
[INFO] [stdout] stack backtrace:
[INFO] [stdout]    0:     0x63acafb15c11 - <<std[70759c8f55707aa4]::sys::backtrace::BacktraceLock>::print::DisplayBacktrace as core[df12db4294e9bfd3]::fmt::Display>::fmt
[INFO] [stdout]    1:     0x63acafb2a6ba - core[df12db4294e9bfd3]::fmt::write
[INFO] [stdout]    2:     0x63acafb1a0ac - <alloc[2182bb758b4b3781]::vec::Vec<u8> as core[df12db4294e9bfd3]::io::write::Write>::write_fmt
[INFO] [stdout]    3:     0x63acafaf2056 - std[70759c8f55707aa4]::panicking::default_hook::{closure#0}
[INFO] [stdout]    4:     0x63acafb0e269 - std[70759c8f55707aa4]::panicking::default_hook
[INFO] [stdout]    5:     0x63acafa9fcb0 - test[9d35eded1c95d3be]::test_main_inner::<test[9d35eded1c95d3be]::test_main_static::{closure#0}>::{closure#0}
[INFO] [stdout]    6:     0x63acafb0e422 - std[70759c8f55707aa4]::panicking::panic_with_hook
[INFO] [stdout]    7:     0x63acafaf2102 - std[70759c8f55707aa4]::panicking::panic_handler::{closure#0}
[INFO] [stdout]    8:     0x63acafaeac49 - std[70759c8f55707aa4]::sys::backtrace::__rust_end_short_backtrace::<std[70759c8f55707aa4]::panicking::panic_handler::{closure#0}, !>
[INFO] [stdout]    9:     0x63acafaf2d9d - __rustc[8fa7c3cbc660c2b3]::rust_begin_unwind
[INFO] [stdout]   10:     0x63acafb2ae1c - core[df12db4294e9bfd3]::panicking::panic_fmt
[INFO] [stdout]   11:     0x63acafb2ad33 - core[df12db4294e9bfd3]::panicking::assert_failed_inner
[INFO] [stdout]   12:     0x63acafa8ef75 - core[df12db4294e9bfd3]::panicking::assert_failed::<alloc[2182bb758b4b3781]::string::String, &str>
[INFO] [stdout]   13:     0x63acafa844f9 - farben[bd2ca25c451220c9]::tests::test_try_color_lab
[INFO] [stdout]   14:     0x63acafa92109 - <farben[bd2ca25c451220c9]::tests::test_try_color_lab::{closure#0} as core[df12db4294e9bfd3]::ops::function::FnOnce<()>>::call_once
[INFO] [stdout]   15:     0x63acafa92f9b - test[9d35eded1c95d3be]::__rust_begin_short_backtrace::<core[df12db4294e9bfd3]::result::Result<(), alloc[2182bb758b4b3781]::string::String>, fn() -> core[df12db4294e9bfd3]::result::Result<(), alloc[2182bb758b4b3781]::string::String>>
[INFO] [stdout]   16:     0x63acafaa0605 - test[9d35eded1c95d3be]::run_test::{closure#0}
[INFO] [stdout]   17:     0x63acafa99ec4 - std[70759c8f55707aa4]::sys::backtrace::__rust_begin_short_backtrace::<test[9d35eded1c95d3be]::run_test::{closure#1}, ()>
[INFO] [stdout]   18:     0x63acafaa3762 - <std[70759c8f55707aa4]::thread::lifecycle::spawn_unchecked<test[9d35eded1c95d3be]::run_test::{closure#1}, ()>::{closure#1} as core[df12db4294e9bfd3]::ops::function::FnOnce<()>>::call_once::{shim:vtable#0}
[INFO] [stdout]   19:     0x63acafb154e9 - <std[70759c8f55707aa4]::sys::thread::unix::Thread>::new::thread_start
[INFO] [stdout]   20:     0x7ff938a06dfa - <unknown>
[INFO] [stdout]   21:     0x7ff938a9a3d4 - clone
[INFO] [stdout]   22:                0x0 - <unknown>
[INFO] [stdout] 
[INFO] [stdout] ---- tests::test_try_color_lch stdout ----
[INFO] [stdout] 
[INFO] [stdout] thread 'tests::test_try_color_lch' (321) panicked at src/tests.rs:159:5:
[INFO] [stdout] assertion `left == right` failed
[INFO] [stdout]   left: "\u{1b}[30mblack\u{1b}[0m"
[INFO] [stdout]  right: "\u{1b}[38;2;0;0;0mblack\u{1b}[0m"
[INFO] [stdout] stack backtrace:
[INFO] [stdout]    0:     0x63acafb15c11 - <<std[70759c8f55707aa4]::sys::backtrace::BacktraceLock>::print::DisplayBacktrace as core[df12db4294e9bfd3]::fmt::Display>::fmt
[INFO] [stdout]    1:     0x63acafb2a6ba - core[df12db4294e9bfd3]::fmt::write
[INFO] [stdout]    2:     0x63acafb1a0ac - <alloc[2182bb758b4b3781]::vec::Vec<u8> as core[df12db4294e9bfd3]::io::write::Write>::write_fmt
[INFO] [stdout]    3:     0x63acafaf2056 - std[70759c8f55707aa4]::panicking::default_hook::{closure#0}
[INFO] [stdout]    4:     0x63acafb0e269 - std[70759c8f55707aa4]::panicking::default_hook
[INFO] [stdout]    5:     0x63acafa9fcb0 - test[9d35eded1c95d3be]::test_main_inner::<test[9d35eded1c95d3be]::test_main_static::{closure#0}>::{closure#0}
[INFO] [stdout]    6:     0x63acafb0e422 - std[70759c8f55707aa4]::panicking::panic_with_hook
[INFO] [stdout]    7:     0x63acafaf2102 - std[70759c8f55707aa4]::panicking::panic_handler::{closure#0}
[INFO] [stdout]    8:     0x63acafaeac49 - std[70759c8f55707aa4]::sys::backtrace::__rust_end_short_backtrace::<std[70759c8f55707aa4]::panicking::panic_handler::{closure#0}, !>
[INFO] [stdout]    9:     0x63acafaf2d9d - __rustc[8fa7c3cbc660c2b3]::rust_begin_unwind
[INFO] [stdout]   10:     0x63acafb2ae1c - core[df12db4294e9bfd3]::panicking::panic_fmt
[INFO] [stdout]   11:     0x63acafb2ad33 - core[df12db4294e9bfd3]::panicking::assert_failed_inner
[INFO] [stdout]   12:     0x63acafa8ef75 - core[df12db4294e9bfd3]::panicking::assert_failed::<alloc[2182bb758b4b3781]::string::String, &str>
[INFO] [stdout]   13:     0x63acafa84649 - farben[bd2ca25c451220c9]::tests::test_try_color_lch
[INFO] [stdout]   14:     0x63acafa92129 - <farben[bd2ca25c451220c9]::tests::test_try_color_lch::{closure#0} as core[df12db4294e9bfd3]::ops::function::FnOnce<()>>::call_once
[INFO] [stdout]   15:     0x63acafa92f9b - test[9d35eded1c95d3be]::__rust_begin_short_backtrace::<core[df12db4294e9bfd3]::result::Result<(), alloc[2182bb758b4b3781]::string::String>, fn() -> core[df12db4294e9bfd3]::result::Result<(), alloc[2182bb758b4b3781]::string::String>>
[INFO] [stdout]   16:     0x63acafaa0605 - test[9d35eded1c95d3be]::run_test::{closure#0}
[INFO] [stdout]   17:     0x63acafa99ec4 - std[70759c8f55707aa4]::sys::backtrace::__rust_begin_short_backtrace::<test[9d35eded1c95d3be]::run_test::{closure#1}, ()>
[INFO] [stdout]   18:     0x63acafaa3762 - <std[70759c8f55707aa4]::thread::lifecycle::spawn_unchecked<test[9d35eded1c95d3be]::run_test::{closure#1}, ()>::{closure#1} as core[df12db4294e9bfd3]::ops::function::FnOnce<()>>::call_once::{shim:vtable#0}
[INFO] [stdout]   19:     0x63acafb154e9 - <std[70759c8f55707aa4]::sys::thread::unix::Thread>::new::thread_start
[INFO] [stdout]   20:     0x7ff938a06dfa - <unknown>
[INFO] [stdout]   21:     0x7ff938a9a3d4 - clone
[INFO] [stdout]   22:                0x0 - <unknown>
[INFO] [stdout] 
[INFO] [stdout] ---- tests::test_try_color_oklch stdout ----
[INFO] [stdout] 
[INFO] [stdout] thread 'tests::test_try_color_oklch' (324) panicked at src/tests.rs:167:5:
[INFO] [stdout] assertion `left == right` failed
[INFO] [stdout]   left: "\u{1b}[30mblack\u{1b}[0m"
[INFO] [stdout]  right: "\u{1b}[38;2;0;0;0mblack\u{1b}[0m"
[INFO] [stdout] stack backtrace:
[INFO] [stdout]    0:     0x63acafb15c11 - <<std[70759c8f55707aa4]::sys::backtrace::BacktraceLock>::print::DisplayBacktrace as core[df12db4294e9bfd3]::fmt::Display>::fmt
[INFO] [stdout]    1:     0x63acafb2a6ba - core[df12db4294e9bfd3]::fmt::write
[INFO] [stdout]    2:     0x63acafb1a0ac - <alloc[2182bb758b4b3781]::vec::Vec<u8> as core[df12db4294e9bfd3]::io::write::Write>::write_fmt
[INFO] [stdout]    3:     0x63acafaf2056 - std[70759c8f55707aa4]::panicking::default_hook::{closure#0}
[INFO] [stdout]    4:     0x63acafb0e269 - std[70759c8f55707aa4]::panicking::default_hook
[INFO] [stdout]    5:     0x63acafa9fcb0 - test[9d35eded1c95d3be]::test_main_inner::<test[9d35eded1c95d3be]::test_main_static::{closure#0}>::{closure#0}
[INFO] [stdout]    6:     0x63acafb0e422 - std[70759c8f55707aa4]::panicking::panic_with_hook
[INFO] [stdout]    7:     0x63acafaf2102 - std[70759c8f55707aa4]::panicking::panic_handler::{closure#0}
[INFO] [stdout]    8:     0x63acafaeac49 - std[70759c8f55707aa4]::sys::backtrace::__rust_end_short_backtrace::<std[70759c8f55707aa4]::panicking::panic_handler::{closure#0}, !>
[INFO] [stdout]    9:     0x63acafaf2d9d - __rustc[8fa7c3cbc660c2b3]::rust_begin_unwind
[INFO] [stdout]   10:     0x63acafb2ae1c - core[df12db4294e9bfd3]::panicking::panic_fmt
[INFO] [stdout]   11:     0x63acafb2ad33 - core[df12db4294e9bfd3]::panicking::assert_failed_inner
[INFO] [stdout]   12:     0x63acafa8ef75 - core[df12db4294e9bfd3]::panicking::assert_failed::<alloc[2182bb758b4b3781]::string::String, &str>
[INFO] [stdout]   13:     0x63acafa85029 - farben[bd2ca25c451220c9]::tests::test_try_color_oklch
[INFO] [stdout]   14:     0x63acafa92279 - <farben[bd2ca25c451220c9]::tests::test_try_color_oklch::{closure#0} as core[df12db4294e9bfd3]::ops::function::FnOnce<()>>::call_once
[INFO] [stdout]   15:     0x63acafa92f9b - test[9d35eded1c95d3be]::__rust_begin_short_backtrace::<core[df12db4294e9bfd3]::result::Result<(), alloc[2182bb758b4b3781]::string::String>, fn() -> core[df12db4294e9bfd3]::result::Result<(), alloc[2182bb758b4b3781]::string::String>>
[INFO] [stdout]   16:     0x63acafaa0605 - test[9d35eded1c95d3be]::run_test::{closure#0}
[INFO] [stdout]   17:     0x63acafa99ec4 - std[70759c8f55707aa4]::sys::backtrace::__rust_begin_short_backtrace::<test[9d35eded1c95d3be]::run_test::{closure#1}, ()>
[INFO] [stdout]   18:     0x63acafaa3762 - <std[70759c8f55707aa4]::thread::lifecycle::spawn_unchecked<test[9d35eded1c95d3be]::run_test::{closure#1}, ()>::{closure#1} as core[df12db4294e9bfd3]::ops::function::FnOnce<()>>::call_once::{shim:vtable#0}
[INFO] [stdout]   19:     0x63acafb154e9 - <std[70759c8f55707aa4]::sys::thread::unix::Thread>::new::thread_start
[INFO] [stdout]   20:     0x7ff938a06dfa - <unknown>
[INFO] [stdout]   21:     0x7ff938a9a3d4 - clone
[INFO] [stdout]   22:                0x0 - <unknown>
[INFO] [stdout] 
[INFO] [stdout] ---- tests::test_try_color_rgb_color stdout ----
[INFO] [stdout] 
[INFO] [stdout] thread 'tests::test_try_color_rgb_color' (328) panicked at src/tests.rs:83:5:
[INFO] [stdout] assertion `left == right` failed
[INFO] [stdout]   left: "\u{1b}[91mred\u{1b}[0m"
[INFO] [stdout]  right: "\u{1b}[38;2;255;0;0mred\u{1b}[0m"
[INFO] [stdout] stack backtrace:
[INFO] [stdout]    0:     0x63acafb15c11 - <<std[70759c8f55707aa4]::sys::backtrace::BacktraceLock>::print::DisplayBacktrace as core[df12db4294e9bfd3]::fmt::Display>::fmt
[INFO] [stdout]    1:     0x63acafb2a6ba - core[df12db4294e9bfd3]::fmt::write
[INFO] [stdout]    2:     0x63acafb1a0ac - <alloc[2182bb758b4b3781]::vec::Vec<u8> as core[df12db4294e9bfd3]::io::write::Write>::write_fmt
[INFO] [stdout]    3:     0x63acafaf2056 - std[70759c8f55707aa4]::panicking::default_hook::{closure#0}
[INFO] [stdout]    4:     0x63acafb0e269 - std[70759c8f55707aa4]::panicking::default_hook
[INFO] [stdout]    5:     0x63acafa9fcb0 - test[9d35eded1c95d3be]::test_main_inner::<test[9d35eded1c95d3be]::test_main_static::{closure#0}>::{closure#0}
[INFO] [stdout]    6:     0x63acafb0e422 - std[70759c8f55707aa4]::panicking::panic_with_hook
[INFO] [stdout]    7:     0x63acafaf2102 - std[70759c8f55707aa4]::panicking::panic_handler::{closure#0}
[INFO] [stdout]    8:     0x63acafaeac49 - std[70759c8f55707aa4]::sys::backtrace::__rust_end_short_backtrace::<std[70759c8f55707aa4]::panicking::panic_handler::{closure#0}, !>
[INFO] [stdout]    9:     0x63acafaf2d9d - __rustc[8fa7c3cbc660c2b3]::rust_begin_unwind
[INFO] [stdout]   10:     0x63acafb2ae1c - core[df12db4294e9bfd3]::panicking::panic_fmt
[INFO] [stdout]   11:     0x63acafb2ad33 - core[df12db4294e9bfd3]::panicking::assert_failed_inner
[INFO] [stdout]   12:     0x63acafa8ef75 - core[df12db4294e9bfd3]::panicking::assert_failed::<alloc[2182bb758b4b3781]::string::String, &str>
[INFO] [stdout]   13:     0x63acafa86f59 - farben[bd2ca25c451220c9]::tests::test_try_color_rgb_color
[INFO] [stdout]   14:     0x63acafa92499 - <farben[bd2ca25c451220c9]::tests::test_try_color_rgb_color::{closure#0} as core[df12db4294e9bfd3]::ops::function::FnOnce<()>>::call_once
[INFO] [stdout]   15:     0x63acafa92f9b - test[9d35eded1c95d3be]::__rust_begin_short_backtrace::<core[df12db4294e9bfd3]::result::Result<(), alloc[2182bb758b4b3781]::string::String>, fn() -> core[df12db4294e9bfd3]::result::Result<(), alloc[2182bb758b4b3781]::string::String>>
[INFO] [stdout]   16:     0x63acafaa0605 - test[9d35eded1c95d3be]::run_test::{closure#0}
[INFO] [stdout]   17:     0x63acafa99ec4 - std[70759c8f55707aa4]::sys::backtrace::__rust_begin_short_backtrace::<test[9d35eded1c95d3be]::run_test::{closure#1}, ()>
[INFO] [stdout]   18:     0x63acafaa3762 - <std[70759c8f55707aa4]::thread::lifecycle::spawn_unchecked<test[9d35eded1c95d3be]::run_test::{closure#1}, ()>::{closure#1} as core[df12db4294e9bfd3]::ops::function::FnOnce<()>>::call_once::{shim:vtable#0}
[INFO] [stdout]   19:     0x63acafb154e9 - <std[70759c8f55707aa4]::sys::thread::unix::Thread>::new::thread_start
[INFO] [stdout]   20:     0x7ff938a06dfa - <unknown>
[INFO] [stdout]   21:     0x7ff938a9a3d4 - clone
[INFO] [stdout]   22:                0x0 - <unknown>
[INFO] [stdout] 
[INFO] [stdout] ---- tests::test_try_color_rgb_with_spaces stdout ----
[INFO] [stdout] 
[INFO] [stdout] thread 'tests::test_try_color_rgb_with_spaces' (329) panicked at src/tests.rs:207:5:
[INFO] [stdout] assertion `left == right` failed
[INFO] [stdout]   left: "\u{1b}[92mgreen\u{1b}[0m"
[INFO] [stdout]  right: "\u{1b}[38;2;0;255;0mgreen\u{1b}[0m"
[INFO] [stdout] stack backtrace:
[INFO] [stdout]    0:     0x63acafb15c11 - <<std[70759c8f55707aa4]::sys::backtrace::BacktraceLock>::print::DisplayBacktrace as core[df12db4294e9bfd3]::fmt::Display>::fmt
[INFO] [stdout]    1:     0x63acafb2a6ba - core[df12db4294e9bfd3]::fmt::write
[INFO] [stdout]    2:     0x63acafb1a0ac - <alloc[2182bb758b4b3781]::vec::Vec<u8> as core[df12db4294e9bfd3]::io::write::Write>::write_fmt
[INFO] [stdout]    3:     0x63acafaf2056 - std[70759c8f55707aa4]::panicking::default_hook::{closure#0}
[INFO] [stdout]    4:     0x63acafb0e269 - std[70759c8f55707aa4]::panicking::default_hook
[INFO] [stdout]    5:     0x63acafa9fcb0 - test[9d35eded1c95d3be]::test_main_inner::<test[9d35eded1c95d3be]::test_main_static::{closure#0}>::{closure#0}
[INFO] [stdout]    6:     0x63acafb0e422 - std[70759c8f55707aa4]::panicking::panic_with_hook
[INFO] [stdout]    7:     0x63acafaf2102 - std[70759c8f55707aa4]::panicking::panic_handler::{closure#0}
[INFO] [stdout]    8:     0x63acafaeac49 - std[70759c8f55707aa4]::sys::backtrace::__rust_end_short_backtrace::<std[70759c8f55707aa4]::panicking::panic_handler::{closure#0}, !>
[INFO] [stdout]    9:     0x63acafaf2d9d - __rustc[8fa7c3cbc660c2b3]::rust_begin_unwind
[INFO] [stdout]   10:     0x63acafb2ae1c - core[df12db4294e9bfd3]::panicking::panic_fmt
[INFO] [stdout]   11:     0x63acafb2ad33 - core[df12db4294e9bfd3]::panicking::assert_failed_inner
[INFO] [stdout]   12:     0x63acafa8ef75 - core[df12db4294e9bfd3]::panicking::assert_failed::<alloc[2182bb758b4b3781]::string::String, &str>
[INFO] [stdout]   13:     0x63acafa89259 - farben[bd2ca25c451220c9]::tests::test_try_color_rgb_with_spaces
[INFO] [stdout]   14:     0x63acafa92819 - <farben[bd2ca25c451220c9]::tests::test_try_color_rgb_with_spaces::{closure#0} as core[df12db4294e9bfd3]::ops::function::FnOnce<()>>::call_once
[INFO] [stdout]   15:     0x63acafa92f9b - test[9d35eded1c95d3be]::__rust_begin_short_backtrace::<core[df12db4294e9bfd3]::result::Result<(), alloc[2182bb758b4b3781]::string::String>, fn() -> core[df12db4294e9bfd3]::result::Result<(), alloc[2182bb758b4b3781]::string::String>>
[INFO] [stdout]   16:     0x63acafaa0605 - test[9d35eded1c95d3be]::run_test::{closure#0}
[INFO] [stdout]   17:     0x63acafa99ec4 - std[70759c8f55707aa4]::sys::backtrace::__rust_begin_short_backtrace::<test[9d35eded1c95d3be]::run_test::{closure#1}, ()>
[INFO] [stdout]   18:     0x63acafaa3762 - <std[70759c8f55707aa4]::thread::lifecycle::spawn_unchecked<test[9d35eded1c95d3be]::run_test::{closure#1}, ()>::{closure#1} as core[df12db4294e9bfd3]::ops::function::FnOnce<()>>::call_once::{shim:vtable#0}
[INFO] [stdout]   19:     0x63acafb154e9 - <std[70759c8f55707aa4]::sys::thread::unix::Thread>::new::thread_start
[INFO] [stdout]   20:     0x7ff938a06dfa - <unknown>
[INFO] [stdout]   21:     0x7ff938a9a3d4 - clone
[INFO] [stdout]   22:                0x0 - <unknown>
[INFO] [stdout] 
[INFO] [stdout] 
[INFO] [stdout] failures:
[INFO] [stdout]     tests::test_try_color_ansi256
[INFO] [stdout]     tests::test_try_color_ansi256_bg
[INFO] [stdout]     tests::test_try_color_background_rgb
[INFO] [stdout]     tests::test_try_color_hex_3digit
[INFO] [stdout]     tests::test_try_color_hex_6digit
[INFO] [stdout]     tests::test_try_color_hsl
[INFO] [stdout]     tests::test_try_color_hsl_with_spaces
[INFO] [stdout]     tests::test_try_color_hsv
[INFO] [stdout]     tests::test_try_color_hwb
[INFO] [stdout]     tests::test_try_color_lab
[INFO] [stdout]     tests::test_try_color_lch
[INFO] [stdout]     tests::test_try_color_oklch
[INFO] [stdout]     tests::test_try_color_rgb_color
[INFO] [stdout]     tests::test_try_color_rgb_with_spaces
[INFO] [stdout] 
[INFO] [stdout] test result: FAILED. 94 passed; 14 failed; 0 ignored; 0 measured; 0 filtered out; finished in 0.05s
[INFO] [stdout] 
[INFO] [stderr] error: test failed, to rerun pass `--lib`
[INFO] running `Command { std: "docker" "inspect" "475b933bb0fb2aed041f9ea1cb70f12d3f1b60d48a815a53611c5c0c46dbc887", kill_on_drop: false }`
[INFO] running `Command { std: "docker" "rm" "-f" "475b933bb0fb2aed041f9ea1cb70f12d3f1b60d48a815a53611c5c0c46dbc887", kill_on_drop: false }`
[INFO] [stdout] 475b933bb0fb2aed041f9ea1cb70f12d3f1b60d48a815a53611c5c0c46dbc887
