[INFO] fetching crate fandhe-frontend-core 0.4.3...
[INFO] testing fandhe-frontend-core-0.4.3 against 1.99.0-beta.8+cargoflags=--release for beta-release-1.100-2
[INFO] extracting crate fandhe-frontend-core 0.4.3 into /workspace/builds/worker-2-tc1/source
[INFO] started tweaking crates.io crate fandhe-frontend-core 0.4.3
[INFO] removed 0 missing tests
[INFO] finished tweaking crates.io crate fandhe-frontend-core 0.4.3
[INFO] tweaked toml for crates.io crate fandhe-frontend-core 0.4.3 written to /workspace/builds/worker-2-tc1/source/Cargo.toml
[INFO] validating manifest of crates.io crate fandhe-frontend-core 0.4.3 on toolchain 1.99.0-beta.8
[INFO] running `Command { std: CARGO_HOME="/workspace/cargo-home" RUSTUP_HOME="/workspace/rustup-home" "/workspace/cargo-home/bin/cargo" "+1.99.0-beta.8" "metadata" "--manifest-path" "Cargo.toml" "--no-deps", kill_on_drop: false }`
[INFO] crate crates.io crate fandhe-frontend-core 0.4.3 already has a lockfile, it will not be regenerated
[INFO] running `Command { std: CARGO_HOME="/workspace/cargo-home" RUSTUP_HOME="/workspace/rustup-home" "/workspace/cargo-home/bin/cargo" "+1.99.0-beta.8" "fetch" "--manifest-path" "Cargo.toml", kill_on_drop: false }`
[INFO] running `Command { std: "docker" "create" "-v" "/var/lib/crater-agent-workspace/builds/worker-2-tc1/source:/opt/rustwide/workdir:ro,Z" "-v" "/var/lib/crater-agent-workspace/builds/worker-2-tc1/target:/opt/rustwide/target:rw,Z" "-v" "/var/lib/crater-agent-workspace/cargo-home:/opt/rustwide/cargo-home:ro,Z" "-v" "/var/lib/crater-agent-workspace/rustup-home:/opt/rustwide/rustup-home:ro,Z" "-m" "1610612736" "--network" "none" "ghcr.io/rust-lang/crates-build-env/linux@sha256:77db811e55d90add9212f6832c23229e3de5f1c1f9905e8cb07319ea15df73ac" "sleep" "infinity", kill_on_drop: false }`
[INFO] [stdout] 4ba0cba378895971ec25460e5aa06f5529e29baf4e039344949077f316254da9
[INFO] running `Command { std: "docker" "start" "4ba0cba378895971ec25460e5aa06f5529e29baf4e039344949077f316254da9", kill_on_drop: false }`
[INFO] running `Command { std: "docker" "inspect" "4ba0cba378895971ec25460e5aa06f5529e29baf4e039344949077f316254da9", kill_on_drop: false }`
[INFO] running `Command { std: "docker" "exec" "-e" "SOURCE_DIR=/opt/rustwide/workdir" "-e" "CARGO_HOME=/opt/rustwide/cargo-home" "-e" "RUSTUP_HOME=/opt/rustwide/rustup-home" "-e" "CARGO_TARGET_DIR=/opt/rustwide/target" "-w" "/opt/rustwide/workdir" "--user" "0:0" "4ba0cba378895971ec25460e5aa06f5529e29baf4e039344949077f316254da9" "/opt/rustwide/cargo-home/bin/cargo" "+1.99.0-beta.8" "metadata" "--no-deps" "--format-version=1", kill_on_drop: false }`
[INFO] running `Command { std: "docker" "inspect" "4ba0cba378895971ec25460e5aa06f5529e29baf4e039344949077f316254da9", kill_on_drop: false }`
[INFO] running `Command { std: "docker" "exec" "-e" "SOURCE_DIR=/opt/rustwide/workdir" "-e" "CARGO_HOME=/opt/rustwide/cargo-home" "-e" "RUSTUP_HOME=/opt/rustwide/rustup-home" "-e" "CARGO_TARGET_DIR=/opt/rustwide/target" "-e" "CARGO_INCREMENTAL=0" "-e" "RUST_BACKTRACE=full" "-e" "RUSTFLAGS=--cap-lints=warn" "-e" "RUSTDOCFLAGS=--cap-lints=warn" "-w" "/opt/rustwide/workdir" "--user" "0:0" "4ba0cba378895971ec25460e5aa06f5529e29baf4e039344949077f316254da9" "/opt/rustwide/cargo-home/bin/cargo" "+1.99.0-beta.8" "build" "--frozen" "--message-format=json" "--release", kill_on_drop: false }`
[INFO] [stderr]    Compiling fandhe-frontend-core v0.4.3 (/opt/rustwide/workdir)
[INFO] [stderr]     Finished `release` profile [optimized] target(s) in 1.30s
[INFO] running `Command { std: "docker" "inspect" "4ba0cba378895971ec25460e5aa06f5529e29baf4e039344949077f316254da9", kill_on_drop: false }`
[INFO] running `Command { std: "docker" "exec" "-e" "SOURCE_DIR=/opt/rustwide/workdir" "-e" "CARGO_HOME=/opt/rustwide/cargo-home" "-e" "RUSTUP_HOME=/opt/rustwide/rustup-home" "-e" "CARGO_TARGET_DIR=/opt/rustwide/target" "-e" "CARGO_INCREMENTAL=0" "-e" "RUST_BACKTRACE=full" "-e" "RUSTFLAGS=--cap-lints=warn" "-e" "RUSTDOCFLAGS=--cap-lints=warn" "-w" "/opt/rustwide/workdir" "--user" "0:0" "4ba0cba378895971ec25460e5aa06f5529e29baf4e039344949077f316254da9" "/opt/rustwide/cargo-home/bin/cargo" "+1.99.0-beta.8" "test" "--frozen" "--no-run" "--message-format=json" "--release", kill_on_drop: false }`
[INFO] [stderr]    Compiling fandhe-frontend-core v0.4.3 (/opt/rustwide/workdir)
[INFO] [stderr]     Finished `release` profile [optimized] target(s) in 5.28s
[INFO] running `Command { std: "docker" "inspect" "4ba0cba378895971ec25460e5aa06f5529e29baf4e039344949077f316254da9", kill_on_drop: false }`
[INFO] running `Command { std: "docker" "exec" "-e" "SOURCE_DIR=/opt/rustwide/workdir" "-e" "CARGO_HOME=/opt/rustwide/cargo-home" "-e" "RUSTUP_HOME=/opt/rustwide/rustup-home" "-e" "CARGO_TARGET_DIR=/opt/rustwide/target" "-e" "CARGO_INCREMENTAL=0" "-e" "RUST_BACKTRACE=full" "-e" "RUSTFLAGS=--cap-lints=warn" "-e" "RUSTDOCFLAGS=--cap-lints=warn" "-w" "/opt/rustwide/workdir" "--user" "0:0" "4ba0cba378895971ec25460e5aa06f5529e29baf4e039344949077f316254da9" "/opt/rustwide/cargo-home/bin/cargo" "+1.99.0-beta.8" "test" "--frozen" "--release", kill_on_drop: false }`
[INFO] [stderr]     Finished `release` profile [optimized] target(s) in 0.02s
[INFO] [stderr]      Running unittests src/lib.rs (/opt/rustwide/target/release/deps/fandhe_frontend_core-190176ea77410de8)
[INFO] [stdout] 
[INFO] [stdout] running 181 tests
[INFO] [stdout] test bind::tests::bind_text_render_is_deterministic ... ok
[INFO] [stdout] test bind::tests::bind_attr_tokens_joins_multiple_bindings_with_space ... ok
[INFO] [stdout] test bind::tests::bind_class_token_formats_single_binding ... ok
[INFO] [stdout] test bind::tests::bind_text_marker_attr_is_appended_after_caller_attrs ... ok
[INFO] [stdout] test bind::tests::bind_text_without_attrs_renders_marker_only ... ok
[INFO] [stdout] test bind::tests::bind_text_replaces_existing_bind_text_marker_in_attrs ... ok
[INFO] [stdout] test bind::tests::bind_attr_token_formats_single_binding ... ok
[INFO] [stdout] test bind::tests::bind_text_ssr_output_is_byte_exact ... ok
[INFO] [stdout] test bind::tests::bind_class_tokens_joins_multiple_bindings_with_space ... ok
[INFO] [stdout] test bind::tests::bind_text_marker_attr_passes_attr_name_whitelist ... ok
[INFO] [stdout] test escape::tests::does_not_double_escape_generated_entities ... ok
[INFO] [stdout] test escape::tests::re_escapes_already_escaped_input ... ok
[INFO] [stdout] test fx_hash::tests::str_map_rejects_different_keys_that_collide_on_primary_hash ... ok
[INFO] [stdout] test fx_hash::tests::str_map_same_key_reuses_normal_semantics_even_under_forced_collision ... ok
[INFO] [stdout] test json_ld::tests::empty_input_renders_empty_script_element ... ok
[INFO] [stdout] test escape::tests::escapes_special_characters_at_string_boundaries ... ok
[INFO] [stdout] test escape::tests::escapes_consecutive_special_characters ... ok
[INFO] [stdout] test escape::tests::returns_input_unchanged_when_no_escaping_needed ... ok
[INFO] [stdout] test escape::tests::escape_html_into_appends_to_existing_buffer ... ok
[INFO] [stdout] test json_ld::tests::invalid_json_input_still_produces_html_inert_output ... ok
[INFO] [stdout] test fx_hash::tests::str_set_rejects_different_keys_that_collide_on_primary_hash ... ok
[INFO] [stdout] test escape::tests::escapes_all_five_targets_in_mixed_payload ... ok
[INFO] [stdout] test json_ld::tests::neutralizes_ampersand ... ok
[INFO] [stdout] test fx_hash::tests::map_basic_operations ... ok
[INFO] [stdout] test escape::tests::passes_through_control_characters_unchanged ... ok
[INFO] [stdout] test escape::tests::escapes_special_characters_adjacent_to_multibyte ... ok
[INFO] [stdout] test escape::tests::escapes_each_target_character_to_its_specified_entity ... ok
[INFO] [stdout] test json_ld::tests::neutralizes_script_breakout_attempt ... ok
[INFO] [stdout] test json_ld::tests::preserves_json_syntax_characters_untouched ... ok
[INFO] [stdout] test escape::tests::matches_reference_char_indices_implementation ... ok
[INFO] [stdout] test json_ld::tests::neutralizes_line_terminators ... ok
[INFO] [stdout] test json_ld::tests::neutralizes_html_comment_injection_attempt ... ok
[INFO] [stdout] test escape::tests::neutralizes_script_tag_xss_payload ... ok
[INFO] [stdout] test escape::tests::passes_through_non_ascii_characters_unchanged ... ok
[INFO] [stdout] test fx_hash::tests::str_set_same_key_reuses_normal_semantics_even_under_forced_collision ... ok
[INFO] [stdout] test keyed::template::tests::different_static_attr_value_is_none ... ok
[INFO] [stdout] test keyed::template::tests::empty_items_is_none ... ok
[INFO] [stdout] test keyed::template::tests::flat_multiple_text_isomorphic ... ok
[INFO] [stdout] test keyed::template::tests::one_non_isomorphic_item_at_start_is_none ... ok
[INFO] [stdout] test json_ld::tests::renders_expected_script_element_without_mangling_quotes ... ok
[INFO] [stdout] test keyed::template::tests::different_children_count_is_none ... ok
[INFO] [stdout] test keyed::template::tests::attrs_with_static_class_match ... ok
[INFO] [stdout] test keyed::template::tests::different_tag_is_none ... ok
[INFO] [stdout] test keyed::template::tests::consecutive_text_children ... ok
[INFO] [stdout] test keyed::template::tests::one_non_isomorphic_item_at_end_is_none ... ok
[INFO] [stdout] test keyed::template::tests::non_root_key_attr_value_mismatch_is_none ... ok
[INFO] [stdout] test keyed::template::tests::raw_html_only_one_side_is_none ... ok
[INFO] [stdout] test keyed::template::tests::raw_html_single_item_is_none ... ok
[INFO] [stdout] test keyed::template::tests::single_item_is_trivially_isomorphic ... ok
[INFO] [stdout] test keyed::template::tests::raw_html_mixed_is_none ... ok
[INFO] [stdout] test keyed::template::tests::zero_children_element ... ok
[INFO] [stdout] test keyed::tests::diff_keyed_items_builds_no_hash_tables_when_fully_unchanged ... ok
[INFO] [stdout] test keyed::template::tests::text_element_swap_is_none ... ok
[INFO] [stdout] test keyed::template::tests::property_structural_mutation_breaks_isomorphism ... ok
[INFO] [stdout] test keyed::template::tests::property_text_replacement_preserves_isomorphism ... ok
[INFO] [stdout] test keyed::template::tests::different_attr_order_is_none ... ok
[INFO] [stdout] test keyed::tests::diff_keyed_items_canonical_example_from_design_doc ... ok
[INFO] [stdout] test keyed::template::tests::one_non_isomorphic_item_in_middle_is_none ... ok
[INFO] [stdout] test keyed::template::tests::property_round_trip_write_back_matches_original ... ok
[INFO] [stdout] test keyed::template::tests::non_element_root_is_none ... ok
[INFO] [stdout] test keyed::tests::diff_keyed_items_compares_last_old_occurrence_for_update_detection ... ok
[INFO] [stdout] test keyed::template::tests::different_attr_name_is_none ... ok
[INFO] [stdout] test keyed::tests::diff_keyed_items_detects_content_only_change_as_single_update ... ok
[INFO] [stdout] test keyed::template::tests::nested_two_levels ... ok
[INFO] [stdout] test keyed::tests::diff_keyed_items_detects_update_within_trimmed_prefix_and_suffix ... ok
[INFO] [stdout] test keyed::tests::diff_keyed_items_does_not_emit_update_for_move_only_change ... ok
[INFO] [stdout] test keyed::template::tests::property_derivation_is_deterministic ... ok
[INFO] [stdout] test keyed::template::tests::paths_resolve_to_text_and_match_text_count ... ok
[INFO] [stdout] test keyed::template::tests::void_element_mixed ... ok
[INFO] [stdout] test keyed::template::tests::root_key_attr_value_may_differ ... ok
[INFO] [stdout] test keyed::tests::diff_keyed_items_does_not_panic_on_duplicate_keys_in_old ... ok
[INFO] [stdout] test keyed::tests::diff_keys_detects_adjacent_swap_as_single_move ... ok
[INFO] [stdout] test keyed::tests::diff_keyed_items_emits_update_for_content_change_when_keys_unchanged ... ok
[INFO] [stdout] test keyed::tests::diff_keyed_items_does_not_emit_update_for_newly_inserted_key ... ok
[INFO] [stdout] test keyed::tests::diff_keys_detects_insertion_from_empty ... ok
[INFO] [stdout] test keyed::tests::diff_keys_detects_move_from_tail_to_head ... ok
[INFO] [stdout] test keyed::tests::diff_keyed_items_does_not_panic_on_duplicate_keys_in_new ... ok
[INFO] [stdout] test keyed::tests::diff_keys_detects_prepend_at_head ... ok
[INFO] [stdout] test keyed::tests::diff_keys_and_diff_keyed_items_agree_when_content_is_unchanged ... ok
[INFO] [stdout] test keyed::tests::diff_keys_detects_middle_removal ... ok
[INFO] [stdout] test keyed::tests::diff_keys_does_not_panic_on_duplicate_keys_in_new ... ok
[INFO] [stdout] test keyed::tests::diff_keys_does_not_panic_on_duplicate_keys_in_old ... ok
[INFO] [stdout] test keyed::tests::diff_keys_duplicate_confined_to_skip_region_still_falls_back_to_slow_path ... ok
[INFO] [stdout] test keyed::tests::diff_keys_duplicate_new_key_does_not_emit_insert_for_second_occurrence ... ok
[INFO] [stdout] test keyed::tests::diff_keys_duplicate_new_key_from_empty_old_normalizes_index ... ok
[INFO] [stdout] test keyed::tests::diff_keys_duplicate_new_key_normalizes_index_of_later_inserts ... ok
[INFO] [stdout] test keyed::tests::diff_keys_append_one_to_n_rows_emits_exactly_one_insert ... ok
[INFO] [stdout] test keyed::tests::diff_keys_duplicate_old_key_is_fully_removed_after_applying_ops ... ok
[INFO] [stdout] test keyed::tests::diff_keys_builds_hash_tables_when_keys_are_shuffled ... ok
[INFO] [stdout] test keyed::tests::diff_keys_builds_no_hash_tables_when_keys_unchanged ... ok
[INFO] [stdout] test keyed::tests::diff_keys_detects_append_at_tail ... ok
[INFO] [stdout] test keyed::tests::diff_keys_detects_removal_to_empty ... ok
[INFO] [stdout] test keyed::tests::diff_keys_deterministic_shuffle_emits_only_moves_within_n_minus_one ... ok
[INFO] [stdout] test keyed::tests::diff_keys_duplicate_new_key_from_empty_old_inserts_only_once ... ok
[INFO] [stdout] test keyed::tests::diff_keyed_items_handles_mixed_remove_insert_move_and_update ... ok
[INFO] [stdout] test keyed::tests::diff_keys_full_match_with_duplicate_keys_still_self_repairs ... ok
[INFO] [stdout] test keyed::tests::diff_keys_handles_mixed_remove_insert_move ... ok
[INFO] [stdout] test keyed::tests::diff_keyed_items_emits_no_ops_when_fully_unchanged ... ok
[INFO] [stdout] test keyed::tests::diff_keyed_items_emits_updates_in_new_items_order_without_move ... ok
[INFO] [stdout] test keyed::tests::diff_keys_from_empty_to_n_rows_emits_exactly_n_inserts_in_order ... ok
[INFO] [stdout] test keyed::tests::diff_keys_fast_path_matches_slow_path_reference_for_shuffled_pairs ... ok
[INFO] [stdout] test keyed::tests::diff_keys_trim_bounds_clamp_at_shorter_length ... ok
[INFO] [stdout] test keyed::tests::diff_keys_full_reverse_emits_only_moves_within_n_minus_one ... ok
[INFO] [stdout] test keyed::tests::diff_keys_keeps_last_old_occurrence_of_duplicate_key ... ok
[INFO] [stdout] test keyed::tests::diff_keys_multiple_duplicate_old_keys_are_fully_removed_after_applying_ops ... ok
[INFO] [stdout] test keyed::tests::diff_keys_prepend_one_to_n_rows_emits_exactly_one_insert ... ok
[INFO] [stdout] test keyed::tests::diff_keys_rejects_key_bytes_exceeded ... ok
[INFO] [stdout] test keyed::tests::diff_keys_item_count_at_the_limit_is_accepted ... ok
[INFO] [stdout] test keyed::tests::diff_keys_returns_empty_ops_when_unchanged ... ok
[INFO] [stdout] test keyed::tests::diff_keys_trims_shared_prefix_and_suffix_around_middle_change ... ok
[INFO] [stdout] test keyed::tests::diff_keys_rejects_too_many_new_keys ... ok
[INFO] [stdout] test keyed::tests::diff_keys_rejects_too_many_old_keys ... ok
[INFO] [stdout] test keyed::tests::diff_keys_trims_removal_at_tail ... ok
[INFO] [stdout] test keyed::tests::empty_key_is_rejected ... ok
[INFO] [stdout] test keyed::tests::diff_keys_trims_removal_at_head ... ok
[INFO] [stdout] test keyed::tests::diff_keys_trims_shared_ends_around_middle_move ... ok
[INFO] [stdout] test keyed::tests::duplicate_error_precedence_is_stable_across_mixed_violations ... ok
[INFO] [stdout] test keyed::tests::keyed_list_output_is_deterministic ... ok
[INFO] [stdout] test keyed::tests::non_element_item_is_rejected ... ok
[INFO] [stdout] test keyed::tests::nested_keyed_list_is_allowed ... ok
[INFO] [stdout] test keyed::tests::diff_keyed_items_rejects_too_many_new_items ... ok
[INFO] [stdout] test keyed::tests::keyed_list_with_empty_items_renders_parent_only ... ok
[INFO] [stdout] test keyed::tests::existing_node_construction_output_is_unaffected ... ok
[INFO] [stdout] test keyed::tests::keyed_list_renders_expected_byte_output ... ok
[INFO] [stdout] test keyed::tests::key_bytes_exceeded_is_rejected ... ok
[INFO] [stdout] test keyed::tests::reserved_attr_on_item_is_rejected ... ok
[INFO] [stdout] test keyed::tests::key_bytes_exceeded_takes_precedence_over_empty_key ... ok
[INFO] [stdout] test keyed::tests::reserved_attr_on_parent_is_rejected_case_insensitively ... ok
[INFO] [stdout] test keyed::tests::duplicate_key_is_rejected ... ok
[INFO] [stdout] test tags::tests::tag_shortcut_output_matches_direct_el_call ... ok
[INFO] [stdout] test tags::tests::tag_shortcuts_render_expected_tag_names ... ok
[INFO] [stdout] test keyed::tests::reserved_attr_on_item_is_rejected_case_insensitively ... ok
[INFO] [stdout] test tags::tests::tag_shortcuts_escape_text_and_attrs_by_default ... ok
[INFO] [stdout] test keyed::tests::reserved_attr_on_parent_is_rejected ... ok
[INFO] [stdout] test tags::tests::void_element_shortcuts_self_terminate ... ok
[INFO] [stdout] test keyed::tests::item_count_at_the_limit_is_accepted ... ok
[INFO] [stdout] test tests::attr_if_composes_into_el_owned_attrs_via_flatten ... ok
[INFO] [stdout] test tags::tests::extended_tag_shortcuts_escape_text_and_attrs_by_default ... ok
[INFO] [stdout] test tags::tests::extended_tag_shortcuts_render_expected_tag_names ... ok
[INFO] [stdout] test tags::tests::tag_shortcut_combined_with_raw_html_keeps_opt_in_boundary ... ok
[INFO] [stdout] test tests::all_void_elements_self_terminate_without_closing_tag ... ok
[INFO] [stdout] test keyed::tests::too_many_items_takes_precedence_over_empty_key ... ok
[INFO] [stdout] test keyed::tests::too_many_items_is_rejected ... ok
[INFO] [stdout] test tests::attr_if_false_branch_yields_none ... ok
[INFO] [stdout] test keyed::tests::poc5_style_dynamic_list_is_expressible_as_keyed_list ... ok
[INFO] [stdout] test tests::attribute_value_escapes_all_five_target_characters ... ok
[INFO] [stdout] test tests::attr_if_value_false_branch_yields_none ... ok
[INFO] [stdout] test tests::attribute_values_are_escaped ... ok
[INFO] [stdout] test tests::deeply_nested_tree_renders_without_panic ... ok
[INFO] [stdout] test tests::attr_if_true_branch_yields_bool_attribute ... ok
[INFO] [stdout] test keyed::tests::diff_keyed_items_rejects_too_many_old_items ... ok
[INFO] [stdout] test tests::el_owned_invalid_attribute_name_is_skipped_without_panic ... ok
[INFO] [stdout] test tests::el_owned_output_matches_el_with_same_content ... ok
[INFO] [stdout] test tests::invalid_attribute_name_is_skipped_without_panic ... ok
[INFO] [stdout] test tests::el_owned_attribute_values_are_escaped ... ok
[INFO] [stdout] test tests::empty_element_renders_open_and_close_tags ... ok
[INFO] [stdout] test tests::invalid_tag_name_is_skipped_without_panic ... ok
[INFO] [stdout] test tests::nested_element_tree_renders_expected_structure ... ok
[INFO] [stdout] test tests::attr_if_value_true_branch_yields_given_value ... ok
[INFO] [stdout] test tests::empty_attr_name_is_skipped_without_panic ... ok
[INFO] [stdout] test tests::non_void_elements_still_render_closing_tag ... ok
[INFO] [stdout] test tests::raw_html_node_is_not_escaped_when_opted_in ... ok
[INFO] [stdout] test tests::render_text_node_directly ... ok
[INFO] [stdout] test tests::render_output_is_correct_even_when_escaping_exceeds_capacity_estimate ... ok
[INFO] [stdout] test tests::tag_name_validation_boundaries ... ok
[INFO] [stdout] test tests::text_node_is_escaped_by_default ... ok
[INFO] [stdout] test tests::valid_custom_element_tag_name_renders_normally ... ok
[INFO] [stdout] test tests::void_element_children_including_raw_html_are_dropped ... ok
[INFO] [stdout] test url::tests::dangerous_schemes_are_rejected ... ok
[INFO] [stdout] test url::tests::event_handler_attr_detection ... ok
[INFO] [stdout] test url::tests::relative_url_with_colon_in_path_is_safe ... ok
[INFO] [stdout] test url::tests::relative_urls_are_safe ... ok
[INFO] [stdout] test tests::large_keyed_list_render_is_deterministic ... ok
[INFO] [stdout] test tests::text_and_raw_html_siblings_render_independently ... ok
[INFO] [stdout] test tests::uppercase_tag_name_is_rendered_as_is ... ok
[INFO] [stdout] test tests::valid_attr_names_with_hyphen_underscore_colon_are_rendered ... ok
[INFO] [stdout] test url::tests::allowed_schemes_are_safe ... ok
[INFO] [stdout] test url::tests::control_char_and_whitespace_disguised_schemes_are_rejected ... ok
[INFO] [stdout] test url::tests::url_attr_matching_is_case_insensitive ... ok
[INFO] [stdout] test keyed::tests::diff_keys_exhaustive_small_alphabet_sweep ... ok
[INFO] [stdout] test keyed::tests::diff_keyed_items_exhaustive_small_alphabet_sweep ... ok
[INFO] [stderr]      Running tests/hydration_targets.rs (/opt/rustwide/target/release/deps/hydration_targets-86453ea20de904be)
[INFO] [stdout] 
[INFO] [stdout] test result: ok. 181 passed; 0 failed; 0 ignored; 0 measured; 0 filtered out; finished in 0.46s
[INFO] [stdout] 
[INFO] [stdout] 
[INFO] [stdout] running 6 tests
[INFO] [stdout] test find_attr_values_ignores_text_and_raw_html_nodes ... ok
[INFO] [stdout] test find_attr_values_lists_duplicate_attributes_in_occurrence_order ... ok
[INFO] [stdout] test find_attr_values_collects_nested_descendants_in_order ... ok
[INFO] [stdout] test find_nav_targets_is_a_data_nav_shortcut_of_find_attr_values ... ok
[INFO] [stdout] test find_attr_values_finds_attr_on_root_element_itself ... ok
[INFO] [stdout] test find_attr_values_returns_empty_when_attribute_absent ... ok
[INFO] [stderr]      Running tests/no_branching_across_modes.rs (/opt/rustwide/target/release/deps/no_branching_across_modes-93b5c86e40a5d301)
[INFO] [stdout] 
[INFO] [stdout] test result: ok. 6 passed; 0 failed; 0 ignored; 0 measured; 0 filtered out; finished in 0.01s
[INFO] [stdout] 
[INFO] [stdout] 
[INFO] [stdout] running 4 tests
[INFO] [stdout] test app_component_logic_has_no_mode_branching_cfg ... FAILED
[INFO] [stdout] test embed_template_entry_point_uses_shared_mount_csr ... FAILED
[INFO] [stderr] error: test failed, to rerun pass `--test no_branching_across_modes`
[INFO] [stdout] test call_sites_do_not_bypass_default_escaping_via_raw_html ... FAILED
[INFO] [stdout] test both_call_sites_reference_shared_app_functions_without_redefining ... FAILED
[INFO] [stdout] 
[INFO] [stdout] failures:
[INFO] [stdout] 
[INFO] [stdout] ---- app_component_logic_has_no_mode_branching_cfg stdout ----
[INFO] [stdout] 
[INFO] [stdout] thread 'app_component_logic_has_no_mode_branching_cfg' (528) panicked at tests/no_branching_across_modes.rs:232:5:
[INFO] [stdout] app/src/ 配下に .rs ファイルが見つからない: "/opt/crates/app/src"
[INFO] [stdout] stack backtrace:
[INFO] [stdout]    0:     0x5730cf64ceb1 - <<std[70759c8f55707aa4]::sys::backtrace::BacktraceLock>::print::DisplayBacktrace as core[df12db4294e9bfd3]::fmt::Display>::fmt
[INFO] [stdout]    1:     0x5730cf6614da - core[df12db4294e9bfd3]::fmt::write
[INFO] [stdout]    2:     0x5730cf65161c - <alloc[2182bb758b4b3781]::vec::Vec<u8> as core[df12db4294e9bfd3]::io::write::Write>::write_fmt
[INFO] [stdout]    3:     0x5730cf6289a6 - std[70759c8f55707aa4]::panicking::default_hook::{closure#0}
[INFO] [stdout]    4:     0x5730cf644f19 - std[70759c8f55707aa4]::panicking::default_hook
[INFO] [stdout]    5:     0x5730cf5e0950 - test[9d35eded1c95d3be]::test_main_inner::<test[9d35eded1c95d3be]::test_main_static::{closure#0}>::{closure#0}
[INFO] [stdout]    6:     0x5730cf6450d2 - std[70759c8f55707aa4]::panicking::panic_with_hook
[INFO] [stdout]    7:     0x5730cf628a52 - std[70759c8f55707aa4]::panicking::panic_handler::{closure#0}
[INFO] [stdout]    8:     0x5730cf6215a9 - std[70759c8f55707aa4]::sys::backtrace::__rust_end_short_backtrace::<std[70759c8f55707aa4]::panicking::panic_handler::{closure#0}, !>
[INFO] [stdout]    9:     0x5730cf62964d - __rustc[8fa7c3cbc660c2b3]::rust_begin_unwind
[INFO] [stdout]   10:     0x5730cf661c0c - core[df12db4294e9bfd3]::panicking::panic_fmt
[INFO] [stdout]   11:     0x5730cf5d2a9c - <no_branching_across_modes[6069a117353ad511]::app_component_logic_has_no_mode_branching_cfg::{closure#0} as core[df12db4294e9bfd3]::ops::function::FnOnce<()>>::call_once
[INFO] [stdout]   12:     0x5730cf5d3c3b - test[9d35eded1c95d3be]::__rust_begin_short_backtrace::<core[df12db4294e9bfd3]::result::Result<(), alloc[2182bb758b4b3781]::string::String>, fn() -> core[df12db4294e9bfd3]::result::Result<(), alloc[2182bb758b4b3781]::string::String>>
[INFO] [stdout]   13:     0x5730cf5e12a5 - test[9d35eded1c95d3be]::run_test::{closure#0}
[INFO] [stdout]   14:     0x5730cf5dab64 - std[70759c8f55707aa4]::sys::backtrace::__rust_begin_short_backtrace::<test[9d35eded1c95d3be]::run_test::{closure#1}, ()>
[INFO] [stdout]   15:     0x5730cf5e4402 - <std[70759c8f55707aa4]::thread::lifecycle::spawn_unchecked<test[9d35eded1c95d3be]::run_test::{closure#1}, ()>::{closure#1} as core[df12db4294e9bfd3]::ops::function::FnOnce<()>>::call_once::{shim:vtable#0}
[INFO] [stdout]   16:     0x5730cf64c419 - <std[70759c8f55707aa4]::sys::thread::unix::Thread>::new::thread_start
[INFO] [stdout]   17:     0x7f038f32edfa - <unknown>
[INFO] [stdout]   18:     0x7f038f3c23d4 - clone
[INFO] [stdout]   19:                0x0 - <unknown>
[INFO] [stdout] 
[INFO] [stdout] ---- embed_template_entry_point_uses_shared_mount_csr stdout ----
[INFO] [stdout] 
[INFO] [stdout] thread 'embed_template_entry_point_uses_shared_mount_csr' (531) panicked at tests/no_branching_across_modes.rs:352:29:
[INFO] [stdout] "/opt/templates/embed/embed.html" の読み取りに失敗した: No such file or directory (os error 2)
[INFO] [stdout] stack backtrace:
[INFO] [stdout]    0:     0x5730cf64ceb1 - <<std[70759c8f55707aa4]::sys::backtrace::BacktraceLock>::print::DisplayBacktrace as core[df12db4294e9bfd3]::fmt::Display>::fmt
[INFO] [stdout]    1:     0x5730cf6614da - core[df12db4294e9bfd3]::fmt::write
[INFO] [stdout]    2:     0x5730cf65161c - <alloc[2182bb758b4b3781]::vec::Vec<u8> as core[df12db4294e9bfd3]::io::write::Write>::write_fmt
[INFO] [stdout]    3:     0x5730cf6289a6 - std[70759c8f55707aa4]::panicking::default_hook::{closure#0}
[INFO] [stdout]    4:     0x5730cf644f19 - std[70759c8f55707aa4]::panicking::default_hook
[INFO] [stdout]    5:     0x5730cf5e0950 - test[9d35eded1c95d3be]::test_main_inner::<test[9d35eded1c95d3be]::test_main_static::{closure#0}>::{closure#0}
[INFO] [stdout]    6:     0x5730cf6450d2 - std[70759c8f55707aa4]::panicking::panic_with_hook
[INFO] [stdout]    7:     0x5730cf628a52 - std[70759c8f55707aa4]::panicking::panic_handler::{closure#0}
[INFO] [stdout]    8:     0x5730cf6215a9 - std[70759c8f55707aa4]::sys::backtrace::__rust_end_short_backtrace::<std[70759c8f55707aa4]::panicking::panic_handler::{closure#0}, !>
[INFO] [stdout]    9:     0x5730cf62964d - __rustc[8fa7c3cbc660c2b3]::rust_begin_unwind
[INFO] [stdout]   10:     0x5730cf661c0c - core[df12db4294e9bfd3]::panicking::panic_fmt
[INFO] [stdout]   11:     0x5730cf5d084a - no_branching_across_modes[6069a117353ad511]::embed_template_entry_point_uses_shared_mount_csr::{closure#0}
[INFO] [stdout]   12:     0x5730cf5d30d6 - <no_branching_across_modes[6069a117353ad511]::embed_template_entry_point_uses_shared_mount_csr::{closure#0} as core[df12db4294e9bfd3]::ops::function::FnOnce<()>>::call_once
[INFO] [stdout]   13:     0x5730cf5d3c3b - test[9d35eded1c95d3be]::__rust_begin_short_backtrace::<core[df12db4294e9bfd3]::result::Result<(), alloc[2182bb758b4b3781]::string::String>, fn() -> core[df12db4294e9bfd3]::result::Result<(), alloc[2182bb758b4b3781]::string::String>>
[INFO] [stdout]   14:     0x5730cf5e12a5 - test[9d35eded1c95d3be]::run_test::{closure#0}
[INFO] [stdout]   15:     0x5730cf5dab64 - std[70759c8f55707aa4]::sys::backtrace::__rust_begin_short_backtrace::<test[9d35eded1c95d3be]::run_test::{closure#1}, ()>
[INFO] [stdout]   16:     0x5730cf5e4402 - <std[70759c8f55707aa4]::thread::lifecycle::spawn_unchecked<test[9d35eded1c95d3be]::run_test::{closure#1}, ()>::{closure#1} as core[df12db4294e9bfd3]::ops::function::FnOnce<()>>::call_once::{shim:vtable#0}
[INFO] [stdout]   17:     0x5730cf64c419 - <std[70759c8f55707aa4]::sys::thread::unix::Thread>::new::thread_start
[INFO] [stdout]   18:     0x7f038f32edfa - <unknown>
[INFO] [stdout]   19:     0x7f038f3c23d4 - clone
[INFO] [stdout]   20:                0x0 - <unknown>
[INFO] [stdout] 
[INFO] [stdout] ---- call_sites_do_not_bypass_default_escaping_via_raw_html stdout ----
[INFO] [stdout] 
[INFO] [stdout] thread 'call_sites_do_not_bypass_default_escaping_via_raw_html' (530) panicked at tests/no_branching_across_modes.rs:125:53:
[INFO] [stdout] "/opt/crates/server/src/ssr.rs" の読み取りに失敗した: No such file or directory (os error 2)
[INFO] [stdout] stack backtrace:
[INFO] [stdout]    0:     0x5730cf64ceb1 - <<std[70759c8f55707aa4]::sys::backtrace::BacktraceLock>::print::DisplayBacktrace as core[df12db4294e9bfd3]::fmt::Display>::fmt
[INFO] [stdout]    1:     0x5730cf6614da - core[df12db4294e9bfd3]::fmt::write
[INFO] [stdout]    2:     0x5730cf65161c - <alloc[2182bb758b4b3781]::vec::Vec<u8> as core[df12db4294e9bfd3]::io::write::Write>::write_fmt
[INFO] [stdout]    3:     0x5730cf6289a6 - std[70759c8f55707aa4]::panicking::default_hook::{closure#0}
[INFO] [stdout]    4:     0x5730cf644f19 - std[70759c8f55707aa4]::panicking::default_hook
[INFO] [stdout]    5:     0x5730cf5e0950 - test[9d35eded1c95d3be]::test_main_inner::<test[9d35eded1c95d3be]::test_main_static::{closure#0}>::{closure#0}
[INFO] [stdout]    6:     0x5730cf6450d2 - std[70759c8f55707aa4]::panicking::panic_with_hook
[INFO] [stdout]    7:     0x5730cf628a52 - std[70759c8f55707aa4]::panicking::panic_handler::{closure#0}
[INFO] [stdout]    8:     0x5730cf6215a9 - std[70759c8f55707aa4]::sys::backtrace::__rust_end_short_backtrace::<std[70759c8f55707aa4]::panicking::panic_handler::{closure#0}, !>
[INFO] [stdout]    9:     0x5730cf62964d - __rustc[8fa7c3cbc660c2b3]::rust_begin_unwind
[INFO] [stdout]   10:     0x5730cf661c0c - core[df12db4294e9bfd3]::panicking::panic_fmt
[INFO] [stdout]   11:     0x5730cf5d07ba - no_branching_across_modes[6069a117353ad511]::read_stripped::{closure#0}
[INFO] [stdout]   12:     0x5730cf5d0ebc - no_branching_across_modes[6069a117353ad511]::read_stripped
[INFO] [stdout]   13:     0x5730cf5d3246 - <no_branching_across_modes[6069a117353ad511]::call_sites_do_not_bypass_default_escaping_via_raw_html::{closure#0} as core[df12db4294e9bfd3]::ops::function::FnOnce<()>>::call_once
[INFO] [stdout]   14:     0x5730cf5d3c3b - test[9d35eded1c95d3be]::__rust_begin_short_backtrace::<core[df12db4294e9bfd3]::result::Result<(), alloc[2182bb758b4b3781]::string::String>, fn() -> core[df12db4294e9bfd3]::result::Result<(), alloc[2182bb758b4b3781]::string::String>>
[INFO] [stdout]   15:     0x5730cf5e12a5 - test[9d35eded1c95d3be]::run_test::{closure#0}
[INFO] [stdout]   16:     0x5730cf5dab64 - std[70759c8f55707aa4]::sys::backtrace::__rust_begin_short_backtrace::<test[9d35eded1c95d3be]::run_test::{closure#1}, ()>
[INFO] [stdout]   17:     0x5730cf5e4402 - <std[70759c8f55707aa4]::thread::lifecycle::spawn_unchecked<test[9d35eded1c95d3be]::run_test::{closure#1}, ()>::{closure#1} as core[df12db4294e9bfd3]::ops::function::FnOnce<()>>::call_once::{shim:vtable#0}
[INFO] [stdout]   18:     0x5730cf64c419 - <std[70759c8f55707aa4]::sys::thread::unix::Thread>::new::thread_start
[INFO] [stdout]   19:     0x7f038f32edfa - <unknown>
[INFO] [stdout]   20:     0x7f038f3c23d4 - clone
[INFO] [stdout]   21:                0x0 - <unknown>
[INFO] [stdout] 
[INFO] [stdout] ---- both_call_sites_reference_shared_app_functions_without_redefining stdout ----
[INFO] [stdout] 
[INFO] [stdout] thread 'both_call_sites_reference_shared_app_functions_without_redefining' (529) panicked at tests/no_branching_across_modes.rs:125:53:
[INFO] [stdout] "/opt/crates/server/src/ssr.rs" の読み取りに失敗した: No such file or directory (os error 2)
[INFO] [stdout] stack backtrace:
[INFO] [stdout]    0:     0x5730cf64ceb1 - <<std[70759c8f55707aa4]::sys::backtrace::BacktraceLock>::print::DisplayBacktrace as core[df12db4294e9bfd3]::fmt::Display>::fmt
[INFO] [stdout]    1:     0x5730cf6614da - core[df12db4294e9bfd3]::fmt::write
[INFO] [stdout]    2:     0x5730cf65161c - <alloc[2182bb758b4b3781]::vec::Vec<u8> as core[df12db4294e9bfd3]::io::write::Write>::write_fmt
[INFO] [stdout]    3:     0x5730cf6289a6 - std[70759c8f55707aa4]::panicking::default_hook::{closure#0}
[INFO] [stdout]    4:     0x5730cf644f19 - std[70759c8f55707aa4]::panicking::default_hook
[INFO] [stdout]    5:     0x5730cf5e0950 - test[9d35eded1c95d3be]::test_main_inner::<test[9d35eded1c95d3be]::test_main_static::{closure#0}>::{closure#0}
[INFO] [stdout]    6:     0x5730cf6450d2 - std[70759c8f55707aa4]::panicking::panic_with_hook
[INFO] [stdout]    7:     0x5730cf628a52 - std[70759c8f55707aa4]::panicking::panic_handler::{closure#0}
[INFO] [stdout]    8:     0x5730cf6215a9 - std[70759c8f55707aa4]::sys::backtrace::__rust_end_short_backtrace::<std[70759c8f55707aa4]::panicking::panic_handler::{closure#0}, !>
[INFO] [stdout]    9:     0x5730cf62964d - __rustc[8fa7c3cbc660c2b3]::rust_begin_unwind
[INFO] [stdout]   10:     0x5730cf661c0c - core[df12db4294e9bfd3]::panicking::panic_fmt
[INFO] [stdout]   11:     0x5730cf5d07ba - no_branching_across_modes[6069a117353ad511]::read_stripped::{closure#0}
[INFO] [stdout]   12:     0x5730cf5d0ebc - no_branching_across_modes[6069a117353ad511]::read_stripped
[INFO] [stdout]   13:     0x5730cf5d3552 - <no_branching_across_modes[6069a117353ad511]::both_call_sites_reference_shared_app_functions_without_redefining::{closure#0} as core[df12db4294e9bfd3]::ops::function::FnOnce<()>>::call_once
[INFO] [stdout]   14:     0x5730cf5d3c3b - test[9d35eded1c95d3be]::__rust_begin_short_backtrace::<core[df12db4294e9bfd3]::result::Result<(), alloc[2182bb758b4b3781]::string::String>, fn() -> core[df12db4294e9bfd3]::result::Result<(), alloc[2182bb758b4b3781]::string::String>>
[INFO] [stdout]   15:     0x5730cf5e12a5 - test[9d35eded1c95d3be]::run_test::{closure#0}
[INFO] [stdout]   16:     0x5730cf5dab64 - std[70759c8f55707aa4]::sys::backtrace::__rust_begin_short_backtrace::<test[9d35eded1c95d3be]::run_test::{closure#1}, ()>
[INFO] [stdout]   17:     0x5730cf5e4402 - <std[70759c8f55707aa4]::thread::lifecycle::spawn_unchecked<test[9d35eded1c95d3be]::run_test::{closure#1}, ()>::{closure#1} as core[df12db4294e9bfd3]::ops::function::FnOnce<()>>::call_once::{shim:vtable#0}
[INFO] [stdout]   18:     0x5730cf64c419 - <std[70759c8f55707aa4]::sys::thread::unix::Thread>::new::thread_start
[INFO] [stdout]   19:     0x7f038f32edfa - <unknown>
[INFO] [stdout]   20:     0x7f038f3c23d4 - clone
[INFO] [stdout]   21:                0x0 - <unknown>
[INFO] [stdout] 
[INFO] [stdout] 
[INFO] [stdout] failures:
[INFO] [stdout]     app_component_logic_has_no_mode_branching_cfg
[INFO] [stdout]     both_call_sites_reference_shared_app_functions_without_redefining
[INFO] [stdout]     call_sites_do_not_bypass_default_escaping_via_raw_html
[INFO] [stdout]     embed_template_entry_point_uses_shared_mount_csr
[INFO] [stdout] 
[INFO] [stdout] test result: FAILED. 0 passed; 4 failed; 0 ignored; 0 measured; 0 filtered out; finished in 0.00s
[INFO] [stdout] 
[INFO] running `Command { std: "docker" "inspect" "4ba0cba378895971ec25460e5aa06f5529e29baf4e039344949077f316254da9", kill_on_drop: false }`
[INFO] running `Command { std: "docker" "rm" "-f" "4ba0cba378895971ec25460e5aa06f5529e29baf4e039344949077f316254da9", kill_on_drop: false }`
[INFO] [stdout] 4ba0cba378895971ec25460e5aa06f5529e29baf4e039344949077f316254da9
