[INFO] fetching crate falsegreen-ui-evidence 0.1.0...
[INFO] testing falsegreen-ui-evidence-0.1.0 against 1.99.0-beta.8+cargoflags=--release for beta-release-1.100-2
[INFO] extracting crate falsegreen-ui-evidence 0.1.0 into /workspace/builds/worker-2-tc1/source
[INFO] started tweaking crates.io crate falsegreen-ui-evidence 0.1.0
[INFO] finished tweaking crates.io crate falsegreen-ui-evidence 0.1.0
[INFO] tweaked toml for crates.io crate falsegreen-ui-evidence 0.1.0 written to /workspace/builds/worker-2-tc1/source/Cargo.toml
[INFO] validating manifest of crates.io crate falsegreen-ui-evidence 0.1.0 on toolchain 1.99.0-beta.8
[INFO] running `Command { std: CARGO_HOME="/workspace/cargo-home" RUSTUP_HOME="/workspace/rustup-home" "/workspace/cargo-home/bin/cargo" "+1.99.0-beta.8" "metadata" "--manifest-path" "Cargo.toml" "--no-deps", kill_on_drop: false }`
[INFO] crate crates.io crate falsegreen-ui-evidence 0.1.0 already has a lockfile, it will not be regenerated
[INFO] running `Command { std: CARGO_HOME="/workspace/cargo-home" RUSTUP_HOME="/workspace/rustup-home" "/workspace/cargo-home/bin/cargo" "+1.99.0-beta.8" "fetch" "--manifest-path" "Cargo.toml", kill_on_drop: false }`
[INFO] [stderr]     Updating crates.io index
[INFO] [stderr]  Downloading crates ...
[INFO] [stderr]   Downloaded crc32fast v1.5.1
[INFO] [stderr]   Downloaded falsegreen-ui-layout v0.1.0
[INFO] [stderr]   Downloaded falsegreen-ui-core v0.1.0
[INFO] [stderr]   Downloaded wasm-bindgen-futures v0.4.78
[INFO] [stderr]   Downloaded subsecond-types v0.7.10
[INFO] [stderr]   Downloaded dioxus-stores-macro v0.7.10
[INFO] [stderr]   Downloaded dioxus-config-macros v0.7.10
[INFO] [stderr]   Downloaded memfd v0.6.6
[INFO] [stderr]   Downloaded dioxus-core-types v0.7.10
[INFO] [stderr]   Downloaded dioxus-html-internal-macro v0.7.10
[INFO] [stderr]   Downloaded lazy-js-bundle v0.7.10
[INFO] [stderr]   Downloaded falsegreen-ui-harness v0.1.0
[INFO] [stderr]   Downloaded subsecond v0.7.10
[INFO] [stderr]   Downloaded dioxus-stores v0.7.10
[INFO] [stderr]   Downloaded generational-box v0.7.10
[INFO] [stderr]   Downloaded dioxus-hooks v0.7.10
[INFO] [stderr]   Downloaded dioxus-core-macro v0.7.10
[INFO] [stderr]   Downloaded falsegreen-ui-dioxus v0.1.0
[INFO] [stderr]   Downloaded dioxus-rsx v0.7.10
[INFO] [stderr]   Downloaded zlib-rs v0.6.7
[INFO] [stderr]   Downloaded dioxus-signals v0.7.10
[INFO] [stderr]   Downloaded dioxus v0.7.10
[INFO] [stderr]   Downloaded dioxus-html v0.7.10
[INFO] [stderr]   Downloaded dioxus-core v0.7.10
[INFO] [stderr]   Downloaded falsegreen-ui-render v0.1.0
[INFO] [stderr]   Downloaded web-sys v0.3.105
[INFO] running `Command { std: "docker" "create" "-v" "/var/lib/crater-agent-workspace/builds/worker-2-tc1/source:/opt/rustwide/workdir:ro,Z" "-v" "/var/lib/crater-agent-workspace/builds/worker-2-tc1/target:/opt/rustwide/target:rw,Z" "-v" "/var/lib/crater-agent-workspace/cargo-home:/opt/rustwide/cargo-home:ro,Z" "-v" "/var/lib/crater-agent-workspace/rustup-home:/opt/rustwide/rustup-home:ro,Z" "-m" "1610612736" "--network" "none" "ghcr.io/rust-lang/crates-build-env/linux@sha256:77db811e55d90add9212f6832c23229e3de5f1c1f9905e8cb07319ea15df73ac" "sleep" "infinity", kill_on_drop: false }`
[INFO] [stdout] 79cdbff45c7264a084559430e47a17ccbf2a3c97a994572541cbd56d67bf1890
[INFO] running `Command { std: "docker" "start" "79cdbff45c7264a084559430e47a17ccbf2a3c97a994572541cbd56d67bf1890", kill_on_drop: false }`
[INFO] running `Command { std: "docker" "inspect" "79cdbff45c7264a084559430e47a17ccbf2a3c97a994572541cbd56d67bf1890", kill_on_drop: false }`
[INFO] running `Command { std: "docker" "exec" "-e" "SOURCE_DIR=/opt/rustwide/workdir" "-e" "CARGO_HOME=/opt/rustwide/cargo-home" "-e" "RUSTUP_HOME=/opt/rustwide/rustup-home" "-e" "CARGO_TARGET_DIR=/opt/rustwide/target" "-w" "/opt/rustwide/workdir" "--user" "0:0" "79cdbff45c7264a084559430e47a17ccbf2a3c97a994572541cbd56d67bf1890" "/opt/rustwide/cargo-home/bin/cargo" "+1.99.0-beta.8" "metadata" "--no-deps" "--format-version=1", kill_on_drop: false }`
[INFO] running `Command { std: "docker" "inspect" "79cdbff45c7264a084559430e47a17ccbf2a3c97a994572541cbd56d67bf1890", kill_on_drop: false }`
[INFO] running `Command { std: "docker" "exec" "-e" "SOURCE_DIR=/opt/rustwide/workdir" "-e" "CARGO_HOME=/opt/rustwide/cargo-home" "-e" "RUSTUP_HOME=/opt/rustwide/rustup-home" "-e" "CARGO_TARGET_DIR=/opt/rustwide/target" "-e" "CARGO_INCREMENTAL=0" "-e" "RUST_BACKTRACE=full" "-e" "RUSTFLAGS=--cap-lints=warn" "-e" "RUSTDOCFLAGS=--cap-lints=warn" "-w" "/opt/rustwide/workdir" "--user" "0:0" "79cdbff45c7264a084559430e47a17ccbf2a3c97a994572541cbd56d67bf1890" "/opt/rustwide/cargo-home/bin/cargo" "+1.99.0-beta.8" "build" "--frozen" "--message-format=json" "--release", kill_on_drop: false }`
[INFO] [stderr]    Compiling proc-macro2 v1.0.107
[INFO] [stderr]    Compiling smallvec v1.16.1
[INFO] [stderr]    Compiling slotmap v1.1.1
[INFO] [stderr]    Compiling konst_macro_rules v0.2.19
[INFO] [stderr]    Compiling futures-core v0.3.34
[INFO] [stderr]    Compiling libloading v0.8.9
[INFO] [stderr]    Compiling futures-task v0.3.34
[INFO] [stderr]    Compiling memmap2 v0.9.11
[INFO] [stderr]    Compiling convert_case v0.8.0
[INFO] [stderr]    Compiling proc-macro2-diagnostics v0.10.1
[INFO] [stderr]    Compiling dioxus-core-types v0.7.10
[INFO] [stderr]    Compiling longest-increasing-subsequence v0.1.0
[INFO] [stderr]    Compiling rustc-hash v2.1.3
[INFO] [stderr]    Compiling bitflags v2.13.1
[INFO] [stderr]    Compiling serde_json v1.0.145
[INFO] [stderr]    Compiling simd-adler32 v0.3.10
[INFO] [stderr]    Compiling crc32fast v1.5.1
[INFO] [stderr]    Compiling futures-channel v0.3.34
[INFO] [stderr]    Compiling euclid v0.22.14
[INFO] [stderr]    Compiling miniz_oxide v0.9.1
[INFO] [stderr]    Compiling miniz_oxide v0.8.9
[INFO] [stderr]    Compiling fdeflate v0.3.7
[INFO] [stderr]    Compiling dioxus-config-macros v0.7.10
[INFO] [stderr]    Compiling futures-util v0.3.34
[INFO] [stderr]    Compiling keyboard-types v0.7.0
[INFO] [stderr]    Compiling konst v0.2.20
[INFO] [stderr]    Compiling parking_lot_core v0.9.12
[INFO] [stderr]    Compiling parking_lot v0.12.5
[INFO] [stderr]    Compiling flate2 v1.1.10
[INFO] [stderr]    Compiling quote v1.0.47
[INFO] [stderr]    Compiling png v0.18.1
[INFO] [stderr]    Compiling syn v2.0.119
[INFO] [stderr]    Compiling syn v3.0.4
[INFO] [stderr]    Compiling const_format_proc_macros v0.2.34
[INFO] [stderr]    Compiling const_format v0.2.36
[INFO] [stderr]    Compiling async-trait v0.1.92
[INFO] [stderr]    Compiling darling_core v0.21.3
[INFO] [stderr]    Compiling dioxus-rsx v0.7.10
[INFO] [stderr]    Compiling serde_derive v1.0.228
[INFO] [stderr]    Compiling thiserror-impl v2.0.18
[INFO] [stderr]    Compiling tracing-attributes v0.1.31
[INFO] [stderr]    Compiling pin-project-internal v1.1.13
[INFO] [stderr]    Compiling warnings-macro v0.2.0
[INFO] [stderr]    Compiling dioxus-stores-macro v0.7.10
[INFO] [stderr]    Compiling dioxus-html-internal-macro v0.7.10
[INFO] [stderr]    Compiling dioxus-core-macro v0.7.10
[INFO] [stderr]    Compiling tracing v0.1.44
[INFO] [stderr]    Compiling pin-project v1.1.13
[INFO] [stderr]    Compiling thiserror v2.0.18
[INFO] [stderr]    Compiling generational-box v0.7.10
[INFO] [stderr]    Compiling warnings v0.2.1
[INFO] [stderr]    Compiling darling_macro v0.21.3
[INFO] [stderr]    Compiling darling v0.21.3
[INFO] [stderr]    Compiling enumset_derive v0.15.0
[INFO] [stderr]    Compiling serde v1.0.228
[INFO] [stderr]    Compiling subsecond-types v0.7.10
[INFO] [stderr]    Compiling falsegreen-ui-core v0.1.0
[INFO] [stderr]    Compiling subsecond v0.7.10
[INFO] [stderr]    Compiling enumset v1.1.14
[INFO] [stderr]    Compiling dioxus-core v0.7.10
[INFO] [stderr]    Compiling falsegreen-ui-render v0.1.0
[INFO] [stderr]    Compiling falsegreen-ui-layout v0.1.0
[INFO] [stderr]    Compiling dioxus-signals v0.7.10
[INFO] [stderr]    Compiling dioxus-hooks v0.7.10
[INFO] [stderr]    Compiling dioxus-stores v0.7.10
[INFO] [stderr]    Compiling dioxus-html v0.7.10
[INFO] [stderr]    Compiling dioxus v0.7.10
[INFO] [stderr]    Compiling falsegreen-ui-dioxus v0.1.0
[INFO] [stderr]    Compiling falsegreen-ui-harness v0.1.0
[INFO] [stderr]    Compiling falsegreen-ui-evidence v0.1.0 (/opt/rustwide/workdir)
[INFO] [stderr]     Finished `release` profile [optimized] target(s) in 52.35s
[INFO] running `Command { std: "docker" "inspect" "79cdbff45c7264a084559430e47a17ccbf2a3c97a994572541cbd56d67bf1890", kill_on_drop: false }`
[INFO] running `Command { std: "docker" "exec" "-e" "SOURCE_DIR=/opt/rustwide/workdir" "-e" "CARGO_HOME=/opt/rustwide/cargo-home" "-e" "RUSTUP_HOME=/opt/rustwide/rustup-home" "-e" "CARGO_TARGET_DIR=/opt/rustwide/target" "-e" "CARGO_INCREMENTAL=0" "-e" "RUST_BACKTRACE=full" "-e" "RUSTFLAGS=--cap-lints=warn" "-e" "RUSTDOCFLAGS=--cap-lints=warn" "-w" "/opt/rustwide/workdir" "--user" "0:0" "79cdbff45c7264a084559430e47a17ccbf2a3c97a994572541cbd56d67bf1890" "/opt/rustwide/cargo-home/bin/cargo" "+1.99.0-beta.8" "test" "--frozen" "--no-run" "--message-format=json" "--release", kill_on_drop: false }`
[INFO] [stderr]    Compiling falsegreen-ui-evidence v0.1.0 (/opt/rustwide/workdir)
[INFO] [stderr]     Finished `release` profile [optimized] target(s) in 10.33s
[INFO] running `Command { std: "docker" "inspect" "79cdbff45c7264a084559430e47a17ccbf2a3c97a994572541cbd56d67bf1890", kill_on_drop: false }`
[INFO] running `Command { std: "docker" "exec" "-e" "SOURCE_DIR=/opt/rustwide/workdir" "-e" "CARGO_HOME=/opt/rustwide/cargo-home" "-e" "RUSTUP_HOME=/opt/rustwide/rustup-home" "-e" "CARGO_TARGET_DIR=/opt/rustwide/target" "-e" "CARGO_INCREMENTAL=0" "-e" "RUST_BACKTRACE=full" "-e" "RUSTFLAGS=--cap-lints=warn" "-e" "RUSTDOCFLAGS=--cap-lints=warn" "-w" "/opt/rustwide/workdir" "--user" "0:0" "79cdbff45c7264a084559430e47a17ccbf2a3c97a994572541cbd56d67bf1890" "/opt/rustwide/cargo-home/bin/cargo" "+1.99.0-beta.8" "test" "--frozen" "--release", kill_on_drop: false }`
[INFO] [stderr]     Finished `release` profile [optimized] target(s) in 0.17s
[INFO] [stderr]      Running unittests src/lib.rs (/opt/rustwide/target/release/deps/falsegreen_ui_evidence-96b903260dcd8a2f)
[INFO] [stdout] 
[INFO] [stdout] running 5 tests
[INFO] [stdout] test tests::changed_font_fails_on_the_actual_generation_path ... ok
[INFO] [stdout] test tests::corrected_passes_and_all_behavior_defects_fail ... FAILED
[INFO] [stdout] test tests::visible_and_action_payloads_are_independent_typed_domains ... FAILED
[INFO] [stdout] test tests::canonical_bundle_is_exact_and_cross_checked ... FAILED
[INFO] [stdout] test tests::five_line_pseudo_lock_is_rejected_by_real_cargo_resolution ... ok
[INFO] [stdout] 
[INFO] [stdout] failures:
[INFO] [stdout] 
[INFO] [stdout] ---- tests::corrected_passes_and_all_behavior_defects_fail stdout ----
[INFO] [stdout] 
[INFO] [stdout] thread 'tests::corrected_passes_and_all_behavior_defects_fail' (1451) panicked at src/lib.rs:1142:91:
[INFO] [stdout] called `Result::unwrap()` on an `Err` value: Os { code: 2, kind: NotFound, message: "No such file or directory" }
[INFO] [stdout] stack backtrace:
[INFO] [stdout]    0:     0x5c9f388c7a31 - <<std[70759c8f55707aa4]::sys::backtrace::BacktraceLock>::print::DisplayBacktrace as core[df12db4294e9bfd3]::fmt::Display>::fmt
[INFO] [stdout]    1:     0x5c9f388dfc8a - core[df12db4294e9bfd3]::fmt::write
[INFO] [stdout]    2:     0x5c9f388cc6bc - <alloc[2182bb758b4b3781]::vec::Vec<u8> as core[df12db4294e9bfd3]::io::write::Write>::write_fmt
[INFO] [stdout]    3:     0x5c9f388a15b6 - std[70759c8f55707aa4]::panicking::default_hook::{closure#0}
[INFO] [stdout]    4:     0x5c9f388befe9 - std[70759c8f55707aa4]::panicking::default_hook
[INFO] [stdout]    5:     0x5c9f387ca780 - test[9d35eded1c95d3be]::test_main_inner::<test[9d35eded1c95d3be]::test_main_static::{closure#0}>::{closure#0}
[INFO] [stdout]    6:     0x5c9f388bf1a2 - std[70759c8f55707aa4]::panicking::panic_with_hook
[INFO] [stdout]    7:     0x5c9f388a1662 - std[70759c8f55707aa4]::panicking::panic_handler::{closure#0}
[INFO] [stdout]    8:     0x5c9f38899b09 - std[70759c8f55707aa4]::sys::backtrace::__rust_end_short_backtrace::<std[70759c8f55707aa4]::panicking::panic_handler::{closure#0}, !>
[INFO] [stdout]    9:     0x5c9f388a236d - __rustc[8fa7c3cbc660c2b3]::rust_begin_unwind
[INFO] [stdout]   10:     0x5c9f388e03ec - core[df12db4294e9bfd3]::panicking::panic_fmt
[INFO] [stdout]   11:     0x5c9f388e01c2 - core[df12db4294e9bfd3]::result::unwrap_failed
[INFO] [stdout]   12:     0x5c9f387a8f5d - falsegreen_ui_evidence[68a32e8a768a62d0]::tests::evidence
[INFO] [stdout]   13:     0x5c9f387a9544 - falsegreen_ui_evidence[68a32e8a768a62d0]::tests::corrected_passes_and_all_behavior_defects_fail
[INFO] [stdout]   14:     0x5c9f38781449 - <falsegreen_ui_evidence[68a32e8a768a62d0]::tests::corrected_passes_and_all_behavior_defects_fail::{closure#0} as core[df12db4294e9bfd3]::ops::function::FnOnce<()>>::call_once
[INFO] [stdout]   15:     0x5c9f387bda6b - test[9d35eded1c95d3be]::__rust_begin_short_backtrace::<core[df12db4294e9bfd3]::result::Result<(), alloc[2182bb758b4b3781]::string::String>, fn() -> core[df12db4294e9bfd3]::result::Result<(), alloc[2182bb758b4b3781]::string::String>>
[INFO] [stdout]   16:     0x5c9f387cb0d5 - test[9d35eded1c95d3be]::run_test::{closure#0}
[INFO] [stdout]   17:     0x5c9f387c4994 - std[70759c8f55707aa4]::sys::backtrace::__rust_begin_short_backtrace::<test[9d35eded1c95d3be]::run_test::{closure#1}, ()>
[INFO] [stdout]   18:     0x5c9f387ce232 - <std[70759c8f55707aa4]::thread::lifecycle::spawn_unchecked<test[9d35eded1c95d3be]::run_test::{closure#1}, ()>::{closure#1} as core[df12db4294e9bfd3]::ops::function::FnOnce<()>>::call_once::{shim:vtable#0}
[INFO] [stdout]   19:     0x5c9f388c6dc9 - <std[70759c8f55707aa4]::sys::thread::unix::Thread>::new::thread_start
[INFO] [stdout]   20:     0x7f193a9e6dfa - <unknown>
[INFO] [stdout]   21:     0x7f193aa7a3d4 - clone
[INFO] [stdout]   22:                0x0 - <unknown>
[INFO] [stdout] 
[INFO] [stdout] ---- tests::visible_and_action_payloads_are_independent_typed_domains stdout ----
[INFO] [stdout] 
[INFO] [stdout] thread 'tests::visible_and_action_payloads_are_independent_typed_domains' (1453) panicked at src/lib.rs:1142:91:
[INFO] [stdout] called `Result::unwrap()` on an `Err` value: Os { code: 2, kind: NotFound, message: "No such file or directory" }
[INFO] [stdout] stack backtrace:
[INFO] [stdout]    0:     0x5c9f388c7a31 - <<std[70759c8f55707aa4]::sys::backtrace::BacktraceLock>::print::DisplayBacktrace as core[df12db4294e9bfd3]::fmt::Display>::fmt
[INFO] [stdout]    1:     0x5c9f388dfc8a - core[df12db4294e9bfd3]::fmt::write
[INFO] [stdout]    2:     0x5c9f388cc6bc - <alloc[2182bb758b4b3781]::vec::Vec<u8> as core[df12db4294e9bfd3]::io::write::Write>::write_fmt
[INFO] [stdout]    3:     0x5c9f388a15b6 - std[70759c8f55707aa4]::panicking::default_hook::{closure#0}
[INFO] [stdout]    4:     0x5c9f388befe9 - std[70759c8f55707aa4]::panicking::default_hook
[INFO] [stdout]    5:     0x5c9f387ca780 - test[9d35eded1c95d3be]::test_main_inner::<test[9d35eded1c95d3be]::test_main_static::{closure#0}>::{closure#0}
[INFO] [stdout]    6:     0x5c9f388bf1a2 - std[70759c8f55707aa4]::panicking::panic_with_hook
[INFO] [stdout]    7:     0x5c9f388a1662 - std[70759c8f55707aa4]::panicking::panic_handler::{closure#0}
[INFO] [stdout]    8:     0x5c9f38899b09 - std[70759c8f55707aa4]::sys::backtrace::__rust_end_short_backtrace::<std[70759c8f55707aa4]::panicking::panic_handler::{closure#0}, !>
[INFO] [stdout]    9:     0x5c9f388a236d - __rustc[8fa7c3cbc660c2b3]::rust_begin_unwind
[INFO] [stdout]   10:     0x5c9f388e03ec - core[df12db4294e9bfd3]::panicking::panic_fmt
[INFO] [stdout]   11:     0x5c9f388e01c2 - core[df12db4294e9bfd3]::result::unwrap_failed
[INFO] [stdout]   12:     0x5c9f387a8f5d - falsegreen_ui_evidence[68a32e8a768a62d0]::tests::evidence
[INFO] [stdout]   13:     0x5c9f387a9a99 - falsegreen_ui_evidence[68a32e8a768a62d0]::tests::visible_and_action_payloads_are_independent_typed_domains
[INFO] [stdout]   14:     0x5c9f38781489 - <falsegreen_ui_evidence[68a32e8a768a62d0]::tests::visible_and_action_payloads_are_independent_typed_domains::{closure#0} as core[df12db4294e9bfd3]::ops::function::FnOnce<()>>::call_once
[INFO] [stdout]   15:     0x5c9f387bda6b - test[9d35eded1c95d3be]::__rust_begin_short_backtrace::<core[df12db4294e9bfd3]::result::Result<(), alloc[2182bb758b4b3781]::string::String>, fn() -> core[df12db4294e9bfd3]::result::Result<(), alloc[2182bb758b4b3781]::string::String>>
[INFO] [stdout]   16:     0x5c9f387cb0d5 - test[9d35eded1c95d3be]::run_test::{closure#0}
[INFO] [stdout]   17:     0x5c9f387c4994 - std[70759c8f55707aa4]::sys::backtrace::__rust_begin_short_backtrace::<test[9d35eded1c95d3be]::run_test::{closure#1}, ()>
[INFO] [stdout]   18:     0x5c9f387ce232 - <std[70759c8f55707aa4]::thread::lifecycle::spawn_unchecked<test[9d35eded1c95d3be]::run_test::{closure#1}, ()>::{closure#1} as core[df12db4294e9bfd3]::ops::function::FnOnce<()>>::call_once::{shim:vtable#0}
[INFO] [stdout]   19:     0x5c9f388c6dc9 - <std[70759c8f55707aa4]::sys::thread::unix::Thread>::new::thread_start
[INFO] [stdout]   20:     0x7f193a9e6dfa - <unknown>
[INFO] [stdout]   21:     0x7f193aa7a3d4 - clone
[INFO] [stdout]   22:                0x0 - <unknown>
[INFO] [stdout] 
[INFO] [stdout] ---- tests::canonical_bundle_is_exact_and_cross_checked stdout ----
[INFO] [stdout] 
[INFO] [stdout] thread 'tests::canonical_bundle_is_exact_and_cross_checked' (1449) panicked at src/lib.rs:1142:91:
[INFO] [stdout] called `Result::unwrap()` on an `Err` value: Os { code: 2, kind: NotFound, message: "No such file or directory" }
[INFO] [stdout] stack backtrace:
[INFO] [stdout]    0:     0x5c9f388c7a31 - <<std[70759c8f55707aa4]::sys::backtrace::BacktraceLock>::print::DisplayBacktrace as core[df12db4294e9bfd3]::fmt::Display>::fmt
[INFO] [stdout]    1:     0x5c9f388dfc8a - core[df12db4294e9bfd3]::fmt::write
[INFO] [stdout]    2:     0x5c9f388cc6bc - <alloc[2182bb758b4b3781]::vec::Vec<u8> as core[df12db4294e9bfd3]::io::write::Write>::write_fmt
[INFO] [stdout]    3:     0x5c9f388a15b6 - std[70759c8f55707aa4]::panicking::default_hook::{closure#0}
[INFO] [stdout]    4:     0x5c9f388befe9 - std[70759c8f55707aa4]::panicking::default_hook
[INFO] [stdout]    5:     0x5c9f387ca780 - test[9d35eded1c95d3be]::test_main_inner::<test[9d35eded1c95d3be]::test_main_static::{closure#0}>::{closure#0}
[INFO] [stdout]    6:     0x5c9f388bf1a2 - std[70759c8f55707aa4]::panicking::panic_with_hook
[INFO] [stdout]    7:     0x5c9f388a1662 - std[70759c8f55707aa4]::panicking::panic_handler::{closure#0}
[INFO] [stdout]    8:     0x5c9f38899b09 - std[70759c8f55707aa4]::sys::backtrace::__rust_end_short_backtrace::<std[70759c8f55707aa4]::panicking::panic_handler::{closure#0}, !>
[INFO] [stdout]    9:     0x5c9f388a236d - __rustc[8fa7c3cbc660c2b3]::rust_begin_unwind
[INFO] [stdout]   10:     0x5c9f388e03ec - core[df12db4294e9bfd3]::panicking::panic_fmt
[INFO] [stdout]   11:     0x5c9f388e01c2 - core[df12db4294e9bfd3]::result::unwrap_failed
[INFO] [stdout]   12:     0x5c9f387a8f5d - falsegreen_ui_evidence[68a32e8a768a62d0]::tests::evidence
[INFO] [stdout]   13:     0x5c9f387a91f5 - falsegreen_ui_evidence[68a32e8a768a62d0]::tests::canonical_bundle_is_exact_and_cross_checked
[INFO] [stdout]   14:     0x5c9f38781429 - <falsegreen_ui_evidence[68a32e8a768a62d0]::tests::canonical_bundle_is_exact_and_cross_checked::{closure#0} as core[df12db4294e9bfd3]::ops::function::FnOnce<()>>::call_once
[INFO] [stdout]   15:     0x5c9f387bda6b - test[9d35eded1c95d3be]::__rust_begin_short_backtrace::<core[df12db4294e9bfd3]::result::Result<(), alloc[2182bb758b4b3781]::string::String>, fn() -> core[df12db4294e9bfd3]::result::Result<(), alloc[2182bb758b4b3781]::string::String>>
[INFO] [stdout]   16:     0x5c9f387cb0d5 - test[9d35eded1c95d3be]::run_test::{closure#0}
[INFO] [stdout]   17:     0x5c9f387c4994 - std[70759c8f55707aa4]::sys::backtrace::__rust_begin_short_backtrace::<test[9d35eded1c95d3be]::run_test::{closure#1}, ()>
[INFO] [stdout]   18:     0x5c9f387ce232 - <std[70759c8f55707aa4]::thread::lifecycle::spawn_unchecked<test[9d35eded1c95d3be]::run_test::{closure#1}, ()>::{closure#1} as core[df12db4294e9bfd3]::ops::function::FnOnce<()>>::call_once::{shim:vtable#0}
[INFO] [stdout]   19:     0x5c9f388c6dc9 - <std[70759c8f55707aa4]::sys::thread::unix::Thread>::new::thread_start
[INFO] [stdout]   20:     0x7f193a9e6dfa - <unknown>
[INFO] [stdout]   21:     0x7f193aa7a3d4 - clone
[INFO] [stdout]   22:                0x0 - <unknown>
[INFO] [stdout] 
[INFO] [stdout] 
[INFO] [stdout] failures:
[INFO] [stdout]     tests::canonical_bundle_is_exact_and_cross_checked
[INFO] [stdout]     tests::corrected_passes_and_all_behavior_defects_fail
[INFO] [stdout]     tests::visible_and_action_payloads_are_independent_typed_domains
[INFO] [stdout] 
[INFO] [stdout] test result: FAILED. 2 passed; 3 failed; 0 ignored; 0 measured; 0 filtered out; finished in 0.53s
[INFO] [stdout] 
[INFO] [stderr] error: test failed, to rerun pass `--lib`
[INFO] running `Command { std: "docker" "inspect" "79cdbff45c7264a084559430e47a17ccbf2a3c97a994572541cbd56d67bf1890", kill_on_drop: false }`
[INFO] running `Command { std: "docker" "rm" "-f" "79cdbff45c7264a084559430e47a17ccbf2a3c97a994572541cbd56d67bf1890", kill_on_drop: false }`
[INFO] [stdout] 79cdbff45c7264a084559430e47a17ccbf2a3c97a994572541cbd56d67bf1890
