[INFO] fetching crate fallout-se-core 0.1.5...
[INFO] testing fallout-se-core-0.1.5 against 1.99.0-beta.8+cargoflags=--release for beta-release-1.100-2
[INFO] extracting crate fallout-se-core 0.1.5 into /workspace/builds/worker-6-tc1/source
[INFO] started tweaking crates.io crate fallout-se-core 0.1.5
[INFO] removed 0 missing tests
[INFO] finished tweaking crates.io crate fallout-se-core 0.1.5
[INFO] tweaked toml for crates.io crate fallout-se-core 0.1.5 written to /workspace/builds/worker-6-tc1/source/Cargo.toml
[INFO] validating manifest of crates.io crate fallout-se-core 0.1.5 on toolchain 1.99.0-beta.8
[INFO] running `Command { std: CARGO_HOME="/workspace/cargo-home" RUSTUP_HOME="/workspace/rustup-home" "/workspace/cargo-home/bin/cargo" "+1.99.0-beta.8" "metadata" "--manifest-path" "Cargo.toml" "--no-deps", kill_on_drop: false }`
[INFO] crate crates.io crate fallout-se-core 0.1.5 already has a lockfile, it will not be regenerated
[INFO] running `Command { std: CARGO_HOME="/workspace/cargo-home" RUSTUP_HOME="/workspace/rustup-home" "/workspace/cargo-home/bin/cargo" "+1.99.0-beta.8" "fetch" "--manifest-path" "Cargo.toml", kill_on_drop: false }`
[INFO] running `Command { std: "docker" "create" "-v" "/var/lib/crater-agent-workspace/builds/worker-6-tc1/source:/opt/rustwide/workdir:ro,Z" "-v" "/var/lib/crater-agent-workspace/builds/worker-6-tc1/target:/opt/rustwide/target:rw,Z" "-v" "/var/lib/crater-agent-workspace/cargo-home:/opt/rustwide/cargo-home:ro,Z" "-v" "/var/lib/crater-agent-workspace/rustup-home:/opt/rustwide/rustup-home:ro,Z" "-m" "1610612736" "--network" "none" "ghcr.io/rust-lang/crates-build-env/linux@sha256:77db811e55d90add9212f6832c23229e3de5f1c1f9905e8cb07319ea15df73ac" "sleep" "infinity", kill_on_drop: false }`
[INFO] [stdout] 98d1ca9efc7bb9bb2f6ff78500e3d1acb3776ccb2686a449d64e2b11bece5d2f
[INFO] running `Command { std: "docker" "start" "98d1ca9efc7bb9bb2f6ff78500e3d1acb3776ccb2686a449d64e2b11bece5d2f", kill_on_drop: false }`
[INFO] running `Command { std: "docker" "inspect" "98d1ca9efc7bb9bb2f6ff78500e3d1acb3776ccb2686a449d64e2b11bece5d2f", kill_on_drop: false }`
[INFO] running `Command { std: "docker" "exec" "-e" "SOURCE_DIR=/opt/rustwide/workdir" "-e" "CARGO_HOME=/opt/rustwide/cargo-home" "-e" "RUSTUP_HOME=/opt/rustwide/rustup-home" "-e" "CARGO_TARGET_DIR=/opt/rustwide/target" "-w" "/opt/rustwide/workdir" "--user" "0:0" "98d1ca9efc7bb9bb2f6ff78500e3d1acb3776ccb2686a449d64e2b11bece5d2f" "/opt/rustwide/cargo-home/bin/cargo" "+1.99.0-beta.8" "metadata" "--no-deps" "--format-version=1", kill_on_drop: false }`
[INFO] running `Command { std: "docker" "inspect" "98d1ca9efc7bb9bb2f6ff78500e3d1acb3776ccb2686a449d64e2b11bece5d2f", kill_on_drop: false }`
[INFO] running `Command { std: "docker" "exec" "-e" "SOURCE_DIR=/opt/rustwide/workdir" "-e" "CARGO_HOME=/opt/rustwide/cargo-home" "-e" "RUSTUP_HOME=/opt/rustwide/rustup-home" "-e" "CARGO_TARGET_DIR=/opt/rustwide/target" "-e" "CARGO_INCREMENTAL=0" "-e" "RUST_BACKTRACE=full" "-e" "RUSTFLAGS=--cap-lints=warn" "-e" "RUSTDOCFLAGS=--cap-lints=warn" "-w" "/opt/rustwide/workdir" "--user" "0:0" "98d1ca9efc7bb9bb2f6ff78500e3d1acb3776ccb2686a449d64e2b11bece5d2f" "/opt/rustwide/cargo-home/bin/cargo" "+1.99.0-beta.8" "build" "--frozen" "--message-format=json" "--release", kill_on_drop: false }`
[INFO] [stderr]    Compiling unicode-ident v1.0.23
[INFO] [stderr]    Compiling simd-adler32 v0.3.8
[INFO] [stderr]    Compiling serde_core v1.0.228
[INFO] [stderr]    Compiling proc-macro2 v1.0.106
[INFO] [stderr]    Compiling miniz_oxide v0.8.9
[INFO] [stderr]    Compiling quote v1.0.44
[INFO] [stderr]    Compiling flate2 v1.1.9
[INFO] [stderr]    Compiling syn v2.0.115
[INFO] [stderr]    Compiling serde_derive v1.0.228
[INFO] [stderr]    Compiling serde v1.0.228
[INFO] [stderr]    Compiling fallout-se-core v0.1.5 (/opt/rustwide/workdir)
[INFO] [stderr]     Finished `release` profile [optimized] target(s) in 13.10s
[INFO] running `Command { std: "docker" "inspect" "98d1ca9efc7bb9bb2f6ff78500e3d1acb3776ccb2686a449d64e2b11bece5d2f", kill_on_drop: false }`
[INFO] running `Command { std: "docker" "exec" "-e" "SOURCE_DIR=/opt/rustwide/workdir" "-e" "CARGO_HOME=/opt/rustwide/cargo-home" "-e" "RUSTUP_HOME=/opt/rustwide/rustup-home" "-e" "CARGO_TARGET_DIR=/opt/rustwide/target" "-e" "CARGO_INCREMENTAL=0" "-e" "RUST_BACKTRACE=full" "-e" "RUSTFLAGS=--cap-lints=warn" "-e" "RUSTDOCFLAGS=--cap-lints=warn" "-w" "/opt/rustwide/workdir" "--user" "0:0" "98d1ca9efc7bb9bb2f6ff78500e3d1acb3776ccb2686a449d64e2b11bece5d2f" "/opt/rustwide/cargo-home/bin/cargo" "+1.99.0-beta.8" "test" "--frozen" "--no-run" "--message-format=json" "--release", kill_on_drop: false }`
[INFO] [stderr]    Compiling memchr v2.8.0
[INFO] [stderr]    Compiling serde_json v1.0.149
[INFO] [stderr]    Compiling fallout-se-core v0.1.5 (/opt/rustwide/workdir)
[INFO] [stderr]     Finished `release` profile [optimized] target(s) in 8.85s
[INFO] running `Command { std: "docker" "inspect" "98d1ca9efc7bb9bb2f6ff78500e3d1acb3776ccb2686a449d64e2b11bece5d2f", kill_on_drop: false }`
[INFO] running `Command { std: "docker" "exec" "-e" "SOURCE_DIR=/opt/rustwide/workdir" "-e" "CARGO_HOME=/opt/rustwide/cargo-home" "-e" "RUSTUP_HOME=/opt/rustwide/rustup-home" "-e" "CARGO_TARGET_DIR=/opt/rustwide/target" "-e" "CARGO_INCREMENTAL=0" "-e" "RUST_BACKTRACE=full" "-e" "RUSTFLAGS=--cap-lints=warn" "-e" "RUSTDOCFLAGS=--cap-lints=warn" "-w" "/opt/rustwide/workdir" "--user" "0:0" "98d1ca9efc7bb9bb2f6ff78500e3d1acb3776ccb2686a449d64e2b11bece5d2f" "/opt/rustwide/cargo-home/bin/cargo" "+1.99.0-beta.8" "test" "--frozen" "--release", kill_on_drop: false }`
[INFO] [stderr]     Finished `release` profile [optimized] target(s) in 0.03s
[INFO] [stderr]      Running unittests src/lib.rs (/opt/rustwide/target/release/deps/fallout_core-a27495d6997711f1)
[INFO] [stdout] 
[INFO] [stdout] running 5 tests
[INFO] [stdout] test object::tests::parse_object_allows_negative_one_inventory_length ... ok
[INFO] [stdout] test core_api::item_catalog::tests::fallout2_dat_archive_can_read_compressed_entries ... ok
[INFO] [stdout] test core_api::item_catalog::tests::parse_msg_entries_extracts_triplets ... ok
[INFO] [stdout] test core_api::item_catalog::tests::parse_item_proto_record_supports_big_endian ... ok
[INFO] [stdout] test core_api::item_catalog::tests::detect_install_dir_handles_uppercase_data_layout ... ok
[INFO] [stderr]      Running tests/core_api.rs (/opt/rustwide/target/release/deps/core_api-ecb2dc930f5aabf1)
[INFO] [stdout] 
[INFO] [stdout] test result: ok. 5 passed; 0 failed; 0 ignored; 0 measured; 0 filtered out; finished in 0.01s
[INFO] [stdout] 
[INFO] [stdout] 
[INFO] [stdout] running 16 tests
[INFO] [stdout] test session_can_edit_age_level_and_xp_fallout1 ... FAILED
[INFO] [stdout] test session_can_edit_gender_and_emit_modified_bytes_fallout2 ... FAILED
[INFO] [stdout] test session_can_apply_character_export_and_emit_modified_bytes_fallout2 ... FAILED
[INFO] [stdout] test engine_auto_detects_fallout2 ... FAILED
[INFO] [stderr] error: test failed, to rerun pass `--test core_api`
[INFO] [stdout] test engine_emits_unmodified_bytes_fallout2 ... FAILED
[INFO] [stdout] test character_export_supports_serde_roundtrip ... FAILED
[INFO] [stdout] test engine_emits_unmodified_bytes_fallout1 ... FAILED
[INFO] [stdout] test engine_auto_detects_fallout1 ... FAILED
[INFO] [stdout] test session_can_export_character_model ... FAILED
[INFO] [stdout] test engine_returns_parse_error_for_wrong_hint ... FAILED
[INFO] [stdout] test session_query_methods_match_fallout1_save_data ... FAILED
[INFO] [stdout] test session_can_edit_gender_and_emit_modified_bytes_fallout1 ... FAILED
[INFO] [stdout] test session_can_edit_traits_perks_and_inventory_fallout2 ... FAILED
[INFO] [stdout] test session_query_methods_match_fallout2_save_data ... FAILED
[INFO] [stdout] test session_can_edit_traits_perks_and_inventory_fallout1 ... FAILED
[INFO] [stdout] test session_can_edit_age_level_and_xp_fallout2 ... FAILED
[INFO] [stdout] 
[INFO] [stdout] failures:
[INFO] [stdout] 
[INFO] [stdout] ---- session_can_edit_age_level_and_xp_fallout1 stdout ----
[INFO] [stdout] 
[INFO] [stdout] thread 'session_can_edit_age_level_and_xp_fallout1' (549) panicked at tests/core_api.rs:349:33:
[INFO] [stdout] failed to read Fallout 1 fixture: Os { code: 2, kind: NotFound, message: "No such file or directory" }
[INFO] [stdout] stack backtrace:
[INFO] [stdout]    0:     0x581ae964af71 - <<std[70759c8f55707aa4]::sys::backtrace::BacktraceLock>::print::DisplayBacktrace as core[df12db4294e9bfd3]::fmt::Display>::fmt
[INFO] [stdout]    1:     0x581ae966067a - core[df12db4294e9bfd3]::fmt::write
[INFO] [stdout]    2:     0x581ae964f4fc - <alloc[2182bb758b4b3781]::vec::Vec<u8> as core[df12db4294e9bfd3]::io::write::Write>::write_fmt
[INFO] [stdout]    3:     0x581ae96270b6 - std[70759c8f55707aa4]::panicking::default_hook::{closure#0}
[INFO] [stdout]    4:     0x581ae96433b9 - std[70759c8f55707aa4]::panicking::default_hook
[INFO] [stdout]    5:     0x581ae95c3220 - test[9d35eded1c95d3be]::test_main_inner::<test[9d35eded1c95d3be]::test_main_static::{closure#0}>::{closure#0}
[INFO] [stdout]    6:     0x581ae9643572 - std[70759c8f55707aa4]::panicking::panic_with_hook
[INFO] [stdout]    7:     0x581ae9627162 - std[70759c8f55707aa4]::panicking::panic_handler::{closure#0}
[INFO] [stdout]    8:     0x581ae961fd59 - std[70759c8f55707aa4]::sys::backtrace::__rust_end_short_backtrace::<std[70759c8f55707aa4]::panicking::panic_handler::{closure#0}, !>
[INFO] [stdout]    9:     0x581ae9627d5d - __rustc[8fa7c3cbc660c2b3]::rust_begin_unwind
[INFO] [stdout]   10:     0x581ae9660dac - core[df12db4294e9bfd3]::panicking::panic_fmt
[INFO] [stdout]   11:     0x581ae9660b82 - core[df12db4294e9bfd3]::result::unwrap_failed
[INFO] [stdout]   12:     0x581ae9596a2e - <core_api[23b1884f5958fa46]::session_can_edit_age_level_and_xp_fallout1::{closure#0} as core[df12db4294e9bfd3]::ops::function::FnOnce<()>>::call_once
[INFO] [stdout]   13:     0x581ae95b650b - test[9d35eded1c95d3be]::__rust_begin_short_backtrace::<core[df12db4294e9bfd3]::result::Result<(), alloc[2182bb758b4b3781]::string::String>, fn() -> core[df12db4294e9bfd3]::result::Result<(), alloc[2182bb758b4b3781]::string::String>>
[INFO] [stdout]   14:     0x581ae95c3b75 - test[9d35eded1c95d3be]::run_test::{closure#0}
[INFO] [stdout]   15:     0x581ae95bd434 - std[70759c8f55707aa4]::sys::backtrace::__rust_begin_short_backtrace::<test[9d35eded1c95d3be]::run_test::{closure#1}, ()>
[INFO] [stdout]   16:     0x581ae95c6cd2 - <std[70759c8f55707aa4]::thread::lifecycle::spawn_unchecked<test[9d35eded1c95d3be]::run_test::{closure#1}, ()>::{closure#1} as core[df12db4294e9bfd3]::ops::function::FnOnce<()>>::call_once::{shim:vtable#0}
[INFO] [stdout]   17:     0x581ae964a529 - <std[70759c8f55707aa4]::sys::thread::unix::Thread>::new::thread_start
[INFO] [stdout]   18:     0x7cd6d3457dfa - <unknown>
[INFO] [stdout]   19:     0x7cd6d34eb3d4 - clone
[INFO] [stdout]   20:                0x0 - <unknown>
[INFO] [stdout] 
[INFO] [stdout] ---- session_can_edit_gender_and_emit_modified_bytes_fallout2 stdout ----
[INFO] [stdout] 
[INFO] [stdout] thread 'session_can_edit_gender_and_emit_modified_bytes_fallout2' (552) panicked at tests/core_api.rs:318:33:
[INFO] [stdout] failed to read Fallout 2 fixture: Os { code: 2, kind: NotFound, message: "No such file or directory" }
[INFO] [stdout] stack backtrace:
[INFO] [stdout]    0:     0x581ae964af71 - <<std[70759c8f55707aa4]::sys::backtrace::BacktraceLock>::print::DisplayBacktrace as core[df12db4294e9bfd3]::fmt::Display>::fmt
[INFO] [stdout]    1:     0x581ae966067a - core[df12db4294e9bfd3]::fmt::write
[INFO] [stdout]    2:     0x581ae964f4fc - <alloc[2182bb758b4b3781]::vec::Vec<u8> as core[df12db4294e9bfd3]::io::write::Write>::write_fmt
[INFO] [stdout]    3:     0x581ae96270b6 - std[70759c8f55707aa4]::panicking::default_hook::{closure#0}
[INFO] [stdout]    4:     0x581ae96433b9 - std[70759c8f55707aa4]::panicking::default_hook
[INFO] [stdout]    5:     0x581ae95c3220 - test[9d35eded1c95d3be]::test_main_inner::<test[9d35eded1c95d3be]::test_main_static::{closure#0}>::{closure#0}
[INFO] [stdout]    6:     0x581ae9643572 - std[70759c8f55707aa4]::panicking::panic_with_hook
[INFO] [stdout]    7:     0x581ae9627162 - std[70759c8f55707aa4]::panicking::panic_handler::{closure#0}
[INFO] [stdout]    8:     0x581ae961fd59 - std[70759c8f55707aa4]::sys::backtrace::__rust_end_short_backtrace::<std[70759c8f55707aa4]::panicking::panic_handler::{closure#0}, !>
[INFO] [stdout]    9:     0x581ae9627d5d - __rustc[8fa7c3cbc660c2b3]::rust_begin_unwind
[INFO] [stdout]   10:     0x581ae9660dac - core[df12db4294e9bfd3]::panicking::panic_fmt
[INFO] [stdout]   11:     0x581ae9660b82 - core[df12db4294e9bfd3]::result::unwrap_failed
[INFO] [stdout]   12:     0x581ae959d6d7 - <core_api[23b1884f5958fa46]::session_can_edit_gender_and_emit_modified_bytes_fallout2::{closure#0} as core[df12db4294e9bfd3]::ops::function::FnOnce<()>>::call_once
[INFO] [stdout]   13:     0x581ae95b650b - test[9d35eded1c95d3be]::__rust_begin_short_backtrace::<core[df12db4294e9bfd3]::result::Result<(), alloc[2182bb758b4b3781]::string::String>, fn() -> core[df12db4294e9bfd3]::result::Result<(), alloc[2182bb758b4b3781]::string::String>>
[INFO] [stdout]   14:     0x581ae95c3b75 - test[9d35eded1c95d3be]::run_test::{closure#0}
[INFO] [stdout]   15:     0x581ae95bd434 - std[70759c8f55707aa4]::sys::backtrace::__rust_begin_short_backtrace::<test[9d35eded1c95d3be]::run_test::{closure#1}, ()>
[INFO] [stdout]   16:     0x581ae95c6cd2 - <std[70759c8f55707aa4]::thread::lifecycle::spawn_unchecked<test[9d35eded1c95d3be]::run_test::{closure#1}, ()>::{closure#1} as core[df12db4294e9bfd3]::ops::function::FnOnce<()>>::call_once::{shim:vtable#0}
[INFO] [stdout]   17:     0x581ae964a529 - <std[70759c8f55707aa4]::sys::thread::unix::Thread>::new::thread_start
[INFO] [stdout]   18:     0x7cd6d3457dfa - <unknown>
[INFO] [stdout]   19:     0x7cd6d34eb3d4 - clone
[INFO] [stdout]   20:                0x0 - <unknown>
[INFO] [stdout] 
[INFO] [stdout] ---- session_can_apply_character_export_and_emit_modified_bytes_fallout2 stdout ----
[INFO] [stdout] 
[INFO] [stdout] thread 'session_can_apply_character_export_and_emit_modified_bytes_fallout2' (548) panicked at tests/core_api.rs:644:33:
[INFO] [stdout] failed to read Fallout 2 fixture: Os { code: 2, kind: NotFound, message: "No such file or directory" }
[INFO] [stdout] stack backtrace:
[INFO] [stdout]    0:     0x581ae964af71 - <<std[70759c8f55707aa4]::sys::backtrace::BacktraceLock>::print::DisplayBacktrace as core[df12db4294e9bfd3]::fmt::Display>::fmt
[INFO] [stdout]    1:     0x581ae966067a - core[df12db4294e9bfd3]::fmt::write
[INFO] [stdout]    2:     0x581ae964f4fc - <alloc[2182bb758b4b3781]::vec::Vec<u8> as core[df12db4294e9bfd3]::io::write::Write>::write_fmt
[INFO] [stdout]    3:     0x581ae96270b6 - std[70759c8f55707aa4]::panicking::default_hook::{closure#0}
[INFO] [stdout]    4:     0x581ae96433b9 - std[70759c8f55707aa4]::panicking::default_hook
[INFO] [stdout]    5:     0x581ae95c3220 - test[9d35eded1c95d3be]::test_main_inner::<test[9d35eded1c95d3be]::test_main_static::{closure#0}>::{closure#0}
[INFO] [stdout]    6:     0x581ae9643572 - std[70759c8f55707aa4]::panicking::panic_with_hook
[INFO] [stdout]    7:     0x581ae9627162 - std[70759c8f55707aa4]::panicking::panic_handler::{closure#0}
[INFO] [stdout]    8:     0x581ae961fd59 - std[70759c8f55707aa4]::sys::backtrace::__rust_end_short_backtrace::<std[70759c8f55707aa4]::panicking::panic_handler::{closure#0}, !>
[INFO] [stdout]    9:     0x581ae9627d5d - __rustc[8fa7c3cbc660c2b3]::rust_begin_unwind
[INFO] [stdout]   10:     0x581ae9660dac - core[df12db4294e9bfd3]::panicking::panic_fmt
[INFO] [stdout]   11:     0x581ae9660b82 - core[df12db4294e9bfd3]::result::unwrap_failed
[INFO] [stdout]   12:     0x581ae959dfa2 - <core_api[23b1884f5958fa46]::session_can_apply_character_export_and_emit_modified_bytes_fallout2::{closure#0} as core[df12db4294e9bfd3]::ops::function::FnOnce<()>>::call_once
[INFO] [stdout]   13:     0x581ae95b650b - test[9d35eded1c95d3be]::__rust_begin_short_backtrace::<core[df12db4294e9bfd3]::result::Result<(), alloc[2182bb758b4b3781]::string::String>, fn() -> core[df12db4294e9bfd3]::result::Result<(), alloc[2182bb758b4b3781]::string::String>>
[INFO] [stdout]   14:     0x581ae95c3b75 - test[9d35eded1c95d3be]::run_test::{closure#0}
[INFO] [stdout]   15:     0x581ae95bd434 - std[70759c8f55707aa4]::sys::backtrace::__rust_begin_short_backtrace::<test[9d35eded1c95d3be]::run_test::{closure#1}, ()>
[INFO] [stdout]   16:     0x581ae95c6cd2 - <std[70759c8f55707aa4]::thread::lifecycle::spawn_unchecked<test[9d35eded1c95d3be]::run_test::{closure#1}, ()>::{closure#1} as core[df12db4294e9bfd3]::ops::function::FnOnce<()>>::call_once::{shim:vtable#0}
[INFO] [stdout]   17:     0x581ae964a529 - <std[70759c8f55707aa4]::sys::thread::unix::Thread>::new::thread_start
[INFO] [stdout]   18:     0x7cd6d3457dfa - <unknown>
[INFO] [stdout]   19:     0x7cd6d34eb3d4 - clone
[INFO] [stdout]   20:                0x0 - <unknown>
[INFO] [stdout] 
[INFO] [stdout] ---- engine_auto_detects_fallout2 stdout ----
[INFO] [stdout] 
[INFO] [stdout] thread 'engine_auto_detects_fallout2' (544) panicked at tests/core_api.rs:84:33:
[INFO] [stdout] failed to read Fallout 2 fixture: Os { code: 2, kind: NotFound, message: "No such file or directory" }
[INFO] [stdout] stack backtrace:
[INFO] [stdout]    0:     0x581ae964af71 - <<std[70759c8f55707aa4]::sys::backtrace::BacktraceLock>::print::DisplayBacktrace as core[df12db4294e9bfd3]::fmt::Display>::fmt
[INFO] [stdout]    1:     0x581ae966067a - core[df12db4294e9bfd3]::fmt::write
[INFO] [stdout]    2:     0x581ae964f4fc - <alloc[2182bb758b4b3781]::vec::Vec<u8> as core[df12db4294e9bfd3]::io::write::Write>::write_fmt
[INFO] [stdout]    3:     0x581ae96270b6 - std[70759c8f55707aa4]::panicking::default_hook::{closure#0}
[INFO] [stdout]    4:     0x581ae96433b9 - std[70759c8f55707aa4]::panicking::default_hook
[INFO] [stdout]    5:     0x581ae95c3220 - test[9d35eded1c95d3be]::test_main_inner::<test[9d35eded1c95d3be]::test_main_static::{closure#0}>::{closure#0}
[INFO] [stdout]    6:     0x581ae9643572 - std[70759c8f55707aa4]::panicking::panic_with_hook
[INFO] [stdout]    7:     0x581ae9627162 - std[70759c8f55707aa4]::panicking::panic_handler::{closure#0}
[INFO] [stdout]    8:     0x581ae961fd59 - std[70759c8f55707aa4]::sys::backtrace::__rust_end_short_backtrace::<std[70759c8f55707aa4]::panicking::panic_handler::{closure#0}, !>
[INFO] [stdout]    9:     0x581ae9627d5d - __rustc[8fa7c3cbc660c2b3]::rust_begin_unwind
[INFO] [stdout]   10:     0x581ae9660dac - core[df12db4294e9bfd3]::panicking::panic_fmt
[INFO] [stdout]   11:     0x581ae9660b82 - core[df12db4294e9bfd3]::result::unwrap_failed
[INFO] [stdout]   12:     0x581ae9593f96 - <core_api[23b1884f5958fa46]::engine_auto_detects_fallout2::{closure#0} as core[df12db4294e9bfd3]::ops::function::FnOnce<()>>::call_once
[INFO] [stdout]   13:     0x581ae95b650b - test[9d35eded1c95d3be]::__rust_begin_short_backtrace::<core[df12db4294e9bfd3]::result::Result<(), alloc[2182bb758b4b3781]::string::String>, fn() -> core[df12db4294e9bfd3]::result::Result<(), alloc[2182bb758b4b3781]::string::String>>
[INFO] [stdout]   14:     0x581ae95c3b75 - test[9d35eded1c95d3be]::run_test::{closure#0}
[INFO] [stdout]   15:     0x581ae95bd434 - std[70759c8f55707aa4]::sys::backtrace::__rust_begin_short_backtrace::<test[9d35eded1c95d3be]::run_test::{closure#1}, ()>
[INFO] [stdout]   16:     0x581ae95c6cd2 - <std[70759c8f55707aa4]::thread::lifecycle::spawn_unchecked<test[9d35eded1c95d3be]::run_test::{closure#1}, ()>::{closure#1} as core[df12db4294e9bfd3]::ops::function::FnOnce<()>>::call_once::{shim:vtable#0}
[INFO] [stdout]   17:     0x581ae964a529 - <std[70759c8f55707aa4]::sys::thread::unix::Thread>::new::thread_start
[INFO] [stdout]   18:     0x7cd6d3457dfa - <unknown>
[INFO] [stdout]   19:     0x7cd6d34eb3d4 - clone
[INFO] [stdout]   20:                0x0 - <unknown>
[INFO] [stdout] 
[INFO] [stdout] ---- engine_emits_unmodified_bytes_fallout2 stdout ----
[INFO] [stdout] 
[INFO] [stdout] thread 'engine_emits_unmodified_bytes_fallout2' (546) panicked at tests/core_api.rs:134:33:
[INFO] [stdout] failed to read Fallout 2 fixture: Os { code: 2, kind: NotFound, message: "No such file or directory" }
[INFO] [stdout] stack backtrace:
[INFO] [stdout]    0:     0x581ae964af71 - <<std[70759c8f55707aa4]::sys::backtrace::BacktraceLock>::print::DisplayBacktrace as core[df12db4294e9bfd3]::fmt::Display>::fmt
[INFO] [stdout]    1:     0x581ae966067a - core[df12db4294e9bfd3]::fmt::write
[INFO] [stdout]    2:     0x581ae964f4fc - <alloc[2182bb758b4b3781]::vec::Vec<u8> as core[df12db4294e9bfd3]::io::write::Write>::write_fmt
[INFO] [stdout]    3:     0x581ae96270b6 - std[70759c8f55707aa4]::panicking::default_hook::{closure#0}
[INFO] [stdout]    4:     0x581ae96433b9 - std[70759c8f55707aa4]::panicking::default_hook
[INFO] [stdout]    5:     0x581ae95c3220 - test[9d35eded1c95d3be]::test_main_inner::<test[9d35eded1c95d3be]::test_main_static::{closure#0}>::{closure#0}
[INFO] [stdout]    6:     0x581ae9643572 - std[70759c8f55707aa4]::panicking::panic_with_hook
[INFO] [stdout]    7:     0x581ae9627162 - std[70759c8f55707aa4]::panicking::panic_handler::{closure#0}
[INFO] [stdout]    8:     0x581ae961fd59 - std[70759c8f55707aa4]::sys::backtrace::__rust_end_short_backtrace::<std[70759c8f55707aa4]::panicking::panic_handler::{closure#0}, !>
[INFO] [stdout]    9:     0x581ae9627d5d - __rustc[8fa7c3cbc660c2b3]::rust_begin_unwind
[INFO] [stdout]   10:     0x581ae9660dac - core[df12db4294e9bfd3]::panicking::panic_fmt
[INFO] [stdout]   11:     0x581ae9660b82 - core[df12db4294e9bfd3]::result::unwrap_failed
[INFO] [stdout]   12:     0x581ae959543e - <core_api[23b1884f5958fa46]::engine_emits_unmodified_bytes_fallout2::{closure#0} as core[df12db4294e9bfd3]::ops::function::FnOnce<()>>::call_once
[INFO] [stdout]   13:     0x581ae95b650b - test[9d35eded1c95d3be]::__rust_begin_short_backtrace::<core[df12db4294e9bfd3]::result::Result<(), alloc[2182bb758b4b3781]::string::String>, fn() -> core[df12db4294e9bfd3]::result::Result<(), alloc[2182bb758b4b3781]::string::String>>
[INFO] [stdout]   14:     0x581ae95c3b75 - test[9d35eded1c95d3be]::run_test::{closure#0}
[INFO] [stdout]   15:     0x581ae95bd434 - std[70759c8f55707aa4]::sys::backtrace::__rust_begin_short_backtrace::<test[9d35eded1c95d3be]::run_test::{closure#1}, ()>
[INFO] [stdout]   16:     0x581ae95c6cd2 - <std[70759c8f55707aa4]::thread::lifecycle::spawn_unchecked<test[9d35eded1c95d3be]::run_test::{closure#1}, ()>::{closure#1} as core[df12db4294e9bfd3]::ops::function::FnOnce<()>>::call_once::{shim:vtable#0}
[INFO] [stdout]   17:     0x581ae964a529 - <std[70759c8f55707aa4]::sys::thread::unix::Thread>::new::thread_start
[INFO] [stdout]   18:     0x7cd6d3457dfa - <unknown>
[INFO] [stdout]   19:     0x7cd6d34eb3d4 - clone
[INFO] [stdout]   20:                0x0 - <unknown>
[INFO] [stdout] 
[INFO] [stdout] ---- character_export_supports_serde_roundtrip stdout ----
[INFO] [stdout] 
[INFO] [stdout] thread 'character_export_supports_serde_roundtrip' (542) panicked at tests/core_api.rs:628:33:
[INFO] [stdout] failed to read Fallout 2 fixture: Os { code: 2, kind: NotFound, message: "No such file or directory" }
[INFO] [stdout] stack backtrace:
[INFO] [stdout]    0:     0x581ae964af71 - <<std[70759c8f55707aa4]::sys::backtrace::BacktraceLock>::print::DisplayBacktrace as core[df12db4294e9bfd3]::fmt::Display>::fmt
[INFO] [stdout]    1:     0x581ae966067a - core[df12db4294e9bfd3]::fmt::write
[INFO] [stdout]    2:     0x581ae964f4fc - <alloc[2182bb758b4b3781]::vec::Vec<u8> as core[df12db4294e9bfd3]::io::write::Write>::write_fmt
[INFO] [stdout]    3:     0x581ae96270b6 - std[70759c8f55707aa4]::panicking::default_hook::{closure#0}
[INFO] [stdout]    4:     0x581ae96433b9 - std[70759c8f55707aa4]::panicking::default_hook
[INFO] [stdout]    5:     0x581ae95c3220 - test[9d35eded1c95d3be]::test_main_inner::<test[9d35eded1c95d3be]::test_main_static::{closure#0}>::{closure#0}
[INFO] [stdout]    6:     0x581ae9643572 - std[70759c8f55707aa4]::panicking::panic_with_hook
[INFO] [stdout]    7:     0x581ae9627162 - std[70759c8f55707aa4]::panicking::panic_handler::{closure#0}
[INFO] [stdout]    8:     0x581ae961fd59 - std[70759c8f55707aa4]::sys::backtrace::__rust_end_short_backtrace::<std[70759c8f55707aa4]::panicking::panic_handler::{closure#0}, !>
[INFO] [stdout]    9:     0x581ae9627d5d - __rustc[8fa7c3cbc660c2b3]::rust_begin_unwind
[INFO] [stdout]   10:     0x581ae9660dac - core[df12db4294e9bfd3]::panicking::panic_fmt
[INFO] [stdout]   11:     0x581ae9660b82 - core[df12db4294e9bfd3]::result::unwrap_failed
[INFO] [stdout]   12:     0x581ae9595f91 - <core_api[23b1884f5958fa46]::character_export_supports_serde_roundtrip::{closure#0} as core[df12db4294e9bfd3]::ops::function::FnOnce<()>>::call_once
[INFO] [stdout]   13:     0x581ae95b650b - test[9d35eded1c95d3be]::__rust_begin_short_backtrace::<core[df12db4294e9bfd3]::result::Result<(), alloc[2182bb758b4b3781]::string::String>, fn() -> core[df12db4294e9bfd3]::result::Result<(), alloc[2182bb758b4b3781]::string::String>>
[INFO] [stdout]   14:     0x581ae95c3b75 - test[9d35eded1c95d3be]::run_test::{closure#0}
[INFO] [stdout]   15:     0x581ae95bd434 - std[70759c8f55707aa4]::sys::backtrace::__rust_begin_short_backtrace::<test[9d35eded1c95d3be]::run_test::{closure#1}, ()>
[INFO] [stdout]   16:     0x581ae95c6cd2 - <std[70759c8f55707aa4]::thread::lifecycle::spawn_unchecked<test[9d35eded1c95d3be]::run_test::{closure#1}, ()>::{closure#1} as core[df12db4294e9bfd3]::ops::function::FnOnce<()>>::call_once::{shim:vtable#0}
[INFO] [stdout]   17:     0x581ae964a529 - <std[70759c8f55707aa4]::sys::thread::unix::Thread>::new::thread_start
[INFO] [stdout]   18:     0x7cd6d3457dfa - <unknown>
[INFO] [stdout]   19:     0x7cd6d34eb3d4 - clone
[INFO] [stdout]   20:                0x0 - <unknown>
[INFO] [stdout] 
[INFO] [stdout] ---- engine_emits_unmodified_bytes_fallout1 stdout ----
[INFO] [stdout] 
[INFO] [stdout] thread 'engine_emits_unmodified_bytes_fallout1' (545) panicked at tests/core_api.rs:118:33:
[INFO] [stdout] failed to read Fallout 1 fixture: Os { code: 2, kind: NotFound, message: "No such file or directory" }
[INFO] [stdout] stack backtrace:
[INFO] [stdout]    0:     0x581ae964af71 - <<std[70759c8f55707aa4]::sys::backtrace::BacktraceLock>::print::DisplayBacktrace as core[df12db4294e9bfd3]::fmt::Display>::fmt
[INFO] [stdout]    1:     0x581ae966067a - core[df12db4294e9bfd3]::fmt::write
[INFO] [stdout]    2:     0x581ae964f4fc - <alloc[2182bb758b4b3781]::vec::Vec<u8> as core[df12db4294e9bfd3]::io::write::Write>::write_fmt
[INFO] [stdout]    3:     0x581ae96270b6 - std[70759c8f55707aa4]::panicking::default_hook::{closure#0}
[INFO] [stdout]    4:     0x581ae96433b9 - std[70759c8f55707aa4]::panicking::default_hook
[INFO] [stdout]    5:     0x581ae95c3220 - test[9d35eded1c95d3be]::test_main_inner::<test[9d35eded1c95d3be]::test_main_static::{closure#0}>::{closure#0}
[INFO] [stdout]    6:     0x581ae9643572 - std[70759c8f55707aa4]::panicking::panic_with_hook
[INFO] [stdout]    7:     0x581ae9627162 - std[70759c8f55707aa4]::panicking::panic_handler::{closure#0}
[INFO] [stdout]    8:     0x581ae961fd59 - std[70759c8f55707aa4]::sys::backtrace::__rust_end_short_backtrace::<std[70759c8f55707aa4]::panicking::panic_handler::{closure#0}, !>
[INFO] [stdout]    9:     0x581ae9627d5d - __rustc[8fa7c3cbc660c2b3]::rust_begin_unwind
[INFO] [stdout]   10:     0x581ae9660dac - core[df12db4294e9bfd3]::panicking::panic_fmt
[INFO] [stdout]   11:     0x581ae9660b82 - core[df12db4294e9bfd3]::result::unwrap_failed
[INFO] [stdout]   12:     0x581ae95950cb - <core_api[23b1884f5958fa46]::engine_emits_unmodified_bytes_fallout1::{closure#0} as core[df12db4294e9bfd3]::ops::function::FnOnce<()>>::call_once
[INFO] [stdout]   13:     0x581ae95b650b - test[9d35eded1c95d3be]::__rust_begin_short_backtrace::<core[df12db4294e9bfd3]::result::Result<(), alloc[2182bb758b4b3781]::string::String>, fn() -> core[df12db4294e9bfd3]::result::Result<(), alloc[2182bb758b4b3781]::string::String>>
[INFO] [stdout]   14:     0x581ae95c3b75 - test[9d35eded1c95d3be]::run_test::{closure#0}
[INFO] [stdout]   15:     0x581ae95bd434 - std[70759c8f55707aa4]::sys::backtrace::__rust_begin_short_backtrace::<test[9d35eded1c95d3be]::run_test::{closure#1}, ()>
[INFO] [stdout]   16:     0x581ae95c6cd2 - <std[70759c8f55707aa4]::thread::lifecycle::spawn_unchecked<test[9d35eded1c95d3be]::run_test::{closure#1}, ()>::{closure#1} as core[df12db4294e9bfd3]::ops::function::FnOnce<()>>::call_once::{shim:vtable#0}
[INFO] [stdout]   17:     0x581ae964a529 - <std[70759c8f55707aa4]::sys::thread::unix::Thread>::new::thread_start
[INFO] [stdout]   18:     0x7cd6d3457dfa - <unknown>
[INFO] [stdout]   19:     0x7cd6d34eb3d4 - clone
[INFO] [stdout]   20:                0x0 - <unknown>
[INFO] [stdout] 
[INFO] [stdout] ---- engine_auto_detects_fallout1 stdout ----
[INFO] [stdout] 
[INFO] [stdout] thread 'engine_auto_detects_fallout1' (543) panicked at tests/core_api.rs:62:33:
[INFO] [stdout] failed to read Fallout 1 fixture: Os { code: 2, kind: NotFound, message: "No such file or directory" }
[INFO] [stdout] stack backtrace:
[INFO] [stdout]    0:     0x581ae964af71 - <<std[70759c8f55707aa4]::sys::backtrace::BacktraceLock>::print::DisplayBacktrace as core[df12db4294e9bfd3]::fmt::Display>::fmt
[INFO] [stdout]    1:     0x581ae966067a - core[df12db4294e9bfd3]::fmt::write
[INFO] [stdout]    2:     0x581ae964f4fc - <alloc[2182bb758b4b3781]::vec::Vec<u8> as core[df12db4294e9bfd3]::io::write::Write>::write_fmt
[INFO] [stdout]    3:     0x581ae96270b6 - std[70759c8f55707aa4]::panicking::default_hook::{closure#0}
[INFO] [stdout]    4:     0x581ae96433b9 - std[70759c8f55707aa4]::panicking::default_hook
[INFO] [stdout]    5:     0x581ae95c3220 - test[9d35eded1c95d3be]::test_main_inner::<test[9d35eded1c95d3be]::test_main_static::{closure#0}>::{closure#0}
[INFO] [stdout]    6:     0x581ae9643572 - std[70759c8f55707aa4]::panicking::panic_with_hook
[INFO] [stdout]    7:     0x581ae9627162 - std[70759c8f55707aa4]::panicking::panic_handler::{closure#0}
[INFO] [stdout]    8:     0x581ae961fd59 - std[70759c8f55707aa4]::sys::backtrace::__rust_end_short_backtrace::<std[70759c8f55707aa4]::panicking::panic_handler::{closure#0}, !>
[INFO] [stdout]    9:     0x581ae9627d5d - __rustc[8fa7c3cbc660c2b3]::rust_begin_unwind
[INFO] [stdout]   10:     0x581ae9660dac - core[df12db4294e9bfd3]::panicking::panic_fmt
[INFO] [stdout]   11:     0x581ae9660b82 - core[df12db4294e9bfd3]::result::unwrap_failed
[INFO] [stdout]   12:     0x581ae9593bcf - <core_api[23b1884f5958fa46]::engine_auto_detects_fallout1::{closure#0} as core[df12db4294e9bfd3]::ops::function::FnOnce<()>>::call_once
[INFO] [stdout]   13:     0x581ae95b650b - test[9d35eded1c95d3be]::__rust_begin_short_backtrace::<core[df12db4294e9bfd3]::result::Result<(), alloc[2182bb758b4b3781]::string::String>, fn() -> core[df12db4294e9bfd3]::result::Result<(), alloc[2182bb758b4b3781]::string::String>>
[INFO] [stdout]   14:     0x581ae95c3b75 - test[9d35eded1c95d3be]::run_test::{closure#0}
[INFO] [stdout]   15:     0x581ae95bd434 - std[70759c8f55707aa4]::sys::backtrace::__rust_begin_short_backtrace::<test[9d35eded1c95d3be]::run_test::{closure#1}, ()>
[INFO] [stdout]   16:     0x581ae95c6cd2 - <std[70759c8f55707aa4]::thread::lifecycle::spawn_unchecked<test[9d35eded1c95d3be]::run_test::{closure#1}, ()>::{closure#1} as core[df12db4294e9bfd3]::ops::function::FnOnce<()>>::call_once::{shim:vtable#0}
[INFO] [stdout]   17:     0x581ae964a529 - <std[70759c8f55707aa4]::sys::thread::unix::Thread>::new::thread_start
[INFO] [stdout]   18:     0x7cd6d3457dfa - <unknown>
[INFO] [stdout]   19:     0x7cd6d34eb3d4 - clone
[INFO] [stdout]   20:                0x0 - <unknown>
[INFO] [stdout] 
[INFO] [stdout] ---- session_can_export_character_model stdout ----
[INFO] [stdout] 
[INFO] [stdout] thread 'session_can_export_character_model' (555) panicked at tests/core_api.rs:602:33:
[INFO] [stdout] failed to read Fallout 1 fixture: Os { code: 2, kind: NotFound, message: "No such file or directory" }
[INFO] [stdout] stack backtrace:
[INFO] [stdout]    0:     0x581ae964af71 - <<std[70759c8f55707aa4]::sys::backtrace::BacktraceLock>::print::DisplayBacktrace as core[df12db4294e9bfd3]::fmt::Display>::fmt
[INFO] [stdout]    1:     0x581ae966067a - core[df12db4294e9bfd3]::fmt::write
[INFO] [stdout]    2:     0x581ae964f4fc - <alloc[2182bb758b4b3781]::vec::Vec<u8> as core[df12db4294e9bfd3]::io::write::Write>::write_fmt
[INFO] [stdout]    3:     0x581ae96270b6 - std[70759c8f55707aa4]::panicking::default_hook::{closure#0}
[INFO] [stdout]    4:     0x581ae96433b9 - std[70759c8f55707aa4]::panicking::default_hook
[INFO] [stdout]    5:     0x581ae95c3220 - test[9d35eded1c95d3be]::test_main_inner::<test[9d35eded1c95d3be]::test_main_static::{closure#0}>::{closure#0}
[INFO] [stdout]    6:     0x581ae9643572 - std[70759c8f55707aa4]::panicking::panic_with_hook
[INFO] [stdout]    7:     0x581ae9627162 - std[70759c8f55707aa4]::panicking::panic_handler::{closure#0}
[INFO] [stdout]    8:     0x581ae961fd59 - std[70759c8f55707aa4]::sys::backtrace::__rust_end_short_backtrace::<std[70759c8f55707aa4]::panicking::panic_handler::{closure#0}, !>
[INFO] [stdout]    9:     0x581ae9627d5d - __rustc[8fa7c3cbc660c2b3]::rust_begin_unwind
[INFO] [stdout]   10:     0x581ae9660dac - core[df12db4294e9bfd3]::panicking::panic_fmt
[INFO] [stdout]   11:     0x581ae9660b82 - core[df12db4294e9bfd3]::result::unwrap_failed
[INFO] [stdout]   12:     0x581ae9594c4b - <core_api[23b1884f5958fa46]::session_can_export_character_model::{closure#0} as core[df12db4294e9bfd3]::ops::function::FnOnce<()>>::call_once
[INFO] [stdout]   13:     0x581ae95b650b - test[9d35eded1c95d3be]::__rust_begin_short_backtrace::<core[df12db4294e9bfd3]::result::Result<(), alloc[2182bb758b4b3781]::string::String>, fn() -> core[df12db4294e9bfd3]::result::Result<(), alloc[2182bb758b4b3781]::string::String>>
[INFO] [stdout]   14:     0x581ae95c3b75 - test[9d35eded1c95d3be]::run_test::{closure#0}
[INFO] [stdout]   15:     0x581ae95bd434 - std[70759c8f55707aa4]::sys::backtrace::__rust_begin_short_backtrace::<test[9d35eded1c95d3be]::run_test::{closure#1}, ()>
[INFO] [stdout]   16:     0x581ae95c6cd2 - <std[70759c8f55707aa4]::thread::lifecycle::spawn_unchecked<test[9d35eded1c95d3be]::run_test::{closure#1}, ()>::{closure#1} as core[df12db4294e9bfd3]::ops::function::FnOnce<()>>::call_once::{shim:vtable#0}
[INFO] [stdout]   17:     0x581ae964a529 - <std[70759c8f55707aa4]::sys::thread::unix::Thread>::new::thread_start
[INFO] [stdout]   18:     0x7cd6d3457dfa - <unknown>
[INFO] [stdout]   19:     0x7cd6d34eb3d4 - clone
[INFO] [stdout]   20:                0x0 - <unknown>
[INFO] [stdout] 
[INFO] [stdout] ---- engine_returns_parse_error_for_wrong_hint stdout ----
[INFO] [stdout] 
[INFO] [stdout] thread 'engine_returns_parse_error_for_wrong_hint' (547) panicked at tests/core_api.rs:106:33:
[INFO] [stdout] failed to read Fallout 2 fixture: Os { code: 2, kind: NotFound, message: "No such file or directory" }
[INFO] [stdout] stack backtrace:
[INFO] [stdout]    0:     0x581ae964af71 - <<std[70759c8f55707aa4]::sys::backtrace::BacktraceLock>::print::DisplayBacktrace as core[df12db4294e9bfd3]::fmt::Display>::fmt
[INFO] [stdout]    1:     0x581ae966067a - core[df12db4294e9bfd3]::fmt::write
[INFO] [stdout]    2:     0x581ae964f4fc - <alloc[2182bb758b4b3781]::vec::Vec<u8> as core[df12db4294e9bfd3]::io::write::Write>::write_fmt
[INFO] [stdout]    3:     0x581ae96270b6 - std[70759c8f55707aa4]::panicking::default_hook::{closure#0}
[INFO] [stdout]    4:     0x581ae96433b9 - std[70759c8f55707aa4]::panicking::default_hook
[INFO] [stdout]    5:     0x581ae95c3220 - test[9d35eded1c95d3be]::test_main_inner::<test[9d35eded1c95d3be]::test_main_static::{closure#0}>::{closure#0}
[INFO] [stdout]    6:     0x581ae9643572 - std[70759c8f55707aa4]::panicking::panic_with_hook
[INFO] [stdout]    7:     0x581ae9627162 - std[70759c8f55707aa4]::panicking::panic_handler::{closure#0}
[INFO] [stdout]    8:     0x581ae961fd59 - std[70759c8f55707aa4]::sys::backtrace::__rust_end_short_backtrace::<std[70759c8f55707aa4]::panicking::panic_handler::{closure#0}, !>
[INFO] [stdout]    9:     0x581ae9627d5d - __rustc[8fa7c3cbc660c2b3]::rust_begin_unwind
[INFO] [stdout]   10:     0x581ae9660dac - core[df12db4294e9bfd3]::panicking::panic_fmt
[INFO] [stdout]   11:     0x581ae9660b82 - core[df12db4294e9bfd3]::result::unwrap_failed
[INFO] [stdout]   12:     0x581ae95963c1 - <core_api[23b1884f5958fa46]::engine_returns_parse_error_for_wrong_hint::{closure#0} as core[df12db4294e9bfd3]::ops::function::FnOnce<()>>::call_once
[INFO] [stdout]   13:     0x581ae95b650b - test[9d35eded1c95d3be]::__rust_begin_short_backtrace::<core[df12db4294e9bfd3]::result::Result<(), alloc[2182bb758b4b3781]::string::String>, fn() -> core[df12db4294e9bfd3]::result::Result<(), alloc[2182bb758b4b3781]::string::String>>
[INFO] [stdout]   14:     0x581ae95c3b75 - test[9d35eded1c95d3be]::run_test::{closure#0}
[INFO] [stdout]   15:     0x581ae95bd434 - std[70759c8f55707aa4]::sys::backtrace::__rust_begin_short_backtrace::<test[9d35eded1c95d3be]::run_test::{closure#1}, ()>
[INFO] [stdout]   16:     0x581ae95c6cd2 - <std[70759c8f55707aa4]::thread::lifecycle::spawn_unchecked<test[9d35eded1c95d3be]::run_test::{closure#1}, ()>::{closure#1} as core[df12db4294e9bfd3]::ops::function::FnOnce<()>>::call_once::{shim:vtable#0}
[INFO] [stdout]   17:     0x581ae964a529 - <std[70759c8f55707aa4]::sys::thread::unix::Thread>::new::thread_start
[INFO] [stdout]   18:     0x7cd6d3457dfa - <unknown>
[INFO] [stdout]   19:     0x7cd6d34eb3d4 - clone
[INFO] [stdout]   20:                0x0 - <unknown>
[INFO] [stdout] 
[INFO] [stdout] ---- session_query_methods_match_fallout1_save_data stdout ----
[INFO] [stdout] 
[INFO] [stdout] thread 'session_query_methods_match_fallout1_save_data' (556) panicked at tests/core_api.rs:150:33:
[INFO] [stdout] failed to read Fallout 1 fixture: Os { code: 2, kind: NotFound, message: "No such file or directory" }
[INFO] [stdout] stack backtrace:
[INFO] [stdout]    0:     0x581ae964af71 - <<std[70759c8f55707aa4]::sys::backtrace::BacktraceLock>::print::DisplayBacktrace as core[df12db4294e9bfd3]::fmt::Display>::fmt
[INFO] [stdout]    1:     0x581ae966067a - core[df12db4294e9bfd3]::fmt::write
[INFO] [stdout]    2:     0x581ae964f4fc - <alloc[2182bb758b4b3781]::vec::Vec<u8> as core[df12db4294e9bfd3]::io::write::Write>::write_fmt
[INFO] [stdout]    3:     0x581ae96270b6 - std[70759c8f55707aa4]::panicking::default_hook::{closure#0}
[INFO] [stdout]    4:     0x581ae96433b9 - std[70759c8f55707aa4]::panicking::default_hook
[INFO] [stdout]    5:     0x581ae95c3220 - test[9d35eded1c95d3be]::test_main_inner::<test[9d35eded1c95d3be]::test_main_static::{closure#0}>::{closure#0}
[INFO] [stdout]    6:     0x581ae9643572 - std[70759c8f55707aa4]::panicking::panic_with_hook
[INFO] [stdout]    7:     0x581ae9627162 - std[70759c8f55707aa4]::panicking::panic_handler::{closure#0}
[INFO] [stdout]    8:     0x581ae961fd59 - std[70759c8f55707aa4]::sys::backtrace::__rust_end_short_backtrace::<std[70759c8f55707aa4]::panicking::panic_handler::{closure#0}, !>
[INFO] [stdout]    9:     0x581ae9627d5d - __rustc[8fa7c3cbc660c2b3]::rust_begin_unwind
[INFO] [stdout]   10:     0x581ae9660dac - core[df12db4294e9bfd3]::panicking::panic_fmt
[INFO] [stdout]   11:     0x581ae9660b82 - core[df12db4294e9bfd3]::result::unwrap_failed
[INFO] [stdout]   12:     0x581ae959907e - <core_api[23b1884f5958fa46]::session_query_methods_match_fallout1_save_data::{closure#0} as core[df12db4294e9bfd3]::ops::function::FnOnce<()>>::call_once
[INFO] [stdout]   13:     0x581ae95b650b - test[9d35eded1c95d3be]::__rust_begin_short_backtrace::<core[df12db4294e9bfd3]::result::Result<(), alloc[2182bb758b4b3781]::string::String>, fn() -> core[df12db4294e9bfd3]::result::Result<(), alloc[2182bb758b4b3781]::string::String>>
[INFO] [stdout]   14:     0x581ae95c3b75 - test[9d35eded1c95d3be]::run_test::{closure#0}
[INFO] [stdout]   15:     0x581ae95bd434 - std[70759c8f55707aa4]::sys::backtrace::__rust_begin_short_backtrace::<test[9d35eded1c95d3be]::run_test::{closure#1}, ()>
[INFO] [stdout]   16:     0x581ae95c6cd2 - <std[70759c8f55707aa4]::thread::lifecycle::spawn_unchecked<test[9d35eded1c95d3be]::run_test::{closure#1}, ()>::{closure#1} as core[df12db4294e9bfd3]::ops::function::FnOnce<()>>::call_once::{shim:vtable#0}
[INFO] [stdout]   17:     0x581ae964a529 - <std[70759c8f55707aa4]::sys::thread::unix::Thread>::new::thread_start
[INFO] [stdout]   18:     0x7cd6d3457dfa - <unknown>
[INFO] [stdout]   19:     0x7cd6d34eb3d4 - clone
[INFO] [stdout]   20:                0x0 - <unknown>
[INFO] [stdout] 
[INFO] [stdout] ---- session_can_edit_gender_and_emit_modified_bytes_fallout1 stdout ----
[INFO] [stdout] 
[INFO] [stdout] thread 'session_can_edit_gender_and_emit_modified_bytes_fallout1' (551) panicked at tests/core_api.rs:287:33:
[INFO] [stdout] failed to read Fallout 1 fixture: Os { code: 2, kind: NotFound, message: "No such file or directory" }
[INFO] [stdout] stack backtrace:
[INFO] [stdout]    0:     0x581ae964af71 - <<std[70759c8f55707aa4]::sys::backtrace::BacktraceLock>::print::DisplayBacktrace as core[df12db4294e9bfd3]::fmt::Display>::fmt
[INFO] [stdout]    1:     0x581ae966067a - core[df12db4294e9bfd3]::fmt::write
[INFO] [stdout]    2:     0x581ae964f4fc - <alloc[2182bb758b4b3781]::vec::Vec<u8> as core[df12db4294e9bfd3]::io::write::Write>::write_fmt
[INFO] [stdout]    3:     0x581ae96270b6 - std[70759c8f55707aa4]::panicking::default_hook::{closure#0}
[INFO] [stdout]    4:     0x581ae96433b9 - std[70759c8f55707aa4]::panicking::default_hook
[INFO] [stdout]    5:     0x581ae95c3220 - test[9d35eded1c95d3be]::test_main_inner::<test[9d35eded1c95d3be]::test_main_static::{closure#0}>::{closure#0}
[INFO] [stdout]    6:     0x581ae9643572 - std[70759c8f55707aa4]::panicking::panic_with_hook
[INFO] [stdout]    7:     0x581ae9627162 - std[70759c8f55707aa4]::panicking::panic_handler::{closure#0}
[INFO] [stdout]    8:     0x581ae961fd59 - std[70759c8f55707aa4]::sys::backtrace::__rust_end_short_backtrace::<std[70759c8f55707aa4]::panicking::panic_handler::{closure#0}, !>
[INFO] [stdout]    9:     0x581ae9627d5d - __rustc[8fa7c3cbc660c2b3]::rust_begin_unwind
[INFO] [stdout]   10:     0x581ae9660dac - core[df12db4294e9bfd3]::panicking::panic_fmt
[INFO] [stdout]   11:     0x581ae9660b82 - core[df12db4294e9bfd3]::result::unwrap_failed
[INFO] [stdout]   12:     0x581ae959cf7e - <core_api[23b1884f5958fa46]::session_can_edit_gender_and_emit_modified_bytes_fallout1::{closure#0} as core[df12db4294e9bfd3]::ops::function::FnOnce<()>>::call_once
[INFO] [stdout]   13:     0x581ae95b650b - test[9d35eded1c95d3be]::__rust_begin_short_backtrace::<core[df12db4294e9bfd3]::result::Result<(), alloc[2182bb758b4b3781]::string::String>, fn() -> core[df12db4294e9bfd3]::result::Result<(), alloc[2182bb758b4b3781]::string::String>>
[INFO] [stdout]   14:     0x581ae95c3b75 - test[9d35eded1c95d3be]::run_test::{closure#0}
[INFO] [stdout]   15:     0x581ae95bd434 - std[70759c8f55707aa4]::sys::backtrace::__rust_begin_short_backtrace::<test[9d35eded1c95d3be]::run_test::{closure#1}, ()>
[INFO] [stdout]   16:     0x581ae95c6cd2 - <std[70759c8f55707aa4]::thread::lifecycle::spawn_unchecked<test[9d35eded1c95d3be]::run_test::{closure#1}, ()>::{closure#1} as core[df12db4294e9bfd3]::ops::function::FnOnce<()>>::call_once::{shim:vtable#0}
[INFO] [stdout]   17:     0x581ae964a529 - <std[70759c8f55707aa4]::sys::thread::unix::Thread>::new::thread_start
[INFO] [stdout]   18:     0x7cd6d3457dfa - <unknown>
[INFO] [stdout]   19:     0x7cd6d34eb3d4 - clone
[INFO] [stdout]   20:                0x0 - <unknown>
[INFO] [stdout] 
[INFO] [stdout] ---- session_can_edit_traits_perks_and_inventory_fallout2 stdout ----
[INFO] [stdout] 
[INFO] [stdout] thread 'session_can_edit_traits_perks_and_inventory_fallout2' (554) panicked at tests/core_api.rs:531:33:
[INFO] [stdout] failed to read Fallout 2 fixture: Os { code: 2, kind: NotFound, message: "No such file or directory" }
[INFO] [stdout] stack backtrace:
[INFO] [stdout]    0:     0x581ae964af71 - <<std[70759c8f55707aa4]::sys::backtrace::BacktraceLock>::print::DisplayBacktrace as core[df12db4294e9bfd3]::fmt::Display>::fmt
[INFO] [stdout]    1:     0x581ae966067a - core[df12db4294e9bfd3]::fmt::write
[INFO] [stdout]    2:     0x581ae964f4fc - <alloc[2182bb758b4b3781]::vec::Vec<u8> as core[df12db4294e9bfd3]::io::write::Write>::write_fmt
[INFO] [stdout]    3:     0x581ae96270b6 - std[70759c8f55707aa4]::panicking::default_hook::{closure#0}
[INFO] [stdout]    4:     0x581ae96433b9 - std[70759c8f55707aa4]::panicking::default_hook
[INFO] [stdout]    5:     0x581ae95c3220 - test[9d35eded1c95d3be]::test_main_inner::<test[9d35eded1c95d3be]::test_main_static::{closure#0}>::{closure#0}
[INFO] [stdout]    6:     0x581ae9643572 - std[70759c8f55707aa4]::panicking::panic_with_hook
[INFO] [stdout]    7:     0x581ae9627162 - std[70759c8f55707aa4]::panicking::panic_handler::{closure#0}
[INFO] [stdout]    8:     0x581ae961fd59 - std[70759c8f55707aa4]::sys::backtrace::__rust_end_short_backtrace::<std[70759c8f55707aa4]::panicking::panic_handler::{closure#0}, !>
[INFO] [stdout]    9:     0x581ae9627d5d - __rustc[8fa7c3cbc660c2b3]::rust_begin_unwind
[INFO] [stdout]   10:     0x581ae9660dac - core[df12db4294e9bfd3]::panicking::panic_fmt
[INFO] [stdout]   11:     0x581ae9660b82 - core[df12db4294e9bfd3]::result::unwrap_failed
[INFO] [stdout]   12:     0x581ae959c659 - <core_api[23b1884f5958fa46]::session_can_edit_traits_perks_and_inventory_fallout2::{closure#0} as core[df12db4294e9bfd3]::ops::function::FnOnce<()>>::call_once
[INFO] [stdout]   13:     0x581ae95b650b - test[9d35eded1c95d3be]::__rust_begin_short_backtrace::<core[df12db4294e9bfd3]::result::Result<(), alloc[2182bb758b4b3781]::string::String>, fn() -> core[df12db4294e9bfd3]::result::Result<(), alloc[2182bb758b4b3781]::string::String>>
[INFO] [stdout]   14:     0x581ae95c3b75 - test[9d35eded1c95d3be]::run_test::{closure#0}
[INFO] [stdout]   15:     0x581ae95bd434 - std[70759c8f55707aa4]::sys::backtrace::__rust_begin_short_backtrace::<test[9d35eded1c95d3be]::run_test::{closure#1}, ()>
[INFO] [stdout]   16:     0x581ae95c6cd2 - <std[70759c8f55707aa4]::thread::lifecycle::spawn_unchecked<test[9d35eded1c95d3be]::run_test::{closure#1}, ()>::{closure#1} as core[df12db4294e9bfd3]::ops::function::FnOnce<()>>::call_once::{shim:vtable#0}
[INFO] [stdout]   17:     0x581ae964a529 - <std[70759c8f55707aa4]::sys::thread::unix::Thread>::new::thread_start
[INFO] [stdout]   18:     0x7cd6d3457dfa - <unknown>
[INFO] [stdout]   19:     0x7cd6d34eb3d4 - clone
[INFO] [stdout]   20:                0x0 - <unknown>
[INFO] [stdout] 
[INFO] [stdout] ---- session_query_methods_match_fallout2_save_data stdout ----
[INFO] [stdout] 
[INFO] [stdout] thread 'session_query_methods_match_fallout2_save_data' (557) panicked at tests/core_api.rs:225:33:
[INFO] [stdout] failed to read Fallout 2 fixture: Os { code: 2, kind: NotFound, message: "No such file or directory" }
[INFO] [stdout] stack backtrace:
[INFO] [stdout]    0:     0x581ae964af71 - <<std[70759c8f55707aa4]::sys::backtrace::BacktraceLock>::print::DisplayBacktrace as core[df12db4294e9bfd3]::fmt::Display>::fmt
[INFO] [stdout]    1:     0x581ae966067a - core[df12db4294e9bfd3]::fmt::write
[INFO] [stdout]    2:     0x581ae964f4fc - <alloc[2182bb758b4b3781]::vec::Vec<u8> as core[df12db4294e9bfd3]::io::write::Write>::write_fmt
[INFO] [stdout]    3:     0x581ae96270b6 - std[70759c8f55707aa4]::panicking::default_hook::{closure#0}
[INFO] [stdout]    4:     0x581ae96433b9 - std[70759c8f55707aa4]::panicking::default_hook
[INFO] [stdout]    5:     0x581ae95c3220 - test[9d35eded1c95d3be]::test_main_inner::<test[9d35eded1c95d3be]::test_main_static::{closure#0}>::{closure#0}
[INFO] [stdout]    6:     0x581ae9643572 - std[70759c8f55707aa4]::panicking::panic_with_hook
[INFO] [stdout]    7:     0x581ae9627162 - std[70759c8f55707aa4]::panicking::panic_handler::{closure#0}
[INFO] [stdout]    8:     0x581ae961fd59 - std[70759c8f55707aa4]::sys::backtrace::__rust_end_short_backtrace::<std[70759c8f55707aa4]::panicking::panic_handler::{closure#0}, !>
[INFO] [stdout]    9:     0x581ae9627d5d - __rustc[8fa7c3cbc660c2b3]::rust_begin_unwind
[INFO] [stdout]   10:     0x581ae9660dac - core[df12db4294e9bfd3]::panicking::panic_fmt
[INFO] [stdout]   11:     0x581ae9660b82 - core[df12db4294e9bfd3]::result::unwrap_failed
[INFO] [stdout]   12:     0x581ae959ada3 - <core_api[23b1884f5958fa46]::session_query_methods_match_fallout2_save_data::{closure#0} as core[df12db4294e9bfd3]::ops::function::FnOnce<()>>::call_once
[INFO] [stdout]   13:     0x581ae95b650b - test[9d35eded1c95d3be]::__rust_begin_short_backtrace::<core[df12db4294e9bfd3]::result::Result<(), alloc[2182bb758b4b3781]::string::String>, fn() -> core[df12db4294e9bfd3]::result::Result<(), alloc[2182bb758b4b3781]::string::String>>
[INFO] [stdout]   14:     0x581ae95c3b75 - test[9d35eded1c95d3be]::run_test::{closure#0}
[INFO] [stdout]   15:     0x581ae95bd434 - std[70759c8f55707aa4]::sys::backtrace::__rust_begin_short_backtrace::<test[9d35eded1c95d3be]::run_test::{closure#1}, ()>
[INFO] [stdout]   16:     0x581ae95c6cd2 - <std[70759c8f55707aa4]::thread::lifecycle::spawn_unchecked<test[9d35eded1c95d3be]::run_test::{closure#1}, ()>::{closure#1} as core[df12db4294e9bfd3]::ops::function::FnOnce<()>>::call_once::{shim:vtable#0}
[INFO] [stdout]   17:     0x581ae964a529 - <std[70759c8f55707aa4]::sys::thread::unix::Thread>::new::thread_start
[INFO] [stdout]   18:     0x7cd6d3457dfa - <unknown>
[INFO] [stdout]   19:     0x7cd6d34eb3d4 - clone
[INFO] [stdout]   20:                0x0 - <unknown>
[INFO] [stdout] 
[INFO] [stdout] ---- session_can_edit_traits_perks_and_inventory_fallout1 stdout ----
[INFO] [stdout] 
[INFO] [stdout] thread 'session_can_edit_traits_perks_and_inventory_fallout1' (553) panicked at tests/core_api.rs:463:33:
[INFO] [stdout] failed to read Fallout 1 fixture: Os { code: 2, kind: NotFound, message: "No such file or directory" }
[INFO] [stdout] stack backtrace:
[INFO] [stdout]    0:     0x581ae964af71 - <<std[70759c8f55707aa4]::sys::backtrace::BacktraceLock>::print::DisplayBacktrace as core[df12db4294e9bfd3]::fmt::Display>::fmt
[INFO] [stdout]    1:     0x581ae966067a - core[df12db4294e9bfd3]::fmt::write
[INFO] [stdout]    2:     0x581ae964f4fc - <alloc[2182bb758b4b3781]::vec::Vec<u8> as core[df12db4294e9bfd3]::io::write::Write>::write_fmt
[INFO] [stdout]    3:     0x581ae96270b6 - std[70759c8f55707aa4]::panicking::default_hook::{closure#0}
[INFO] [stdout]    4:     0x581ae96433b9 - std[70759c8f55707aa4]::panicking::default_hook
[INFO] [stdout]    5:     0x581ae95c3220 - test[9d35eded1c95d3be]::test_main_inner::<test[9d35eded1c95d3be]::test_main_static::{closure#0}>::{closure#0}
[INFO] [stdout]    6:     0x581ae9643572 - std[70759c8f55707aa4]::panicking::panic_with_hook
[INFO] [stdout]    7:     0x581ae9627162 - std[70759c8f55707aa4]::panicking::panic_handler::{closure#0}
[INFO] [stdout]    8:     0x581ae961fd59 - std[70759c8f55707aa4]::sys::backtrace::__rust_end_short_backtrace::<std[70759c8f55707aa4]::panicking::panic_handler::{closure#0}, !>
[INFO] [stdout]    9:     0x581ae9627d5d - __rustc[8fa7c3cbc660c2b3]::rust_begin_unwind
[INFO] [stdout]   10:     0x581ae9660dac - core[df12db4294e9bfd3]::panicking::panic_fmt
[INFO] [stdout]   11:     0x581ae9660b82 - core[df12db4294e9bfd3]::result::unwrap_failed
[INFO] [stdout]   12:     0x581ae959ba72 - <core_api[23b1884f5958fa46]::session_can_edit_traits_perks_and_inventory_fallout1::{closure#0} as core[df12db4294e9bfd3]::ops::function::FnOnce<()>>::call_once
[INFO] [stdout]   13:     0x581ae95b650b - test[9d35eded1c95d3be]::__rust_begin_short_backtrace::<core[df12db4294e9bfd3]::result::Result<(), alloc[2182bb758b4b3781]::string::String>, fn() -> core[df12db4294e9bfd3]::result::Result<(), alloc[2182bb758b4b3781]::string::String>>
[INFO] [stdout]   14:     0x581ae95c3b75 - test[9d35eded1c95d3be]::run_test::{closure#0}
[INFO] [stdout]   15:     0x581ae95bd434 - std[70759c8f55707aa4]::sys::backtrace::__rust_begin_short_backtrace::<test[9d35eded1c95d3be]::run_test::{closure#1}, ()>
[INFO] [stdout]   16:     0x581ae95c6cd2 - <std[70759c8f55707aa4]::thread::lifecycle::spawn_unchecked<test[9d35eded1c95d3be]::run_test::{closure#1}, ()>::{closure#1} as core[df12db4294e9bfd3]::ops::function::FnOnce<()>>::call_once::{shim:vtable#0}
[INFO] [stdout]   17:     0x581ae964a529 - <std[70759c8f55707aa4]::sys::thread::unix::Thread>::new::thread_start
[INFO] [stdout]   18:     0x7cd6d3457dfa - <unknown>
[INFO] [stdout]   19:     0x7cd6d34eb3d4 - clone
[INFO] [stdout]   20:                0x0 - <unknown>
[INFO] [stdout] 
[INFO] [stdout] ---- session_can_edit_age_level_and_xp_fallout2 stdout ----
[INFO] [stdout] 
[INFO] [stdout] thread 'session_can_edit_age_level_and_xp_fallout2' (550) panicked at tests/core_api.rs:407:33:
[INFO] [stdout] failed to read Fallout 2 fixture: Os { code: 2, kind: NotFound, message: "No such file or directory" }
[INFO] [stdout] stack backtrace:
[INFO] [stdout]    0:     0x581ae964af71 - <<std[70759c8f55707aa4]::sys::backtrace::BacktraceLock>::print::DisplayBacktrace as core[df12db4294e9bfd3]::fmt::Display>::fmt
[INFO] [stdout]    1:     0x581ae966067a - core[df12db4294e9bfd3]::fmt::write
[INFO] [stdout]    2:     0x581ae964f4fc - <alloc[2182bb758b4b3781]::vec::Vec<u8> as core[df12db4294e9bfd3]::io::write::Write>::write_fmt
[INFO] [stdout]    3:     0x581ae96270b6 - std[70759c8f55707aa4]::panicking::default_hook::{closure#0}
[INFO] [stdout]    4:     0x581ae96433b9 - std[70759c8f55707aa4]::panicking::default_hook
[INFO] [stdout]    5:     0x581ae95c3220 - test[9d35eded1c95d3be]::test_main_inner::<test[9d35eded1c95d3be]::test_main_static::{closure#0}>::{closure#0}
[INFO] [stdout]    6:     0x581ae9643572 - std[70759c8f55707aa4]::panicking::panic_with_hook
[INFO] [stdout]    7:     0x581ae9627162 - std[70759c8f55707aa4]::panicking::panic_handler::{closure#0}
[INFO] [stdout]    8:     0x581ae961fd59 - std[70759c8f55707aa4]::sys::backtrace::__rust_end_short_backtrace::<std[70759c8f55707aa4]::panicking::panic_handler::{closure#0}, !>
[INFO] [stdout]    9:     0x581ae9627d5d - __rustc[8fa7c3cbc660c2b3]::rust_begin_unwind
[INFO] [stdout]   10:     0x581ae9660dac - core[df12db4294e9bfd3]::panicking::panic_fmt
[INFO] [stdout]   11:     0x581ae9660b82 - core[df12db4294e9bfd3]::result::unwrap_failed
[INFO] [stdout]   12:     0x581ae9597524 - <core_api[23b1884f5958fa46]::session_can_edit_age_level_and_xp_fallout2::{closure#0} as core[df12db4294e9bfd3]::ops::function::FnOnce<()>>::call_once
[INFO] [stdout]   13:     0x581ae95b650b - test[9d35eded1c95d3be]::__rust_begin_short_backtrace::<core[df12db4294e9bfd3]::result::Result<(), alloc[2182bb758b4b3781]::string::String>, fn() -> core[df12db4294e9bfd3]::result::Result<(), alloc[2182bb758b4b3781]::string::String>>
[INFO] [stdout]   14:     0x581ae95c3b75 - test[9d35eded1c95d3be]::run_test::{closure#0}
[INFO] [stdout]   15:     0x581ae95bd434 - std[70759c8f55707aa4]::sys::backtrace::__rust_begin_short_backtrace::<test[9d35eded1c95d3be]::run_test::{closure#1}, ()>
[INFO] [stdout]   16:     0x581ae95c6cd2 - <std[70759c8f55707aa4]::thread::lifecycle::spawn_unchecked<test[9d35eded1c95d3be]::run_test::{closure#1}, ()>::{closure#1} as core[df12db4294e9bfd3]::ops::function::FnOnce<()>>::call_once::{shim:vtable#0}
[INFO] [stdout]   17:     0x581ae964a529 - <std[70759c8f55707aa4]::sys::thread::unix::Thread>::new::thread_start
[INFO] [stdout]   18:     0x7cd6d3457dfa - <unknown>
[INFO] [stdout]   19:     0x7cd6d34eb3d4 - clone
[INFO] [stdout]   20:                0x0 - <unknown>
[INFO] [stdout] 
[INFO] [stdout] 
[INFO] [stdout] failures:
[INFO] [stdout]     character_export_supports_serde_roundtrip
[INFO] [stdout]     engine_auto_detects_fallout1
[INFO] [stdout]     engine_auto_detects_fallout2
[INFO] [stdout]     engine_emits_unmodified_bytes_fallout1
[INFO] [stdout]     engine_emits_unmodified_bytes_fallout2
[INFO] [stdout]     engine_returns_parse_error_for_wrong_hint
[INFO] [stdout]     session_can_apply_character_export_and_emit_modified_bytes_fallout2
[INFO] [stdout]     session_can_edit_age_level_and_xp_fallout1
[INFO] [stdout]     session_can_edit_age_level_and_xp_fallout2
[INFO] [stdout]     session_can_edit_gender_and_emit_modified_bytes_fallout1
[INFO] [stdout]     session_can_edit_gender_and_emit_modified_bytes_fallout2
[INFO] [stdout]     session_can_edit_traits_perks_and_inventory_fallout1
[INFO] [stdout]     session_can_edit_traits_perks_and_inventory_fallout2
[INFO] [stdout]     session_can_export_character_model
[INFO] [stdout]     session_query_methods_match_fallout1_save_data
[INFO] [stdout]     session_query_methods_match_fallout2_save_data
[INFO] [stdout] 
[INFO] [stdout] test result: FAILED. 0 passed; 16 failed; 0 ignored; 0 measured; 0 filtered out; finished in 0.02s
[INFO] [stdout] 
[INFO] running `Command { std: "docker" "inspect" "98d1ca9efc7bb9bb2f6ff78500e3d1acb3776ccb2686a449d64e2b11bece5d2f", kill_on_drop: false }`
[INFO] running `Command { std: "docker" "rm" "-f" "98d1ca9efc7bb9bb2f6ff78500e3d1acb3776ccb2686a449d64e2b11bece5d2f", kill_on_drop: false }`
[INFO] [stdout] 98d1ca9efc7bb9bb2f6ff78500e3d1acb3776ccb2686a449d64e2b11bece5d2f
