[INFO] fetching crate fal 0.3.6...
[INFO] testing fal-0.3.6 against 1.99.0-beta.8+cargoflags=--release for beta-release-1.100-2
[INFO] extracting crate fal 0.3.6 into /workspace/builds/worker-6-tc1/source
[INFO] started tweaking crates.io crate fal 0.3.6
[INFO] removed 0 missing tests
[INFO] finished tweaking crates.io crate fal 0.3.6
[INFO] tweaked toml for crates.io crate fal 0.3.6 written to /workspace/builds/worker-6-tc1/source/Cargo.toml
[INFO] validating manifest of crates.io crate fal 0.3.6 on toolchain 1.99.0-beta.8
[INFO] running `Command { std: CARGO_HOME="/workspace/cargo-home" RUSTUP_HOME="/workspace/rustup-home" "/workspace/cargo-home/bin/cargo" "+1.99.0-beta.8" "metadata" "--manifest-path" "Cargo.toml" "--no-deps", kill_on_drop: false }`
[INFO] crate crates.io crate fal 0.3.6 already has a lockfile, it will not be regenerated
[INFO] running `Command { std: CARGO_HOME="/workspace/cargo-home" RUSTUP_HOME="/workspace/rustup-home" "/workspace/cargo-home/bin/cargo" "+1.99.0-beta.8" "fetch" "--manifest-path" "Cargo.toml", kill_on_drop: false }`
[INFO] [stderr] warning: Cargo.toml: `edition` is set on library `fal` which is deprecated
[INFO] [stderr] warning: Cargo.toml: `edition` is set on test `endpoints` which is deprecated
[INFO] [stderr] warning: Cargo.toml: `edition` is set on test `queue` which is deprecated
[INFO] [stderr] warning: Cargo.toml: `edition` is set on test `send` which is deprecated
[INFO] [stderr] warning: `fal` (manifest) generated 4 warnings
[INFO] [stderr]     Updating crates.io index
[INFO] [stderr]  Downloading crates ...
[INFO] [stderr]   Downloaded windows-registry v0.2.0
[INFO] [stderr]   Downloaded reqwest v0.12.12
[INFO] [stderr]   Downloaded tempfile v3.18.0
[INFO] [stderr]   Downloaded ravif v0.11.11
[INFO] [stderr]   Downloaded fal-derive v0.1.0
[INFO] [stderr]   Downloaded image-webp v0.2.1
[INFO] [stderr]   Downloaded h2 v0.4.8
[INFO] [stderr]   Downloaded winnow v0.7.3
[INFO] [stderr]   Downloaded rustix v1.0.1
[INFO] [stderr]   Downloaded rustls v0.23.23
[INFO] [stderr]   Downloaded tokio v1.44.0
[INFO] [stderr]   Downloaded ring v0.17.13
[INFO] [stderr]   Downloaded linux-raw-sys v0.9.2
[INFO] running `Command { std: "docker" "create" "-v" "/var/lib/crater-agent-workspace/builds/worker-6-tc1/source:/opt/rustwide/workdir:ro,Z" "-v" "/var/lib/crater-agent-workspace/builds/worker-6-tc1/target:/opt/rustwide/target:rw,Z" "-v" "/var/lib/crater-agent-workspace/cargo-home:/opt/rustwide/cargo-home:ro,Z" "-v" "/var/lib/crater-agent-workspace/rustup-home:/opt/rustwide/rustup-home:ro,Z" "-m" "1610612736" "--network" "none" "ghcr.io/rust-lang/crates-build-env/linux@sha256:77db811e55d90add9212f6832c23229e3de5f1c1f9905e8cb07319ea15df73ac" "sleep" "infinity", kill_on_drop: false }`
[INFO] [stdout] cf509d44f311587626fd5d8482d08c9fc0d976384ce1ac17d5680063d2a9a45b
[INFO] running `Command { std: "docker" "start" "cf509d44f311587626fd5d8482d08c9fc0d976384ce1ac17d5680063d2a9a45b", kill_on_drop: false }`
[INFO] running `Command { std: "docker" "inspect" "cf509d44f311587626fd5d8482d08c9fc0d976384ce1ac17d5680063d2a9a45b", kill_on_drop: false }`
[INFO] running `Command { std: "docker" "exec" "-e" "SOURCE_DIR=/opt/rustwide/workdir" "-e" "CARGO_HOME=/opt/rustwide/cargo-home" "-e" "RUSTUP_HOME=/opt/rustwide/rustup-home" "-e" "CARGO_TARGET_DIR=/opt/rustwide/target" "-w" "/opt/rustwide/workdir" "--user" "0:0" "cf509d44f311587626fd5d8482d08c9fc0d976384ce1ac17d5680063d2a9a45b" "/opt/rustwide/cargo-home/bin/cargo" "+1.99.0-beta.8" "metadata" "--no-deps" "--format-version=1", kill_on_drop: false }`
[INFO] running `Command { std: "docker" "inspect" "cf509d44f311587626fd5d8482d08c9fc0d976384ce1ac17d5680063d2a9a45b", kill_on_drop: false }`
[INFO] running `Command { std: "docker" "exec" "-e" "SOURCE_DIR=/opt/rustwide/workdir" "-e" "CARGO_HOME=/opt/rustwide/cargo-home" "-e" "RUSTUP_HOME=/opt/rustwide/rustup-home" "-e" "CARGO_TARGET_DIR=/opt/rustwide/target" "-e" "CARGO_INCREMENTAL=0" "-e" "RUST_BACKTRACE=full" "-e" "RUSTFLAGS=--cap-lints=warn" "-e" "RUSTDOCFLAGS=--cap-lints=warn" "-w" "/opt/rustwide/workdir" "--user" "0:0" "cf509d44f311587626fd5d8482d08c9fc0d976384ce1ac17d5680063d2a9a45b" "/opt/rustwide/cargo-home/bin/cargo" "+1.99.0-beta.8" "build" "--frozen" "--message-format=json" "--release", kill_on_drop: false }`
[INFO] [stderr] warning: Cargo.toml: `edition` is set on library `fal` which is deprecated
[INFO] [stderr] warning: Cargo.toml: `edition` is set on test `endpoints` which is deprecated
[INFO] [stderr] warning: Cargo.toml: `edition` is set on test `queue` which is deprecated
[INFO] [stderr] warning: Cargo.toml: `edition` is set on test `send` which is deprecated
[INFO] [stderr] warning: `fal` (manifest) generated 4 warnings
[INFO] [stderr]    Compiling libc v0.2.170
[INFO] [stderr]    Compiling once_cell v1.20.3
[INFO] [stderr]    Compiling smallvec v1.14.0
[INFO] [stderr]    Compiling num-traits v0.2.19
[INFO] [stderr]    Compiling log v0.4.26
[INFO] [stderr]    Compiling quote v1.0.39
[INFO] [stderr]    Compiling openssl-sys v0.9.106
[INFO] [stderr]    Compiling simd-adler32 v0.3.7
[INFO] [stderr]    Compiling rayon-core v1.12.1
[INFO] [stderr]    Compiling adler2 v2.0.0
[INFO] [stderr]    Compiling http v1.2.0
[INFO] [stderr]    Compiling hashbrown v0.15.2
[INFO] [stderr]    Compiling openssl v0.10.71
[INFO] [stderr]    Compiling nom v7.1.3
[INFO] [stderr]    Compiling aligned-vec v0.5.0
[INFO] [stderr]    Compiling serde v1.0.218
[INFO] [stderr]    Compiling built v0.7.7
[INFO] [stderr]    Compiling miniz_oxide v0.8.5
[INFO] [stderr]    Compiling native-tls v0.2.14
[INFO] [stderr]    Compiling syn v2.0.99
[INFO] [stderr]    Compiling tracing-core v0.1.33
[INFO] [stderr]    Compiling crc32fast v1.4.2
[INFO] [stderr]    Compiling openssl-probe v0.1.6
[INFO] [stderr]    Compiling simd_helpers v0.1.0
[INFO] [stderr]    Compiling itertools v0.12.1
[INFO] [stderr]    Compiling imgref v1.11.0
[INFO] [stderr]    Compiling rav1e v0.7.1
[INFO] [stderr]    Compiling indexmap v2.7.1
[INFO] [stderr]    Compiling bitstream-io v2.6.0
[INFO] [stderr]    Compiling tracing v0.1.41
[INFO] [stderr]    Compiling weezl v0.1.8
[INFO] [stderr]    Compiling flate2 v1.1.0
[INFO] [stderr]    Compiling new_debug_unreachable v1.0.6
[INFO] [stderr]    Compiling quick-error v2.0.1
[INFO] [stderr]    Compiling noop_proc_macro v0.3.0
[INFO] [stderr]    Compiling loop9 v0.1.5
[INFO] [stderr]    Compiling rayon v1.10.0
[INFO] [stderr]    Compiling zune-inflate v0.2.54
[INFO] [stderr]    Compiling fdeflate v0.3.7
[INFO] [stderr]    Compiling num-integer v0.1.46
[INFO] [stderr]    Compiling v_frame v0.3.8
[INFO] [stderr]    Compiling avif-serialize v0.8.3
[INFO] [stderr]    Compiling socket2 v0.5.8
[INFO] [stderr]    Compiling mio v1.0.3
[INFO] [stderr]    Compiling sync_wrapper v1.0.2
[INFO] [stderr]    Compiling half v2.4.1
[INFO] [stderr]    Compiling num-bigint v0.4.6
[INFO] [stderr]    Compiling bytemuck v1.22.0
[INFO] [stderr]    Compiling jpeg-decoder v0.3.1
[INFO] [stderr]    Compiling http-body v1.0.1
[INFO] [stderr]    Compiling tokio v1.44.0
[INFO] [stderr]    Compiling bit_field v0.10.2
[INFO] [stderr]    Compiling lebe v0.5.2
[INFO] [stderr]    Compiling zune-core v0.4.12
[INFO] [stderr]    Compiling byteorder-lite v0.1.0
[INFO] [stderr]    Compiling color_quant v1.1.0
[INFO] [stderr]    Compiling rgb v0.8.50
[INFO] [stderr]    Compiling gif v0.13.1
[INFO] [stderr]    Compiling zune-jpeg v0.4.14
[INFO] [stderr]    Compiling exr v1.73.0
[INFO] [stderr]    Compiling png v0.17.16
[INFO] [stderr]    Compiling qoi v0.4.1
[INFO] [stderr]    Compiling encoding_rs v0.8.35
[INFO] [stderr]    Compiling image-webp v0.2.1
[INFO] [stderr]    Compiling eventsource-stream v0.2.3
[INFO] [stderr]    Compiling tiff v0.9.1
[INFO] [stderr]    Compiling maybe-rayon v0.1.1
[INFO] [stderr]    Compiling num-rational v0.4.2
[INFO] [stderr]    Compiling av1-grain v0.2.3
[INFO] [stderr]    Compiling synstructure v0.13.1
[INFO] [stderr]    Compiling zerofrom-derive v0.1.6
[INFO] [stderr]    Compiling yoke-derive v0.7.5
[INFO] [stderr]    Compiling zerovec-derive v0.10.3
[INFO] [stderr]    Compiling displaydoc v0.2.5
[INFO] [stderr]    Compiling futures-macro v0.3.31
[INFO] [stderr]    Compiling icu_provider_macros v1.5.0
[INFO] [stderr]    Compiling openssl-macros v0.1.1
[INFO] [stderr]    Compiling serde_derive v1.0.218
[INFO] [stderr]    Compiling profiling-procmacros v1.0.16
[INFO] [stderr]    Compiling thiserror-impl v1.0.69
[INFO] [stderr]    Compiling num-derive v0.4.2
[INFO] [stderr]    Compiling arg_enum_proc_macro v0.3.4
[INFO] [stderr]    Compiling fal-derive v0.1.0
[INFO] [stderr]    Compiling smart-default v0.7.1
[INFO] [stderr]    Compiling profiling v1.0.16
[INFO] [stderr]    Compiling futures-util v0.3.31
[INFO] [stderr]    Compiling tokio-util v0.7.13
[INFO] [stderr]    Compiling zerofrom v0.1.6
[INFO] [stderr]    Compiling yoke v0.7.5
[INFO] [stderr]    Compiling thiserror v1.0.69
[INFO] [stderr]    Compiling zerovec v0.10.4
[INFO] [stderr]    Compiling h2 v0.4.8
[INFO] [stderr]    Compiling tinystr v0.7.6
[INFO] [stderr]    Compiling icu_collections v1.5.0
[INFO] [stderr]    Compiling icu_locid v1.5.0
[INFO] [stderr]    Compiling tokio-native-tls v0.3.1
[INFO] [stderr]    Compiling icu_provider v1.5.0
[INFO] [stderr]    Compiling icu_locid_transform v1.5.0
[INFO] [stderr]    Compiling hyper v1.6.0
[INFO] [stderr]    Compiling http-body-util v0.1.2
[INFO] [stderr]    Compiling futures-executor v0.3.31
[INFO] [stderr]    Compiling tower v0.5.2
[INFO] [stderr]    Compiling futures v0.3.31
[INFO] [stderr]    Compiling icu_properties v1.5.1
[INFO] [stderr]    Compiling serde_urlencoded v0.7.1
[INFO] [stderr]    Compiling serde_json v1.0.140
[INFO] [stderr]    Compiling hyper-util v0.1.10
[INFO] [stderr]    Compiling hyper-tls v0.6.0
[INFO] [stderr]    Compiling icu_normalizer v1.5.0
[INFO] [stderr]    Compiling ravif v0.11.11
[INFO] [stderr]    Compiling idna_adapter v1.2.0
[INFO] [stderr]    Compiling idna v1.0.3
[INFO] [stderr]    Compiling url v2.5.4
[INFO] [stderr]    Compiling image v0.25.5
[INFO] [stderr]    Compiling reqwest v0.12.12
[INFO] [stderr]    Compiling fal v0.3.6 (/opt/rustwide/workdir)
[INFO] [stderr]     Finished `release` profile [optimized] target(s) in 2m 07s
[INFO] running `Command { std: "docker" "inspect" "cf509d44f311587626fd5d8482d08c9fc0d976384ce1ac17d5680063d2a9a45b", kill_on_drop: false }`
[INFO] running `Command { std: "docker" "exec" "-e" "SOURCE_DIR=/opt/rustwide/workdir" "-e" "CARGO_HOME=/opt/rustwide/cargo-home" "-e" "RUSTUP_HOME=/opt/rustwide/rustup-home" "-e" "CARGO_TARGET_DIR=/opt/rustwide/target" "-e" "CARGO_INCREMENTAL=0" "-e" "RUST_BACKTRACE=full" "-e" "RUSTFLAGS=--cap-lints=warn" "-e" "RUSTDOCFLAGS=--cap-lints=warn" "-w" "/opt/rustwide/workdir" "--user" "0:0" "cf509d44f311587626fd5d8482d08c9fc0d976384ce1ac17d5680063d2a9a45b" "/opt/rustwide/cargo-home/bin/cargo" "+1.99.0-beta.8" "test" "--frozen" "--no-run" "--message-format=json" "--release", kill_on_drop: false }`
[INFO] [stderr] warning: Cargo.toml: `edition` is set on library `fal` which is deprecated
[INFO] [stderr] warning: Cargo.toml: `edition` is set on test `endpoints` which is deprecated
[INFO] [stderr] warning: Cargo.toml: `edition` is set on test `queue` which is deprecated
[INFO] [stderr] warning: Cargo.toml: `edition` is set on test `send` which is deprecated
[INFO] [stderr] warning: `fal` (manifest) generated 4 warnings
[INFO] [stderr]    Compiling signal-hook-registry v1.4.2
[INFO] [stderr]    Compiling tokio-macros v2.5.0
[INFO] [stderr]    Compiling parking_lot_core v0.9.10
[INFO] [stderr]    Compiling parking_lot v0.12.3
[INFO] [stderr]    Compiling tokio v1.44.0
[INFO] [stderr]    Compiling tokio-util v0.7.13
[INFO] [stderr]    Compiling tokio-native-tls v0.3.1
[INFO] [stderr]    Compiling tower v0.5.2
[INFO] [stderr]    Compiling h2 v0.4.8
[INFO] [stderr]    Compiling hyper v1.6.0
[INFO] [stderr]    Compiling hyper-util v0.1.10
[INFO] [stderr]    Compiling hyper-tls v0.6.0
[INFO] [stderr]    Compiling reqwest v0.12.12
[INFO] [stderr]    Compiling fal v0.3.6 (/opt/rustwide/workdir)
[INFO] [stderr]     Finished `release` profile [optimized] target(s) in 40.89s
[INFO] running `Command { std: "docker" "inspect" "cf509d44f311587626fd5d8482d08c9fc0d976384ce1ac17d5680063d2a9a45b", kill_on_drop: false }`
[INFO] running `Command { std: "docker" "exec" "-e" "SOURCE_DIR=/opt/rustwide/workdir" "-e" "CARGO_HOME=/opt/rustwide/cargo-home" "-e" "RUSTUP_HOME=/opt/rustwide/rustup-home" "-e" "CARGO_TARGET_DIR=/opt/rustwide/target" "-e" "CARGO_INCREMENTAL=0" "-e" "RUST_BACKTRACE=full" "-e" "RUSTFLAGS=--cap-lints=warn" "-e" "RUSTDOCFLAGS=--cap-lints=warn" "-w" "/opt/rustwide/workdir" "--user" "0:0" "cf509d44f311587626fd5d8482d08c9fc0d976384ce1ac17d5680063d2a9a45b" "/opt/rustwide/cargo-home/bin/cargo" "+1.99.0-beta.8" "test" "--frozen" "--release", kill_on_drop: false }`
[INFO] [stderr] warning: Cargo.toml: `edition` is set on library `fal` which is deprecated
[INFO] [stderr] warning: Cargo.toml: `edition` is set on test `endpoints` which is deprecated
[INFO] [stderr] warning: Cargo.toml: `edition` is set on test `queue` which is deprecated
[INFO] [stderr] warning: Cargo.toml: `edition` is set on test `send` which is deprecated
[INFO] [stderr] warning: `fal` (manifest) generated 4 warnings
[INFO] [stderr]     Finished `release` profile [optimized] target(s) in 0.21s
[INFO] [stderr]      Running unittests src/lib.rs (/opt/rustwide/target/release/deps/fal-251af70c9f74698c)
[INFO] [stdout] 
[INFO] [stdout] running 0 tests
[INFO] [stdout] 
[INFO] [stdout] test result: ok. 0 passed; 0 failed; 0 ignored; 0 measured; 0 filtered out; finished in 0.00s
[INFO] [stdout] 
[INFO] [stderr]      Running tests/queue.rs (/opt/rustwide/target/release/deps/queue-96ce0d3d84952b3a)
[INFO] [stdout] 
[INFO] [stdout] running 2 tests
[INFO] [stdout] test test_queue_status_stream ... FAILED
[INFO] [stdout] test test_queue ... FAILED
[INFO] [stdout] 
[INFO] [stdout] failures:
[INFO] [stdout] 
[INFO] [stdout] ---- test_queue_status_stream stdout ----
[INFO] [stdout] 
[INFO] [stdout] thread 'test_queue_status_stream' (2689) panicked at src/request.rs:112:14:
[INFO] [stdout] No fal API key provided, and FAL_API_KEY environment variable is not set
[INFO] [stdout] stack backtrace:
[INFO] [stdout]    0:     0x59564b78b081 - <<std[70759c8f55707aa4]::sys::backtrace::BacktraceLock>::print::DisplayBacktrace as core[df12db4294e9bfd3]::fmt::Display>::fmt
[INFO] [stdout]    1:     0x59564b7a0f3a - core[df12db4294e9bfd3]::fmt::write
[INFO] [stdout]    2:     0x59564b78fbec - <alloc[2182bb758b4b3781]::vec::Vec<u8> as core[df12db4294e9bfd3]::io::write::Write>::write_fmt
[INFO] [stdout]    3:     0x59564b7663e6 - std[70759c8f55707aa4]::panicking::default_hook::{closure#0}
[INFO] [stdout]    4:     0x59564b7830a9 - std[70759c8f55707aa4]::panicking::default_hook
[INFO] [stdout]    5:     0x59564b5d8520 - test[9d35eded1c95d3be]::test_main_inner::<test[9d35eded1c95d3be]::test_main_static::{closure#0}>::{closure#0}
[INFO] [stdout]    6:     0x59564b7833d2 - std[70759c8f55707aa4]::panicking::panic_with_hook
[INFO] [stdout]    7:     0x59564b766492 - std[70759c8f55707aa4]::panicking::panic_handler::{closure#0}
[INFO] [stdout]    8:     0x59564b75f139 - std[70759c8f55707aa4]::sys::backtrace::__rust_end_short_backtrace::<std[70759c8f55707aa4]::panicking::panic_handler::{closure#0}, !>
[INFO] [stdout]    9:     0x59564b76727d - __rustc[8fa7c3cbc660c2b3]::rust_begin_unwind
[INFO] [stdout]   10:     0x59564b7a169c - core[df12db4294e9bfd3]::panicking::panic_fmt
[INFO] [stdout]   11:     0x59564b7a13f4 - core[df12db4294e9bfd3]::option::expect_failed
[INFO] [stdout]   12:     0x59564b5bce39 - <fal[4596c5d82dc6f608]::request::FalRequest<queue[f604d5819fee5640]::FalDevParams, queue[f604d5819fee5640]::FalMultiImageResponse>>::queue::{closure#0}
[INFO] [stdout]   13:     0x59564b5bae7a - queue[f604d5819fee5640]::test_queue_status_stream::{closure#0}
[INFO] [stdout]   14:     0x59564b5c3493 - <tokio[a17eee75a6532326]::runtime::scheduler::current_thread::Context>::enter::<core[df12db4294e9bfd3]::task::poll::Poll<()>, <tokio[a17eee75a6532326]::runtime::scheduler::current_thread::CoreGuard>::block_on<core[df12db4294e9bfd3]::pin::Pin<&mut core[df12db4294e9bfd3]::pin::Pin<&mut dyn core[df12db4294e9bfd3]::future::future::Future<Output = ()>>>>::{closure#0}::{closure#0}>
[INFO] [stdout]   15:     0x59564b5c8212 - <tokio[a17eee75a6532326]::runtime::context::scoped::Scoped<tokio[a17eee75a6532326]::runtime::scheduler::Context>>::set::<<tokio[a17eee75a6532326]::runtime::scheduler::current_thread::CoreGuard>::enter<<tokio[a17eee75a6532326]::runtime::scheduler::current_thread::CoreGuard>::block_on<core[df12db4294e9bfd3]::pin::Pin<&mut core[df12db4294e9bfd3]::pin::Pin<&mut dyn core[df12db4294e9bfd3]::future::future::Future<Output = ()>>>>::{closure#0}, core[df12db4294e9bfd3]::option::Option<()>>::{closure#0}, (alloc[2182bb758b4b3781]::boxed::Box<tokio[a17eee75a6532326]::runtime::scheduler::current_thread::Core>, core[df12db4294e9bfd3]::option::Option<()>)>
[INFO] [stdout]   16:     0x59564b5c37e7 - <tokio[a17eee75a6532326]::runtime::scheduler::current_thread::CoreGuard>::block_on::<core[df12db4294e9bfd3]::pin::Pin<&mut core[df12db4294e9bfd3]::pin::Pin<&mut dyn core[df12db4294e9bfd3]::future::future::Future<Output = ()>>>>
[INFO] [stdout]   17:     0x59564b5ca7f0 - tokio[a17eee75a6532326]::runtime::context::runtime::enter_runtime::<<tokio[a17eee75a6532326]::runtime::scheduler::current_thread::CurrentThread>::block_on<core[df12db4294e9bfd3]::pin::Pin<&mut dyn core[df12db4294e9bfd3]::future::future::Future<Output = ()>>>::{closure#0}, ()>
[INFO] [stdout]   18:     0x59564b5c80f5 - <tokio[a17eee75a6532326]::runtime::runtime::Runtime>::block_on::<core[df12db4294e9bfd3]::pin::Pin<&mut dyn core[df12db4294e9bfd3]::future::future::Future<Output = ()>>>
[INFO] [stdout]   19:     0x59564b5bdcde - <queue[f604d5819fee5640]::test_queue_status_stream::{closure#0} as core[df12db4294e9bfd3]::ops::function::FnOnce<()>>::call_once
[INFO] [stdout]   20:     0x59564b5cb80b - test[9d35eded1c95d3be]::__rust_begin_short_backtrace::<core[df12db4294e9bfd3]::result::Result<(), alloc[2182bb758b4b3781]::string::String>, fn() -> core[df12db4294e9bfd3]::result::Result<(), alloc[2182bb758b4b3781]::string::String>>
[INFO] [stdout]   21:     0x59564b5d8e75 - test[9d35eded1c95d3be]::run_test::{closure#0}
[INFO] [stdout]   22:     0x59564b5d2734 - std[70759c8f55707aa4]::sys::backtrace::__rust_begin_short_backtrace::<test[9d35eded1c95d3be]::run_test::{closure#1}, ()>
[INFO] [stdout]   23:     0x59564b5dbfd2 - <std[70759c8f55707aa4]::thread::lifecycle::spawn_unchecked<test[9d35eded1c95d3be]::run_test::{closure#1}, ()>::{closure#1} as core[df12db4294e9bfd3]::ops::function::FnOnce<()>>::call_once::{shim:vtable#0}
[INFO] [stdout]   24:     0x59564b78a5a9 - <std[70759c8f55707aa4]::sys::thread::unix::Thread>::new::thread_start
[INFO] [stdout]   25:     0x774c3aed0dfa - <unknown>
[INFO] [stdout]   26:     0x774c3af643d4 - clone
[INFO] [stdout]   27:                0x0 - <unknown>
[INFO] [stdout] 
[INFO] [stdout] ---- test_queue stdout ----
[INFO] [stdout] 
[INFO] [stdout] thread 'test_queue' (2688) panicked at src/request.rs:112:14:
[INFO] [stdout] No fal API key provided, and FAL_API_KEY environment variable is not set
[INFO] [stdout] stack backtrace:
[INFO] [stdout]    0:     0x59564b78b081 - <<std[70759c8f55707aa4]::sys::backtrace::BacktraceLock>::print::DisplayBacktrace as core[df12db4294e9bfd3]::fmt::Display>::fmt
[INFO] [stdout]    1:     0x59564b7a0f3a - core[df12db4294e9bfd3]::fmt::write
[INFO] [stdout]    2:     0x59564b78fbec - <alloc[2182bb758b4b3781]::vec::Vec<u8> as core[df12db4294e9bfd3]::io::write::Write>::write_fmt
[INFO] [stdout]    3:     0x59564b7663e6 - std[70759c8f55707aa4]::panicking::default_hook::{closure#0}
[INFO] [stdout]    4:     0x59564b7830a9 - std[70759c8f55707aa4]::panicking::default_hook
[INFO] [stdout]    5:     0x59564b5d8520 - test[9d35eded1c95d3be]::test_main_inner::<test[9d35eded1c95d3be]::test_main_static::{closure#0}>::{closure#0}
[INFO] [stdout]    6:     0x59564b7833d2 - std[70759c8f55707aa4]::panicking::panic_with_hook
[INFO] [stdout]    7:     0x59564b766492 - std[70759c8f55707aa4]::panicking::panic_handler::{closure#0}
[INFO] [stdout]    8:     0x59564b75f139 - std[70759c8f55707aa4]::sys::backtrace::__rust_end_short_backtrace::<std[70759c8f55707aa4]::panicking::panic_handler::{closure#0}, !>
[INFO] [stdout]    9:     0x59564b76727d - __rustc[8fa7c3cbc660c2b3]::rust_begin_unwind
[INFO] [stdout]   10:     0x59564b7a169c - core[df12db4294e9bfd3]::panicking::panic_fmt
[INFO] [stdout]   11:     0x59564b7a13f4 - core[df12db4294e9bfd3]::option::expect_failed
[INFO] [stdout]   12:     0x59564b5bce39 - <fal[4596c5d82dc6f608]::request::FalRequest<queue[f604d5819fee5640]::FalDevParams, queue[f604d5819fee5640]::FalMultiImageResponse>>::queue::{closure#0}
[INFO] [stdout]   13:     0x59564b5b9d88 - queue[f604d5819fee5640]::test_queue::{closure#0}
[INFO] [stdout]   14:     0x59564b5c3493 - <tokio[a17eee75a6532326]::runtime::scheduler::current_thread::Context>::enter::<core[df12db4294e9bfd3]::task::poll::Poll<()>, <tokio[a17eee75a6532326]::runtime::scheduler::current_thread::CoreGuard>::block_on<core[df12db4294e9bfd3]::pin::Pin<&mut core[df12db4294e9bfd3]::pin::Pin<&mut dyn core[df12db4294e9bfd3]::future::future::Future<Output = ()>>>>::{closure#0}::{closure#0}>
[INFO] [stdout]   15:     0x59564b5c8212 - <tokio[a17eee75a6532326]::runtime::context::scoped::Scoped<tokio[a17eee75a6532326]::runtime::scheduler::Context>>::set::<<tokio[a17eee75a6532326]::runtime::scheduler::current_thread::CoreGuard>::enter<<tokio[a17eee75a6532326]::runtime::scheduler::current_thread::CoreGuard>::block_on<core[df12db4294e9bfd3]::pin::Pin<&mut core[df12db4294e9bfd3]::pin::Pin<&mut dyn core[df12db4294e9bfd3]::future::future::Future<Output = ()>>>>::{closure#0}, core[df12db4294e9bfd3]::option::Option<()>>::{closure#0}, (alloc[2182bb758b4b3781]::boxed::Box<tokio[a17eee75a6532326]::runtime::scheduler::current_thread::Core>, core[df12db4294e9bfd3]::option::Option<()>)>
[INFO] [stdout]   16:     0x59564b5c37e7 - <tokio[a17eee75a6532326]::runtime::scheduler::current_thread::CoreGuard>::block_on::<core[df12db4294e9bfd3]::pin::Pin<&mut core[df12db4294e9bfd3]::pin::Pin<&mut dyn core[df12db4294e9bfd3]::future::future::Future<Output = ()>>>>
[INFO] [stdout]   17:     0x59564b5ca7f0 - tokio[a17eee75a6532326]::runtime::context::runtime::enter_runtime::<<tokio[a17eee75a6532326]::runtime::scheduler::current_thread::CurrentThread>::block_on<core[df12db4294e9bfd3]::pin::Pin<&mut dyn core[df12db4294e9bfd3]::future::future::Future<Output = ()>>>::{closure#0}, ()>
[INFO] [stdout]   18:     0x59564b5c80f5 - <tokio[a17eee75a6532326]::runtime::runtime::Runtime>::block_on::<core[df12db4294e9bfd3]::pin::Pin<&mut dyn core[df12db4294e9bfd3]::future::future::Future<Output = ()>>>
[INFO] [stdout]   19:     0x59564b5bdb7e - <queue[f604d5819fee5640]::test_queue::{closure#0} as core[df12db4294e9bfd3]::ops::function::FnOnce<()>>::call_once
[INFO] [stdout]   20:     0x59564b5cb80b - test[9d35eded1c95d3be]::__rust_begin_short_backtrace::<core[df12db4294e9bfd3]::result::Result<(), alloc[2182bb758b4b3781]::string::String>, fn() -> core[df12db4294e9bfd3]::result::Result<(), alloc[2182bb758b4b3781]::string::String>>
[INFO] [stdout]   21:     0x59564b5d8e75 - test[9d35eded1c95d3be]::run_test::{closure#0}
[INFO] [stdout]   22:     0x59564b5d2734 - std[70759c8f55707aa4]::sys::backtrace::__rust_begin_short_backtrace::<test[9d35eded1c95d3be]::run_test::{closure#1}, ()>
[INFO] [stdout]   23:     0x59564b5dbfd2 - <std[70759c8f55707aa4]::thread::lifecycle::spawn_unchecked<test[9d35eded1c95d3be]::run_test::{closure#1}, ()>::{closure#1} as core[df12db4294e9bfd3]::ops::function::FnOnce<()>>::call_once::{shim:vtable#0}
[INFO] [stdout]   24:     0x59564b78a5a9 - <std[70759c8f55707aa4]::sys::thread::unix::Thread>::new::thread_start
[INFO] [stdout]   25:     0x774c3aed0dfa - <unknown>
[INFO] [stdout]   26:     0x774c3af643d4 - clone
[INFO] [stdout]   27:                0x0 - <unknown>
[INFO] [stdout] 
[INFO] [stdout] 
[INFO] [stdout] failures:
[INFO] [stdout]     test_queue
[INFO] [stdout]     test_queue_status_stream
[INFO] [stdout] 
[INFO] [stdout] test result: FAILED. 0 passed; 2 failed; 0 ignored; 0 measured; 0 filtered out; finished in 0.08s
[INFO] [stdout] 
[INFO] [stderr] error: test failed, to rerun pass `--test queue`
[INFO] running `Command { std: "docker" "inspect" "cf509d44f311587626fd5d8482d08c9fc0d976384ce1ac17d5680063d2a9a45b", kill_on_drop: false }`
[INFO] running `Command { std: "docker" "rm" "-f" "cf509d44f311587626fd5d8482d08c9fc0d976384ce1ac17d5680063d2a9a45b", kill_on_drop: false }`
[INFO] [stdout] cf509d44f311587626fd5d8482d08c9fc0d976384ce1ac17d5680063d2a9a45b
