[INFO] fetching crate fakecloud-xray 0.50.0...
[INFO] testing fakecloud-xray-0.50.0 against 1.100.0-beta.1+cargoflags=--release for beta-release-1.100-2
[INFO] extracting crate fakecloud-xray 0.50.0 into /workspace/builds/worker-7-tc2/source
[INFO] started tweaking crates.io crate fakecloud-xray 0.50.0
[INFO] finished tweaking crates.io crate fakecloud-xray 0.50.0
[INFO] tweaked toml for crates.io crate fakecloud-xray 0.50.0 written to /workspace/builds/worker-7-tc2/source/Cargo.toml
[INFO] validating manifest of crates.io crate fakecloud-xray 0.50.0 on toolchain 1.100.0-beta.1
[INFO] running `Command { std: CARGO_HOME="/workspace/cargo-home" RUSTUP_HOME="/workspace/rustup-home" "/workspace/cargo-home/bin/cargo" "+1.100.0-beta.1" "metadata" "--manifest-path" "Cargo.toml" "--no-deps", kill_on_drop: false }`
[INFO] crate crates.io crate fakecloud-xray 0.50.0 already has a lockfile, it will not be regenerated
[INFO] running `Command { std: CARGO_HOME="/workspace/cargo-home" RUSTUP_HOME="/workspace/rustup-home" "/workspace/cargo-home/bin/cargo" "+1.100.0-beta.1" "fetch" "--manifest-path" "Cargo.toml", kill_on_drop: false }`
[INFO] running `Command { std: "docker" "create" "-v" "/var/lib/crater-agent-workspace/builds/worker-7-tc2/source:/opt/rustwide/workdir:ro,Z" "-v" "/var/lib/crater-agent-workspace/builds/worker-7-tc2/target:/opt/rustwide/target:rw,Z" "-v" "/var/lib/crater-agent-workspace/cargo-home:/opt/rustwide/cargo-home:ro,Z" "-v" "/var/lib/crater-agent-workspace/rustup-home:/opt/rustwide/rustup-home:ro,Z" "-m" "1610612736" "--network" "none" "ghcr.io/rust-lang/crates-build-env/linux@sha256:77db811e55d90add9212f6832c23229e3de5f1c1f9905e8cb07319ea15df73ac" "sleep" "infinity", kill_on_drop: false }`
[INFO] [stdout] 6c8332de7f8e974203f4af57a003497a3da5c28813bc41f4e930bc1187d3fb4d
[INFO] running `Command { std: "docker" "start" "6c8332de7f8e974203f4af57a003497a3da5c28813bc41f4e930bc1187d3fb4d", kill_on_drop: false }`
[INFO] running `Command { std: "docker" "inspect" "6c8332de7f8e974203f4af57a003497a3da5c28813bc41f4e930bc1187d3fb4d", kill_on_drop: false }`
[INFO] running `Command { std: "docker" "exec" "-e" "SOURCE_DIR=/opt/rustwide/workdir" "-e" "CARGO_HOME=/opt/rustwide/cargo-home" "-e" "RUSTUP_HOME=/opt/rustwide/rustup-home" "-e" "CARGO_TARGET_DIR=/opt/rustwide/target" "-w" "/opt/rustwide/workdir" "--user" "0:0" "6c8332de7f8e974203f4af57a003497a3da5c28813bc41f4e930bc1187d3fb4d" "/opt/rustwide/cargo-home/bin/cargo" "+1.100.0-beta.1" "metadata" "--no-deps" "--format-version=1", kill_on_drop: false }`
[INFO] running `Command { std: "docker" "inspect" "6c8332de7f8e974203f4af57a003497a3da5c28813bc41f4e930bc1187d3fb4d", kill_on_drop: false }`
[INFO] running `Command { std: "docker" "exec" "-e" "SOURCE_DIR=/opt/rustwide/workdir" "-e" "CARGO_HOME=/opt/rustwide/cargo-home" "-e" "RUSTUP_HOME=/opt/rustwide/rustup-home" "-e" "CARGO_TARGET_DIR=/opt/rustwide/target" "-e" "CARGO_INCREMENTAL=0" "-e" "RUST_BACKTRACE=full" "-e" "RUSTFLAGS=--cap-lints=warn" "-e" "RUSTDOCFLAGS=--cap-lints=warn" "-w" "/opt/rustwide/workdir" "--user" "0:0" "6c8332de7f8e974203f4af57a003497a3da5c28813bc41f4e930bc1187d3fb4d" "/opt/rustwide/cargo-home/bin/cargo" "+1.100.0-beta.1" "build" "--frozen" "--message-format=json" "--release", kill_on_drop: false }`
[INFO] [stderr]    Compiling libc v0.2.185
[INFO] [stderr]    Compiling serde_core v1.0.228
[INFO] [stderr]    Compiling zerocopy v0.8.48
[INFO] [stderr]    Compiling subtle v2.6.1
[INFO] [stderr]    Compiling http v1.4.0
[INFO] [stderr]    Compiling syn v2.0.117
[INFO] [stderr]    Compiling hashbrown v0.17.0
[INFO] [stderr]    Compiling serde_json v1.0.149
[INFO] [stderr]    Compiling crypto-common v0.1.7
[INFO] [stderr]    Compiling futures-util v0.3.32
[INFO] [stderr]    Compiling data-encoding v2.10.0
[INFO] [stderr]    Compiling bitflags v2.11.1
[INFO] [stderr]    Compiling ciborium-io v0.2.2
[INFO] [stderr]    Compiling syn v3.0.6
[INFO] [stderr]    Compiling flate2 v1.1.9
[INFO] [stderr]    Compiling digest v0.10.7
[INFO] [stderr]    Compiling rustix v1.1.4
[INFO] [stderr]    Compiling sha1 v0.10.6
[INFO] [stderr]    Compiling sha2 v0.10.9
[INFO] [stderr]    Compiling hmac v0.12.1
[INFO] [stderr]    Compiling md-5 v0.10.6
[INFO] [stderr]    Compiling indexmap v2.14.0
[INFO] [stderr]    Compiling http-body v1.0.1
[INFO] [stderr]    Compiling http-body-util v0.1.3
[INFO] [stderr]    Compiling errno v0.3.14
[INFO] [stderr]    Compiling socket2 v0.6.3
[INFO] [stderr]    Compiling mio v1.2.0
[INFO] [stderr]    Compiling getrandom v0.3.4
[INFO] [stderr]    Compiling getrandom v0.4.2
[INFO] [stderr]    Compiling parking_lot_core v0.9.12
[INFO] [stderr]    Compiling signal-hook-registry v1.4.8
[INFO] [stderr]    Compiling getrandom v0.2.17
[INFO] [stderr]    Compiling rand_core v0.9.5
[INFO] [stderr]    Compiling uuid v1.23.1
[INFO] [stderr]    Compiling parking_lot v0.12.5
[INFO] [stderr]    Compiling rand_core v0.6.4
[INFO] [stderr]    Compiling tempfile v3.27.0
[INFO] [stderr]    Compiling serde_path_to_error v0.1.20
[INFO] [stderr]    Compiling async-trait v0.1.92
[INFO] [stderr]    Compiling serde_derive v1.0.228
[INFO] [stderr]    Compiling zerocopy-derive v0.8.48
[INFO] [stderr]    Compiling tokio-macros v2.7.0
[INFO] [stderr]    Compiling thiserror-impl v2.0.18
[INFO] [stderr]    Compiling tracing-attributes v0.1.31
[INFO] [stderr]    Compiling tokio v1.52.0
[INFO] [stderr]    Compiling tracing v0.1.44
[INFO] [stderr]    Compiling axum-core v0.5.6
[INFO] [stderr]    Compiling thiserror v2.0.18
[INFO] [stderr]    Compiling serde v1.0.228
[INFO] [stderr]    Compiling chrono v0.4.44
[INFO] [stderr]    Compiling serde_spanned v0.6.9
[INFO] [stderr]    Compiling toml_datetime v0.6.11
[INFO] [stderr]    Compiling quick-xml v0.37.5
[INFO] [stderr]    Compiling serde_urlencoded v0.7.1
[INFO] [stderr]    Compiling serde_yaml v0.9.34+deprecated
[INFO] [stderr]    Compiling toml_edit v0.22.27
[INFO] [stderr]    Compiling fakecloud-aws v0.50.0
[INFO] [stderr]    Compiling toml v0.8.23
[INFO] [stderr]    Compiling fakecloud-persistence v0.50.0
[INFO] [stderr]    Compiling ppv-lite86 v0.2.21
[INFO] [stderr]    Compiling half v2.7.1
[INFO] [stderr]    Compiling hyper v1.9.0
[INFO] [stderr]    Compiling tower v0.5.3
[INFO] [stderr]    Compiling tokio-util v0.7.18
[INFO] [stderr]    Compiling rand_chacha v0.9.0
[INFO] [stderr]    Compiling rand v0.9.4
[INFO] [stderr]    Compiling ciborium-ll v0.2.2
[INFO] [stderr]    Compiling ciborium v0.2.2
[INFO] [stderr]    Compiling rand_chacha v0.3.1
[INFO] [stderr]    Compiling rand v0.8.5
[INFO] [stderr]    Compiling tungstenite v0.29.0
[INFO] [stderr]    Compiling hyper-util v0.1.20
[INFO] [stderr]    Compiling tokio-tungstenite v0.29.0
[INFO] [stderr]    Compiling axum v0.8.9
[INFO] [stderr]    Compiling fakecloud-core v0.50.0
[INFO] [stderr]    Compiling fakecloud-xray v0.50.0 (/opt/rustwide/workdir)
[INFO] [stderr] warning: unused dependency `rand`
[INFO] [stderr]   --> Cargo.toml:26:15
[INFO] [stderr]    |
[INFO] [stderr] 26 | [dependencies.rand]
[INFO] [stderr]    |               ^^^^^
[INFO] [stderr]    |
[INFO] [stderr]    = note: `cargo::unused_dependencies` is set to `warn` by default
[INFO] [stderr] help: consider removing the dependency on `rand`
[INFO] [stderr] warning: `fakecloud-xray` (manifest) generated 1 warning
[INFO] [stderr]     Finished `release` profile [optimized] target(s) in 1m 23s
[INFO] running `Command { std: "docker" "inspect" "6c8332de7f8e974203f4af57a003497a3da5c28813bc41f4e930bc1187d3fb4d", kill_on_drop: false }`
[INFO] running `Command { std: "docker" "exec" "-e" "SOURCE_DIR=/opt/rustwide/workdir" "-e" "CARGO_HOME=/opt/rustwide/cargo-home" "-e" "RUSTUP_HOME=/opt/rustwide/rustup-home" "-e" "CARGO_TARGET_DIR=/opt/rustwide/target" "-e" "CARGO_INCREMENTAL=0" "-e" "RUST_BACKTRACE=full" "-e" "RUSTFLAGS=--cap-lints=warn" "-e" "RUSTDOCFLAGS=--cap-lints=warn" "-w" "/opt/rustwide/workdir" "--user" "0:0" "6c8332de7f8e974203f4af57a003497a3da5c28813bc41f4e930bc1187d3fb4d" "/opt/rustwide/cargo-home/bin/cargo" "+1.100.0-beta.1" "test" "--frozen" "--no-run" "--message-format=json" "--release", kill_on_drop: false }`
[INFO] [stderr]    Compiling fakecloud-xray v0.50.0 (/opt/rustwide/workdir)
[INFO] [stderr] warning: unused dependency `rand`
[INFO] [stderr]   --> Cargo.toml:26:15
[INFO] [stderr]    |
[INFO] [stderr] 26 | [dependencies.rand]
[INFO] [stderr]    |               ^^^^^
[INFO] [stderr]    |
[INFO] [stderr]    = note: `cargo::unused_dependencies` is set to `warn` by default
[INFO] [stderr] help: consider removing the dependency on `rand`
[INFO] [stderr] warning: `fakecloud-xray` (manifest) generated 1 warning
[INFO] [stderr]     Finished `release` profile [optimized] target(s) in 9.78s
[INFO] running `Command { std: "docker" "inspect" "6c8332de7f8e974203f4af57a003497a3da5c28813bc41f4e930bc1187d3fb4d", kill_on_drop: false }`
[INFO] running `Command { std: "docker" "exec" "-e" "SOURCE_DIR=/opt/rustwide/workdir" "-e" "CARGO_HOME=/opt/rustwide/cargo-home" "-e" "RUSTUP_HOME=/opt/rustwide/rustup-home" "-e" "CARGO_TARGET_DIR=/opt/rustwide/target" "-e" "CARGO_INCREMENTAL=0" "-e" "RUST_BACKTRACE=full" "-e" "RUSTFLAGS=--cap-lints=warn" "-e" "RUSTDOCFLAGS=--cap-lints=warn" "-w" "/opt/rustwide/workdir" "--user" "0:0" "6c8332de7f8e974203f4af57a003497a3da5c28813bc41f4e930bc1187d3fb4d" "/opt/rustwide/cargo-home/bin/cargo" "+1.100.0-beta.1" "test" "--frozen" "--release", kill_on_drop: false }`
[INFO] [stderr] warning: unused dependency `rand`
[INFO] [stderr]   --> Cargo.toml:26:15
[INFO] [stderr]    |
[INFO] [stderr] 26 | [dependencies.rand]
[INFO] [stderr]    |               ^^^^^
[INFO] [stderr]    |
[INFO] [stderr]    = note: `cargo::unused_dependencies` is set to `warn` by default
[INFO] [stderr] help: consider removing the dependency on `rand`
[INFO] [stderr] warning: `fakecloud-xray` (manifest) generated 1 warning
[INFO] [stderr]     Finished `release` profile [optimized] target(s) in 0.16s
[INFO] [stderr]      Running unittests src/lib.rs (/opt/rustwide/target/release/build/fakecloud-xray/d9838130c667c2f8/out/fakecloud_xray-d9838130c667c2f8)
[INFO] [stdout] 
[INFO] [stdout] running 35 tests
[INFO] [stdout] test graph::tests::fault_is_counted_in_statistics ... ok
[INFO] [stdout] test persistence::tests::empty_store_is_empty ... ok
[INFO] [stdout] test persistence::tests::v1_snapshot_splits_resources_by_arn_region ... ok
[INFO] [stdout] test segment::tests::rejects_malformed_json ... ok
[INFO] [stdout] test segment::tests::collects_remote_downstream_calls ... ok
[INFO] [stdout] test service::tests::default_sampling_rule_present_and_undeletable ... ok
[INFO] [stdout] test graph::tests::two_tier_graph_has_nodes_and_edge ... ok
[INFO] [stdout] test service::tests::resources_are_scoped_to_the_request_region ... ok
[INFO] [stdout] test service::tests::china_region_xray_arns_use_the_aws_cn_partition ... ok
[INFO] [stdout] test service::tests::default_sampling_rule_arn_follows_the_request_region ... ok
[INFO] [stdout] test segment::tests::parses_minimal_segment ... ok
[INFO] [stdout] test segment::tests::rejects_missing_trace_id ... ok
[INFO] [stdout] test service::tests::trace_summaries_filter_by_time_and_expression ... ok
[INFO] [stdout] test segment::tests::reads_http_and_fault_flags ... ok
[INFO] [stdout] test service::tests::create_and_delete_sampling_rule ... ok
[INFO] [stdout] test service::tests::trace_retrieval_lifecycle ... ok
[INFO] [stdout] test service::tests::tagging_requires_existing_resource ... ok
[INFO] [stdout] test service::tests::service_graph_derives_edge ... ok
[INFO] [stdout] test service::tests::resolve_action_routes_and_rejects ... ok
[INFO] [stdout] test validate::tests::create_sampling_rule_requires_nested_members ... ok
[INFO] [stdout] test validate::tests::get_service_graph_requires_time_range ... ok
[INFO] [stdout] test validate::tests::put_trace_segments_requires_documents ... ok
[INFO] [stdout] test validate::tests::tag_resource_requires_arn_and_tags ... ok
[INFO] [stdout] test service::tests::untouched_region_shows_default_rule_without_creating_state ... ok
[INFO] [stdout] test service::tests::update_indexing_rule_persists_and_get_returns_it ... ok
[INFO] [stdout] test state::tests::default_destination_is_xray ... ok
[INFO] [stdout] test validate::tests::put_encryption_config_requires_valid_type ... ok
[INFO] [stdout] test service::tests::create_get_group_roundtrips ... ok
[INFO] [stdout] test persistence::tests::rejects_future_schema ... ok
[INFO] [stdout] test service::tests::get_groups_pages_by_next_token ... ok
[INFO] [stdout] test service::tests::put_then_batch_get_roundtrips ... ok
[INFO] [stdout] test service::tests::encryption_config_roundtrips ... ok
[INFO] [stdout] test pagination_table_tests::table_matches_the_model ... FAILED
[INFO] [stdout] test persistence::tests::round_trip_restores_groups ... ok
[INFO] [stdout] test state::tests::new_account_has_default_sampling_rule ... ok
[INFO] [stdout] 
[INFO] [stdout] failures:
[INFO] [stdout] 
[INFO] [stdout] ---- pagination_table_tests::table_matches_the_model stdout ----
[INFO] [stdout] 
[INFO] [stdout] thread 'pagination_table_tests::table_matches_the_model' (1502) panicked at src/lib.rs:50:66:
[INFO] [stdout] read model: Os { code: 2, kind: NotFound, message: "No such file or directory" }
[INFO] [stdout] stack backtrace:
[INFO] [stdout]    0:     0x61766ef65c71 - <<std[617be2ca0a6fd877]::sys::backtrace::BacktraceLock>::print::DisplayBacktrace as core[a373ad73a504971]::fmt::Display>::fmt
[INFO] [stdout]    1:     0x61766ef7b65a - core[a373ad73a504971]::fmt::write
[INFO] [stdout]    2:     0x61766ef69fdc - <alloc[2e1b2a31b91974c5]::vec::Vec<u8> as core[a373ad73a504971]::io::write::Write>::write_fmt
[INFO] [stdout]    3:     0x61766ef416d6 - std[617be2ca0a6fd877]::panicking::default_hook::{closure#0}
[INFO] [stdout]    4:     0x61766ef5de19 - std[617be2ca0a6fd877]::panicking::default_hook
[INFO] [stdout]    5:     0x61766eeb3120 - test[aada8e7e76ba119b]::test_main_inner::{closure#0}
[INFO] [stdout]    6:     0x61766ef5dfd2 - std[617be2ca0a6fd877]::panicking::panic_with_hook
[INFO] [stdout]    7:     0x61766ef41782 - std[617be2ca0a6fd877]::panicking::panic_handler::{closure#0}
[INFO] [stdout]    8:     0x61766ef3a309 - std[617be2ca0a6fd877]::sys::backtrace::__rust_end_short_backtrace::<std[617be2ca0a6fd877]::panicking::panic_handler::{closure#0}, !>
[INFO] [stdout]    9:     0x61766ef4238d - __rustc[ea4f61d10b84890b]::rust_begin_unwind
[INFO] [stdout]   10:     0x61766ef7bdbc - core[a373ad73a504971]::panicking::panic_fmt
[INFO] [stdout]   11:     0x61766ef7bb92 - core[a373ad73a504971]::result::unwrap_failed
[INFO] [stdout]   12:     0x61766ee77a2b - <fakecloud_xray[1aafc40cde6d0b0e]::pagination_table_tests::table_matches_the_model::{closure#0} as core[a373ad73a504971]::ops::function::FnOnce<()>>::call_once
[INFO] [stdout]   13:     0x61766eea656b - test[aada8e7e76ba119b]::__rust_begin_short_backtrace::<core[a373ad73a504971]::result::Result<(), alloc[2e1b2a31b91974c5]::string::String>, fn() -> core[a373ad73a504971]::result::Result<(), alloc[2e1b2a31b91974c5]::string::String>>
[INFO] [stdout]   14:     0x61766eeb3745 - test[aada8e7e76ba119b]::run_test::{closure#0}
[INFO] [stdout]   15:     0x61766eead034 - std[617be2ca0a6fd877]::sys::backtrace::__rust_begin_short_backtrace::<test[aada8e7e76ba119b]::run_test::{closure#1}, ()>
[INFO] [stdout]   16:     0x61766eeb67d2 - <std[617be2ca0a6fd877]::thread::lifecycle::spawn_unchecked<test[aada8e7e76ba119b]::run_test::{closure#1}, ()>::{closure#1} as core[a373ad73a504971]::ops::function::FnOnce<()>>::call_once::{shim:vtable#0}
[INFO] [stdout]   17:     0x61766ef6513f - <std[617be2ca0a6fd877]::sys::thread::unix::Thread>::new::thread_start
[INFO] [stdout]   18:     0x714bd68a8dfa - <unknown>
[INFO] [stdout]   19:     0x714bd693c3d4 - clone
[INFO] [stdout]   20:                0x0 - <unknown>
[INFO] [stdout] 
[INFO] [stdout] 
[INFO] [stdout] failures:
[INFO] [stdout]     pagination_table_tests::table_matches_the_model
[INFO] [stdout] 
[INFO] [stdout] test result: FAILED. 34 passed; 1 failed; 0 ignored; 0 measured; 0 filtered out; finished in 0.02s
[INFO] [stdout] 
[INFO] [stderr] error: test failed, to rerun pass `--lib`
[INFO] running `Command { std: "docker" "inspect" "6c8332de7f8e974203f4af57a003497a3da5c28813bc41f4e930bc1187d3fb4d", kill_on_drop: false }`
[INFO] running `Command { std: "docker" "rm" "-f" "6c8332de7f8e974203f4af57a003497a3da5c28813bc41f4e930bc1187d3fb4d", kill_on_drop: false }`
[INFO] [stdout] 6c8332de7f8e974203f4af57a003497a3da5c28813bc41f4e930bc1187d3fb4d
