[INFO] fetching crate fakecloud-core 0.50.0...
[INFO] testing fakecloud-core-0.50.0 against 1.99.0-beta.8+cargoflags=--release for beta-release-1.100-2
[INFO] extracting crate fakecloud-core 0.50.0 into /workspace/builds/worker-4-tc1/source
[INFO] started tweaking crates.io crate fakecloud-core 0.50.0
[INFO] finished tweaking crates.io crate fakecloud-core 0.50.0
[INFO] tweaked toml for crates.io crate fakecloud-core 0.50.0 written to /workspace/builds/worker-4-tc1/source/Cargo.toml
[INFO] validating manifest of crates.io crate fakecloud-core 0.50.0 on toolchain 1.99.0-beta.8
[INFO] running `Command { std: CARGO_HOME="/workspace/cargo-home" RUSTUP_HOME="/workspace/rustup-home" "/workspace/cargo-home/bin/cargo" "+1.99.0-beta.8" "metadata" "--manifest-path" "Cargo.toml" "--no-deps", kill_on_drop: false }`
[INFO] crate crates.io crate fakecloud-core 0.50.0 already has a lockfile, it will not be regenerated
[INFO] running `Command { std: CARGO_HOME="/workspace/cargo-home" RUSTUP_HOME="/workspace/rustup-home" "/workspace/cargo-home/bin/cargo" "+1.99.0-beta.8" "fetch" "--manifest-path" "Cargo.toml", kill_on_drop: false }`
[INFO] [stderr]     Blocking waiting for file lock on package cache
[INFO] [stderr]     Blocking waiting for file lock on package cache
[INFO] running `Command { std: "docker" "create" "-v" "/var/lib/crater-agent-workspace/builds/worker-4-tc1/source:/opt/rustwide/workdir:ro,Z" "-v" "/var/lib/crater-agent-workspace/builds/worker-4-tc1/target:/opt/rustwide/target:rw,Z" "-v" "/var/lib/crater-agent-workspace/cargo-home:/opt/rustwide/cargo-home:ro,Z" "-v" "/var/lib/crater-agent-workspace/rustup-home:/opt/rustwide/rustup-home:ro,Z" "-m" "1610612736" "--network" "none" "ghcr.io/rust-lang/crates-build-env/linux@sha256:77db811e55d90add9212f6832c23229e3de5f1c1f9905e8cb07319ea15df73ac" "sleep" "infinity", kill_on_drop: false }`
[INFO] [stdout] 445320b3378ec7d50339402cf14d6c293af83954a78e2c8a9295d0566227f57c
[INFO] running `Command { std: "docker" "start" "445320b3378ec7d50339402cf14d6c293af83954a78e2c8a9295d0566227f57c", kill_on_drop: false }`
[INFO] running `Command { std: "docker" "inspect" "445320b3378ec7d50339402cf14d6c293af83954a78e2c8a9295d0566227f57c", kill_on_drop: false }`
[INFO] running `Command { std: "docker" "exec" "-e" "SOURCE_DIR=/opt/rustwide/workdir" "-e" "CARGO_HOME=/opt/rustwide/cargo-home" "-e" "RUSTUP_HOME=/opt/rustwide/rustup-home" "-e" "CARGO_TARGET_DIR=/opt/rustwide/target" "-w" "/opt/rustwide/workdir" "--user" "0:0" "445320b3378ec7d50339402cf14d6c293af83954a78e2c8a9295d0566227f57c" "/opt/rustwide/cargo-home/bin/cargo" "+1.99.0-beta.8" "metadata" "--no-deps" "--format-version=1", kill_on_drop: false }`
[INFO] running `Command { std: "docker" "inspect" "445320b3378ec7d50339402cf14d6c293af83954a78e2c8a9295d0566227f57c", kill_on_drop: false }`
[INFO] running `Command { std: "docker" "exec" "-e" "SOURCE_DIR=/opt/rustwide/workdir" "-e" "CARGO_HOME=/opt/rustwide/cargo-home" "-e" "RUSTUP_HOME=/opt/rustwide/rustup-home" "-e" "CARGO_TARGET_DIR=/opt/rustwide/target" "-e" "CARGO_INCREMENTAL=0" "-e" "RUST_BACKTRACE=full" "-e" "RUSTFLAGS=--cap-lints=warn" "-e" "RUSTDOCFLAGS=--cap-lints=warn" "-w" "/opt/rustwide/workdir" "--user" "0:0" "445320b3378ec7d50339402cf14d6c293af83954a78e2c8a9295d0566227f57c" "/opt/rustwide/cargo-home/bin/cargo" "+1.99.0-beta.8" "build" "--frozen" "--message-format=json" "--release", kill_on_drop: false }`
[INFO] [stderr]    Compiling libc v0.2.185
[INFO] [stderr]    Compiling bytes v1.11.1
[INFO] [stderr]    Compiling syn v2.0.117
[INFO] [stderr]    Compiling smallvec v1.15.1
[INFO] [stderr]    Compiling getrandom v0.4.2
[INFO] [stderr]    Compiling futures-channel v0.3.32
[INFO] [stderr]    Compiling futures-util v0.3.32
[INFO] [stderr]    Compiling data-encoding v2.10.0
[INFO] [stderr]    Compiling digest v0.10.7
[INFO] [stderr]    Compiling bitflags v2.11.1
[INFO] [stderr]    Compiling simd-adler32 v0.3.9
[INFO] [stderr]    Compiling hashbrown v0.17.0
[INFO] [stderr]    Compiling syn v3.0.6
[INFO] [stderr]    Compiling miniz_oxide v0.8.9
[INFO] [stderr]    Compiling rustix v1.1.4
[INFO] [stderr]    Compiling sha1 v0.10.6
[INFO] [stderr]    Compiling hmac v0.12.1
[INFO] [stderr]    Compiling sha2 v0.10.9
[INFO] [stderr]    Compiling md-5 v0.10.6
[INFO] [stderr]    Compiling flate2 v1.1.9
[INFO] [stderr]    Compiling indexmap v2.14.0
[INFO] [stderr]    Compiling http v1.4.0
[INFO] [stderr]    Compiling errno v0.3.14
[INFO] [stderr]    Compiling mio v1.2.0
[INFO] [stderr]    Compiling socket2 v0.6.3
[INFO] [stderr]    Compiling getrandom v0.3.4
[INFO] [stderr]    Compiling parking_lot_core v0.9.12
[INFO] [stderr]    Compiling signal-hook-registry v1.4.8
[INFO] [stderr]    Compiling parking_lot v0.12.5
[INFO] [stderr]    Compiling uuid v1.23.1
[INFO] [stderr]    Compiling rand_core v0.9.5
[INFO] [stderr]    Compiling http-body v1.0.1
[INFO] [stderr]    Compiling http-body-util v0.1.3
[INFO] [stderr]    Compiling tempfile v3.27.0
[INFO] [stderr]    Compiling async-trait v0.1.92
[INFO] [stderr]    Compiling zerocopy-derive v0.8.48
[INFO] [stderr]    Compiling serde_derive v1.0.228
[INFO] [stderr]    Compiling tokio-macros v2.7.0
[INFO] [stderr]    Compiling thiserror-impl v2.0.18
[INFO] [stderr]    Compiling tracing-attributes v0.1.31
[INFO] [stderr]    Compiling tokio v1.52.0
[INFO] [stderr]    Compiling thiserror v2.0.18
[INFO] [stderr]    Compiling tracing v0.1.44
[INFO] [stderr]    Compiling axum-core v0.5.6
[INFO] [stderr]    Compiling zerocopy v0.8.48
[INFO] [stderr]    Compiling serde v1.0.228
[INFO] [stderr]    Compiling chrono v0.4.44
[INFO] [stderr]    Compiling quick-xml v0.37.5
[INFO] [stderr]    Compiling serde_urlencoded v0.7.1
[INFO] [stderr]    Compiling serde_yaml v0.9.34+deprecated
[INFO] [stderr]    Compiling fakecloud-aws v0.50.0
[INFO] [stderr]    Compiling ppv-lite86 v0.2.21
[INFO] [stderr]    Compiling half v2.7.1
[INFO] [stderr]    Compiling rand_chacha v0.9.0
[INFO] [stderr]    Compiling ciborium-ll v0.2.2
[INFO] [stderr]    Compiling hyper v1.9.0
[INFO] [stderr]    Compiling tower v0.5.3
[INFO] [stderr]    Compiling tokio-util v0.7.18
[INFO] [stderr]    Compiling ciborium v0.2.2
[INFO] [stderr]    Compiling rand v0.9.4
[INFO] [stderr]    Compiling tungstenite v0.29.0
[INFO] [stderr]    Compiling hyper-util v0.1.20
[INFO] [stderr]    Compiling tokio-tungstenite v0.29.0
[INFO] [stderr]    Compiling axum v0.8.9
[INFO] [stderr]    Compiling fakecloud-core v0.50.0 (/opt/rustwide/workdir)
[INFO] [stderr]     Finished `release` profile [optimized] target(s) in 1m 15s
[INFO] running `Command { std: "docker" "inspect" "445320b3378ec7d50339402cf14d6c293af83954a78e2c8a9295d0566227f57c", kill_on_drop: false }`
[INFO] running `Command { std: "docker" "exec" "-e" "SOURCE_DIR=/opt/rustwide/workdir" "-e" "CARGO_HOME=/opt/rustwide/cargo-home" "-e" "RUSTUP_HOME=/opt/rustwide/rustup-home" "-e" "CARGO_TARGET_DIR=/opt/rustwide/target" "-e" "CARGO_INCREMENTAL=0" "-e" "RUST_BACKTRACE=full" "-e" "RUSTFLAGS=--cap-lints=warn" "-e" "RUSTDOCFLAGS=--cap-lints=warn" "-w" "/opt/rustwide/workdir" "--user" "0:0" "445320b3378ec7d50339402cf14d6c293af83954a78e2c8a9295d0566227f57c" "/opt/rustwide/cargo-home/bin/cargo" "+1.99.0-beta.8" "test" "--frozen" "--no-run" "--message-format=json" "--release", kill_on_drop: false }`
[INFO] [stderr]    Compiling fakecloud-core v0.50.0 (/opt/rustwide/workdir)
[INFO] [stderr]     Finished `release` profile [optimized] target(s) in 20.76s
[INFO] running `Command { std: "docker" "inspect" "445320b3378ec7d50339402cf14d6c293af83954a78e2c8a9295d0566227f57c", kill_on_drop: false }`
[INFO] running `Command { std: "docker" "exec" "-e" "SOURCE_DIR=/opt/rustwide/workdir" "-e" "CARGO_HOME=/opt/rustwide/cargo-home" "-e" "RUSTUP_HOME=/opt/rustwide/rustup-home" "-e" "CARGO_TARGET_DIR=/opt/rustwide/target" "-e" "CARGO_INCREMENTAL=0" "-e" "RUST_BACKTRACE=full" "-e" "RUSTFLAGS=--cap-lints=warn" "-e" "RUSTDOCFLAGS=--cap-lints=warn" "-w" "/opt/rustwide/workdir" "--user" "0:0" "445320b3378ec7d50339402cf14d6c293af83954a78e2c8a9295d0566227f57c" "/opt/rustwide/cargo-home/bin/cargo" "+1.99.0-beta.8" "test" "--frozen" "--release", kill_on_drop: false }`
[INFO] [stderr]     Finished `release` profile [optimized] target(s) in 0.16s
[INFO] [stderr]      Running unittests src/lib.rs (/opt/rustwide/target/release/deps/fakecloud_core-b1f6dfe2e2a700f0)
[INFO] [stdout] 
[INFO] [stdout] running 433 tests
[INFO] [stdout] test auth::tests::iam_mode_default_is_off ... ok
[INFO] [stdout] test auth::tests::iam_mode_flags ... ok
[INFO] [stdout] test auth::tests::lookup_called_via_empty_returns_none ... ok
[INFO] [stdout] test auth::tests::lookup_called_via_returns_full_chain ... ok
[INFO] [stdout] test auth::tests::lookup_federated_provider_and_token_issue_time ... ok
[INFO] [stdout] test auth::tests::iam_mode_display_roundtrips ... ok
[INFO] [stdout] test auth::tests::iam_mode_from_str_is_case_insensitive_and_trimmed ... ok
[INFO] [stdout] test auth::tests::iam_mode_from_str_rejects_garbage ... ok
[INFO] [stdout] test auth::tests::lookup_mfa_age_emits_seconds ... ok
[INFO] [stdout] test auth::tests::iam_mode_from_str_accepts_aliases ... ok
[INFO] [stdout] test auth::tests::lookup_tag_none_when_field_not_set ... ok
[INFO] [stdout] test auth::tests::multi_provider_delegates_to_single_child ... ok
[INFO] [stdout] test auth::tests::lookup_source_vpc_keys ... ok
[INFO] [stdout] test auth::tests::principal_type_from_arn_classifies_known_shapes ... ok
[INFO] [stdout] test auth::tests::principal_type_unparseable_is_unknown_not_root ... ok
[INFO] [stdout] test auth::tests::multi_provider_empty_always_returns_none ... ok
[INFO] [stdout] test auth::tests::iam_mode_from_str_accepts_primary_values ... ok
[INFO] [stdout] test auth::tests::lookup_resource_tag_case_sensitive_key ... ok
[INFO] [stdout] test auth::tests::lookup_mfa_present_emits_bool_string ... ok
[INFO] [stdout] test auth::tests::lookup_resource_tag_prefix_case_insensitive ... ok
[INFO] [stdout] test auth::tests::lookup_tag_keys_case_insensitive ... ok
[INFO] [stdout] test auth::tests::lookup_tag_keys_returns_all_request_tag_keys ... ok
[INFO] [stdout] test auth::tests::lookup_tag_missing_key_returns_none ... ok
[INFO] [stdout] test auth::tests::multi_provider_is_order_independent_when_services_differ ... ok
[INFO] [stdout] test auth::tests::multi_provider_returns_none_for_unhandled_service ... ok
[INFO] [stdout] test auth::tests::resolved_credential_accessors_forward_to_principal ... ok
[INFO] [stdout] test auth::tests::multi_provider_hits_first_matching_child ... ok
[INFO] [stdout] test auth::tests::root_bypass_does_not_panic_on_multibyte_input ... ok
[INFO] [stdout] test cbor::tests::decodes_empty_body_as_empty_object ... ok
[INFO] [stdout] test cbor::tests::decodes_typed_members_to_aws_json ... ok
[INFO] [stdout] test cbor::tests::error_body_has_type_and_message ... ok
[INFO] [stdout] test auth::tests::lookup_request_tag ... ok
[INFO] [stdout] test cbor::tests::timestamp_is_tag_one_over_a_double ... ok
[INFO] [stdout] test auth::tests::principal_is_root_covers_root_type_and_arn_suffix ... ok
[INFO] [stdout] test auth_message::tests::rejects_base64_that_is_not_zlib ... ok
[INFO] [stdout] test cbor::tests::parses_rpc_v2_path ... ok
[INFO] [stdout] test cfn_template::tests::double_bang_tags_pass_through ... ok
[INFO] [stdout] test auth_message::tests::round_trip_implicit_deny_with_no_extras ... ok
[INFO] [stdout] test cfn_template::tests::bom_prefixed_templates_are_recognised ... ok
[INFO] [stdout] test cbor::tests::rejects_malformed_cbor ... ok
[INFO] [stdout] test cfn_template::tests::condition_short_forms_expand ... ok
[INFO] [stdout] test cfn_template::tests::every_intrinsic_short_form_expands ... ok
[INFO] [stdout] test auth::tests::root_bypass_matches_test_prefix ... ok
[INFO] [stdout] test auth::tests::root_bypass_rejects_non_test_keys ... ok
[INFO] [stdout] test auth::tests::service_internal_caller_is_an_accountless_service_principal ... ok
[INFO] [stdout] test auth::tests::service_owned_internal_caller_carries_its_canonical_user_id ... ok
[INFO] [stdout] test cfn_template::tests::long_form_yaml_is_unchanged ... ok
[INFO] [stdout] test cfn_template::tests::malformed_yaml_reports_an_error ... ok
[INFO] [stdout] test cfn_template::tests::nested_short_forms_resolve_inside_out ... ok
[INFO] [stdout] test cfn_template::tests::placeholder_bodies_are_not_objects ... ok
[INFO] [stdout] test cfn_template::tests::non_finite_numbers_are_reported_not_nulled ... ok
[INFO] [stdout] test cfn_template::tests::non_object_bodies_are_not_placeholders ... ok
[INFO] [stdout] test cfn_template::tests::placeholders_are_not_template_documents ... ok
[INFO] [stdout] test auth_message::tests::rejects_garbage_base64 ... ok
[INFO] [stdout] test cfn_template::tests::json_body_that_is_neither_reports_the_json_error ... ok
[INFO] [stdout] test cfn_template::tests::flow_style_body_reports_the_yaml_stage_error ... ok
[INFO] [stdout] test cfn_template::tests::indented_section_names_are_not_top_level_keys ... ok
[INFO] [stdout] test cfn_template::tests::json_templates_still_parse ... ok
[INFO] [stdout] test cfn_template::tests::quoted_or_spaced_resources_key_is_recognised ... ok
[INFO] [stdout] test cfn_template::tests::other_top_level_sections_mark_a_template_document ... ok
[INFO] [stdout] test auth_message::tests::round_trip_explicit_deny ... ok
[INFO] [stdout] test cfn_template::tests::short_form_ref_becomes_long_form ... ok
[INFO] [stdout] test cfn_template::tests::rules_section_short_forms_expand ... ok
[INFO] [stdout] test cfn_template::tests::syntax_errors_are_still_recognised_as_template_documents ... ok
[INFO] [stdout] test cfn_template::tests::yaml_standard_tags_still_pass_through ... ok
[INFO] [stdout] test cfn_template::tests::unknown_tags_are_an_error ... ok
[INFO] [stdout] test cfn_template::tests::unknown_tags_are_rejected_not_unwrapped ... ok
[INFO] [stdout] test cfn_template::tests::unparseable_body_is_recognised_by_any_top_level_section ... ok
[INFO] [stdout] test cfn_template::tests::well_formed_templates_are_template_documents ... ok
[INFO] [stdout] test cfn_template::tests::wrong_shaped_resources_section_is_still_a_template_document ... ok
[INFO] [stdout] test container_image::tests::a_registry_host_named_like_a_refusal_does_not_hide_a_throttle ... ok
[INFO] [stdout] test cbor::tests::encoder_round_trips_and_keeps_doubles_wide ... ok
[INFO] [stdout] test cbor::tests::json_to_cbor_keeps_number_kinds ... ok
[INFO] [stdout] test cfn_template::tests::yaml_flow_style_body_still_parses ... ok
[INFO] [stdout] test container_image::tests::a_throttled_pull_of_a_repository_named_like_a_refusal_is_still_transient ... ok
[INFO] [stdout] test container_image::tests::any_5xx_status_is_transient_whatever_its_reason_phrase ... ok
[INFO] [stdout] test container_image::tests::only_whole_names_are_removed ... ok
[INFO] [stdout] test container_image::tests::ensure_image_uses_a_cached_image_without_contacting_the_registry ... ok
[INFO] [stdout] test container_image::tests::a_missing_image_fails_without_retrying ... ok
[INFO] [stdout] test container_image::tests::ensure_image_fails_on_a_refused_pull ... ok
[INFO] [stdout] test container_image::tests::transient_detection_separates_retryable_from_refused ... ok
[INFO] [stdout] test container_image::tests::transport_follows_the_local_rewrite ... ok
[INFO] [stdout] test container_image::tests::podman_keeps_tls_for_upstream_registries ... ok
[INFO] [stdout] test container_image::tests::a_throttled_pull_of_a_repository_named_like_a_refusal_uses_the_cache ... ok
[INFO] [stdout] test container_image::tests::a_throttled_pull_uses_the_cached_image ... ok
[INFO] [stdout] test container_image::tests::a_refused_pull_fails_even_with_a_stale_cached_copy ... ok
[INFO] [stdout] test container_image::tests::a_registry_server_error_uses_the_cached_image ... ok
[INFO] [stdout] test auth::tests::lookup_principal_tag ... ok
[INFO] [stdout] test container_image::tests::a_successful_pull_needs_no_cache_check ... ok
[INFO] [stdout] test container_net::bounded_cli_tests::a_missing_cli_reports_no_bridge_gateway ... ok
[INFO] [stdout] test container_image::tests::a_refused_pull_of_a_repository_named_like_a_marker_is_still_refused ... ok
[INFO] [stdout] test container_net::endpoint_tests::ecr_registry_host_defaults_to_loopback ... ok
[INFO] [stdout] test container_net::endpoint_tests::published_port_parses_docker_and_podman_output ... ok
[INFO] [stdout] test container_net::endpoint_tests::registry_override_host_is_authorized ... ok
[INFO] [stdout] test container_net::bounded_cli_tests::a_bounded_call_reads_an_empty_stdin ... ok
[INFO] [stdout] test container_net::endpoint_tests::rewrite_loopback_swaps_registered_container_ports ... ok
[INFO] [stdout] test container_net::endpoint_tests::rewrite_loopback_leaves_prose_and_lookalikes_alone ... ok
[INFO] [stdout] test container_net::endpoint_tests::rewrite_loopback_urls_and_bare_endpoints ... ok
[INFO] [stdout] test container_net::tests::absent_docker_add_host_remains_absent ... ok
[INFO] [stdout] test auth::tests::multi_provider_shared_wraps_in_arc ... ok
[INFO] [stdout] test container_net::bounded_cli_tests::an_empty_gateway_is_rejected ... ok
[INFO] [stdout] test container_net::tests::detect_wires_sibling_host_to_podman_alias_in_container ... ok
[INFO] [stdout] test container_net::bounded_cli_tests::a_prompt_cli_call_collects_its_reader ... ok
[INFO] [stdout] test container_net::tests::cli_available_false_for_missing_binary ... ok
[INFO] [stdout] test container_net::tests::in_container_mode_parses_truthy_values ... ok
[INFO] [stdout] test container_net::tests::in_container_mode_rejects_falsey_and_absent ... ok
[INFO] [stdout] test container_net::tests::info_output_classifies_the_engine ... ok
[INFO] [stdout] test container_image::tests::a_rate_limited_pull_with_nothing_cached_is_retried ... ok
[INFO] [stdout] test container_image::tests::podman_docker_shim_pulls_fakecloud_registry_over_plain_http ... ok
[INFO] [stdout] test container_net::tests::name_fast_path_matches_podman_names ... ok
[INFO] [stdout] test container_net::tests::name_fast_path_needs_no_probe ... ok
[INFO] [stdout] test container_net::tests::native_alias_gate_suppresses_only_in_container ... ok
[INFO] [stdout] test container_net::tests::only_objects_of_a_dead_owner_are_orphans ... ok
[INFO] [stdout] test container_net::tests::native_host_alias_prevents_docker_add_host_override ... ok
[INFO] [stdout] test container_net::tests::pid_alive_probes_real_processes ... ok
[INFO] [stdout] test container_net::tests::push_add_host_args_emits_for_docker ... ok
[INFO] [stdout] test container_net::tests::push_add_host_args_noop_for_podman ... ok
[INFO] [stdout] test container_image::tests::podman_pulls_fakecloud_registry_over_plain_http ... ok
[INFO] [stdout] test container_net::tests::async_probe_detects_the_shim ... ok
[INFO] [stdout] test container_net::tests::registry_auth_hosts_includes_podman_alias ... ok
[INFO] [stdout] test container_net::tests::resolve_host_alias_podman_has_no_add_host ... ok
[INFO] [stdout] test container_image::tests::docker_pulls_fakecloud_registry_without_a_tls_flag ... ok
[INFO] [stdout] test container_net::tests::resolve_sibling_host_defaults_to_loopback ... ok
[INFO] [stdout] test container_net::tests::resolve_sibling_host_uses_host_alias_when_in_container ... ok
[INFO] [stdout] test container_net::tests::unresolved_host_alias_keeps_docker_add_host ... ok
[INFO] [stdout] test container_net::tests::version_output_classifies_the_engine ... ok
[INFO] [stdout] test container_image::tests::ensure_image_retries_a_throttled_first_pull ... ok
[INFO] [stdout] test data_volume::tests::binding_serializes_stably ... ok
[INFO] [stdout] test data_volume::tests::copied_data_dir_gets_its_own_scope ... ok
[INFO] [stdout] test data_volume::tests::data_dir_labels_name_the_scope_and_path ... ok
[INFO] [stdout] test container_net::tests::missing_cli_is_not_podman ... ok
[INFO] [stdout] test data_volume::tests::data_dir_scope_canonicalizes_the_path ... ok
[INFO] [stdout] test data_volume::tests::data_dir_scope_rejects_a_corrupt_tag_file ... ok
[INFO] [stdout] test data_volume::tests::data_dir_scope_is_stable_per_dir_and_distinct_across_dirs ... ok
[INFO] [stdout] test data_volume::tests::incarnation_ids_differ_per_incarnation ... ok
[INFO] [stdout] test data_volume::tests::persistent_mode_refuses_a_process_scope_already_in_place ... ok
[INFO] [stdout] test data_volume::tests::resolve_binding_prefers_scoped_then_legacy ... ok
[INFO] [stdout] test data_volume::tests::process_scope_is_unique_and_reapable ... ok
[INFO] [stdout] test data_volume::tests::scoped_and_legacy_names ... ok
[INFO] [stdout] test data_volume::tests::same_path_with_a_different_id_gets_its_own_scope ... ok
[INFO] [stdout] test data_volume::tests::scoped_volume_names_are_recognised_by_tag ... ok
[INFO] [stdout] test data_volume::tests::wiped_data_dir_at_the_same_path_gets_a_new_scope ... ok
[INFO] [stdout] test dataplane::tests::account_is_read_from_the_arn ... ok
[INFO] [stdout] test dataplane::tests::container_port_map_round_trips ... ok
[INFO] [stdout] test dataplane::tests::fallback_host_keeps_historical_routing ... ok
[INFO] [stdout] test dataplane::tests::instance_resolver_publishes_instance_ports ... ok
[INFO] [stdout] test dataplane::tests::registered_endpoint_wins_over_the_verbatim_ip ... ok
[INFO] [stdout] test delivery::tests::builder_chaining_works ... ok
[INFO] [stdout] test delivery::tests::delivery_bus_default_is_same_as_new ... ok
[INFO] [stdout] test delivery::tests::delivery_bus_new_has_no_senders ... ok
[INFO] [stdout] test delivery::tests::invoke_lambda_returns_none_without_invoker ... ok
[INFO] [stdout] test delivery::tests::publish_to_sns_calls_sender ... ok
[INFO] [stdout] test delivery::tests::put_event_to_eventbridge_calls_sender ... ok
[INFO] [stdout] test delivery::tests::send_to_kinesis_calls_sender ... ok
[INFO] [stdout] test delivery::tests::send_to_sqs_calls_sender ... ok
[INFO] [stdout] test delivery::tests::send_to_sqs_with_attrs_calls_sender ... ok
[INFO] [stdout] test delivery::tests::start_stepfunctions_calls_sender ... ok
[INFO] [stdout] test dispatch::execute_api_host_tests::recognizes_execute_api_hosts_only ... ok
[INFO] [stdout] test dispatch::tests::anonymous_s3_probe_finds_a_bucket_on_a_china_server ... ok
[INFO] [stdout] test dispatch::tests::aws_username_bare_no_path ... ok
[INFO] [stdout] test dispatch::tests::aws_username_none_for_root ... ok
[INFO] [stdout] test dispatch::tests::aws_username_strips_iam_path_for_users ... ok
[INFO] [stdout] test dispatch::tests::aws_username_unset_for_assumed_role ... ok
[INFO] [stdout] test dispatch::tests::bedrock_agent_paths_split_between_runtime_and_control_plane ... ok
[INFO] [stdout] test dispatch::tests::build_condition_context_marks_secure_when_flag_set ... ok
[INFO] [stdout] test dispatch::tests::build_condition_context_populates_global_keys ... ok
[INFO] [stdout] test dispatch::tests::build_error_response_json_has_json_content_type ... ok
[INFO] [stdout] test dispatch::tests::build_error_response_query_returns_xml ... ok
[INFO] [stdout] test dispatch::tests::build_error_response_rest_returns_xml_content_type ... ok
[INFO] [stdout] test dispatch::tests::build_error_response_with_control_chars_strips_them ... ok
[INFO] [stdout] test dispatch::tests::build_error_response_with_multiline_message_does_not_panic ... ok
[INFO] [stdout] test dispatch::tests::cloudfront_and_route53_errors_use_error_response_wrapper ... ok
[INFO] [stdout] test dispatch::tests::default_max_request_body_bytes_is_one_gib ... ok
[INFO] [stdout] test dispatch::tests::dispatch_config_carries_opt_in_flags ... ok
[INFO] [stdout] test dispatch::tests::dispatch_config_new_defaults_to_off ... ok
[INFO] [stdout] test dispatch::tests::extract_region_from_user_agent_finds_region_segment ... ok
[INFO] [stdout] test dispatch::tests::extract_region_from_user_agent_ignores_empty_region ... ok
[INFO] [stdout] test dispatch::tests::extract_region_from_user_agent_none_when_no_region_marker ... ok
[INFO] [stdout] test dispatch::tests::extract_region_from_user_agent_none_without_header ... ok
[INFO] [stdout] test dispatch::tests::global_request_keys_cover_resource_account_and_org ... ok
[INFO] [stdout] test dispatch::tests::hoist_presigned_query_headers_skips_auth_params_and_keeps_direct_headers ... ok
[INFO] [stdout] test dispatch::tests::is_hex_sha256_accepts_real_digest_rejects_markers ... ok
[INFO] [stdout] test dispatch::tests::is_secure_transport_case_insensitive ... ok
[INFO] [stdout] test dispatch::tests::is_secure_transport_non_ascii_bytes_false ... ok
[INFO] [stdout] test dispatch::tests::is_secure_transport_reads_x_forwarded_proto ... ok
[INFO] [stdout] test dispatch::tests::parse_account_from_arn_extracts_standard_shapes ... ok
[INFO] [stdout] test dispatch::tests::parse_account_from_arn_returns_none_for_malformed ... ok
[INFO] [stdout] test dispatch::tests::parse_account_from_arn_returns_none_for_s3_empty_account ... ok
[INFO] [stdout] test dispatch::tests::principal_type_label_covers_federated_and_unknown ... ok
[INFO] [stdout] test dispatch::tests::principal_type_label_matches_aws_casing ... ok
[INFO] [stdout] test dispatch::tests::protocol_ext_error_status_is_bad_request ... ok
[INFO] [stdout] test dispatch::tests::request_compression_decodes_gzip_for_cloudwatch ... ok
[INFO] [stdout] test dispatch::tests::request_compression_leaves_other_services_alone ... ok
[INFO] [stdout] test dispatch::tests::root_cross_account_needs_the_resource_policy ... ok
[INFO] [stdout] test dispatch::tests::s3_control_errors_use_error_response_wrapper ... ok
[INFO] [stdout] test dispatch::tests::s3_errors_keep_bare_error_document ... ok
[INFO] [stdout] test dispatch::tests::s3_routing_path_keeps_a_key_that_starts_with_the_bucket_name ... ok
[INFO] [stdout] test dispatch::tests::s3_routing_path_prefixes_the_host_bucket ... ok
[INFO] [stdout] test dispatch::tests::sanitize_header_value_collapses_consecutive_control_runs ... ok
[INFO] [stdout] test dispatch::tests::sanitize_header_value_truncates_long_input ... ok
[INFO] [stdout] test dispatch::tests::sha256_hex_lower_matches_known_vectors ... ok
[INFO] [stdout] test dispatch::tests::sigv2_presigned_access_key_extracted_with_signature_and_expires ... ok
[INFO] [stdout] test dispatch::tests::sigv2_presigned_access_key_none_for_unsigned_request ... ok
[INFO] [stdout] test dispatch::tests::request_compression_services_match_the_models ... FAILED
[INFO] [stdout] test dispatch::tests::sigv2_presigned_access_key_none_without_signature_or_expires ... ok
[INFO] [stdout] test dispatch::tests::streaming_route_ecr_blob_upload ... ok
[INFO] [stdout] test dispatch::tests::streaming_route_get_skipped ... ok
[INFO] [stdout] test dispatch::tests::streaming_route_non_s3_auth_header_skipped ... ok
[INFO] [stdout] test dispatch::tests::streaming_route_path_style_create_bucket_skipped ... ok
[INFO] [stdout] test dispatch::tests::streaming_route_path_style_create_bucket_with_trailing_slash_skipped ... ok
[INFO] [stdout] test dispatch::tests::streaming_route_path_style_doubled_slash_skipped ... ok
[INFO] [stdout] test dispatch::tests::streaming_route_path_style_key_with_trailing_slash_streams ... ok
[INFO] [stdout] test dispatch::tests::streaming_route_path_style_s3_put_object ... ok
[INFO] [stdout] test dispatch::tests::streaming_route_presigned_v4_s3_put ... ok
[INFO] [stdout] test dispatch::tests::streaming_route_virtual_hosted_path_naming_the_bucket_streams ... ok
[INFO] [stdout] test dispatch::tests::streaming_route_virtual_hosted_s3_put_object ... ok
[INFO] [stdout] test dispatch::tests::streaming_route_virtual_hosted_s3_root_skipped ... ok
[INFO] [stdout] test dispatch::tests::unresolved_credential_distinguishes_expired_from_invalid ... ok
[INFO] [stdout] test container_net::tests::real_docker_cli_is_not_podman ... ok
[INFO] [stdout] test ecr_uri::tests::detects_private_ecr_uri ... ok
[INFO] [stdout] test ecr_uri::tests::detects_digest_ref ... ok
[INFO] [stdout] test ecr_uri::tests::translate_to_local_at_overrides_host ... ok
[INFO] [stdout] test ecr_uri::tests::rejects_empty_path ... ok
[INFO] [stdout] test ecr_uri::tests::translate_to_local_at_returns_none_for_non_ecr ... ok
[INFO] [stdout] test ecr_uri::tests::translates_private_ecr_uri ... ok
[INFO] [stdout] test embedded::tests::decodes_gzipped_json ... ok
[INFO] [stdout] test embedded::tests::rejects_non_gzip - should panic ... ok
[INFO] [stdout] test ids::tests::alnum_id_has_requested_length_and_is_base36 ... ok
[INFO] [stdout] test ids::tests::short_id_clamps_over_32 ... ok
[INFO] [stdout] test ids::tests::short_id_has_requested_length_and_is_hex ... ok
[INFO] [stdout] test container_net::tests::engine_probe_is_cached_per_cli ... ok
[INFO] [stdout] test embedded::tests::rejects_bad_json - should panic ... ok
[INFO] [stdout] test multi_account::tests::a_new_accounts_first_region_inherits_from_the_default_account ... ok
[INFO] [stdout] test multi_account::tests::by_arn_resolves_account_and_region ... ok
[INFO] [stdout] test multi_account::tests::default_account_exists_on_creation ... ok
[INFO] [stdout] test multi_account::tests::get_or_create_makes_new_account ... ok
[INFO] [stdout] test multi_account::tests::default_regional_mut_uses_server_region ... ok
[INFO] [stdout] test multi_account::tests::get_returns_none_for_unknown ... ok
[INFO] [stdout] test multi_account::tests::iter_visits_all_accounts ... ok
[INFO] [stdout] test multi_account::tests::legacy_state_splits_by_arn_region ... ok
[INFO] [stdout] test multi_account::tests::parse_regional_snapshot_migrates_legacy_and_reports_newer ... ok
[INFO] [stdout] test multi_account::tests::regional_state_isolates_regions ... ok
[INFO] [stdout] test pagination::tests::checked_garbage_token_is_rejected ... ok
[INFO] [stdout] test pagination::tests::checked_negative_token_is_rejected ... ok
[INFO] [stdout] test pagination::tests::checked_none_is_first_page ... ok
[INFO] [stdout] test container_net::tests::resolve_host_alias_treats_the_shim_as_podman ... ok
[INFO] [stdout] test pagination::tests::empty_items ... ok
[INFO] [stdout] test pagination::tests::checked_valid_token_advances ... ok
[INFO] [stdout] test multi_account::tests::regional_state_round_trips_through_json ... ok
[INFO] [stdout] test multi_account::tests::reset_account_clears_only_that_account ... ok
[INFO] [stdout] test multi_account::tests::reset_clears_all_but_default ... ok
[INFO] [stdout] test pagination::tests::json_pages_validate_tokens_and_slice ... ok
[INFO] [stdout] test pagination::tests::last_page ... ok
[INFO] [stdout] test pagination::tests::invalid_token_defaults_to_zero ... ok
[INFO] [stdout] test pagination::tests::offset_beyond_items ... ok
[INFO] [stdout] test pagination::tests::first_page ... ok
[INFO] [stdout] test pagination::tests::exact_page_boundary ... ok
[INFO] [stdout] test pagination::tests::page_json_response_slices_and_sets_or_clears_the_token ... ok
[INFO] [stdout] test pagination::tests::parse_offset_token_rejects_non_offsets ... ok
[INFO] [stdout] test pagination::tests::zero_max_results_returns_empty_page_without_token ... ok
[INFO] [stdout] test path::tests::decodes_encoded_colon_in_arn_label ... ok
[INFO] [stdout] test path::tests::double_encoded_percent_decodes_exactly_once ... ok
[INFO] [stdout] test path::tests::empty_segments_are_dropped ... ok
[INFO] [stdout] test path::tests::encoded_slash_stays_inside_its_non_greedy_label ... ok
[INFO] [stdout] test pagination::tests::middle_page ... ok
[INFO] [stdout] test pagination::tests::model_paginated_actions_needs_token_in_and_out ... ok
[INFO] [stdout] test container_net::bounded_cli_tests::a_prompt_cli_call_returns_its_output ... ok
[INFO] [stdout] test protocol::tests::detect_rpc_v2_cbor_requests ... ok
[INFO] [stdout] test path::tests::greedy_label_is_the_rejoined_decoded_segments ... ok
[INFO] [stdout] test path::tests::malformed_escapes_and_multibyte_are_safe ... ok
[INFO] [stdout] test path::tests::raw_segments_are_not_decoded ... ok
[INFO] [stdout] test path::tests::plus_is_literal_in_paths ... ok
[INFO] [stdout] test protocol::tests::detect_service_routes_unsigned_confirm_subscription_to_sns ... ok
[INFO] [stdout] test protocol::tests::detect_service_sigv4_wins_over_host ... ok
[INFO] [stdout] test protocol::tests::detect_service_unknown_returns_none ... ok
[INFO] [stdout] test protocol::tests::detect_service_via_host_for_rest_json_service ... ok
[INFO] [stdout] test protocol::tests::detect_service_via_host_for_rest_service ... ok
[INFO] [stdout] test protocol::tests::detect_service_via_host_plus_query_action ... ok
[INFO] [stdout] test protocol::tests::detect_service_via_sigv2_presigned ... ok
[INFO] [stdout] test protocol::tests::detect_service_host_for_virtual_hosted_s3 ... ok
[INFO] [stdout] test protocol::tests::detect_service_via_authorization_header_normalizes_bedrock_runtime ... ok
[INFO] [stdout] test protocol::tests::detect_service_via_amz_target ... ok
[INFO] [stdout] test protocol::tests::detect_service_via_query_action_with_inferred_service ... ok
[INFO] [stdout] test protocol::tests::detect_service_via_sigv4_presigned_credential_normalizes_bedrock_runtime ... ok
[INFO] [stdout] test protocol::tests::form_urlencoded_pairs_decodes_percent_and_plus ... ok
[INFO] [stdout] test protocol::tests::detect_service_via_form_body ... ok
[INFO] [stdout] test protocol::tests::detect_service_via_sigv4_presigned_credential ... ok
[INFO] [stdout] test protocol::tests::flatten_json_to_query_nested ... ok
[INFO] [stdout] test protocol::tests::flatten_json_to_query_non_object_is_empty ... ok
[INFO] [stdout] test protocol::tests::from_hex_invalid_returns_none ... ok
[INFO] [stdout] test protocol::tests::from_hex_valid_digits ... ok
[INFO] [stdout] test protocol::tests::infer_service_from_action_maps_iam ... ok
[INFO] [stdout] test protocol::tests::normalize_host_strips_port_and_case ... ok
[INFO] [stdout] test protocol::tests::normalize_service_name_aliases_apigatewayv2_to_apigateway ... ok
[INFO] [stdout] test protocol::tests::normalize_service_name_aliases_bedrock_runtime_to_bedrock ... ok
[INFO] [stdout] test protocol::tests::normalize_service_name_passes_through_unaliased_services ... ok
[INFO] [stdout] test protocol::tests::parse_amz_target_cloudwatch_json ... ok
[INFO] [stdout] test protocol::tests::form_urlencoded_pairs_preserves_repeated_keys ... ok
[INFO] [stdout] test protocol::tests::infer_service_from_action_unknown_returns_none ... ok
[INFO] [stdout] test protocol::tests::infer_service_from_action_maps_sns_confirmation_flow ... ok
[INFO] [stdout] test protocol::tests::parse_amz_target_ecs ... ok
[INFO] [stdout] test protocol::tests::parse_amz_target_invalid_returns_none ... ok
[INFO] [stdout] test protocol::tests::parse_amz_target_events ... ok
[INFO] [stdout] test protocol::tests::parse_amz_target_kinesis ... ok
[INFO] [stdout] test protocol::tests::parse_amz_target_ssm ... ok
[INFO] [stdout] test protocol::tests::infer_service_from_action_maps_sts ... ok
[INFO] [stdout] test protocol::tests::parse_query_body_basic ... ok
[INFO] [stdout] test protocol::tests::parse_query_body_multibyte_value_round_trips ... ok
[INFO] [stdout] test protocol::tests::parse_query_body_single_key ... ok
[INFO] [stdout] test protocol::tests::parse_routing_host_aws_s3_dash_separated ... ok
[INFO] [stdout] test protocol::tests::infer_service_from_action_maps_ses ... ok
[INFO] [stdout] test protocol::tests::parse_amz_target_various_prefixes ... ok
[INFO] [stdout] test protocol::tests::parse_routing_host_aws_s3_dualstack_and_fips ... ok
[INFO] [stdout] test protocol::tests::parse_routing_host_aws_s3_legacy_global ... ok
[INFO] [stdout] test protocol::tests::parse_routing_host_aws_s3_vhost_bucket_with_dots ... ok
[INFO] [stdout] test protocol::tests::parse_routing_host_aws_s3_virtual_hosted_modern ... ok
[INFO] [stdout] test protocol::tests::parse_routing_host_aws_s3_website_endpoints ... ok
[INFO] [stdout] test protocol::tests::parse_routing_host_aws_service_region ... ok
[INFO] [stdout] test protocol::tests::parse_routing_host_bare_s3_accesspoint_does_not_panic ... ok
[INFO] [stdout] test protocol::tests::parse_routing_host_case_insensitive ... ok
[INFO] [stdout] test protocol::tests::parse_routing_host_empty_and_malformed_rejected ... ok
[INFO] [stdout] test protocol::tests::parse_routing_host_execute_api_hosts ... ok
[INFO] [stdout] test protocol::tests::parse_routing_host_localstack_basic ... ok
[INFO] [stdout] test protocol::tests::parse_routing_host_localstack_s3_vhost_bucket_with_dots ... ok
[INFO] [stdout] test protocol::tests::parse_routing_host_localstack_s3_virtual_hosted ... ok
[INFO] [stdout] test protocol::tests::parse_routing_host_localstack_with_port ... ok
[INFO] [stdout] test protocol::tests::parse_routing_host_other_partition_suffixes ... ok
[INFO] [stdout] test protocol::tests::parse_routing_host_rejects_plain_localhost ... ok
[INFO] [stdout] test protocol::tests::parse_query_body_duplicate_keys_last_wins ... ok
[INFO] [stdout] test protocol::tests::parse_routing_host_rejects_unknown_suffix ... ok
[INFO] [stdout] test protocol::tests::rest_protocol_for_returns_none_for_non_rest_service ... ok
[INFO] [stdout] test protocol::tests::parse_query_body_empty_returns_empty_map ... ok
[INFO] [stdout] test protocol::tests::parse_routing_host_aws_s3_legacy_global_dotted_bucket ... ok
[INFO] [stdout] test protocol::tests::s3_control_host_requires_leading_control_label ... ok
[INFO] [stdout] test protocol::tests::parse_routing_host_aws_s3_path_style_modern ... ok
[INFO] [stdout] test protocol::tests::url_decode_invalid_utf8_bytes_are_lossy_no_panic ... ok
[INFO] [stdout] test protocol::tests::url_decode_malformed_percent_is_graceful ... ok
[INFO] [stdout] test container_net::tests::podman_docker_shim_is_detected_as_podman ... ok
[INFO] [stdout] test protocol::tests::url_decode_mixed_ascii_and_multibyte ... ok
[INFO] [stdout] test protocol::tests::url_decode_multibyte_utf8_emoji ... ok
[INFO] [stdout] test protocol::tests::url_decode_plain_ascii ... ok
[INFO] [stdout] test protocol::tests::url_decode_plus_is_space ... ok
[INFO] [stdout] test query::tests::optional_query_param_empty_returns_none ... ok
[INFO] [stdout] test query::tests::optional_query_param_missing_returns_none ... ok
[INFO] [stdout] test query::tests::optional_query_param_returns_value ... ok
[INFO] [stdout] test query::tests::query_metadata_only_xml_omits_result ... ok
[INFO] [stdout] test query::tests::query_response_xml_format ... ok
[INFO] [stdout] test query::tests::required_query_param_missing_errors ... ok
[INFO] [stdout] test query_filters::tests::absent_filters_parse_to_empty ... ok
[INFO] [stdout] test query_filters::tests::filter_without_values_matches_nothing ... ok
[INFO] [stdout] test query_filters::tests::identifier_account_reads_the_arn_owner ... ok
[INFO] [stdout] test query_filters::tests::identifier_matches_type_guards_the_resource_field ... ok
[INFO] [stdout] test query_filters::tests::matches_any_accepts_alternate_attributes ... ok
[INFO] [stdout] test query_filters::tests::keeps_an_explicitly_empty_value ... ok
[INFO] [stdout] test query_filters::tests::matching_is_case_sensitive_and_ors_values ... ok
[INFO] [stdout] test query_filters::tests::normalized_identifier_drops_empty_and_reduces_arns ... ok
[INFO] [stdout] test query_filters::tests::optional_flag_accepts_the_forms_clients_send ... ok
[INFO] [stdout] test query_filters::tests::parses_filter_element_spelling ... ok
[INFO] [stdout] test protocol::tests::url_decode_multibyte_utf8_accents ... ok
[INFO] [stdout] test query_filters::tests::parses_filters_from_a_form_body ... ok
[INFO] [stdout] test protocol::tests::url_decode_handles_percent_and_plus ... ok
[INFO] [stdout] test query::tests::required_query_param_returns_value ... ok
[INFO] [stdout] test protocol::tests::url_decode_ignores_malformed_percent ... ok
[INFO] [stdout] test quota::tests::enforced_count_saturates_and_floors_at_zero ... ok
[INFO] [stdout] test quota::tests::has_room_below_the_limit_only ... ok
[INFO] [stdout] test registry::tests::iam_split_sorts_and_separates_groups ... ok
[INFO] [stdout] test registry::tests::new_is_empty ... ok
[INFO] [stdout] test query_filters::tests::sibling_arn_rejects_malformed_input ... ok
[INFO] [stdout] test registry::tests::register_overwrites_same_name ... ok
[INFO] [stdout] test query_filters::tests::parses_member_element_spelling ... ok
[INFO] [stdout] test query_filters::tests::reads_filters_from_an_unmerged_form_body ... ok
[INFO] [stdout] test registry::tests::service_names_collects_registered ... ok
[INFO] [stdout] test rfc2047::tests::ascii_round_trips_unchanged ... ok
[INFO] [stdout] test registry::tests::register_then_get_roundtrip ... ok
[INFO] [stdout] test query_filters::tests::stops_at_first_index_gap ... ok
[INFO] [stdout] test query_filters::tests::sibling_arn_swaps_resource_type_and_id ... ok
[INFO] [stdout] test rfc2047::tests::encoded_words_decode_before_storing ... ok
[INFO] [stdout] test rfc2047::tests::malformed_or_mixed_words_stay_literal ... ok
[INFO] [stdout] test service::tests::aws_chunked_decoder_rejects_bad_size_line ... ok
[INFO] [stdout] test service::tests::aws_chunked_decoder_roundtrips_across_frame_boundaries ... ok
[INFO] [stdout] test rfc2047::tests::raw_non_ascii_header_bytes_match_the_s3_docs_example ... ok
[INFO] [stdout] test service::tests::aws_error_service_not_found_fields ... ok
[INFO] [stdout] test service::tests::aws_request_json_body_empty_returns_null ... ok
[INFO] [stdout] test service::tests::aws_request_json_body_parses_valid ... ok
[INFO] [stdout] test service::tests::aws_response_json_constructor ... ok
[INFO] [stdout] test service::tests::aws_response_ok_json_helper ... ok
[INFO] [stdout] test service::tests::aws_response_xml_constructor ... ok
[INFO] [stdout] test service::tests::iam_condition_keys_for_default_is_empty ... ok
[INFO] [stdout] test service::tests::iam_condition_keys_for_override_returns_map ... ok
[INFO] [stdout] test service::tests::is_aws_chunked_detects_streaming_markers ... ok
[INFO] [stdout] test container_net::tests::resolve_host_alias_docker_emits_add_host ... ok
[INFO] [stdout] test service::tests::response_body_expect_bytes_panics_on_file - should panic ... ok
[INFO] [stdout] test service::tests::response_body_from_vec_and_string_and_str ... ok
[INFO] [stdout] test rfc2047::tests::control_characters_are_encoded_for_the_response ... ok
[INFO] [stdout] test rfc2047::tests::empty_encoded_word_is_kept_literally ... ok
[INFO] [stdout] test service::tests::response_body_partial_eq_bytes ... ok
[INFO] [stdout] test service::tests::aws_chunked_decoder_handles_empty_payload ... ok
[INFO] [stdout] test service::tests::response_body_len_and_is_empty_for_bytes ... ok
[INFO] [stdout] test service::tests::aws_error_aws_error_helpers ... ok
[INFO] [stdout] test service::tests::aws_error_action_not_implemented_fields ... ok
[INFO] [stdout] test service::tests::spool_sha256_is_over_decoded_aws_chunked_payload ... ok
[INFO] [stdout] test service::tests::spool_computes_sha256_over_plain_payload ... ok
[INFO] [stdout] test container_net::tests::wrapper_with_opaque_version_falls_back_to_info ... ok
[INFO] [stdout] test service::tests::strip_aws_chunked_keeps_real_encoding ... ok
[INFO] [stdout] test tags::tests::apply_tags_noop_when_field_missing ... ok
[INFO] [stdout] test tags::tests::apply_tags_skips_invalid_entries ... ok
[INFO] [stdout] test tag_index::tests::registry_aggregates_and_filters_region ... ok
[INFO] [stdout] test tags::tests::remove_tags_errors_on_non_array ... ok
[INFO] [stdout] test tags::tests::remove_tags_noop_when_field_missing ... ok
[INFO] [stdout] test tags::tests::tags_to_json_produces_sorted_array ... ok
[INFO] [stdout] test tags::tests::tags_to_json_with_custom_field_names ... ok
[INFO] [stdout] test validation::tests::parse_optional_i64_param_allows_none ... ok
[INFO] [stdout] test validation::tests::parse_optional_i64_param_parses_valid_number ... ok
[INFO] [stdout] test validation::tests::parse_optional_i64_param_rejects_non_numeric ... ok
[INFO] [stdout] test tags::tests::apply_tags_inserts_and_overwrites ... ok
[INFO] [stdout] test validation::tests::validate_optional_json_range_rejects_large_unsigned ... ok
[INFO] [stdout] test tags::tests::remove_tags_removes_matching_keys ... ok
[INFO] [stdout] test tags::tests::tags_to_json_empty_map ... ok
[INFO] [stdout] test validation::tests::validate_optional_json_range_rejects_non_integer ... ok
[INFO] [stdout] test tags::tests::apply_tags_errors_on_explicit_null ... ok
[INFO] [stdout] test tags::tests::remove_tags_errors_on_explicit_null ... ok
[INFO] [stdout] test validation::tests::validate_optional_json_range_allows_null ... ok
[INFO] [stdout] test tag_index::tests::region_parsed_from_arn ... ok
[INFO] [stdout] test validation::tests::validate_optional_json_range_validates_range ... ok
[INFO] [stdout] test tags::tests::apply_tags_errors_on_non_array ... ok
[INFO] [stdout] test container_image::tests::retries_stop_after_the_attempt_cap ... ok
[INFO] [stdout] test container_net::bounded_cli_tests::output_larger_than_the_pipe_buffer_still_comes_back ... ok
[INFO] [stdout] test protocol::tests::url_decode_multibyte_utf8_cjk ... ok
[INFO] [stdout] test container_net::bounded_cli_tests::a_hanging_bridge_gateway_probe_is_cut_off ... ok
[INFO] [stdout] test container_net::bounded_cli_tests::a_hanging_cli_call_is_cut_off ... ok
[INFO] [stdout] test container_net::tests::cli_available_bounds_a_hanging_probe ... ok
[INFO] [stdout] test container_net::bounded_cli_tests::a_timed_out_wrapper_call_leaves_no_reader_behind ... ok
[INFO] [stdout] test container_net::tests::engine_probe_bounds_a_hanging_cli ... ok
[INFO] [stdout] 
[INFO] [stdout] failures:
[INFO] [stdout] 
[INFO] [stdout] ---- dispatch::tests::request_compression_services_match_the_models stdout ----
[INFO] [stdout] 
[INFO] [stdout] thread 'dispatch::tests::request_compression_services_match_the_models' (1601) panicked at src/dispatch.rs:2452:33:
[INFO] [stdout] read /opt/rustwide/workdir/../../aws-models: No such file or directory (os error 2)
[INFO] [stdout] stack backtrace:
[INFO] [stdout]    0:     0x5cb3b0e2cce1 - <<std[70759c8f55707aa4]::sys::backtrace::BacktraceLock>::print::DisplayBacktrace as core[df12db4294e9bfd3]::fmt::Display>::fmt
[INFO] [stdout]    1:     0x5cb3b0e43f1a - core[df12db4294e9bfd3]::fmt::write
[INFO] [stdout]    2:     0x5cb3b0e3174c - <alloc[2182bb758b4b3781]::vec::Vec<u8> as core[df12db4294e9bfd3]::io::write::Write>::write_fmt
[INFO] [stdout]    3:     0x5cb3b0e05646 - std[70759c8f55707aa4]::panicking::default_hook::{closure#0}
[INFO] [stdout]    4:     0x5cb3b0e23079 - std[70759c8f55707aa4]::panicking::default_hook
[INFO] [stdout]    5:     0x5cb3b0d56060 - test[9d35eded1c95d3be]::test_main_inner::<test[9d35eded1c95d3be]::test_main_static::{closure#0}>::{closure#0}
[INFO] [stdout]    6:     0x5cb3b0e233a2 - std[70759c8f55707aa4]::panicking::panic_with_hook
[INFO] [stdout]    7:     0x5cb3b0e056f2 - std[70759c8f55707aa4]::panicking::panic_handler::{closure#0}
[INFO] [stdout]    8:     0x5cb3b0dfe099 - std[70759c8f55707aa4]::sys::backtrace::__rust_end_short_backtrace::<std[70759c8f55707aa4]::panicking::panic_handler::{closure#0}, !>
[INFO] [stdout]    9:     0x5cb3b0e0649d - __rustc[8fa7c3cbc660c2b3]::rust_begin_unwind
[INFO] [stdout]   10:     0x5cb3b0e446bc - core[df12db4294e9bfd3]::panicking::panic_fmt
[INFO] [stdout]   11:     0x5cb3b0cd20f9 - fakecloud_core[c866670ccb6d6393]::dispatch::tests::request_compression_services_match_the_models::{closure#0}
[INFO] [stdout]   12:     0x5cb3b0cd83cc - fakecloud_core[c866670ccb6d6393]::dispatch::tests::request_compression_services_match_the_models
[INFO] [stdout]   13:     0x5cb3b0c3ac69 - <fakecloud_core[c866670ccb6d6393]::dispatch::tests::request_compression_services_match_the_models::{closure#0} as core[df12db4294e9bfd3]::ops::function::FnOnce<()>>::call_once
[INFO] [stdout]   14:     0x5cb3b0d4934b - test[9d35eded1c95d3be]::__rust_begin_short_backtrace::<core[df12db4294e9bfd3]::result::Result<(), alloc[2182bb758b4b3781]::string::String>, fn() -> core[df12db4294e9bfd3]::result::Result<(), alloc[2182bb758b4b3781]::string::String>>
[INFO] [stdout]   15:     0x5cb3b0d569b5 - test[9d35eded1c95d3be]::run_test::{closure#0}
[INFO] [stdout]   16:     0x5cb3b0d50274 - std[70759c8f55707aa4]::sys::backtrace::__rust_begin_short_backtrace::<test[9d35eded1c95d3be]::run_test::{closure#1}, ()>
[INFO] [stdout]   17:     0x5cb3b0d59b12 - <std[70759c8f55707aa4]::thread::lifecycle::spawn_unchecked<test[9d35eded1c95d3be]::run_test::{closure#1}, ()>::{closure#1} as core[df12db4294e9bfd3]::ops::function::FnOnce<()>>::call_once::{shim:vtable#0}
[INFO] [stdout]   18:     0x5cb3b0e2bf59 - <std[70759c8f55707aa4]::sys::thread::unix::Thread>::new::thread_start
[INFO] [stdout]   19:     0x78f8a8a1edfa - <unknown>
[INFO] [stdout]   20:     0x78f8a8ab23d4 - clone
[INFO] [stdout]   21:                0x0 - <unknown>
[INFO] [stdout] 
[INFO] [stdout] 
[INFO] [stdout] failures:
[INFO] [stdout]     dispatch::tests::request_compression_services_match_the_models
[INFO] [stdout] 
[INFO] [stdout] test result: FAILED. 432 passed; 1 failed; 0 ignored; 0 measured; 0 filtered out; finished in 10.12s
[INFO] [stdout] 
[INFO] [stderr] error: test failed, to rerun pass `--lib`
[INFO] running `Command { std: "docker" "inspect" "445320b3378ec7d50339402cf14d6c293af83954a78e2c8a9295d0566227f57c", kill_on_drop: false }`
[INFO] running `Command { std: "docker" "rm" "-f" "445320b3378ec7d50339402cf14d6c293af83954a78e2c8a9295d0566227f57c", kill_on_drop: false }`
[INFO] [stdout] 445320b3378ec7d50339402cf14d6c293af83954a78e2c8a9295d0566227f57c
