[INFO] fetching crate fakecloud-cloudwatch 0.50.0...
[INFO] testing fakecloud-cloudwatch-0.50.0 against 1.100.0-beta.1+cargoflags=--release for beta-release-1.100-2
[INFO] extracting crate fakecloud-cloudwatch 0.50.0 into /workspace/builds/worker-5-tc2/source
[INFO] started tweaking crates.io crate fakecloud-cloudwatch 0.50.0
[INFO] finished tweaking crates.io crate fakecloud-cloudwatch 0.50.0
[INFO] tweaked toml for crates.io crate fakecloud-cloudwatch 0.50.0 written to /workspace/builds/worker-5-tc2/source/Cargo.toml
[INFO] validating manifest of crates.io crate fakecloud-cloudwatch 0.50.0 on toolchain 1.100.0-beta.1
[INFO] running `Command { std: CARGO_HOME="/workspace/cargo-home" RUSTUP_HOME="/workspace/rustup-home" "/workspace/cargo-home/bin/cargo" "+1.100.0-beta.1" "metadata" "--manifest-path" "Cargo.toml" "--no-deps", kill_on_drop: false }`
[INFO] crate crates.io crate fakecloud-cloudwatch 0.50.0 already has a lockfile, it will not be regenerated
[INFO] running `Command { std: CARGO_HOME="/workspace/cargo-home" RUSTUP_HOME="/workspace/rustup-home" "/workspace/cargo-home/bin/cargo" "+1.100.0-beta.1" "fetch" "--manifest-path" "Cargo.toml", kill_on_drop: false }`
[INFO] running `Command { std: "docker" "create" "-v" "/var/lib/crater-agent-workspace/builds/worker-5-tc2/source:/opt/rustwide/workdir:ro,Z" "-v" "/var/lib/crater-agent-workspace/builds/worker-5-tc2/target:/opt/rustwide/target:rw,Z" "-v" "/var/lib/crater-agent-workspace/cargo-home:/opt/rustwide/cargo-home:ro,Z" "-v" "/var/lib/crater-agent-workspace/rustup-home:/opt/rustwide/rustup-home:ro,Z" "-m" "1610612736" "--network" "none" "ghcr.io/rust-lang/crates-build-env/linux@sha256:77db811e55d90add9212f6832c23229e3de5f1c1f9905e8cb07319ea15df73ac" "sleep" "infinity", kill_on_drop: false }`
[INFO] [stdout] e7ac4c58d2915b15989c0ef211e2db67595a2b77dd27d9ce779845ec0881bca0
[INFO] running `Command { std: "docker" "start" "e7ac4c58d2915b15989c0ef211e2db67595a2b77dd27d9ce779845ec0881bca0", kill_on_drop: false }`
[INFO] running `Command { std: "docker" "inspect" "e7ac4c58d2915b15989c0ef211e2db67595a2b77dd27d9ce779845ec0881bca0", kill_on_drop: false }`
[INFO] running `Command { std: "docker" "exec" "-e" "SOURCE_DIR=/opt/rustwide/workdir" "-e" "CARGO_HOME=/opt/rustwide/cargo-home" "-e" "RUSTUP_HOME=/opt/rustwide/rustup-home" "-e" "CARGO_TARGET_DIR=/opt/rustwide/target" "-w" "/opt/rustwide/workdir" "--user" "0:0" "e7ac4c58d2915b15989c0ef211e2db67595a2b77dd27d9ce779845ec0881bca0" "/opt/rustwide/cargo-home/bin/cargo" "+1.100.0-beta.1" "metadata" "--no-deps" "--format-version=1", kill_on_drop: false }`
[INFO] running `Command { std: "docker" "inspect" "e7ac4c58d2915b15989c0ef211e2db67595a2b77dd27d9ce779845ec0881bca0", kill_on_drop: false }`
[INFO] running `Command { std: "docker" "exec" "-e" "SOURCE_DIR=/opt/rustwide/workdir" "-e" "CARGO_HOME=/opt/rustwide/cargo-home" "-e" "RUSTUP_HOME=/opt/rustwide/rustup-home" "-e" "CARGO_TARGET_DIR=/opt/rustwide/target" "-e" "CARGO_INCREMENTAL=0" "-e" "RUST_BACKTRACE=full" "-e" "RUSTFLAGS=--cap-lints=warn" "-e" "RUSTDOCFLAGS=--cap-lints=warn" "-w" "/opt/rustwide/workdir" "--user" "0:0" "e7ac4c58d2915b15989c0ef211e2db67595a2b77dd27d9ce779845ec0881bca0" "/opt/rustwide/cargo-home/bin/cargo" "+1.100.0-beta.1" "build" "--frozen" "--message-format=json" "--release", kill_on_drop: false }`
[INFO] [stderr]    Compiling libc v0.2.185
[INFO] [stderr]    Compiling serde_core v1.0.228
[INFO] [stderr]    Compiling typenum v1.19.0
[INFO] [stderr]    Compiling zerocopy v0.8.48
[INFO] [stderr]    Compiling subtle v2.6.1
[INFO] [stderr]    Compiling http v1.4.0
[INFO] [stderr]    Compiling hashbrown v0.17.0
[INFO] [stderr]    Compiling serde_json v1.0.149
[INFO] [stderr]    Compiling zerocopy-derive v0.8.48
[INFO] [stderr]    Compiling tokio-macros v2.7.0
[INFO] [stderr]    Compiling thiserror-impl v2.0.18
[INFO] [stderr]    Compiling tracing v0.1.44
[INFO] [stderr]    Compiling futures-util v0.3.32
[INFO] [stderr]    Compiling data-encoding v2.10.0
[INFO] [stderr]    Compiling simd-adler32 v0.3.9
[INFO] [stderr]    Compiling toml_write v0.1.2
[INFO] [stderr]    Compiling winnow v0.7.15
[INFO] [stderr]    Compiling bitflags v2.11.1
[INFO] [stderr]    Compiling miniz_oxide v0.8.9
[INFO] [stderr]    Compiling syn v3.0.6
[INFO] [stderr]    Compiling rustix v1.1.4
[INFO] [stderr]    Compiling unsafe-libyaml v0.2.11
[INFO] [stderr]    Compiling fastrand v2.4.1
[INFO] [stderr]    Compiling generic-array v0.14.7
[INFO] [stderr]    Compiling flate2 v1.1.9
[INFO] [stderr]    Compiling indexmap v2.14.0
[INFO] [stderr]    Compiling http-body v1.0.1
[INFO] [stderr]    Compiling thiserror v2.0.18
[INFO] [stderr]    Compiling http-body-util v0.1.3
[INFO] [stderr]    Compiling errno v0.3.14
[INFO] [stderr]    Compiling socket2 v0.6.3
[INFO] [stderr]    Compiling mio v1.2.0
[INFO] [stderr]    Compiling block-buffer v0.10.4
[INFO] [stderr]    Compiling crypto-common v0.1.7
[INFO] [stderr]    Compiling signal-hook-registry v1.4.8
[INFO] [stderr]    Compiling getrandom v0.3.4
[INFO] [stderr]    Compiling digest v0.10.7
[INFO] [stderr]    Compiling rand_core v0.9.5
[INFO] [stderr]    Compiling parking_lot_core v0.9.12
[INFO] [stderr]    Compiling getrandom v0.4.2
[INFO] [stderr]    Compiling axum-core v0.5.6
[INFO] [stderr]    Compiling uuid v1.23.1
[INFO] [stderr]    Compiling tokio v1.52.0
[INFO] [stderr]    Compiling sha1 v0.10.6
[INFO] [stderr]    Compiling sha2 v0.10.9
[INFO] [stderr]    Compiling serde v1.0.228
[INFO] [stderr]    Compiling hmac v0.12.1
[INFO] [stderr]    Compiling parking_lot v0.12.5
[INFO] [stderr]    Compiling serde_path_to_error v0.1.20
[INFO] [stderr]    Compiling tempfile v3.27.0
[INFO] [stderr]    Compiling md-5 v0.10.6
[INFO] [stderr]    Compiling toml_datetime v0.6.11
[INFO] [stderr]    Compiling chrono v0.4.44
[INFO] [stderr]    Compiling quick-xml v0.37.5
[INFO] [stderr]    Compiling serde_spanned v0.6.9
[INFO] [stderr]    Compiling serde_urlencoded v0.7.1
[INFO] [stderr]    Compiling serde_yaml v0.9.34+deprecated
[INFO] [stderr]    Compiling toml_edit v0.22.27
[INFO] [stderr]    Compiling async-trait v0.1.92
[INFO] [stderr]    Compiling toml v0.8.23
[INFO] [stderr]    Compiling fakecloud-aws v0.50.0
[INFO] [stderr]    Compiling fakecloud-persistence v0.50.0
[INFO] [stderr]    Compiling ppv-lite86 v0.2.21
[INFO] [stderr]    Compiling half v2.7.1
[INFO] [stderr]    Compiling ciborium-ll v0.2.2
[INFO] [stderr]    Compiling rand_chacha v0.9.0
[INFO] [stderr]    Compiling ciborium v0.2.2
[INFO] [stderr]    Compiling rand v0.9.4
[INFO] [stderr]    Compiling tungstenite v0.29.0
[INFO] [stderr]    Compiling hyper v1.9.0
[INFO] [stderr]    Compiling tower v0.5.3
[INFO] [stderr]    Compiling tokio-util v0.7.18
[INFO] [stderr]    Compiling tokio-tungstenite v0.29.0
[INFO] [stderr]    Compiling hyper-util v0.1.20
[INFO] [stderr]    Compiling axum v0.8.9
[INFO] [stderr]    Compiling fakecloud-core v0.50.0
[INFO] [stderr]    Compiling fakecloud-cloudwatch v0.50.0 (/opt/rustwide/workdir)
[INFO] [stderr]     Finished `release` profile [optimized] target(s) in 1m 35s
[INFO] running `Command { std: "docker" "inspect" "e7ac4c58d2915b15989c0ef211e2db67595a2b77dd27d9ce779845ec0881bca0", kill_on_drop: false }`
[INFO] running `Command { std: "docker" "exec" "-e" "SOURCE_DIR=/opt/rustwide/workdir" "-e" "CARGO_HOME=/opt/rustwide/cargo-home" "-e" "RUSTUP_HOME=/opt/rustwide/rustup-home" "-e" "CARGO_TARGET_DIR=/opt/rustwide/target" "-e" "CARGO_INCREMENTAL=0" "-e" "RUST_BACKTRACE=full" "-e" "RUSTFLAGS=--cap-lints=warn" "-e" "RUSTDOCFLAGS=--cap-lints=warn" "-w" "/opt/rustwide/workdir" "--user" "0:0" "e7ac4c58d2915b15989c0ef211e2db67595a2b77dd27d9ce779845ec0881bca0" "/opt/rustwide/cargo-home/bin/cargo" "+1.100.0-beta.1" "test" "--frozen" "--no-run" "--message-format=json" "--release", kill_on_drop: false }`
[INFO] [stderr]    Compiling fakecloud-cloudwatch v0.50.0 (/opt/rustwide/workdir)
[INFO] [stderr]     Finished `release` profile [optimized] target(s) in 25.61s
[INFO] running `Command { std: "docker" "inspect" "e7ac4c58d2915b15989c0ef211e2db67595a2b77dd27d9ce779845ec0881bca0", kill_on_drop: false }`
[INFO] running `Command { std: "docker" "exec" "-e" "SOURCE_DIR=/opt/rustwide/workdir" "-e" "CARGO_HOME=/opt/rustwide/cargo-home" "-e" "RUSTUP_HOME=/opt/rustwide/rustup-home" "-e" "CARGO_TARGET_DIR=/opt/rustwide/target" "-e" "CARGO_INCREMENTAL=0" "-e" "RUST_BACKTRACE=full" "-e" "RUSTFLAGS=--cap-lints=warn" "-e" "RUSTDOCFLAGS=--cap-lints=warn" "-w" "/opt/rustwide/workdir" "--user" "0:0" "e7ac4c58d2915b15989c0ef211e2db67595a2b77dd27d9ce779845ec0881bca0" "/opt/rustwide/cargo-home/bin/cargo" "+1.100.0-beta.1" "test" "--frozen" "--release", kill_on_drop: false }`
[INFO] [stderr]     Finished `release` profile [optimized] target(s) in 0.27s
[INFO] [stderr]      Running unittests src/lib.rs (/opt/rustwide/target/release/build/fakecloud-cloudwatch/a42803f9aa179716/out/fakecloud_cloudwatch-a42803f9aa179716)
[INFO] [stdout] 
[INFO] [stdout] running 82 tests
[INFO] [stdout] test alarm_eval::tests::insufficient_data_predicate ... ok
[INFO] [stdout] test alarm_eval::tests::missing_data_ignore_keeps_state ... ok
[INFO] [stdout] test alarm_eval::tests::quoted_and_arn_references_resolve ... ok
[INFO] [stdout] test alarm_eval::tests::parses_and_evaluates_simple_alarm_predicate ... ok
[INFO] [stdout] test alarm_eval::tests::malformed_rules_error ... ok
[INFO] [stdout] test json_protocol::tests::list_metrics_members_become_array ... ok
[INFO] [stdout] test json_protocol::tests::insight_rule_report_numbers_are_typed ... ok
[INFO] [stdout] test json_protocol::tests::cbor_types_follow_the_output_schema ... ok
[INFO] [stdout] test json_protocol::tests::empty_list_container_becomes_empty_array ... ok
[INFO] [stdout] test alarm_eval::tests::deeply_nested_rule_errors_without_stack_overflow ... ok
[INFO] [stdout] test alarm_eval::tests::present_data_drives_state_and_reports_had_data ... ok
[INFO] [stdout] test delivery::tests::put_metric_appends_datum_to_namespace ... ok
[INFO] [stdout] test alarm_eval::tests::evaluates_and_or_not_and_parens ... ok
[INFO] [stdout] test json_protocol::tests::cbor_blob_is_a_byte_string ... ok
[INFO] [stdout] test json_protocol::tests::alarm_flags_typed ... ok
[INFO] [stdout] test metric_math::tests::unknown_function_errors ... ok
[INFO] [stdout] test json_protocol::tests::resource_metrics_configuration_timestamps_typed ... ok
[INFO] [stdout] test metric_math::tests::adds_two_series ... ok
[INFO] [stdout] test metric_math::tests::aggregate_single_series_to_scalar ... ok
[INFO] [stdout] test metric_math::tests::unknown_id_errors ... ok
[INFO] [stdout] test metric_math::tests::deeply_nested_parens_error_not_overflow ... ok
[INFO] [stdout] test alarm_eval::tests::missing_data_default_transitions_to_insufficient_data ... ok
[INFO] [stdout] test json_protocol::tests::empty_tags_and_messages_lists_become_empty_arrays ... ok
[INFO] [stdout] test alarm_eval::tests::evaluate_rule_maps_to_alarm_or_ok ... ok
[INFO] [stdout] test json_protocol::tests::metadata_only_becomes_empty_object ... ok
[INFO] [stdout] test json_protocol::tests::timestamps_member_list_typed ... ok
[INFO] [stdout] test metric_math::tests::aggregate_array_elementwise ... ok
[INFO] [stdout] test metric_math::tests::scalar_multiply ... ok
[INFO] [stdout] test json_protocol::tests::datapoints_are_typed ... ok
[INFO] [stdout] test alarm_eval::tests::manual_state_survives_missing_data ... ok
[INFO] [stdout] test tests::anomaly_detector_lifecycle ... ok
[INFO] [stdout] test tests::composite_alarm_in_describe_alarms ... ok
[INFO] [stdout] test tests::associate_dataset_kms_key_rejects_short_arn ... ok
[INFO] [stdout] test service::xml_escape_tests::escapes_c0_control_chars_as_numeric_references ... ok
[INFO] [stdout] test tests::describe_alarms_accepts_the_log_alarm_type ... ok
[INFO] [stdout] test tests::cbor_request_gets_cbor_response ... ok
[INFO] [stdout] test tests::get_metric_statistics_json_roundtrip ... ok
[INFO] [stdout] test tests::insight_rule_lifecycle ... ok
[INFO] [stdout] test tests::describe_alarm_contributors_unknown_is_not_found ... ok
[INFO] [stdout] test tests::get_metric_statistics_rejects_non_multiple_of_60_period ... ok
[INFO] [stdout] test tests::introspection_collapses_metric_series ... ok
[INFO] [stdout] test tests::insight_rule_report_missing_is_not_found ... ok
[INFO] [stdout] test tests::composite_alarm_reflects_children_states ... ok
[INFO] [stdout] test tests::delete_anomaly_detector_missing_is_not_found ... ok
[INFO] [stdout] test service::xml_escape_tests::still_escapes_the_five_standard_entities ... ok
[INFO] [stdout] test json_protocol::tests::member_type_tables_match_the_smithy_model ... FAILED
[INFO] [stdout] test tests::get_metric_statistics_rejects_start_ge_end ... ok
[INFO] [stdout] test tests::get_metric_statistics_accepts_valid_range_and_period ... ok
[INFO] [stdout] test tests::describe_alarms_for_metric_returns_fresh_state_filtered_by_dimensions ... ok
[INFO] [stdout] test tests::china_region_alarm_and_dashboard_arns_use_the_aws_cn_partition ... ok
[INFO] [stdout] test tests::introspection_lists_metric_and_composite_alarms ... ok
[INFO] [stdout] test tests::json_and_cbor_errors_carry_query_error_header ... ok
[INFO] [stdout] test tests::list_metrics_name_only_dimension_filter_narrows_results ... ok
[INFO] [stdout] test tests::managed_insight_rules_lifecycle ... ok
[INFO] [stdout] test tests::list_tags_missing_arn_errors ... ok
[INFO] [stdout] test tests::metric_alarm_evaluates_to_alarm_above_threshold ... ok
[INFO] [stdout] test tests::otel_enrichment_toggle ... ok
[INFO] [stdout] test tests::metric_widget_image_returns_blob ... ok
[INFO] [stdout] test tests::put_composite_alarm_rejects_malformed_rule ... ok
[INFO] [stdout] test tests::metric_stream_lifecycle ... ok
[INFO] [stdout] test tests::put_log_alarm_validates_required_and_bounded_members ... ok
[INFO] [stdout] test tests::mute_rule_lifecycle ... ok
[INFO] [stdout] test tests::put_log_alarm_update_preserves_alarm_state ... ok
[INFO] [stdout] test tests::otel_enrichment_filters_stored_and_replaced ... ok
[INFO] [stdout] test tests::list_operations_page_with_next_token ... ok
[INFO] [stdout] test tests::otel_enrichment_rejects_too_many_filters ... ok
[INFO] [stdout] test tests::put_anomaly_detector_persists_configuration ... ok
[INFO] [stdout] test tests::metric_alarm_evaluates_to_ok_below_threshold ... ok
[INFO] [stdout] test tests::put_metric_alarm_json_roundtrip ... ok
[INFO] [stdout] test tests::put_log_alarm_round_trips_through_describe_alarms ... ok
[INFO] [stdout] test tests::put_metric_data_accepts_epoch_second_timestamp ... ok
[INFO] [stdout] test tests::put_metric_data_json_and_query_roundtrip ... ok
[INFO] [stdout] test tests::resource_metrics_configuration_validates_input ... ok
[INFO] [stdout] test tests::put_metric_alarm_round_trips_threshold_metric_id ... ok
[INFO] [stdout] test tests::put_metric_alarm_persists_metrics_and_tags ... ok
[INFO] [stdout] test tests::put_metric_alarm_update_ignores_inline_tags ... ok
[INFO] [stdout] test tests::snapshot_hook_is_none_without_store ... ok
[INFO] [stdout] test tests::set_alarm_state_survives_evaluation_without_data ... ok
[INFO] [stdout] test tests::resource_metrics_configuration_lifecycle ... ok
[INFO] [stdout] test tests::set_alarm_state_targets_composite_alarm ... ok
[INFO] [stdout] test tests::tagging_lifecycle ... ok
[INFO] [stdout] test tests::snapshot_hook_fires_with_store ... ok
[INFO] [stdout] 
[INFO] [stdout] failures:
[INFO] [stdout] 
[INFO] [stdout] ---- json_protocol::tests::member_type_tables_match_the_smithy_model stdout ----
[INFO] [stdout] 
[INFO] [stdout] thread 'json_protocol::tests::member_type_tables_match_the_smithy_model' (1499) panicked at src/json_protocol.rs:665:54:
[INFO] [stdout] read /opt/rustwide/workdir/../../aws-models/cloudwatch.json: No such file or directory (os error 2)
[INFO] [stdout] stack backtrace:
[INFO] [stdout]    0:     0x5e773759c8f1 - <<std[617be2ca0a6fd877]::sys::backtrace::BacktraceLock>::print::DisplayBacktrace as core[a373ad73a504971]::fmt::Display>::fmt
[INFO] [stdout]    1:     0x5e77375b284a - core[a373ad73a504971]::fmt::write
[INFO] [stdout]    2:     0x5e77375a0c7c - <alloc[2e1b2a31b91974c5]::vec::Vec<u8> as core[a373ad73a504971]::io::write::Write>::write_fmt
[INFO] [stdout]    3:     0x5e7737578216 - std[617be2ca0a6fd877]::panicking::default_hook::{closure#0}
[INFO] [stdout]    4:     0x5e7737594ae9 - std[617be2ca0a6fd877]::panicking::default_hook
[INFO] [stdout]    5:     0x5e77374e0180 - test[aada8e7e76ba119b]::test_main_inner::{closure#0}
[INFO] [stdout]    6:     0x5e7737594ca2 - std[617be2ca0a6fd877]::panicking::panic_with_hook
[INFO] [stdout]    7:     0x5e77375782c2 - std[617be2ca0a6fd877]::panicking::panic_handler::{closure#0}
[INFO] [stdout]    8:     0x5e7737570e49 - std[617be2ca0a6fd877]::sys::backtrace::__rust_end_short_backtrace::<std[617be2ca0a6fd877]::panicking::panic_handler::{closure#0}, !>
[INFO] [stdout]    9:     0x5e7737578ecd - __rustc[ea4f61d10b84890b]::rust_begin_unwind
[INFO] [stdout]   10:     0x5e77375b2fac - core[a373ad73a504971]::panicking::panic_fmt
[INFO] [stdout]   11:     0x5e773748c1e9 - fakecloud_cloudwatch[4cee6fdf74dc9d26]::json_protocol::tests::model_member_kinds::{closure#0}
[INFO] [stdout]   12:     0x5e77374941a8 - <fakecloud_cloudwatch[4cee6fdf74dc9d26]::json_protocol::tests::member_type_tables_match_the_smithy_model::{closure#0} as core[a373ad73a504971]::ops::function::FnOnce<()>>::call_once
[INFO] [stdout]   13:     0x5e77374d35cb - test[aada8e7e76ba119b]::__rust_begin_short_backtrace::<core[a373ad73a504971]::result::Result<(), alloc[2e1b2a31b91974c5]::string::String>, fn() -> core[a373ad73a504971]::result::Result<(), alloc[2e1b2a31b91974c5]::string::String>>
[INFO] [stdout]   14:     0x5e77374e07a5 - test[aada8e7e76ba119b]::run_test::{closure#0}
[INFO] [stdout]   15:     0x5e77374da094 - std[617be2ca0a6fd877]::sys::backtrace::__rust_begin_short_backtrace::<test[aada8e7e76ba119b]::run_test::{closure#1}, ()>
[INFO] [stdout]   16:     0x5e77374e3832 - <std[617be2ca0a6fd877]::thread::lifecycle::spawn_unchecked<test[aada8e7e76ba119b]::run_test::{closure#1}, ()>::{closure#1} as core[a373ad73a504971]::ops::function::FnOnce<()>>::call_once::{shim:vtable#0}
[INFO] [stdout]   17:     0x5e773759be0f - <std[617be2ca0a6fd877]::sys::thread::unix::Thread>::new::thread_start
[INFO] [stdout]   18:     0x7120678d6dfa - <unknown>
[INFO] [stdout]   19:     0x71206796a3d4 - clone
[INFO] [stdout]   20:                0x0 - <unknown>
[INFO] [stdout] 
[INFO] [stdout] 
[INFO] [stdout] failures:
[INFO] [stdout]     json_protocol::tests::member_type_tables_match_the_smithy_model
[INFO] [stdout] 
[INFO] [stdout] test result: FAILED. 81 passed; 1 failed; 0 ignored; 0 measured; 0 filtered out; finished in 0.04s
[INFO] [stdout] 
[INFO] [stderr] error: test failed, to rerun pass `--lib`
[INFO] running `Command { std: "docker" "inspect" "e7ac4c58d2915b15989c0ef211e2db67595a2b77dd27d9ce779845ec0881bca0", kill_on_drop: false }`
[INFO] running `Command { std: "docker" "rm" "-f" "e7ac4c58d2915b15989c0ef211e2db67595a2b77dd27d9ce779845ec0881bca0", kill_on_drop: false }`
[INFO] [stdout] e7ac4c58d2915b15989c0ef211e2db67595a2b77dd27d9ce779845ec0881bca0
