[INFO] fetching crate fakecloud-aws 0.50.0...
[INFO] testing fakecloud-aws-0.50.0 against 1.99.0-beta.8+cargoflags=--release for beta-release-1.100-2
[INFO] extracting crate fakecloud-aws 0.50.0 into /workspace/builds/worker-7-tc1/source
[INFO] started tweaking crates.io crate fakecloud-aws 0.50.0
[INFO] finished tweaking crates.io crate fakecloud-aws 0.50.0
[INFO] tweaked toml for crates.io crate fakecloud-aws 0.50.0 written to /workspace/builds/worker-7-tc1/source/Cargo.toml
[INFO] validating manifest of crates.io crate fakecloud-aws 0.50.0 on toolchain 1.99.0-beta.8
[INFO] running `Command { std: CARGO_HOME="/workspace/cargo-home" RUSTUP_HOME="/workspace/rustup-home" "/workspace/cargo-home/bin/cargo" "+1.99.0-beta.8" "metadata" "--manifest-path" "Cargo.toml" "--no-deps", kill_on_drop: false }`
[INFO] crate crates.io crate fakecloud-aws 0.50.0 already has a lockfile, it will not be regenerated
[INFO] running `Command { std: CARGO_HOME="/workspace/cargo-home" RUSTUP_HOME="/workspace/rustup-home" "/workspace/cargo-home/bin/cargo" "+1.99.0-beta.8" "fetch" "--manifest-path" "Cargo.toml", kill_on_drop: false }`
[INFO] running `Command { std: "docker" "create" "-v" "/var/lib/crater-agent-workspace/builds/worker-7-tc1/source:/opt/rustwide/workdir:ro,Z" "-v" "/var/lib/crater-agent-workspace/builds/worker-7-tc1/target:/opt/rustwide/target:rw,Z" "-v" "/var/lib/crater-agent-workspace/cargo-home:/opt/rustwide/cargo-home:ro,Z" "-v" "/var/lib/crater-agent-workspace/rustup-home:/opt/rustwide/rustup-home:ro,Z" "-m" "1610612736" "--network" "none" "ghcr.io/rust-lang/crates-build-env/linux@sha256:77db811e55d90add9212f6832c23229e3de5f1c1f9905e8cb07319ea15df73ac" "sleep" "infinity", kill_on_drop: false }`
[INFO] [stdout] c9540f70269983726243c61bf17511f400a5e4a64d35958eeaa8c813dd15eb49
[INFO] running `Command { std: "docker" "start" "c9540f70269983726243c61bf17511f400a5e4a64d35958eeaa8c813dd15eb49", kill_on_drop: false }`
[INFO] running `Command { std: "docker" "inspect" "c9540f70269983726243c61bf17511f400a5e4a64d35958eeaa8c813dd15eb49", kill_on_drop: false }`
[INFO] running `Command { std: "docker" "exec" "-e" "SOURCE_DIR=/opt/rustwide/workdir" "-e" "CARGO_HOME=/opt/rustwide/cargo-home" "-e" "RUSTUP_HOME=/opt/rustwide/rustup-home" "-e" "CARGO_TARGET_DIR=/opt/rustwide/target" "-w" "/opt/rustwide/workdir" "--user" "0:0" "c9540f70269983726243c61bf17511f400a5e4a64d35958eeaa8c813dd15eb49" "/opt/rustwide/cargo-home/bin/cargo" "+1.99.0-beta.8" "metadata" "--no-deps" "--format-version=1", kill_on_drop: false }`
[INFO] running `Command { std: "docker" "inspect" "c9540f70269983726243c61bf17511f400a5e4a64d35958eeaa8c813dd15eb49", kill_on_drop: false }`
[INFO] running `Command { std: "docker" "exec" "-e" "SOURCE_DIR=/opt/rustwide/workdir" "-e" "CARGO_HOME=/opt/rustwide/cargo-home" "-e" "RUSTUP_HOME=/opt/rustwide/rustup-home" "-e" "CARGO_TARGET_DIR=/opt/rustwide/target" "-e" "CARGO_INCREMENTAL=0" "-e" "RUST_BACKTRACE=full" "-e" "RUSTFLAGS=--cap-lints=warn" "-e" "RUSTDOCFLAGS=--cap-lints=warn" "-w" "/opt/rustwide/workdir" "--user" "0:0" "c9540f70269983726243c61bf17511f400a5e4a64d35958eeaa8c813dd15eb49" "/opt/rustwide/cargo-home/bin/cargo" "+1.99.0-beta.8" "build" "--frozen" "--message-format=json" "--release", kill_on_drop: false }`
[INFO] [stderr]    Compiling typenum v1.19.0
[INFO] [stderr]    Compiling subtle v2.6.1
[INFO] [stderr]    Compiling thiserror-impl v2.0.18
[INFO] [stderr]    Compiling serde_json v1.0.149
[INFO] [stderr]    Compiling chrono v0.4.44
[INFO] [stderr]    Compiling generic-array v0.14.7
[INFO] [stderr]    Compiling thiserror v2.0.18
[INFO] [stderr]    Compiling block-buffer v0.10.4
[INFO] [stderr]    Compiling crypto-common v0.1.7
[INFO] [stderr]    Compiling digest v0.10.7
[INFO] [stderr]    Compiling hmac v0.12.1
[INFO] [stderr]    Compiling sha2 v0.10.9
[INFO] [stderr]    Compiling fakecloud-aws v0.50.0 (/opt/rustwide/workdir)
[INFO] [stderr]     Finished `release` profile [optimized] target(s) in 8.91s
[INFO] running `Command { std: "docker" "inspect" "c9540f70269983726243c61bf17511f400a5e4a64d35958eeaa8c813dd15eb49", kill_on_drop: false }`
[INFO] running `Command { std: "docker" "exec" "-e" "SOURCE_DIR=/opt/rustwide/workdir" "-e" "CARGO_HOME=/opt/rustwide/cargo-home" "-e" "RUSTUP_HOME=/opt/rustwide/rustup-home" "-e" "CARGO_TARGET_DIR=/opt/rustwide/target" "-e" "CARGO_INCREMENTAL=0" "-e" "RUST_BACKTRACE=full" "-e" "RUSTFLAGS=--cap-lints=warn" "-e" "RUSTDOCFLAGS=--cap-lints=warn" "-w" "/opt/rustwide/workdir" "--user" "0:0" "c9540f70269983726243c61bf17511f400a5e4a64d35958eeaa8c813dd15eb49" "/opt/rustwide/cargo-home/bin/cargo" "+1.99.0-beta.8" "test" "--frozen" "--no-run" "--message-format=json" "--release", kill_on_drop: false }`
[INFO] [stderr]    Compiling fakecloud-aws v0.50.0 (/opt/rustwide/workdir)
[INFO] [stderr]     Finished `release` profile [optimized] target(s) in 4.67s
[INFO] running `Command { std: "docker" "inspect" "c9540f70269983726243c61bf17511f400a5e4a64d35958eeaa8c813dd15eb49", kill_on_drop: false }`
[INFO] running `Command { std: "docker" "exec" "-e" "SOURCE_DIR=/opt/rustwide/workdir" "-e" "CARGO_HOME=/opt/rustwide/cargo-home" "-e" "RUSTUP_HOME=/opt/rustwide/rustup-home" "-e" "CARGO_TARGET_DIR=/opt/rustwide/target" "-e" "CARGO_INCREMENTAL=0" "-e" "RUST_BACKTRACE=full" "-e" "RUSTFLAGS=--cap-lints=warn" "-e" "RUSTDOCFLAGS=--cap-lints=warn" "-w" "/opt/rustwide/workdir" "--user" "0:0" "c9540f70269983726243c61bf17511f400a5e4a64d35958eeaa8c813dd15eb49" "/opt/rustwide/cargo-home/bin/cargo" "+1.99.0-beta.8" "test" "--frozen" "--release", kill_on_drop: false }`
[INFO] [stderr]     Finished `release` profile [optimized] target(s) in 0.07s
[INFO] [stderr]      Running unittests src/lib.rs (/opt/rustwide/target/release/deps/fakecloud_aws-f6731b0e8f8535a0)
[INFO] [stdout] 
[INFO] [stdout] running 74 tests
[INFO] [stdout] test arn::tests::region_of_reads_the_region_field ... ok
[INFO] [stdout] test arn::tests::partition_helpers ... ok
[INFO] [stdout] test arn::tests::unique_id_is_stable_and_aws_shaped ... ok
[INFO] [stdout] test arn::tests::round_trip ... ok
[INFO] [stdout] test ec2query::tests::error_response_escapes_special_chars_in_message ... ok
[INFO] [stdout] test ec2query::tests::list_flattens_with_item_children_no_member_wrapper ... ok
[INFO] [stdout] test ec2query::tests::error_response_uses_ec2query_envelope_not_awsquery ... ok
[INFO] [stdout] test ec2query::tests::scalar_list_escapes_and_wraps_each_value ... ok
[INFO] [stdout] test arn::tests::s3_arn ... ok
[INFO] [stdout] test arn::tests::with_partition_overrides ... ok
[INFO] [stdout] test endpoint::tests::bucket_hosts ... ok
[INFO] [stdout] test endpoint::tests::website_endpoint_dash_form_in_legacy_regions ... ok
[INFO] [stdout] test endpoint::tests::dns_suffix_per_partition ... ok
[INFO] [stdout] test endpoint::tests::website_endpoint_dot_form_elsewhere ... ok
[INFO] [stdout] test endpoint::tests::every_partition_suffix_is_listed ... ok
[INFO] [stdout] test arn::tests::global_arn ... ok
[INFO] [stdout] test error::tests::rest_xml_error_namespace_only_for_wrapped_services ... ok
[INFO] [stdout] test arn::tests::account_of_reads_the_account_field ... ok
[INFO] [stdout] test ec2query::tests::tag_set_renders_key_value_items ... ok
[INFO] [stdout] test error::tests::json_error_has_correct_structure ... ok
[INFO] [stdout] test error::tests::s3_xml_error_basic ... ok
[INFO] [stdout] test ec2query::tests::empty_list_emits_self_closing_wrapper ... ok
[INFO] [stdout] test error::tests::rest_xml_error_type_is_receiver_for_5xx ... ok
[INFO] [stdout] test error::tests::rest_xml_error_wraps_in_namespaced_error_response ... ok
[INFO] [stdout] test error::tests::s3_control_xml_error_is_wrapped ... ok
[INFO] [stdout] test ec2query::tests::response_envelope_has_no_result_wrapper_and_lowercase_request_id ... ok
[INFO] [stdout] test arn::tests::partition_for_region ... ok
[INFO] [stdout] test error::tests::rest_xml_error_escapes_code_message_and_request_id ... ok
[INFO] [stdout] test ec2query::tests::nested_reservation_shape_round_trips_structurally ... ok
[INFO] [stdout] test arn::tests::arn_resource_reads_any_partition ... ok
[INFO] [stdout] test ec2query::tests::elem_helpers_escape_and_omit ... ok
[INFO] [stdout] test error::tests::s3_xml_error_with_fields_includes_extra ... ok
[INFO] [stdout] test error::tests::xml_error_escapes_special_chars ... ok
[INFO] [stdout] test arn::tests::regional_takes_the_region_partition ... ok
[INFO] [stdout] test error::tests::xml_error_has_correct_structure ... ok
[INFO] [stdout] test event_pattern::tests::array_of_objects_requires_same_element ... ok
[INFO] [stdout] test event_pattern::tests::null_pattern_does_not_match_absent_field ... ok
[INFO] [stdout] test event_pattern::tests::or_is_anded_with_siblings ... ok
[INFO] [stdout] test event_pattern::tests::scalar_pattern_matches_any_array_element ... ok
[INFO] [stdout] test event_pattern::tests::string_operators ... ok
[INFO] [stdout] test event_pattern::tests::structure_validation_and_legacy_normalization ... ok
[INFO] [stdout] test event_pattern::tests::valid_patterns_are_never_rewritten_by_legacy_normalization ... ok
[INFO] [stdout] test event_pattern::tests::cidr_v4_and_v6 ... ok
[INFO] [stdout] test regions::tests::availability_zone_counts_follow_aws ... ok
[INFO] [stdout] test event_pattern::tests::anything_but_numeric_compares_numerically ... ok
[INFO] [stdout] test event_pattern::tests::anything_but_on_array_matches_if_any_element_not_excluded ... ok
[INFO] [stdout] test event_pattern::tests::anything_but_requires_presence ... ok
[INFO] [stdout] test event_pattern::tests::exists_true_matches_present_null ... ok
[INFO] [stdout] test regions::tests::regions_are_unique_and_include_the_newest ... ok
[INFO] [stdout] test sigv4::tests::canonical_query_sorts_and_drops_presigned_signature ... ok
[INFO] [stdout] test event_pattern::tests::empty_array_field_is_absent ... ok
[INFO] [stdout] test sigv4::tests::canonical_uri_decodes_wire_path_before_encoding ... ok
[INFO] [stdout] test event_pattern::tests::numeric_matcher ... ok
[INFO] [stdout] test event_pattern::tests::object_pattern_matches_array_of_objects ... ok
[INFO] [stdout] test event_pattern::tests::exists_false_matches_absent_only ... ok
[INFO] [stdout] test event_pattern::tests::empty_intermediate_array_is_absent ... ok
[INFO] [stdout] test sigv4::tests::parse_credential_only_no_trailing_parts ... ok
[INFO] [stdout] test sigv4::tests::canonical_uri_non_s3_double_encodes ... ok
[INFO] [stdout] test sigv4::tests::verify_rejects_tampered_body ... ok
[INFO] [stdout] test sigv4::tests::canonical_uri_s3_single_encodes ... ok
[INFO] [stdout] test sigv4::tests::collapse_ws_normalizes_runs ... ok
[INFO] [stdout] test sigv4::tests::derive_signing_key_is_deterministic_and_stable ... ok
[INFO] [stdout] test sigv4::tests::parse_full_header_extracts_all_fields ... ok
[INFO] [stdout] test sigv4::tests::parse_presigned_query_extracts_all_fields ... ok
[INFO] [stdout] test xml::tests::xml_escape_plain_chars ... ok
[INFO] [stdout] test xml::tests::wrap_xml_prepends_declaration ... ok
[INFO] [stdout] test xml::tests::xml_escape_control_chars ... ok
[INFO] [stdout] test xml::tests::xml_escape_preserves_whitespace ... ok
[INFO] [stdout] test xml::tests::xml_escape_standard_entities ... ok
[INFO] [stdout] test sigv4::tests::parse_valid_header ... ok
[INFO] [stdout] test sigv4::tests::verify_round_trip_matches_self_computed_signature ... ok
[INFO] [stdout] test sigv4::tests::returns_none_for_invalid ... ok
[INFO] [stdout] test sigv4::tests::verify_rejects_skewed_clock ... ok
[INFO] [stdout] test regions::tests::covers_every_commercial_region_route53_models ... FAILED
[INFO] [stdout] 
[INFO] [stdout] failures:
[INFO] [stdout] 
[INFO] [stdout] ---- regions::tests::covers_every_commercial_region_route53_models stdout ----
[INFO] [stdout] 
[INFO] [stdout] thread 'regions::tests::covers_every_commercial_region_route53_models' (427) panicked at src/regions.rs:112:65:
[INFO] [stdout] called `Result::unwrap()` on an `Err` value: Os { code: 2, kind: NotFound, message: "No such file or directory" }
[INFO] [stdout] stack backtrace:
[INFO] [stdout]    0:     0x56483e9f2ff1 - <<std[70759c8f55707aa4]::sys::backtrace::BacktraceLock>::print::DisplayBacktrace as core[df12db4294e9bfd3]::fmt::Display>::fmt
[INFO] [stdout]    1:     0x56483ea08ffa - core[df12db4294e9bfd3]::fmt::write
[INFO] [stdout]    2:     0x56483e9f748c - <alloc[2182bb758b4b3781]::vec::Vec<u8> as core[df12db4294e9bfd3]::io::write::Write>::write_fmt
[INFO] [stdout]    3:     0x56483e9cf276 - std[70759c8f55707aa4]::panicking::default_hook::{closure#0}
[INFO] [stdout]    4:     0x56483e9eb3e9 - std[70759c8f55707aa4]::panicking::default_hook
[INFO] [stdout]    5:     0x56483e96fb30 - test[9d35eded1c95d3be]::test_main_inner::<test[9d35eded1c95d3be]::test_main_static::{closure#0}>::{closure#0}
[INFO] [stdout]    6:     0x56483e9eb5a2 - std[70759c8f55707aa4]::panicking::panic_with_hook
[INFO] [stdout]    7:     0x56483e9cf322 - std[70759c8f55707aa4]::panicking::panic_handler::{closure#0}
[INFO] [stdout]    8:     0x56483e9c7f19 - std[70759c8f55707aa4]::sys::backtrace::__rust_end_short_backtrace::<std[70759c8f55707aa4]::panicking::panic_handler::{closure#0}, !>
[INFO] [stdout]    9:     0x56483e9cff1d - __rustc[8fa7c3cbc660c2b3]::rust_begin_unwind
[INFO] [stdout]   10:     0x56483ea0972c - core[df12db4294e9bfd3]::panicking::panic_fmt
[INFO] [stdout]   11:     0x56483ea09502 - core[df12db4294e9bfd3]::result::unwrap_failed
[INFO] [stdout]   12:     0x56483e951237 - fakecloud_aws[c412f9321d22abec]::regions::tests::covers_every_commercial_region_route53_models
[INFO] [stdout]   13:     0x56483e944449 - <fakecloud_aws[c412f9321d22abec]::regions::tests::covers_every_commercial_region_route53_models::{closure#0} as core[df12db4294e9bfd3]::ops::function::FnOnce<()>>::call_once
[INFO] [stdout]   14:     0x56483e962e1b - test[9d35eded1c95d3be]::__rust_begin_short_backtrace::<core[df12db4294e9bfd3]::result::Result<(), alloc[2182bb758b4b3781]::string::String>, fn() -> core[df12db4294e9bfd3]::result::Result<(), alloc[2182bb758b4b3781]::string::String>>
[INFO] [stdout]   15:     0x56483e970485 - test[9d35eded1c95d3be]::run_test::{closure#0}
[INFO] [stdout]   16:     0x56483e969d44 - std[70759c8f55707aa4]::sys::backtrace::__rust_begin_short_backtrace::<test[9d35eded1c95d3be]::run_test::{closure#1}, ()>
[INFO] [stdout]   17:     0x56483e9735e2 - <std[70759c8f55707aa4]::thread::lifecycle::spawn_unchecked<test[9d35eded1c95d3be]::run_test::{closure#1}, ()>::{closure#1} as core[df12db4294e9bfd3]::ops::function::FnOnce<()>>::call_once::{shim:vtable#0}
[INFO] [stdout]   18:     0x56483e9f2559 - <std[70759c8f55707aa4]::sys::thread::unix::Thread>::new::thread_start
[INFO] [stdout]   19:     0x7f06fc7e2dfa - <unknown>
[INFO] [stdout]   20:     0x7f06fc8763d4 - clone
[INFO] [stdout]   21:                0x0 - <unknown>
[INFO] [stdout] 
[INFO] [stdout] 
[INFO] [stdout] failures:
[INFO] [stdout]     regions::tests::covers_every_commercial_region_route53_models
[INFO] [stdout] 
[INFO] [stdout] test result: FAILED. 73 passed; 1 failed; 0 ignored; 0 measured; 0 filtered out; finished in 0.01s
[INFO] [stdout] 
[INFO] [stderr] error: test failed, to rerun pass `--lib`
[INFO] running `Command { std: "docker" "inspect" "c9540f70269983726243c61bf17511f400a5e4a64d35958eeaa8c813dd15eb49", kill_on_drop: false }`
[INFO] running `Command { std: "docker" "rm" "-f" "c9540f70269983726243c61bf17511f400a5e4a64d35958eeaa8c813dd15eb49", kill_on_drop: false }`
[INFO] [stdout] c9540f70269983726243c61bf17511f400a5e4a64d35958eeaa8c813dd15eb49
