[INFO] fetching crate fakecloud-appsync 0.50.0...
[INFO] testing fakecloud-appsync-0.50.0 against 1.99.0-beta.8+cargoflags=--release for beta-release-1.100-2
[INFO] extracting crate fakecloud-appsync 0.50.0 into /workspace/builds/worker-4-tc1/source
[INFO] started tweaking crates.io crate fakecloud-appsync 0.50.0
[INFO] finished tweaking crates.io crate fakecloud-appsync 0.50.0
[INFO] tweaked toml for crates.io crate fakecloud-appsync 0.50.0 written to /workspace/builds/worker-4-tc1/source/Cargo.toml
[INFO] validating manifest of crates.io crate fakecloud-appsync 0.50.0 on toolchain 1.99.0-beta.8
[INFO] running `Command { std: CARGO_HOME="/workspace/cargo-home" RUSTUP_HOME="/workspace/rustup-home" "/workspace/cargo-home/bin/cargo" "+1.99.0-beta.8" "metadata" "--manifest-path" "Cargo.toml" "--no-deps", kill_on_drop: false }`
[INFO] crate crates.io crate fakecloud-appsync 0.50.0 already has a lockfile, it will not be regenerated
[INFO] running `Command { std: CARGO_HOME="/workspace/cargo-home" RUSTUP_HOME="/workspace/rustup-home" "/workspace/cargo-home/bin/cargo" "+1.99.0-beta.8" "fetch" "--manifest-path" "Cargo.toml", kill_on_drop: false }`
[INFO] [stderr]     Updating crates.io index
[INFO] [stderr]  Downloading crates ...
[INFO] [stderr]   Downloaded fakecloud-aws v0.50.0
[INFO] [stderr]   Downloaded fakecloud-core v0.50.0
[INFO] [stderr]   Downloaded fakecloud-persistence v0.50.0
[INFO] running `Command { std: "docker" "create" "-v" "/var/lib/crater-agent-workspace/builds/worker-4-tc1/source:/opt/rustwide/workdir:ro,Z" "-v" "/var/lib/crater-agent-workspace/builds/worker-4-tc1/target:/opt/rustwide/target:rw,Z" "-v" "/var/lib/crater-agent-workspace/cargo-home:/opt/rustwide/cargo-home:ro,Z" "-v" "/var/lib/crater-agent-workspace/rustup-home:/opt/rustwide/rustup-home:ro,Z" "-m" "1610612736" "--network" "none" "ghcr.io/rust-lang/crates-build-env/linux@sha256:77db811e55d90add9212f6832c23229e3de5f1c1f9905e8cb07319ea15df73ac" "sleep" "infinity", kill_on_drop: false }`
[INFO] [stdout] 5806c4fd0874cbd409c4bed90bd8c70467554d4437b163b0b5166013e3eec7e5
[INFO] running `Command { std: "docker" "start" "5806c4fd0874cbd409c4bed90bd8c70467554d4437b163b0b5166013e3eec7e5", kill_on_drop: false }`
[INFO] running `Command { std: "docker" "inspect" "5806c4fd0874cbd409c4bed90bd8c70467554d4437b163b0b5166013e3eec7e5", kill_on_drop: false }`
[INFO] running `Command { std: "docker" "exec" "-e" "SOURCE_DIR=/opt/rustwide/workdir" "-e" "CARGO_HOME=/opt/rustwide/cargo-home" "-e" "RUSTUP_HOME=/opt/rustwide/rustup-home" "-e" "CARGO_TARGET_DIR=/opt/rustwide/target" "-w" "/opt/rustwide/workdir" "--user" "0:0" "5806c4fd0874cbd409c4bed90bd8c70467554d4437b163b0b5166013e3eec7e5" "/opt/rustwide/cargo-home/bin/cargo" "+1.99.0-beta.8" "metadata" "--no-deps" "--format-version=1", kill_on_drop: false }`
[INFO] running `Command { std: "docker" "inspect" "5806c4fd0874cbd409c4bed90bd8c70467554d4437b163b0b5166013e3eec7e5", kill_on_drop: false }`
[INFO] running `Command { std: "docker" "exec" "-e" "SOURCE_DIR=/opt/rustwide/workdir" "-e" "CARGO_HOME=/opt/rustwide/cargo-home" "-e" "RUSTUP_HOME=/opt/rustwide/rustup-home" "-e" "CARGO_TARGET_DIR=/opt/rustwide/target" "-e" "CARGO_INCREMENTAL=0" "-e" "RUST_BACKTRACE=full" "-e" "RUSTFLAGS=--cap-lints=warn" "-e" "RUSTDOCFLAGS=--cap-lints=warn" "-w" "/opt/rustwide/workdir" "--user" "0:0" "5806c4fd0874cbd409c4bed90bd8c70467554d4437b163b0b5166013e3eec7e5" "/opt/rustwide/cargo-home/bin/cargo" "+1.99.0-beta.8" "build" "--frozen" "--message-format=json" "--release", kill_on_drop: false }`
[INFO] [stderr]    Compiling libc v0.2.185
[INFO] [stderr]    Compiling zerocopy v0.8.48
[INFO] [stderr]    Compiling zerocopy-derive v0.8.48
[INFO] [stderr]    Compiling futures-core v0.3.32
[INFO] [stderr]    Compiling tokio-macros v2.7.0
[INFO] [stderr]    Compiling http v1.4.0
[INFO] [stderr]    Compiling tracing-core v0.1.36
[INFO] [stderr]    Compiling serde v1.0.228
[INFO] [stderr]    Compiling futures-sink v0.3.32
[INFO] [stderr]    Compiling serde_json v1.0.149
[INFO] [stderr]    Compiling futures-task v0.3.32
[INFO] [stderr]    Compiling sha1 v0.10.6
[INFO] [stderr]    Compiling sync_wrapper v1.0.2
[INFO] [stderr]    Compiling hmac v0.12.1
[INFO] [stderr]    Compiling simd-adler32 v0.3.9
[INFO] [stderr]    Compiling ciborium-io v0.2.2
[INFO] [stderr]    Compiling futures-channel v0.3.32
[INFO] [stderr]    Compiling serde_path_to_error v0.1.20
[INFO] [stderr]    Compiling futures-util v0.3.32
[INFO] [stderr]    Compiling syn v3.0.6
[INFO] [stderr]    Compiling md-5 v0.10.6
[INFO] [stderr]    Compiling miniz_oxide v0.8.9
[INFO] [stderr]    Compiling flate2 v1.1.9
[INFO] [stderr]    Compiling tracing v0.1.44
[INFO] [stderr]    Compiling quick-xml v0.37.5
[INFO] [stderr]    Compiling toml_datetime v0.6.11
[INFO] [stderr]    Compiling chrono v0.4.44
[INFO] [stderr]    Compiling serde_spanned v0.6.9
[INFO] [stderr]    Compiling serde_urlencoded v0.7.1
[INFO] [stderr]    Compiling serde_yaml v0.9.34+deprecated
[INFO] [stderr]    Compiling http-body v1.0.1
[INFO] [stderr]    Compiling http-body-util v0.1.3
[INFO] [stderr]    Compiling toml_edit v0.22.27
[INFO] [stderr]    Compiling axum-core v0.5.6
[INFO] [stderr]    Compiling errno v0.3.14
[INFO] [stderr]    Compiling mio v1.2.0
[INFO] [stderr]    Compiling socket2 v0.6.3
[INFO] [stderr]    Compiling getrandom v0.3.4
[INFO] [stderr]    Compiling getrandom v0.4.2
[INFO] [stderr]    Compiling parking_lot_core v0.9.12
[INFO] [stderr]    Compiling getrandom v0.2.17
[INFO] [stderr]    Compiling signal-hook-registry v1.4.8
[INFO] [stderr]    Compiling rand_core v0.9.5
[INFO] [stderr]    Compiling parking_lot v0.12.5
[INFO] [stderr]    Compiling rand_core v0.6.4
[INFO] [stderr]    Compiling tempfile v3.27.0
[INFO] [stderr]    Compiling uuid v1.23.1
[INFO] [stderr]    Compiling tokio v1.52.0
[INFO] [stderr]    Compiling fakecloud-aws v0.50.0
[INFO] [stderr]    Compiling toml v0.8.23
[INFO] [stderr]    Compiling fakecloud-persistence v0.50.0
[INFO] [stderr]    Compiling async-trait v0.1.92
[INFO] [stderr]    Compiling ppv-lite86 v0.2.21
[INFO] [stderr]    Compiling half v2.7.1
[INFO] [stderr]    Compiling ciborium-ll v0.2.2
[INFO] [stderr]    Compiling rand_chacha v0.9.0
[INFO] [stderr]    Compiling rand_chacha v0.3.1
[INFO] [stderr]    Compiling ciborium v0.2.2
[INFO] [stderr]    Compiling rand v0.9.4
[INFO] [stderr]    Compiling rand v0.8.5
[INFO] [stderr]    Compiling tungstenite v0.29.0
[INFO] [stderr]    Compiling hyper v1.9.0
[INFO] [stderr]    Compiling tower v0.5.3
[INFO] [stderr]    Compiling tokio-util v0.7.18
[INFO] [stderr]    Compiling tokio-tungstenite v0.29.0
[INFO] [stderr]    Compiling hyper-util v0.1.20
[INFO] [stderr]    Compiling axum v0.8.9
[INFO] [stderr]    Compiling fakecloud-core v0.50.0
[INFO] [stderr]    Compiling fakecloud-appsync v0.50.0 (/opt/rustwide/workdir)
[INFO] [stderr]     Finished `release` profile [optimized] target(s) in 1m 23s
[INFO] running `Command { std: "docker" "inspect" "5806c4fd0874cbd409c4bed90bd8c70467554d4437b163b0b5166013e3eec7e5", kill_on_drop: false }`
[INFO] running `Command { std: "docker" "exec" "-e" "SOURCE_DIR=/opt/rustwide/workdir" "-e" "CARGO_HOME=/opt/rustwide/cargo-home" "-e" "RUSTUP_HOME=/opt/rustwide/rustup-home" "-e" "CARGO_TARGET_DIR=/opt/rustwide/target" "-e" "CARGO_INCREMENTAL=0" "-e" "RUST_BACKTRACE=full" "-e" "RUSTFLAGS=--cap-lints=warn" "-e" "RUSTDOCFLAGS=--cap-lints=warn" "-w" "/opt/rustwide/workdir" "--user" "0:0" "5806c4fd0874cbd409c4bed90bd8c70467554d4437b163b0b5166013e3eec7e5" "/opt/rustwide/cargo-home/bin/cargo" "+1.99.0-beta.8" "test" "--frozen" "--no-run" "--message-format=json" "--release", kill_on_drop: false }`
[INFO] [stderr]    Compiling fakecloud-appsync v0.50.0 (/opt/rustwide/workdir)
[INFO] [stderr]     Finished `release` profile [optimized] target(s) in 10.32s
[INFO] running `Command { std: "docker" "inspect" "5806c4fd0874cbd409c4bed90bd8c70467554d4437b163b0b5166013e3eec7e5", kill_on_drop: false }`
[INFO] running `Command { std: "docker" "exec" "-e" "SOURCE_DIR=/opt/rustwide/workdir" "-e" "CARGO_HOME=/opt/rustwide/cargo-home" "-e" "RUSTUP_HOME=/opt/rustwide/rustup-home" "-e" "CARGO_TARGET_DIR=/opt/rustwide/target" "-e" "CARGO_INCREMENTAL=0" "-e" "RUST_BACKTRACE=full" "-e" "RUSTFLAGS=--cap-lints=warn" "-e" "RUSTDOCFLAGS=--cap-lints=warn" "-w" "/opt/rustwide/workdir" "--user" "0:0" "5806c4fd0874cbd409c4bed90bd8c70467554d4437b163b0b5166013e3eec7e5" "/opt/rustwide/cargo-home/bin/cargo" "+1.99.0-beta.8" "test" "--frozen" "--release", kill_on_drop: false }`
[INFO] [stderr]     Finished `release` profile [optimized] target(s) in 0.16s
[INFO] [stderr]      Running unittests src/lib.rs (/opt/rustwide/target/release/deps/fakecloud_appsync-c44e7546c852efe7)
[INFO] [stdout] 
[INFO] [stdout] running 31 tests
[INFO] [stdout] test persistence::tests::empty_store_is_empty ... ok
[INFO] [stdout] test persistence::tests::round_trip_restores_apis ... ok
[INFO] [stdout] test schema::tests::json_format_lists_types ... ok
[INFO] [stdout] test persistence::tests::rejects_future_schema ... ok
[INFO] [stdout] test pagination_table_tests::table_matches_the_model ... FAILED
[INFO] [stdout] test evaluate::tests::empty_template_is_error ... ok
[INFO] [stdout] test evaluate::tests::malformed_context_is_error ... ok
[INFO] [stdout] test schema::tests::parses_type_names ... ok
[INFO] [stdout] test service::tests::function_lifecycle ... ok
[INFO] [stdout] test schema::tests::sdl_format_is_verbatim ... ok
[INFO] [stdout] test service::tests::inline_tags_migrate_into_tag_store ... ok
[INFO] [stdout] test service::tests::data_source_and_resolver_roundtrip ... ok
[INFO] [stdout] test service::tests::api_key_lifecycle ... ok
[INFO] [stdout] test service::tests::graphql_api_tags_share_one_store_and_update_merges ... ok
[INFO] [stdout] test service::tests::china_region_arns_use_the_aws_cn_partition ... ok
[INFO] [stdout] test service::tests::create_get_list_delete_graphql_api ... ok
[INFO] [stdout] test service::tests::event_api_domain_and_namespace_tags_share_one_store ... ok
[INFO] [stdout] test service::tests::schema_merge_populates_types_by_association ... ok
[INFO] [stdout] test service::tests::list_graphql_apis_pages_by_next_token ... ok
[INFO] [stdout] test service::tests::missing_api_is_not_found ... ok
[INFO] [stdout] test service::tests::tagging_roundtrip ... ok
[INFO] [stdout] test service::tests::routing_covers_key_ops ... ok
[INFO] [stdout] test evaluate::tests::renders_arguments ... ok
[INFO] [stdout] test service::tests::resolver_on_missing_api_is_not_found ... ok
[INFO] [stdout] test state::tests::new_account_is_empty ... ok
[INFO] [stdout] test service::tests::data_source_introspection_start_then_get_is_retrievable ... ok
[INFO] [stdout] test validate::tests::create_graphql_api_requires_name_and_auth ... ok
[INFO] [stdout] test validate::tests::create_data_source_enum ... ok
[INFO] [stdout] test validate::tests::evaluate_code_requires_members ... ok
[INFO] [stdout] test service::tests::schema_creation_settles_success ... ok
[INFO] [stderr] error: test failed, to rerun pass `--lib`
[INFO] [stdout] test service::tests::evaluate_template_renders ... ok
[INFO] [stdout] 
[INFO] [stdout] failures:
[INFO] [stdout] 
[INFO] [stdout] ---- pagination_table_tests::table_matches_the_model stdout ----
[INFO] [stdout] 
[INFO] [stdout] thread 'pagination_table_tests::table_matches_the_model' (1317) panicked at src/lib.rs:62:66:
[INFO] [stdout] read model: Os { code: 2, kind: NotFound, message: "No such file or directory" }
[INFO] [stdout] stack backtrace:
[INFO] [stdout]    0:     0x6452c1c26711 - <<std[70759c8f55707aa4]::sys::backtrace::BacktraceLock>::print::DisplayBacktrace as core[df12db4294e9bfd3]::fmt::Display>::fmt
[INFO] [stdout]    1:     0x6452c1c3c1aa - core[df12db4294e9bfd3]::fmt::write
[INFO] [stdout]    2:     0x6452c1c2acfc - <alloc[2182bb758b4b3781]::vec::Vec<u8> as core[df12db4294e9bfd3]::io::write::Write>::write_fmt
[INFO] [stdout]    3:     0x6452c1c02256 - std[70759c8f55707aa4]::panicking::default_hook::{closure#0}
[INFO] [stdout]    4:     0x6452c1c1e8d9 - std[70759c8f55707aa4]::panicking::default_hook
[INFO] [stdout]    5:     0x6452c1b70240 - test[9d35eded1c95d3be]::test_main_inner::<test[9d35eded1c95d3be]::test_main_static::{closure#0}>::{closure#0}
[INFO] [stdout]    6:     0x6452c1c1ea92 - std[70759c8f55707aa4]::panicking::panic_with_hook
[INFO] [stdout]    7:     0x6452c1c02302 - std[70759c8f55707aa4]::panicking::panic_handler::{closure#0}
[INFO] [stdout]    8:     0x6452c1bfaef9 - std[70759c8f55707aa4]::sys::backtrace::__rust_end_short_backtrace::<std[70759c8f55707aa4]::panicking::panic_handler::{closure#0}, !>
[INFO] [stdout]    9:     0x6452c1c02efd - __rustc[8fa7c3cbc660c2b3]::rust_begin_unwind
[INFO] [stdout]   10:     0x6452c1c3c90c - core[df12db4294e9bfd3]::panicking::panic_fmt
[INFO] [stdout]   11:     0x6452c1c3c6e2 - core[df12db4294e9bfd3]::result::unwrap_failed
[INFO] [stdout]   12:     0x6452c1b4bc1c - fakecloud_appsync[b4bffc27ddc9c163]::pagination_table_tests::table_matches_the_model
[INFO] [stdout]   13:     0x6452c1b5ec99 - <fakecloud_appsync[b4bffc27ddc9c163]::pagination_table_tests::table_matches_the_model::{closure#0} as core[df12db4294e9bfd3]::ops::function::FnOnce<()>>::call_once
[INFO] [stdout]   14:     0x6452c1b6352b - test[9d35eded1c95d3be]::__rust_begin_short_backtrace::<core[df12db4294e9bfd3]::result::Result<(), alloc[2182bb758b4b3781]::string::String>, fn() -> core[df12db4294e9bfd3]::result::Result<(), alloc[2182bb758b4b3781]::string::String>>
[INFO] [stdout]   15:     0x6452c1b70b95 - test[9d35eded1c95d3be]::run_test::{closure#0}
[INFO] [stdout]   16:     0x6452c1b6a454 - std[70759c8f55707aa4]::sys::backtrace::__rust_begin_short_backtrace::<test[9d35eded1c95d3be]::run_test::{closure#1}, ()>
[INFO] [stdout]   17:     0x6452c1b73cf2 - <std[70759c8f55707aa4]::thread::lifecycle::spawn_unchecked<test[9d35eded1c95d3be]::run_test::{closure#1}, ()>::{closure#1} as core[df12db4294e9bfd3]::ops::function::FnOnce<()>>::call_once::{shim:vtable#0}
[INFO] [stdout]   18:     0x6452c1c25c49 - <std[70759c8f55707aa4]::sys::thread::unix::Thread>::new::thread_start
[INFO] [stdout]   19:     0x74f91d28cdfa - <unknown>
[INFO] [stdout]   20:     0x74f91d3203d4 - clone
[INFO] [stdout]   21:                0x0 - <unknown>
[INFO] [stdout] 
[INFO] [stdout] 
[INFO] [stdout] failures:
[INFO] [stdout]     pagination_table_tests::table_matches_the_model
[INFO] [stdout] 
[INFO] [stdout] test result: FAILED. 30 passed; 1 failed; 0 ignored; 0 measured; 0 filtered out; finished in 0.01s
[INFO] [stdout] 
[INFO] running `Command { std: "docker" "inspect" "5806c4fd0874cbd409c4bed90bd8c70467554d4437b163b0b5166013e3eec7e5", kill_on_drop: false }`
[INFO] running `Command { std: "docker" "rm" "-f" "5806c4fd0874cbd409c4bed90bd8c70467554d4437b163b0b5166013e3eec7e5", kill_on_drop: false }`
[INFO] [stdout] 5806c4fd0874cbd409c4bed90bd8c70467554d4437b163b0b5166013e3eec7e5
