[INFO] fetching crate faerie 0.16.0...
[INFO] testing faerie-0.16.0 against 1.99.0-beta.8+cargoflags=--release for beta-release-1.100-2
[INFO] extracting crate faerie 0.16.0 into /workspace/builds/worker-6-tc1/source
[INFO] started tweaking crates.io crate faerie 0.16.0
[INFO] finished tweaking crates.io crate faerie 0.16.0
[INFO] tweaked toml for crates.io crate faerie 0.16.0 written to /workspace/builds/worker-6-tc1/source/Cargo.toml
[INFO] validating manifest of crates.io crate faerie 0.16.0 on toolchain 1.99.0-beta.8
[INFO] running `Command { std: CARGO_HOME="/workspace/cargo-home" RUSTUP_HOME="/workspace/rustup-home" "/workspace/cargo-home/bin/cargo" "+1.99.0-beta.8" "metadata" "--manifest-path" "Cargo.toml" "--no-deps", kill_on_drop: false }`
[INFO] crate crates.io crate faerie 0.16.0 already has a lockfile, it will not be regenerated
[INFO] running `Command { std: CARGO_HOME="/workspace/cargo-home" RUSTUP_HOME="/workspace/rustup-home" "/workspace/cargo-home/bin/cargo" "+1.99.0-beta.8" "fetch" "--manifest-path" "Cargo.toml", kill_on_drop: false }`
[INFO] [stderr]     Updating crates.io index
[INFO] [stderr]  Downloading crates ...
[INFO] [stderr]   Downloaded thiserror v1.0.22
[INFO] [stderr]   Downloaded quote v1.0.7
[INFO] [stderr]   Downloaded proc-macro2 v1.0.24
[INFO] [stderr]   Downloaded thiserror-impl v1.0.22
[INFO] [stderr]   Downloaded scroll_derive v0.10.4
[INFO] [stderr]   Downloaded hermit-abi v0.1.17
[INFO] [stderr]   Downloaded version_check v0.9.2
[INFO] [stderr]   Downloaded thread_local v1.0.1
[INFO] [stderr]   Downloaded structopt-derive v0.4.13
[INFO] [stderr]   Downloaded string-interner v0.12.1
[INFO] [stderr]   Downloaded scroll v0.10.2
[INFO] [stderr]   Downloaded env_logger v0.8.2
[INFO] [stderr]   Downloaded termcolor v1.1.2
[INFO] [stderr]   Downloaded memchr v2.3.4
[INFO] [stderr]   Downloaded unicode-width v0.1.8
[INFO] [stderr]   Downloaded humantime v2.0.1
[INFO] [stderr]   Downloaded target-lexicon v0.11.1
[INFO] [stderr]   Downloaded log v0.4.11
[INFO] [stderr]   Downloaded anyhow v1.0.34
[INFO] [stderr]   Downloaded ahash v0.4.6
[INFO] [stderr]   Downloaded heck v0.3.1
[INFO] [stderr]   Downloaded indexmap v1.6.0
[INFO] [stderr]   Downloaded syn v1.0.52
[INFO] [stderr]   Downloaded structopt v0.3.20
[INFO] [stderr]   Downloaded serde v1.0.117
[INFO] [stderr]   Downloaded hashbrown v0.9.1
[INFO] [stderr]   Downloaded unicode-segmentation v1.7.1
[INFO] [stderr]   Downloaded aho-corasick v0.7.15
[INFO] [stderr]   Downloaded goblin v0.3.0
[INFO] [stderr]   Downloaded regex v1.4.2
[INFO] [stderr]   Downloaded regex-syntax v0.6.21
[INFO] [stderr]   Downloaded libc v0.2.80
[INFO] running `Command { std: "docker" "create" "-v" "/var/lib/crater-agent-workspace/builds/worker-6-tc1/source:/opt/rustwide/workdir:ro,Z" "-v" "/var/lib/crater-agent-workspace/builds/worker-6-tc1/target:/opt/rustwide/target:rw,Z" "-v" "/var/lib/crater-agent-workspace/cargo-home:/opt/rustwide/cargo-home:ro,Z" "-v" "/var/lib/crater-agent-workspace/rustup-home:/opt/rustwide/rustup-home:ro,Z" "-m" "1610612736" "--network" "none" "ghcr.io/rust-lang/crates-build-env/linux@sha256:77db811e55d90add9212f6832c23229e3de5f1c1f9905e8cb07319ea15df73ac" "sleep" "infinity", kill_on_drop: false }`
[INFO] [stdout] 6df986a50d2296e8d19b03f0313f36503c6d0997f317f66b91853f1c20acaf8a
[INFO] running `Command { std: "docker" "start" "6df986a50d2296e8d19b03f0313f36503c6d0997f317f66b91853f1c20acaf8a", kill_on_drop: false }`
[INFO] running `Command { std: "docker" "inspect" "6df986a50d2296e8d19b03f0313f36503c6d0997f317f66b91853f1c20acaf8a", kill_on_drop: false }`
[INFO] running `Command { std: "docker" "exec" "-e" "SOURCE_DIR=/opt/rustwide/workdir" "-e" "CARGO_HOME=/opt/rustwide/cargo-home" "-e" "RUSTUP_HOME=/opt/rustwide/rustup-home" "-e" "CARGO_TARGET_DIR=/opt/rustwide/target" "-w" "/opt/rustwide/workdir" "--user" "0:0" "6df986a50d2296e8d19b03f0313f36503c6d0997f317f66b91853f1c20acaf8a" "/opt/rustwide/cargo-home/bin/cargo" "+1.99.0-beta.8" "metadata" "--no-deps" "--format-version=1", kill_on_drop: false }`
[INFO] running `Command { std: "docker" "inspect" "6df986a50d2296e8d19b03f0313f36503c6d0997f317f66b91853f1c20acaf8a", kill_on_drop: false }`
[INFO] running `Command { std: "docker" "exec" "-e" "SOURCE_DIR=/opt/rustwide/workdir" "-e" "CARGO_HOME=/opt/rustwide/cargo-home" "-e" "RUSTUP_HOME=/opt/rustwide/rustup-home" "-e" "CARGO_TARGET_DIR=/opt/rustwide/target" "-e" "CARGO_INCREMENTAL=0" "-e" "RUST_BACKTRACE=full" "-e" "RUSTFLAGS=--cap-lints=warn" "-e" "RUSTDOCFLAGS=--cap-lints=warn" "-w" "/opt/rustwide/workdir" "--user" "0:0" "6df986a50d2296e8d19b03f0313f36503c6d0997f317f66b91853f1c20acaf8a" "/opt/rustwide/cargo-home/bin/cargo" "+1.99.0-beta.8" "build" "--frozen" "--message-format=json" "--release", kill_on_drop: false }`
[INFO] [stderr]    Compiling proc-macro2 v1.0.24
[INFO] [stderr]    Compiling unicode-xid v0.2.1
[INFO] [stderr]    Compiling syn v1.0.52
[INFO] [stderr]    Compiling serde v1.0.117
[INFO] [stderr]    Compiling autocfg v1.0.1
[INFO] [stderr]    Compiling log v0.4.11
[INFO] [stderr]    Compiling ahash v0.4.6
[INFO] [stderr]    Compiling target-lexicon v0.11.1
[INFO] [stderr]    Compiling plain v0.2.3
[INFO] [stderr]    Compiling hashbrown v0.9.1
[INFO] [stderr]    Compiling indexmap v1.6.0
[INFO] [stderr]    Compiling quote v1.0.7
[INFO] [stderr]    Compiling scroll_derive v0.10.4
[INFO] [stderr]    Compiling thiserror-impl v1.0.22
[INFO] [stderr]    Compiling string-interner v0.12.1
[INFO] [stderr]    Compiling thiserror v1.0.22
[INFO] [stderr]    Compiling scroll v0.10.2
[INFO] [stderr]    Compiling goblin v0.3.0
[INFO] [stderr]    Compiling faerie v0.16.0 (/opt/rustwide/workdir)
[INFO] [stdout] warning: trailing semicolon in macro used in expression position
[INFO] [stdout]     --> src/mach.rs:1021:30
[INFO] [stdout]      |
[INFO] [stdout] 1021 | ...=> error!("Import Relocation from {} to {} at {:#x} has a missing symbol. Dumping symtab {:?}", link.from.name, link.to.name, link.at, symtab)
[INFO] [stdout]      |       ^^^^^^^^^^^^^^^^^^^^^^^^^^^^^^^^^^^^^^^^^^^^^^^^^^^^^^^^^^^^^^^^^^^^^^^^^^^^^^^^^^^^^^^^^^^^^^^^^^^^^^^^^^^^^^^^^^^^^^^^^^^^^^^^^^^^^^^^^^^
[INFO] [stdout]      |
[INFO] [stdout]      = warning: this was previously accepted by the compiler but is being phased out; it will become a hard error in a future release!
[INFO] [stdout]      = note: for more information, see issue #79813 <https://github.com/rust-lang/rust/issues/79813>
[INFO] [stdout]      = note: `#[warn(semicolon_in_expressions_from_non_local_macros)]` (part of `#[warn(future_incompatible)]`) on by default
[INFO] [stdout]      = note: this warning originates in the macro `error` (in Nightly builds, run with -Z macro-backtrace for more info)
[INFO] [stdout] 
[INFO] [stdout] 
[INFO] [stdout] warning: trailing semicolon in macro used in expression position
[INFO] [stdout]     --> src/mach.rs:1039:18
[INFO] [stdout]      |
[INFO] [stdout] 1039 | ...=> error!("Import Relocation from {} to {} at {:#x} has a missing symbol. Dumping symtab {:?}", link.from.name, link.to.name, link.at, symtab)
[INFO] [stdout]      |       ^^^^^^^^^^^^^^^^^^^^^^^^^^^^^^^^^^^^^^^^^^^^^^^^^^^^^^^^^^^^^^^^^^^^^^^^^^^^^^^^^^^^^^^^^^^^^^^^^^^^^^^^^^^^^^^^^^^^^^^^^^^^^^^^^^^^^^^^^^^
[INFO] [stdout]      |
[INFO] [stdout]      = warning: this was previously accepted by the compiler but is being phased out; it will become a hard error in a future release!
[INFO] [stdout]      = note: for more information, see issue #79813 <https://github.com/rust-lang/rust/issues/79813>
[INFO] [stdout]      = note: this warning originates in the macro `error` (in Nightly builds, run with -Z macro-backtrace for more info)
[INFO] [stdout] 
[INFO] [stdout] 
[INFO] [stdout] warning: use of deprecated associated function `core::num::<impl u32>::max_value`: replaced by the `MAX` associated constant on this type
[INFO] [stdout]    --> src/elf.rs:119:36
[INFO] [stdout]     |
[INFO] [stdout] 119 |         debug_assert!(shndx < u32::max_value() as usize);
[INFO] [stdout]     |                                    ^^^^^^^^^
[INFO] [stdout]     |
[INFO] [stdout]     = note: `#[warn(deprecated)]` on by default
[INFO] [stdout] 
[INFO] [stdout] 
[INFO] [stdout] warning: use of deprecated associated function `core::num::<impl u8>::max_value`: replaced by the `MAX` associated constant on this type
[INFO] [stdout]     --> src/mach.rs:1005:44
[INFO] [stdout]      |
[INFO] [stdout] 1005 |                 debug_assert!(reloc <= u8::max_value() as u32);
[INFO] [stdout]      |                                            ^^^^^^^^^
[INFO] [stdout] 
[INFO] [stdout] 
[INFO] [stdout] warning: panic message is not a string literal
[INFO] [stdout]   --> src/elf.rs:64:28
[INFO] [stdout]    |
[INFO] [stdout] 64 |             arch => panic!(format!("Unknown architecture: {}", arch)),
[INFO] [stdout]    |                            ^^^^^^^^^^^^^^^^^^^^^^^^^^^^^^^^^^^^^^^^^
[INFO] [stdout]    |
[INFO] [stdout]    = note: this usage of `panic!()` is deprecated; it will be a hard error in Rust 2021
[INFO] [stdout]    = note: for more information, see <https://doc.rust-lang.org/edition-guide/rust-2021/panic-macro-consistency.html>
[INFO] [stdout]    = note: the `panic!()` macro supports formatting, so there's no need for the `format!()` macro here
[INFO] [stdout]    = note: for more information, see <https://doc.rust-lang.org/edition-guide/rust-2021/panic-macro-consistency.html>
[INFO] [stdout]    = note: `#[warn(non_fmt_panics)]` (part of `#[warn(rust_2021_compatibility)]`) on by default
[INFO] [stdout] help: remove the `format!(..)` macro call
[INFO] [stdout]    |
[INFO] [stdout] 64 -             arch => panic!(format!("Unknown architecture: {}", arch)),
[INFO] [stdout] 64 +             arch => panic!("Unknown architecture: {}", arch),
[INFO] [stdout]    |
[INFO] [stdout] 
[INFO] [stdout] 
[INFO] [stdout] warning: panic message is not a string literal
[INFO] [stdout]   --> src/mach.rs:44:28
[INFO] [stdout]    |
[INFO] [stdout] 44 |               arch => panic!(format!(
[INFO] [stdout]    |  ____________________________^
[INFO] [stdout] 45 | |                 "requested architecture {} does not exist in MachO",
[INFO] [stdout] 46 | |                 arch
[INFO] [stdout] 47 | |             )),
[INFO] [stdout]    | |_____________^
[INFO] [stdout]    |
[INFO] [stdout]    = note: this usage of `panic!()` is deprecated; it will be a hard error in Rust 2021
[INFO] [stdout]    = note: for more information, see <https://doc.rust-lang.org/edition-guide/rust-2021/panic-macro-consistency.html>
[INFO] [stdout]    = note: the `panic!()` macro supports formatting, so there's no need for the `format!()` macro here
[INFO] [stdout]    = note: for more information, see <https://doc.rust-lang.org/edition-guide/rust-2021/panic-macro-consistency.html>
[INFO] [stdout] help: remove the `format!(..)` macro call
[INFO] [stdout]    |
[INFO] [stdout] 44 ~             arch => panic!(
[INFO] [stdout] 45 |                 "requested architecture {} does not exist in MachO",
[INFO] [stdout] 46 |                 arch
[INFO] [stdout] 47 ~             ),
[INFO] [stdout]    |
[INFO] [stdout] 
[INFO] [stdout] 
[INFO] [stderr]     Finished `release` profile [optimized] target(s) in 26.35s
[INFO] running `Command { std: "docker" "inspect" "6df986a50d2296e8d19b03f0313f36503c6d0997f317f66b91853f1c20acaf8a", kill_on_drop: false }`
[INFO] running `Command { std: "docker" "exec" "-e" "SOURCE_DIR=/opt/rustwide/workdir" "-e" "CARGO_HOME=/opt/rustwide/cargo-home" "-e" "RUSTUP_HOME=/opt/rustwide/rustup-home" "-e" "CARGO_TARGET_DIR=/opt/rustwide/target" "-e" "CARGO_INCREMENTAL=0" "-e" "RUST_BACKTRACE=full" "-e" "RUSTFLAGS=--cap-lints=warn" "-e" "RUSTDOCFLAGS=--cap-lints=warn" "-w" "/opt/rustwide/workdir" "--user" "0:0" "6df986a50d2296e8d19b03f0313f36503c6d0997f317f66b91853f1c20acaf8a" "/opt/rustwide/cargo-home/bin/cargo" "+1.99.0-beta.8" "test" "--frozen" "--no-run" "--message-format=json" "--release", kill_on_drop: false }`
[INFO] [stderr]    Compiling version_check v0.9.2
[INFO] [stderr]    Compiling libc v0.2.80
[INFO] [stderr]    Compiling memchr v2.3.4
[INFO] [stderr]    Compiling bitflags v1.2.1
[INFO] [stderr]    Compiling unicode-segmentation v1.7.1
[INFO] [stderr]    Compiling unicode-width v0.1.8
[INFO] [stderr]    Compiling thread_local v1.0.1
[INFO] [stderr]    Compiling vec_map v0.8.2
[INFO] [stderr]    Compiling textwrap v0.11.0
[INFO] [stderr]    Compiling regex-syntax v0.6.21
[INFO] [stderr]    Compiling anyhow v1.0.34
[INFO] [stderr]    Compiling proc-macro-error-attr v1.0.4
[INFO] [stderr]    Compiling proc-macro-error v1.0.4
[INFO] [stderr]    Compiling strsim v0.8.0
[INFO] [stderr]    Compiling termcolor v1.1.2
[INFO] [stderr]    Compiling aho-corasick v0.7.15
[INFO] [stderr]    Compiling atty v0.2.14
[INFO] [stderr]    Compiling heck v0.3.1
[INFO] [stderr]    Compiling clap v2.33.3
[INFO] [stderr]    Compiling humantime v2.0.1
[INFO] [stdout] warning: trailing semicolon in macro used in expression position
[INFO] [stdout]     --> src/mach.rs:1021:30
[INFO] [stdout]      |
[INFO] [stdout] 1021 | ...=> error!("Import Relocation from {} to {} at {:#x} has a missing symbol. Dumping symtab {:?}", link.from.name, link.to.name, link.at, symtab)
[INFO] [stdout]      |       ^^^^^^^^^^^^^^^^^^^^^^^^^^^^^^^^^^^^^^^^^^^^^^^^^^^^^^^^^^^^^^^^^^^^^^^^^^^^^^^^^^^^^^^^^^^^^^^^^^^^^^^^^^^^^^^^^^^^^^^^^^^^^^^^^^^^^^^^^^^
[INFO] [stdout]      |
[INFO] [stdout]      = warning: this was previously accepted by the compiler but is being phased out; it will become a hard error in a future release!
[INFO] [stdout]      = note: for more information, see issue #79813 <https://github.com/rust-lang/rust/issues/79813>
[INFO] [stdout]      = note: `#[warn(semicolon_in_expressions_from_non_local_macros)]` (part of `#[warn(future_incompatible)]`) on by default
[INFO] [stdout]      = note: this warning originates in the macro `error` (in Nightly builds, run with -Z macro-backtrace for more info)
[INFO] [stdout] 
[INFO] [stdout] 
[INFO] [stdout] warning: trailing semicolon in macro used in expression position
[INFO] [stdout]     --> src/mach.rs:1039:18
[INFO] [stdout]      |
[INFO] [stdout] 1039 | ...=> error!("Import Relocation from {} to {} at {:#x} has a missing symbol. Dumping symtab {:?}", link.from.name, link.to.name, link.at, symtab)
[INFO] [stdout]      |       ^^^^^^^^^^^^^^^^^^^^^^^^^^^^^^^^^^^^^^^^^^^^^^^^^^^^^^^^^^^^^^^^^^^^^^^^^^^^^^^^^^^^^^^^^^^^^^^^^^^^^^^^^^^^^^^^^^^^^^^^^^^^^^^^^^^^^^^^^^^
[INFO] [stdout]      |
[INFO] [stdout]      = warning: this was previously accepted by the compiler but is being phased out; it will become a hard error in a future release!
[INFO] [stdout]      = note: for more information, see issue #79813 <https://github.com/rust-lang/rust/issues/79813>
[INFO] [stdout]      = note: this warning originates in the macro `error` (in Nightly builds, run with -Z macro-backtrace for more info)
[INFO] [stdout] 
[INFO] [stdout] 
[INFO] [stdout] warning: use of deprecated associated function `core::num::<impl u32>::max_value`: replaced by the `MAX` associated constant on this type
[INFO] [stdout]    --> src/elf.rs:119:36
[INFO] [stdout]     |
[INFO] [stdout] 119 |         debug_assert!(shndx < u32::max_value() as usize);
[INFO] [stdout]     |                                    ^^^^^^^^^
[INFO] [stdout]     |
[INFO] [stdout]     = note: `#[warn(deprecated)]` on by default
[INFO] [stdout] 
[INFO] [stdout] 
[INFO] [stdout] warning: use of deprecated associated function `core::num::<impl u8>::max_value`: replaced by the `MAX` associated constant on this type
[INFO] [stdout]     --> src/mach.rs:1005:44
[INFO] [stdout]      |
[INFO] [stdout] 1005 |                 debug_assert!(reloc <= u8::max_value() as u32);
[INFO] [stdout]      |                                            ^^^^^^^^^
[INFO] [stdout] 
[INFO] [stdout] 
[INFO] [stdout] warning: panic message is not a string literal
[INFO] [stdout]   --> src/elf.rs:64:28
[INFO] [stdout]    |
[INFO] [stdout] 64 |             arch => panic!(format!("Unknown architecture: {}", arch)),
[INFO] [stdout]    |                            ^^^^^^^^^^^^^^^^^^^^^^^^^^^^^^^^^^^^^^^^^
[INFO] [stdout]    |
[INFO] [stdout]    = note: this usage of `panic!()` is deprecated; it will be a hard error in Rust 2021
[INFO] [stdout]    = note: for more information, see <https://doc.rust-lang.org/edition-guide/rust-2021/panic-macro-consistency.html>
[INFO] [stdout]    = note: the `panic!()` macro supports formatting, so there's no need for the `format!()` macro here
[INFO] [stdout]    = note: for more information, see <https://doc.rust-lang.org/edition-guide/rust-2021/panic-macro-consistency.html>
[INFO] [stdout]    = note: `#[warn(non_fmt_panics)]` (part of `#[warn(rust_2021_compatibility)]`) on by default
[INFO] [stdout] help: remove the `format!(..)` macro call
[INFO] [stdout]    |
[INFO] [stdout] 64 -             arch => panic!(format!("Unknown architecture: {}", arch)),
[INFO] [stdout] 64 +             arch => panic!("Unknown architecture: {}", arch),
[INFO] [stdout]    |
[INFO] [stdout] 
[INFO] [stdout] 
[INFO] [stdout] warning: panic message is not a string literal
[INFO] [stdout]   --> src/mach.rs:44:28
[INFO] [stdout]    |
[INFO] [stdout] 44 |               arch => panic!(format!(
[INFO] [stdout]    |  ____________________________^
[INFO] [stdout] 45 | |                 "requested architecture {} does not exist in MachO",
[INFO] [stdout] 46 | |                 arch
[INFO] [stdout] 47 | |             )),
[INFO] [stdout]    | |_____________^
[INFO] [stdout]    |
[INFO] [stdout]    = note: this usage of `panic!()` is deprecated; it will be a hard error in Rust 2021
[INFO] [stdout]    = note: for more information, see <https://doc.rust-lang.org/edition-guide/rust-2021/panic-macro-consistency.html>
[INFO] [stdout]    = note: the `panic!()` macro supports formatting, so there's no need for the `format!()` macro here
[INFO] [stdout]    = note: for more information, see <https://doc.rust-lang.org/edition-guide/rust-2021/panic-macro-consistency.html>
[INFO] [stdout] help: remove the `format!(..)` macro call
[INFO] [stdout]    |
[INFO] [stdout] 44 ~             arch => panic!(
[INFO] [stdout] 45 |                 "requested architecture {} does not exist in MachO",
[INFO] [stdout] 46 |                 arch
[INFO] [stdout] 47 ~             ),
[INFO] [stdout]    |
[INFO] [stdout] 
[INFO] [stdout] 
[INFO] [stderr]    Compiling structopt-derive v0.4.13
[INFO] [stderr]    Compiling regex v1.4.2
[INFO] [stderr]    Compiling env_logger v0.8.2
[INFO] [stderr]    Compiling structopt v0.3.20
[INFO] [stderr]    Compiling faerie v0.16.0 (/opt/rustwide/workdir)
[INFO] [stdout] warning: trailing semicolon in macro used in expression position
[INFO] [stdout]     --> src/mach.rs:1021:30
[INFO] [stdout]      |
[INFO] [stdout] 1021 | ...=> error!("Import Relocation from {} to {} at {:#x} has a missing symbol. Dumping symtab {:?}", link.from.name, link.to.name, link.at, symtab)
[INFO] [stdout]      |       ^^^^^^^^^^^^^^^^^^^^^^^^^^^^^^^^^^^^^^^^^^^^^^^^^^^^^^^^^^^^^^^^^^^^^^^^^^^^^^^^^^^^^^^^^^^^^^^^^^^^^^^^^^^^^^^^^^^^^^^^^^^^^^^^^^^^^^^^^^^
[INFO] [stdout]      |
[INFO] [stdout]      = warning: this was previously accepted by the compiler but is being phased out; it will become a hard error in a future release!
[INFO] [stdout]      = note: for more information, see issue #79813 <https://github.com/rust-lang/rust/issues/79813>
[INFO] [stdout]      = note: `#[warn(semicolon_in_expressions_from_non_local_macros)]` (part of `#[warn(future_incompatible)]`) on by default
[INFO] [stdout]      = note: this warning originates in the macro `error` (in Nightly builds, run with -Z macro-backtrace for more info)
[INFO] [stdout] 
[INFO] [stdout] 
[INFO] [stdout] warning: trailing semicolon in macro used in expression position
[INFO] [stdout]     --> src/mach.rs:1039:18
[INFO] [stdout]      |
[INFO] [stdout] 1039 | ...=> error!("Import Relocation from {} to {} at {:#x} has a missing symbol. Dumping symtab {:?}", link.from.name, link.to.name, link.at, symtab)
[INFO] [stdout]      |       ^^^^^^^^^^^^^^^^^^^^^^^^^^^^^^^^^^^^^^^^^^^^^^^^^^^^^^^^^^^^^^^^^^^^^^^^^^^^^^^^^^^^^^^^^^^^^^^^^^^^^^^^^^^^^^^^^^^^^^^^^^^^^^^^^^^^^^^^^^^
[INFO] [stdout]      |
[INFO] [stdout]      = warning: this was previously accepted by the compiler but is being phased out; it will become a hard error in a future release!
[INFO] [stdout]      = note: for more information, see issue #79813 <https://github.com/rust-lang/rust/issues/79813>
[INFO] [stdout]      = note: this warning originates in the macro `error` (in Nightly builds, run with -Z macro-backtrace for more info)
[INFO] [stdout] 
[INFO] [stdout] 
[INFO] [stdout] warning: use of deprecated associated function `core::num::<impl u32>::max_value`: replaced by the `MAX` associated constant on this type
[INFO] [stdout]    --> src/elf.rs:119:36
[INFO] [stdout]     |
[INFO] [stdout] 119 |         debug_assert!(shndx < u32::max_value() as usize);
[INFO] [stdout]     |                                    ^^^^^^^^^
[INFO] [stdout]     |
[INFO] [stdout]     = note: `#[warn(deprecated)]` on by default
[INFO] [stdout] 
[INFO] [stdout] 
[INFO] [stdout] warning: use of deprecated associated function `core::num::<impl u8>::max_value`: replaced by the `MAX` associated constant on this type
[INFO] [stdout]     --> src/mach.rs:1005:44
[INFO] [stdout]      |
[INFO] [stdout] 1005 |                 debug_assert!(reloc <= u8::max_value() as u32);
[INFO] [stdout]      |                                            ^^^^^^^^^
[INFO] [stdout] 
[INFO] [stdout] 
[INFO] [stdout] warning: panic message is not a string literal
[INFO] [stdout]   --> src/elf.rs:64:28
[INFO] [stdout]    |
[INFO] [stdout] 64 |             arch => panic!(format!("Unknown architecture: {}", arch)),
[INFO] [stdout]    |                            ^^^^^^^^^^^^^^^^^^^^^^^^^^^^^^^^^^^^^^^^^
[INFO] [stdout]    |
[INFO] [stdout]    = note: this usage of `panic!()` is deprecated; it will be a hard error in Rust 2021
[INFO] [stdout]    = note: for more information, see <https://doc.rust-lang.org/edition-guide/rust-2021/panic-macro-consistency.html>
[INFO] [stdout]    = note: the `panic!()` macro supports formatting, so there's no need for the `format!()` macro here
[INFO] [stdout]    = note: for more information, see <https://doc.rust-lang.org/edition-guide/rust-2021/panic-macro-consistency.html>
[INFO] [stdout]    = note: `#[warn(non_fmt_panics)]` (part of `#[warn(rust_2021_compatibility)]`) on by default
[INFO] [stdout] help: remove the `format!(..)` macro call
[INFO] [stdout]    |
[INFO] [stdout] 64 -             arch => panic!(format!("Unknown architecture: {}", arch)),
[INFO] [stdout] 64 +             arch => panic!("Unknown architecture: {}", arch),
[INFO] [stdout]    |
[INFO] [stdout] 
[INFO] [stdout] 
[INFO] [stdout] warning: panic message is not a string literal
[INFO] [stdout]   --> src/mach.rs:44:28
[INFO] [stdout]    |
[INFO] [stdout] 44 |               arch => panic!(format!(
[INFO] [stdout]    |  ____________________________^
[INFO] [stdout] 45 | |                 "requested architecture {} does not exist in MachO",
[INFO] [stdout] 46 | |                 arch
[INFO] [stdout] 47 | |             )),
[INFO] [stdout]    | |_____________^
[INFO] [stdout]    |
[INFO] [stdout]    = note: this usage of `panic!()` is deprecated; it will be a hard error in Rust 2021
[INFO] [stdout]    = note: for more information, see <https://doc.rust-lang.org/edition-guide/rust-2021/panic-macro-consistency.html>
[INFO] [stdout]    = note: the `panic!()` macro supports formatting, so there's no need for the `format!()` macro here
[INFO] [stdout]    = note: for more information, see <https://doc.rust-lang.org/edition-guide/rust-2021/panic-macro-consistency.html>
[INFO] [stdout] help: remove the `format!(..)` macro call
[INFO] [stdout]    |
[INFO] [stdout] 44 ~             arch => panic!(
[INFO] [stdout] 45 |                 "requested architecture {} does not exist in MachO",
[INFO] [stdout] 46 |                 arch
[INFO] [stdout] 47 ~             ),
[INFO] [stdout]    |
[INFO] [stdout] 
[INFO] [stdout] 
[INFO] [stderr]     Finished `release` profile [optimized] target(s) in 42.03s
[INFO] running `Command { std: "docker" "inspect" "6df986a50d2296e8d19b03f0313f36503c6d0997f317f66b91853f1c20acaf8a", kill_on_drop: false }`
[INFO] running `Command { std: "docker" "exec" "-e" "SOURCE_DIR=/opt/rustwide/workdir" "-e" "CARGO_HOME=/opt/rustwide/cargo-home" "-e" "RUSTUP_HOME=/opt/rustwide/rustup-home" "-e" "CARGO_TARGET_DIR=/opt/rustwide/target" "-e" "CARGO_INCREMENTAL=0" "-e" "RUST_BACKTRACE=full" "-e" "RUSTFLAGS=--cap-lints=warn" "-e" "RUSTDOCFLAGS=--cap-lints=warn" "-w" "/opt/rustwide/workdir" "--user" "0:0" "6df986a50d2296e8d19b03f0313f36503c6d0997f317f66b91853f1c20acaf8a" "/opt/rustwide/cargo-home/bin/cargo" "+1.99.0-beta.8" "test" "--frozen" "--release", kill_on_drop: false }`
[INFO] [stderr] warning: trailing semicolon in macro used in expression position
[INFO] [stderr]     --> src/mach.rs:1021:30
[INFO] [stderr]      |
[INFO] [stderr] 1021 | ...=> error!("Import Relocation from {} to {} at {:#x} has a missing symbol. Dumping symtab {:?}", link.from.name, link.to.name, link.at, symtab)
[INFO] [stderr]      |       ^^^^^^^^^^^^^^^^^^^^^^^^^^^^^^^^^^^^^^^^^^^^^^^^^^^^^^^^^^^^^^^^^^^^^^^^^^^^^^^^^^^^^^^^^^^^^^^^^^^^^^^^^^^^^^^^^^^^^^^^^^^^^^^^^^^^^^^^^^^
[INFO] [stderr]      |
[INFO] [stderr]      = warning: this was previously accepted by the compiler but is being phased out; it will become a hard error in a future release!
[INFO] [stderr]      = note: for more information, see issue #79813 <https://github.com/rust-lang/rust/issues/79813>
[INFO] [stderr]      = note: `#[warn(semicolon_in_expressions_from_non_local_macros)]` (part of `#[warn(future_incompatible)]`) on by default
[INFO] [stderr]      = note: this warning originates in the macro `error` (in Nightly builds, run with -Z macro-backtrace for more info)
[INFO] [stderr] 
[INFO] [stderr] warning: trailing semicolon in macro used in expression position
[INFO] [stderr]     --> src/mach.rs:1039:18
[INFO] [stderr]      |
[INFO] [stderr] 1039 | ...=> error!("Import Relocation from {} to {} at {:#x} has a missing symbol. Dumping symtab {:?}", link.from.name, link.to.name, link.at, symtab)
[INFO] [stderr]      |       ^^^^^^^^^^^^^^^^^^^^^^^^^^^^^^^^^^^^^^^^^^^^^^^^^^^^^^^^^^^^^^^^^^^^^^^^^^^^^^^^^^^^^^^^^^^^^^^^^^^^^^^^^^^^^^^^^^^^^^^^^^^^^^^^^^^^^^^^^^^
[INFO] [stderr]      |
[INFO] [stderr]      = warning: this was previously accepted by the compiler but is being phased out; it will become a hard error in a future release!
[INFO] [stderr]      = note: for more information, see issue #79813 <https://github.com/rust-lang/rust/issues/79813>
[INFO] [stderr]      = note: this warning originates in the macro `error` (in Nightly builds, run with -Z macro-backtrace for more info)
[INFO] [stderr] 
[INFO] [stderr] warning: use of deprecated associated function `core::num::<impl u32>::max_value`: replaced by the `MAX` associated constant on this type
[INFO] [stderr]    --> src/elf.rs:119:36
[INFO] [stderr]     |
[INFO] [stderr] 119 |         debug_assert!(shndx < u32::max_value() as usize);
[INFO] [stderr]     |                                    ^^^^^^^^^
[INFO] [stderr]     |
[INFO] [stderr]     = note: `#[warn(deprecated)]` on by default
[INFO] [stderr] 
[INFO] [stderr] warning: use of deprecated associated function `core::num::<impl u8>::max_value`: replaced by the `MAX` associated constant on this type
[INFO] [stderr]     --> src/mach.rs:1005:44
[INFO] [stderr]      |
[INFO] [stderr] 1005 |                 debug_assert!(reloc <= u8::max_value() as u32);
[INFO] [stderr]      |                                            ^^^^^^^^^
[INFO] [stderr] 
[INFO] [stderr] warning: panic message is not a string literal
[INFO] [stderr]   --> src/elf.rs:64:28
[INFO] [stderr]    |
[INFO] [stderr] 64 |             arch => panic!(format!("Unknown architecture: {}", arch)),
[INFO] [stderr]    |                            ^^^^^^^^^^^^^^^^^^^^^^^^^^^^^^^^^^^^^^^^^
[INFO] [stderr]    |
[INFO] [stderr]    = note: this usage of `panic!()` is deprecated; it will be a hard error in Rust 2021
[INFO] [stderr]    = note: for more information, see <https://doc.rust-lang.org/edition-guide/rust-2021/panic-macro-consistency.html>
[INFO] [stderr]    = note: the `panic!()` macro supports formatting, so there's no need for the `format!()` macro here
[INFO] [stderr]    = note: for more information, see <https://doc.rust-lang.org/edition-guide/rust-2021/panic-macro-consistency.html>
[INFO] [stderr]    = note: `#[warn(non_fmt_panics)]` (part of `#[warn(rust_2021_compatibility)]`) on by default
[INFO] [stderr] help: remove the `format!(..)` macro call
[INFO] [stderr]    |
[INFO] [stderr] 64 -             arch => panic!(format!("Unknown architecture: {}", arch)),
[INFO] [stderr] 64 +             arch => panic!("Unknown architecture: {}", arch),
[INFO] [stderr]    |
[INFO] [stderr] 
[INFO] [stderr] warning: panic message is not a string literal
[INFO] [stderr]   --> src/mach.rs:44:28
[INFO] [stderr]    |
[INFO] [stderr] 44 |               arch => panic!(format!(
[INFO] [stderr]    |  ____________________________^
[INFO] [stderr] 45 | |                 "requested architecture {} does not exist in MachO",
[INFO] [stderr] 46 | |                 arch
[INFO] [stderr] 47 | |             )),
[INFO] [stderr]    | |_____________^
[INFO] [stderr]    |
[INFO] [stderr]    = note: this usage of `panic!()` is deprecated; it will be a hard error in Rust 2021
[INFO] [stderr]    = note: for more information, see <https://doc.rust-lang.org/edition-guide/rust-2021/panic-macro-consistency.html>
[INFO] [stderr]    = note: the `panic!()` macro supports formatting, so there's no need for the `format!()` macro here
[INFO] [stderr]    = note: for more information, see <https://doc.rust-lang.org/edition-guide/rust-2021/panic-macro-consistency.html>
[INFO] [stderr] help: remove the `format!(..)` macro call
[INFO] [stderr]    |
[INFO] [stderr] 44 ~             arch => panic!(
[INFO] [stderr] 45 |                 "requested architecture {} does not exist in MachO",
[INFO] [stderr] 46 |                 arch
[INFO] [stderr] 47 ~             ),
[INFO] [stderr]    |
[INFO] [stderr] 
[INFO] [stderr] warning: `faerie` (lib) generated 6 warnings (run `cargo fix --lib -p faerie` to apply 2 suggestions)
[INFO] [stderr] warning: `faerie` (lib test) generated 6 warnings (6 duplicates)
[INFO] [stderr]     Finished `release` profile [optimized] target(s) in 0.10s
[INFO] [stderr]      Running unittests src/lib.rs (/opt/rustwide/target/release/deps/faerie-f5e22f47d15a28b3)
[INFO] [stdout] 
[INFO] [stdout] running 0 tests
[INFO] [stdout] 
[INFO] [stdout] test result: ok. 0 passed; 0 failed; 0 ignored; 0 measured; 0 filtered out; finished in 0.00s
[INFO] [stdout] 
[INFO] [stderr]      Running tests/artifact.rs (/opt/rustwide/target/release/deps/artifact-b2596ef566cfad6d)
[INFO] [stdout] 
[INFO] [stdout] running 11 tests
[INFO] [stdout] test import_declarations_fill_imports_correctly ... ok
[INFO] [stdout] test multiple_different_conflicting_declarations_are_not_ok_and_do_not_overwrite ... ok
[INFO] [stdout] test import_declarations_work_with_redeclarations ... ok
[INFO] [stdout] test multiple_different_declarations_are_not_ok ... ok
[INFO] [stdout] test invalid_bss ... ok
[INFO] [stdout] test import_helper_adds_declaration_only_once ... ok
[INFO] [stdout] test duplicate_declarations_are_ok ... ok
[INFO] [stdout] test bss ... FAILED
[INFO] [stdout] test undefined_symbols ... ok
[INFO] [stdout] test vary_output_formats ... ok
[INFO] [stdout] test reject_duplicate_definitions ... ok
[INFO] [stdout] 
[INFO] [stdout] failures:
[INFO] [stdout] 
[INFO] [stdout] ---- bss stdout ----
[INFO] [stdout] 
[INFO] [stdout] thread 'bss' (1079) panicked at tests/artifact.rs:204:52:
[INFO] [stdout] called `Result::unwrap()` on an `Err` value: Os { code: 30, kind: ReadOnlyFilesystem, message: "Read-only file system" }
[INFO] [stdout] stack backtrace:
[INFO] [stdout]    0:     0x572901239351 - <<std[70759c8f55707aa4]::sys::backtrace::BacktraceLock>::print::DisplayBacktrace as core[df12db4294e9bfd3]::fmt::Display>::fmt
[INFO] [stdout]    1:     0x57290124e08a - core[df12db4294e9bfd3]::fmt::write
[INFO] [stdout]    2:     0x57290123d89c - <alloc[2182bb758b4b3781]::vec::Vec<u8> as core[df12db4294e9bfd3]::io::write::Write>::write_fmt
[INFO] [stdout]    3:     0x572901215946 - std[70759c8f55707aa4]::panicking::default_hook::{closure#0}
[INFO] [stdout]    4:     0x572901231ab9 - std[70759c8f55707aa4]::panicking::default_hook
[INFO] [stdout]    5:     0x572901188ed0 - test[9d35eded1c95d3be]::test_main_inner::<test[9d35eded1c95d3be]::test_main_static::{closure#0}>::{closure#0}
[INFO] [stdout]    6:     0x572901231c72 - std[70759c8f55707aa4]::panicking::panic_with_hook
[INFO] [stdout]    7:     0x5729012159f2 - std[70759c8f55707aa4]::panicking::panic_handler::{closure#0}
[INFO] [stdout]    8:     0x57290120e749 - std[70759c8f55707aa4]::sys::backtrace::__rust_end_short_backtrace::<std[70759c8f55707aa4]::panicking::panic_handler::{closure#0}, !>
[INFO] [stdout]    9:     0x5729012165ed - __rustc[8fa7c3cbc660c2b3]::rust_begin_unwind
[INFO] [stdout]   10:     0x57290124e7bc - core[df12db4294e9bfd3]::panicking::panic_fmt
[INFO] [stdout]   11:     0x57290124e592 - core[df12db4294e9bfd3]::result::unwrap_failed
[INFO] [stdout]   12:     0x572901178761 - <artifact[54cd91c411492250]::bss::{closure#0} as core[df12db4294e9bfd3]::ops::function::FnOnce<()>>::call_once
[INFO] [stdout]   13:     0x57290117c1bb - test[9d35eded1c95d3be]::__rust_begin_short_backtrace::<core[df12db4294e9bfd3]::result::Result<(), alloc[2182bb758b4b3781]::string::String>, fn() -> core[df12db4294e9bfd3]::result::Result<(), alloc[2182bb758b4b3781]::string::String>>
[INFO] [stdout]   14:     0x572901189825 - test[9d35eded1c95d3be]::run_test::{closure#0}
[INFO] [stdout]   15:     0x5729011830e4 - std[70759c8f55707aa4]::sys::backtrace::__rust_begin_short_backtrace::<test[9d35eded1c95d3be]::run_test::{closure#1}, ()>
[INFO] [stdout]   16:     0x57290118c982 - <std[70759c8f55707aa4]::thread::lifecycle::spawn_unchecked<test[9d35eded1c95d3be]::run_test::{closure#1}, ()>::{closure#1} as core[df12db4294e9bfd3]::ops::function::FnOnce<()>>::call_once::{shim:vtable#0}
[INFO] [stdout]   17:     0x572901238c29 - <std[70759c8f55707aa4]::sys::thread::unix::Thread>::new::thread_start
[INFO] [stdout]   18:     0x7ab635034dfa - <unknown>
[INFO] [stdout]   19:     0x7ab6350c83d4 - clone
[INFO] [stdout]   20:                0x0 - <unknown>
[INFO] [stdout] 
[INFO] [stdout] 
[INFO] [stdout] failures:
[INFO] [stdout]     bss
[INFO] [stdout] 
[INFO] [stdout] test result: FAILED. 10 passed; 1 failed; 0 ignored; 0 measured; 0 filtered out; finished in 0.02s
[INFO] [stdout] 
[INFO] [stderr] error: test failed, to rerun pass `--test artifact`
[INFO] running `Command { std: "docker" "inspect" "6df986a50d2296e8d19b03f0313f36503c6d0997f317f66b91853f1c20acaf8a", kill_on_drop: false }`
[INFO] running `Command { std: "docker" "rm" "-f" "6df986a50d2296e8d19b03f0313f36503c6d0997f317f66b91853f1c20acaf8a", kill_on_drop: false }`
[INFO] [stdout] 6df986a50d2296e8d19b03f0313f36503c6d0997f317f66b91853f1c20acaf8a
