[INFO] fetching crate factum-core 0.1.3...
[INFO] testing factum-core-0.1.3 against 1.99.0-beta.8+cargoflags=--release for beta-release-1.100-2
[INFO] extracting crate factum-core 0.1.3 into /workspace/builds/worker-4-tc1/source
[INFO] started tweaking crates.io crate factum-core 0.1.3
[INFO] removed 0 missing tests
[INFO] finished tweaking crates.io crate factum-core 0.1.3
[INFO] tweaked toml for crates.io crate factum-core 0.1.3 written to /workspace/builds/worker-4-tc1/source/Cargo.toml
[INFO] validating manifest of crates.io crate factum-core 0.1.3 on toolchain 1.99.0-beta.8
[INFO] running `Command { std: CARGO_HOME="/workspace/cargo-home" RUSTUP_HOME="/workspace/rustup-home" "/workspace/cargo-home/bin/cargo" "+1.99.0-beta.8" "metadata" "--manifest-path" "Cargo.toml" "--no-deps", kill_on_drop: false }`
[INFO] crate crates.io crate factum-core 0.1.3 already has a lockfile, it will not be regenerated
[INFO] running `Command { std: CARGO_HOME="/workspace/cargo-home" RUSTUP_HOME="/workspace/rustup-home" "/workspace/cargo-home/bin/cargo" "+1.99.0-beta.8" "fetch" "--manifest-path" "Cargo.toml", kill_on_drop: false }`
[INFO] [stderr]  Downloading crates ...
[INFO] [stderr]   Downloaded cc v1.4.5
[INFO] running `Command { std: "docker" "create" "-v" "/var/lib/crater-agent-workspace/builds/worker-4-tc1/source:/opt/rustwide/workdir:ro,Z" "-v" "/var/lib/crater-agent-workspace/builds/worker-4-tc1/target:/opt/rustwide/target:rw,Z" "-v" "/var/lib/crater-agent-workspace/cargo-home:/opt/rustwide/cargo-home:ro,Z" "-v" "/var/lib/crater-agent-workspace/rustup-home:/opt/rustwide/rustup-home:ro,Z" "-m" "1610612736" "--network" "none" "ghcr.io/rust-lang/crates-build-env/linux@sha256:77db811e55d90add9212f6832c23229e3de5f1c1f9905e8cb07319ea15df73ac" "sleep" "infinity", kill_on_drop: false }`
[INFO] [stdout] 1ffd70e05db85f33bb45201cb6e279325e7b3fdba00d312bbb4c658c0b494891
[INFO] running `Command { std: "docker" "start" "1ffd70e05db85f33bb45201cb6e279325e7b3fdba00d312bbb4c658c0b494891", kill_on_drop: false }`
[INFO] running `Command { std: "docker" "inspect" "1ffd70e05db85f33bb45201cb6e279325e7b3fdba00d312bbb4c658c0b494891", kill_on_drop: false }`
[INFO] running `Command { std: "docker" "exec" "-e" "SOURCE_DIR=/opt/rustwide/workdir" "-e" "CARGO_HOME=/opt/rustwide/cargo-home" "-e" "RUSTUP_HOME=/opt/rustwide/rustup-home" "-e" "CARGO_TARGET_DIR=/opt/rustwide/target" "-w" "/opt/rustwide/workdir" "--user" "0:0" "1ffd70e05db85f33bb45201cb6e279325e7b3fdba00d312bbb4c658c0b494891" "/opt/rustwide/cargo-home/bin/cargo" "+1.99.0-beta.8" "metadata" "--no-deps" "--format-version=1", kill_on_drop: false }`
[INFO] running `Command { std: "docker" "inspect" "1ffd70e05db85f33bb45201cb6e279325e7b3fdba00d312bbb4c658c0b494891", kill_on_drop: false }`
[INFO] running `Command { std: "docker" "exec" "-e" "SOURCE_DIR=/opt/rustwide/workdir" "-e" "CARGO_HOME=/opt/rustwide/cargo-home" "-e" "RUSTUP_HOME=/opt/rustwide/rustup-home" "-e" "CARGO_TARGET_DIR=/opt/rustwide/target" "-e" "CARGO_INCREMENTAL=0" "-e" "RUST_BACKTRACE=full" "-e" "RUSTFLAGS=--cap-lints=warn" "-e" "RUSTDOCFLAGS=--cap-lints=warn" "-w" "/opt/rustwide/workdir" "--user" "0:0" "1ffd70e05db85f33bb45201cb6e279325e7b3fdba00d312bbb4c658c0b494891" "/opt/rustwide/cargo-home/bin/cargo" "+1.99.0-beta.8" "build" "--frozen" "--message-format=json" "--release", kill_on_drop: false }`
[INFO] [stderr]    Compiling syn v3.0.5
[INFO] [stderr]    Compiling smallvec v1.16.0
[INFO] [stderr]    Compiling serde_json v1.0.151
[INFO] [stderr]    Compiling once_cell v1.21.4
[INFO] [stderr]    Compiling ahash v0.8.12
[INFO] [stderr]    Compiling smol_str v0.3.6
[INFO] [stderr]    Compiling zerocopy v0.8.56
[INFO] [stderr]    Compiling parking_lot_core v0.9.12
[INFO] [stderr]    Compiling parking_lot v0.12.5
[INFO] [stderr]    Compiling serde_derive v1.0.229
[INFO] [stderr]    Compiling thiserror-impl v2.0.20
[INFO] [stderr]    Compiling thiserror v2.0.20
[INFO] [stderr]    Compiling serde v1.0.229
[INFO] [stderr]    Compiling chrono v0.4.45
[INFO] [stderr]    Compiling factum-core v0.1.3 (/opt/rustwide/workdir)
[INFO] [stderr]     Finished `release` profile [optimized] target(s) in 16.23s
[INFO] running `Command { std: "docker" "inspect" "1ffd70e05db85f33bb45201cb6e279325e7b3fdba00d312bbb4c658c0b494891", kill_on_drop: false }`
[INFO] running `Command { std: "docker" "exec" "-e" "SOURCE_DIR=/opt/rustwide/workdir" "-e" "CARGO_HOME=/opt/rustwide/cargo-home" "-e" "RUSTUP_HOME=/opt/rustwide/rustup-home" "-e" "CARGO_TARGET_DIR=/opt/rustwide/target" "-e" "CARGO_INCREMENTAL=0" "-e" "RUST_BACKTRACE=full" "-e" "RUSTFLAGS=--cap-lints=warn" "-e" "RUSTDOCFLAGS=--cap-lints=warn" "-w" "/opt/rustwide/workdir" "--user" "0:0" "1ffd70e05db85f33bb45201cb6e279325e7b3fdba00d312bbb4c658c0b494891" "/opt/rustwide/cargo-home/bin/cargo" "+1.99.0-beta.8" "test" "--frozen" "--no-run" "--message-format=json" "--release", kill_on_drop: false }`
[INFO] [stderr]    Compiling getrandom v0.3.4
[INFO] [stderr]    Compiling num-traits v0.2.19
[INFO] [stderr]    Compiling getrandom v0.4.3
[INFO] [stderr]    Compiling rustix v1.1.4
[INFO] [stderr]    Compiling wait-timeout v0.2.1
[INFO] [stderr]    Compiling bit-vec v0.8.0
[INFO] [stderr]    Compiling ppv-lite86 v0.2.21
[INFO] [stderr]    Compiling unarray v0.1.4
[INFO] [stderr]    Compiling rand_core v0.9.5
[INFO] [stderr]    Compiling ahash v0.8.12
[INFO] [stderr]    Compiling rand v0.9.5
[INFO] [stderr]    Compiling rand_xorshift v0.4.0
[INFO] [stderr]    Compiling bit-set v0.8.0
[INFO] [stderr]    Compiling rand_chacha v0.9.0
[INFO] [stderr]    Compiling chrono v0.4.45
[INFO] [stderr]    Compiling factum-core v0.1.3 (/opt/rustwide/workdir)
[INFO] [stderr]    Compiling tempfile v3.27.0
[INFO] [stderr]    Compiling rusty-fork v0.3.1
[INFO] [stderr]    Compiling proptest v1.11.0
[INFO] [stderr]     Finished `release` profile [optimized] target(s) in 23.63s
[INFO] running `Command { std: "docker" "inspect" "1ffd70e05db85f33bb45201cb6e279325e7b3fdba00d312bbb4c658c0b494891", kill_on_drop: false }`
[INFO] running `Command { std: "docker" "exec" "-e" "SOURCE_DIR=/opt/rustwide/workdir" "-e" "CARGO_HOME=/opt/rustwide/cargo-home" "-e" "RUSTUP_HOME=/opt/rustwide/rustup-home" "-e" "CARGO_TARGET_DIR=/opt/rustwide/target" "-e" "CARGO_INCREMENTAL=0" "-e" "RUST_BACKTRACE=full" "-e" "RUSTFLAGS=--cap-lints=warn" "-e" "RUSTDOCFLAGS=--cap-lints=warn" "-w" "/opt/rustwide/workdir" "--user" "0:0" "1ffd70e05db85f33bb45201cb6e279325e7b3fdba00d312bbb4c658c0b494891" "/opt/rustwide/cargo-home/bin/cargo" "+1.99.0-beta.8" "test" "--frozen" "--release", kill_on_drop: false }`
[INFO] [stderr]     Finished `release` profile [optimized] target(s) in 0.10s
[INFO] [stderr]      Running unittests src/lib.rs (/opt/rustwide/target/release/deps/factum_core-c249b323a8f436b1)
[INFO] [stdout] 
[INFO] [stdout] running 47 tests
[INFO] [stdout] test lexer::tests::test_basic_tokens ... ok
[INFO] [stdout] test lexer::tests::test_bool_and_date ... ok
[INFO] [stdout] test lexer::tests::test_integer_still_ok ... ok
[INFO] [stdout] test lexer::tests::test_ip_address_error ... ok
[INFO] [stdout] test lexer::tests::test_negative_number ... ok
[INFO] [stdout] test lexer::tests::test_comments ... ok
[INFO] [stdout] test lexer::tests::test_var_and_keyword ... ok
[INFO] [stdout] test lexer::tests::test_multi_dot_number_error ... ok
[INFO] [stdout] test morphemes::tests::test_registry_basic ... ok
[INFO] [stdout] test parser::tests::test_parse_list_term ... ok
[INFO] [stdout] test parser::tests::test_parse_multiple_nodes ... ok
[INFO] [stdout] test lexer::tests::test_single_dot_number_still_ok ... ok
[INFO] [stdout] test parser::tests::test_parse_nested_predicate ... ok
[INFO] [stdout] test lexer::tests::test_trailing_dot_after_number_ok ... ok
[INFO] [stdout] test morphemes::tests::test_registry_dedup ... ok
[INFO] [stdout] test morphemes::tests::test_seed_morphemes ... ok
[INFO] [stdout] test parser::tests::test_depth_limit_allows_normal_nesting ... ok
[INFO] [stdout] test parser::tests::test_parse_error_missing_pred ... ok
[INFO] [stdout] test parser::tests::test_parse_error_named_before_positional ... ok
[INFO] [stdout] test lexer::tests::test_string_and_number ... ok
[INFO] [stdout] test lexer::tests::test_uri ... ok
[INFO] [stdout] test parser::tests::test_depth_limit_nested_predicates ... ok
[INFO] [stdout] test serialize::tests::test_canonical_serialization ... ok
[INFO] [stdout] test parser::tests::test_parse_node_with_named_args ... ok
[INFO] [stdout] test parser::tests::test_parse_provenance_asserted ... ok
[INFO] [stdout] test parser::tests::test_parse_node_with_deps ... ok
[INFO] [stdout] test parser::tests::test_parse_node_with_validity ... ok
[INFO] [stdout] test parser::tests::test_parse_provenance_extracted ... ok
[INFO] [stdout] test parser::tests::test_unterminated_paren_does_not_hang ... ok
[INFO] [stdout] test parser::tests::test_parse_simple_node ... ok
[INFO] [stdout] test parser::tests::test_parse_predicate_standalone ... ok
[INFO] [stdout] test parser::tests::test_parse_string_with_escapes ... ok
[INFO] [stdout] test serialize::tests::test_roundtrip_with_deps ... ok
[INFO] [stdout] test serialize::tests::test_compact_serialization ... ok
[INFO] [stdout] test serialize::tests::test_roundtrip_with_named_args ... ok
[INFO] [stdout] test serialize::tests::test_roundtrip_with_validity ... ok
[INFO] [stdout] test types::tests::test_decimal_from_str ... ok
[INFO] [stdout] test serialize::tests::test_compact_with_registry ... ok
[INFO] [stdout] test serialize::tests::test_roundtrip_basic ... ok
[INFO] [stdout] test parser::tests::test_depth_limit_nested_lists ... ok
[INFO] [stdout] test serialize::tests::test_roundtrip_with_provenance ... ok
[INFO] [stdout] test parser::tests::test_parse_comments ... ok
[INFO] [stdout] test lexer::tests::test_unterminated_string ... ok
[INFO] [stdout] test types::tests::test_decimal_canonical ... ok
[INFO] [stdout] test types::tests::test_node_builder ... ok
[INFO] [stdout] test types::tests::test_permission_tag ... ok
[INFO] [stdout] test types::tests::test_validity ... ok
[INFO] [stdout] 
[INFO] [stdout] test result: ok. 47 passed; 0 failed; 0 ignored; 0 measured; 0 filtered out; finished in 0.01s
[INFO] [stdout] 
[INFO] [stderr]      Running tests/conformance.rs (/opt/rustwide/target/release/deps/conformance-2b69d916c708bf6d)
[INFO] [stdout] 
[INFO] [stdout] running 3 tests
[INFO] [stdout] test test_conformance_compact_roundtrip ... FAILED
[INFO] [stdout] test test_conformance_errors ... FAILED
[INFO] [stdout] test test_conformance_basic ... FAILED
[INFO] [stdout] 
[INFO] [stdout] failures:
[INFO] [stdout] 
[INFO] [stdout] ---- test_conformance_compact_roundtrip stdout ----
[INFO] [stdout] 
[INFO] [stdout] thread 'test_conformance_compact_roundtrip' (869) panicked at tests/conformance.rs:125:29:
[INFO] [stdout] Failed to read /opt/rustwide/workdir/../../spec/conformance/compact_basic.json: No such file or directory (os error 2)
[INFO] [stdout] stack backtrace:
[INFO] [stdout]    0:     0x5b72187f7e41 - <<std[70759c8f55707aa4]::sys::backtrace::BacktraceLock>::print::DisplayBacktrace as core[df12db4294e9bfd3]::fmt::Display>::fmt
[INFO] [stdout]    1:     0x5b721880e6ca - core[df12db4294e9bfd3]::fmt::write
[INFO] [stdout]    2:     0x5b72187fc2dc - <alloc[2182bb758b4b3781]::vec::Vec<u8> as core[df12db4294e9bfd3]::io::write::Write>::write_fmt
[INFO] [stdout]    3:     0x5b72187d4016 - std[70759c8f55707aa4]::panicking::default_hook::{closure#0}
[INFO] [stdout]    4:     0x5b72187f0189 - std[70759c8f55707aa4]::panicking::default_hook
[INFO] [stdout]    5:     0x5b7218749500 - test[9d35eded1c95d3be]::test_main_inner::<test[9d35eded1c95d3be]::test_main_static::{closure#0}>::{closure#0}
[INFO] [stdout]    6:     0x5b72187f0342 - std[70759c8f55707aa4]::panicking::panic_with_hook
[INFO] [stdout]    7:     0x5b72187d40c2 - std[70759c8f55707aa4]::panicking::panic_handler::{closure#0}
[INFO] [stdout]    8:     0x5b72187cccb9 - std[70759c8f55707aa4]::sys::backtrace::__rust_end_short_backtrace::<std[70759c8f55707aa4]::panicking::panic_handler::{closure#0}, !>
[INFO] [stdout]    9:     0x5b72187d4cbd - __rustc[8fa7c3cbc660c2b3]::rust_begin_unwind
[INFO] [stdout]   10:     0x5b721880edfc - core[df12db4294e9bfd3]::panicking::panic_fmt
[INFO] [stdout]   11:     0x5b721873539a - conformance[e8d5b3220e366394]::test_conformance_compact_roundtrip::{closure#0}
[INFO] [stdout]   12:     0x5b721873767c - <conformance[e8d5b3220e366394]::test_conformance_compact_roundtrip::{closure#0} as core[df12db4294e9bfd3]::ops::function::FnOnce<()>>::call_once
[INFO] [stdout]   13:     0x5b721873c7eb - test[9d35eded1c95d3be]::__rust_begin_short_backtrace::<core[df12db4294e9bfd3]::result::Result<(), alloc[2182bb758b4b3781]::string::String>, fn() -> core[df12db4294e9bfd3]::result::Result<(), alloc[2182bb758b4b3781]::string::String>>
[INFO] [stdout]   14:     0x5b7218749e55 - test[9d35eded1c95d3be]::run_test::{closure#0}
[INFO] [stdout]   15:     0x5b7218743714 - std[70759c8f55707aa4]::sys::backtrace::__rust_begin_short_backtrace::<test[9d35eded1c95d3be]::run_test::{closure#1}, ()>
[INFO] [stdout]   16:     0x5b721874cfb2 - <std[70759c8f55707aa4]::thread::lifecycle::spawn_unchecked<test[9d35eded1c95d3be]::run_test::{closure#1}, ()>::{closure#1} as core[df12db4294e9bfd3]::ops::function::FnOnce<()>>::call_once::{shim:vtable#0}
[INFO] [stdout]   17:     0x5b72187f73a9 - <std[70759c8f55707aa4]::sys::thread::unix::Thread>::new::thread_start
[INFO] [stdout]   18:     0x7f41ff758dfa - <unknown>
[INFO] [stdout]   19:     0x7f41ff7ec3d4 - clone
[INFO] [stdout]   20:                0x0 - <unknown>
[INFO] [stdout] 
[INFO] [stdout] ---- test_conformance_errors stdout ----
[INFO] [stdout] 
[INFO] [stdout] thread 'test_conformance_errors' (870) panicked at tests/conformance.rs:70:29:
[INFO] [stdout] Failed to read /opt/rustwide/workdir/../../spec/conformance/parse_errors.json: No such file or directory (os error 2)
[INFO] [stdout] stack backtrace:
[INFO] [stdout]    0:     0x5b72187f7e41 - <<std[70759c8f55707aa4]::sys::backtrace::BacktraceLock>::print::DisplayBacktrace as core[df12db4294e9bfd3]::fmt::Display>::fmt
[INFO] [stdout]    1:     0x5b721880e6ca - core[df12db4294e9bfd3]::fmt::write
[INFO] [stdout]    2:     0x5b72187fc2dc - <alloc[2182bb758b4b3781]::vec::Vec<u8> as core[df12db4294e9bfd3]::io::write::Write>::write_fmt
[INFO] [stdout]    3:     0x5b72187d4016 - std[70759c8f55707aa4]::panicking::default_hook::{closure#0}
[INFO] [stdout]    4:     0x5b72187f0189 - std[70759c8f55707aa4]::panicking::default_hook
[INFO] [stdout]    5:     0x5b7218749500 - test[9d35eded1c95d3be]::test_main_inner::<test[9d35eded1c95d3be]::test_main_static::{closure#0}>::{closure#0}
[INFO] [stdout]    6:     0x5b72187f0342 - std[70759c8f55707aa4]::panicking::panic_with_hook
[INFO] [stdout]    7:     0x5b72187d40c2 - std[70759c8f55707aa4]::panicking::panic_handler::{closure#0}
[INFO] [stdout]    8:     0x5b72187cccb9 - std[70759c8f55707aa4]::sys::backtrace::__rust_end_short_backtrace::<std[70759c8f55707aa4]::panicking::panic_handler::{closure#0}, !>
[INFO] [stdout]    9:     0x5b72187d4cbd - __rustc[8fa7c3cbc660c2b3]::rust_begin_unwind
[INFO] [stdout]   10:     0x5b721880edfc - core[df12db4294e9bfd3]::panicking::panic_fmt
[INFO] [stdout]   11:     0x5b72187350ba - conformance[e8d5b3220e366394]::run_negative_vectors::{closure#0}
[INFO] [stdout]   12:     0x5b7218736e0a - <conformance[e8d5b3220e366394]::test_conformance_errors::{closure#0} as core[df12db4294e9bfd3]::ops::function::FnOnce<()>>::call_once
[INFO] [stdout]   13:     0x5b721873c7eb - test[9d35eded1c95d3be]::__rust_begin_short_backtrace::<core[df12db4294e9bfd3]::result::Result<(), alloc[2182bb758b4b3781]::string::String>, fn() -> core[df12db4294e9bfd3]::result::Result<(), alloc[2182bb758b4b3781]::string::String>>
[INFO] [stdout]   14:     0x5b7218749e55 - test[9d35eded1c95d3be]::run_test::{closure#0}
[INFO] [stdout]   15:     0x5b7218743714 - std[70759c8f55707aa4]::sys::backtrace::__rust_begin_short_backtrace::<test[9d35eded1c95d3be]::run_test::{closure#1}, ()>
[INFO] [stdout]   16:     0x5b721874cfb2 - <std[70759c8f55707aa4]::thread::lifecycle::spawn_unchecked<test[9d35eded1c95d3be]::run_test::{closure#1}, ()>::{closure#1} as core[df12db4294e9bfd3]::ops::function::FnOnce<()>>::call_once::{shim:vtable#0}
[INFO] [stdout]   17:     0x5b72187f73a9 - <std[70759c8f55707aa4]::sys::thread::unix::Thread>::new::thread_start
[INFO] [stdout]   18:     0x7f41ff758dfa - <unknown>
[INFO] [stdout]   19:     0x7f41ff7ec3d4 - clone
[INFO] [stdout]   20:                0x0 - <unknown>
[INFO] [stdout] 
[INFO] [stdout] ---- test_conformance_basic stdout ----
[INFO] [stdout] 
[INFO] [stdout] thread 'test_conformance_basic' (868) panicked at tests/conformance.rs:40:29:
[INFO] [stdout] Failed to read /opt/rustwide/workdir/../../spec/conformance/parse_basic.json: No such file or directory (os error 2)
[INFO] [stdout] stack backtrace:
[INFO] [stdout]    0:     0x5b72187f7e41 - <<std[70759c8f55707aa4]::sys::backtrace::BacktraceLock>::print::DisplayBacktrace as core[df12db4294e9bfd3]::fmt::Display>::fmt
[INFO] [stdout]    1:     0x5b721880e6ca - core[df12db4294e9bfd3]::fmt::write
[INFO] [stdout]    2:     0x5b72187fc2dc - <alloc[2182bb758b4b3781]::vec::Vec<u8> as core[df12db4294e9bfd3]::io::write::Write>::write_fmt
[INFO] [stdout]    3:     0x5b72187d4016 - std[70759c8f55707aa4]::panicking::default_hook::{closure#0}
[INFO] [stdout]    4:     0x5b72187f0189 - std[70759c8f55707aa4]::panicking::default_hook
[INFO] [stdout]    5:     0x5b7218749500 - test[9d35eded1c95d3be]::test_main_inner::<test[9d35eded1c95d3be]::test_main_static::{closure#0}>::{closure#0}
[INFO] [stdout]    6:     0x5b72187f0342 - std[70759c8f55707aa4]::panicking::panic_with_hook
[INFO] [stdout]    7:     0x5b72187d40c2 - std[70759c8f55707aa4]::panicking::panic_handler::{closure#0}
[INFO] [stdout]    8:     0x5b72187cccb9 - std[70759c8f55707aa4]::sys::backtrace::__rust_end_short_backtrace::<std[70759c8f55707aa4]::panicking::panic_handler::{closure#0}, !>
[INFO] [stdout]    9:     0x5b72187d4cbd - __rustc[8fa7c3cbc660c2b3]::rust_begin_unwind
[INFO] [stdout]   10:     0x5b721880edfc - core[df12db4294e9bfd3]::panicking::panic_fmt
[INFO] [stdout]   11:     0x5b72187351ba - conformance[e8d5b3220e366394]::run_positive_vectors::{closure#0}
[INFO] [stdout]   12:     0x5b721873659d - <conformance[e8d5b3220e366394]::test_conformance_basic::{closure#0} as core[df12db4294e9bfd3]::ops::function::FnOnce<()>>::call_once
[INFO] [stdout]   13:     0x5b721873c7eb - test[9d35eded1c95d3be]::__rust_begin_short_backtrace::<core[df12db4294e9bfd3]::result::Result<(), alloc[2182bb758b4b3781]::string::String>, fn() -> core[df12db4294e9bfd3]::result::Result<(), alloc[2182bb758b4b3781]::string::String>>
[INFO] [stdout]   14:     0x5b7218749e55 - test[9d35eded1c95d3be]::run_test::{closure#0}
[INFO] [stdout]   15:     0x5b7218743714 - std[70759c8f55707aa4]::sys::backtrace::__rust_begin_short_backtrace::<test[9d35eded1c95d3be]::run_test::{closure#1}, ()>
[INFO] [stdout]   16:     0x5b721874cfb2 - <std[70759c8f55707aa4]::thread::lifecycle::spawn_unchecked<test[9d35eded1c95d3be]::run_test::{closure#1}, ()>::{closure#1} as core[df12db4294e9bfd3]::ops::function::FnOnce<()>>::call_once::{shim:vtable#0}
[INFO] [stdout]   17:     0x5b72187f73a9 - <std[70759c8f55707aa4]::sys::thread::unix::Thread>::new::thread_start
[INFO] [stdout]   18:     0x7f41ff758dfa - <unknown>
[INFO] [stdout]   19:     0x7f41ff7ec3d4 - clone
[INFO] [stdout]   20:                0x0 - <unknown>
[INFO] [stdout] 
[INFO] [stdout] 
[INFO] [stdout] failures:
[INFO] [stdout]     test_conformance_basic
[INFO] [stdout]     test_conformance_compact_roundtrip
[INFO] [stdout]     test_conformance_errors
[INFO] [stdout] 
[INFO] [stdout] test result: FAILED. 0 passed; 3 failed; 0 ignored; 0 measured; 0 filtered out; finished in 0.00s
[INFO] [stdout] 
[INFO] [stderr] error: test failed, to rerun pass `--test conformance`
[INFO] running `Command { std: "docker" "inspect" "1ffd70e05db85f33bb45201cb6e279325e7b3fdba00d312bbb4c658c0b494891", kill_on_drop: false }`
[INFO] running `Command { std: "docker" "rm" "-f" "1ffd70e05db85f33bb45201cb6e279325e7b3fdba00d312bbb4c658c0b494891", kill_on_drop: false }`
[INFO] [stdout] 1ffd70e05db85f33bb45201cb6e279325e7b3fdba00d312bbb4c658c0b494891
