[INFO] fetching crate factorio-settings 1.1.0...
[INFO] testing factorio-settings-1.1.0 against 1.99.0-beta.8+cargoflags=--release for beta-release-1.100-2
[INFO] extracting crate factorio-settings 1.1.0 into /workspace/builds/worker-7-tc1/source
[INFO] started tweaking crates.io crate factorio-settings 1.1.0
[INFO] removed 0 missing tests
[INFO] finished tweaking crates.io crate factorio-settings 1.1.0
[INFO] tweaked toml for crates.io crate factorio-settings 1.1.0 written to /workspace/builds/worker-7-tc1/source/Cargo.toml
[INFO] validating manifest of crates.io crate factorio-settings 1.1.0 on toolchain 1.99.0-beta.8
[INFO] running `Command { std: CARGO_HOME="/workspace/cargo-home" RUSTUP_HOME="/workspace/rustup-home" "/workspace/cargo-home/bin/cargo" "+1.99.0-beta.8" "metadata" "--manifest-path" "Cargo.toml" "--no-deps", kill_on_drop: false }`
[INFO] crate crates.io crate factorio-settings 1.1.0 already has a lockfile, it will not be regenerated
[INFO] running `Command { std: CARGO_HOME="/workspace/cargo-home" RUSTUP_HOME="/workspace/rustup-home" "/workspace/cargo-home/bin/cargo" "+1.99.0-beta.8" "fetch" "--manifest-path" "Cargo.toml", kill_on_drop: false }`
[INFO] [stderr]  Downloading crates ...
[INFO] [stderr]   Downloaded winnow v0.5.17
[INFO] [stderr]   Downloaded itoa v1.0.9
[INFO] [stderr]   Downloaded serde_spanned v0.6.4
[INFO] [stderr]   Downloaded clap_lex v0.6.0
[INFO] [stderr]   Downloaded anstyle-wincon v3.0.1
[INFO] [stderr]   Downloaded anstyle v1.0.4
[INFO] [stderr]   Downloaded serde v1.0.190
[INFO] [stderr]   Downloaded clap_derive v4.4.7
[INFO] [stderr]   Downloaded anstream v0.6.4
[INFO] [stderr]   Downloaded proc-macro2 v1.0.69
[INFO] [stderr]   Downloaded ryu v1.0.15
[INFO] [stderr]   Downloaded toml v0.8.4
[INFO] [stderr]   Downloaded serde_derive v1.0.190
[INFO] [stderr]   Downloaded anstyle-parse v0.2.2
[INFO] [stderr]   Downloaded clap v4.4.7
[INFO] [stderr]   Downloaded indexmap v2.0.2
[INFO] [stderr]   Downloaded toml_edit v0.20.4
[INFO] [stderr]   Downloaded hashbrown v0.14.2
[INFO] [stderr]   Downloaded serde_json v1.0.107
[INFO] [stderr]   Downloaded clap_builder v4.4.7
[INFO] [stderr]   Downloaded syn v2.0.38
[INFO] running `Command { std: "docker" "create" "-v" "/var/lib/crater-agent-workspace/builds/worker-7-tc1/source:/opt/rustwide/workdir:ro,Z" "-v" "/var/lib/crater-agent-workspace/builds/worker-7-tc1/target:/opt/rustwide/target:rw,Z" "-v" "/var/lib/crater-agent-workspace/cargo-home:/opt/rustwide/cargo-home:ro,Z" "-v" "/var/lib/crater-agent-workspace/rustup-home:/opt/rustwide/rustup-home:ro,Z" "-m" "1610612736" "--network" "none" "ghcr.io/rust-lang/crates-build-env/linux@sha256:77db811e55d90add9212f6832c23229e3de5f1c1f9905e8cb07319ea15df73ac" "sleep" "infinity", kill_on_drop: false }`
[INFO] [stdout] 3eb5fa692a9d1afbc7b7f3db76ee92073bfdd4efab15056836edbd3449f22d18
[INFO] running `Command { std: "docker" "start" "3eb5fa692a9d1afbc7b7f3db76ee92073bfdd4efab15056836edbd3449f22d18", kill_on_drop: false }`
[INFO] running `Command { std: "docker" "inspect" "3eb5fa692a9d1afbc7b7f3db76ee92073bfdd4efab15056836edbd3449f22d18", kill_on_drop: false }`
[INFO] running `Command { std: "docker" "exec" "-e" "SOURCE_DIR=/opt/rustwide/workdir" "-e" "CARGO_HOME=/opt/rustwide/cargo-home" "-e" "RUSTUP_HOME=/opt/rustwide/rustup-home" "-e" "CARGO_TARGET_DIR=/opt/rustwide/target" "-w" "/opt/rustwide/workdir" "--user" "0:0" "3eb5fa692a9d1afbc7b7f3db76ee92073bfdd4efab15056836edbd3449f22d18" "/opt/rustwide/cargo-home/bin/cargo" "+1.99.0-beta.8" "metadata" "--no-deps" "--format-version=1", kill_on_drop: false }`
[INFO] running `Command { std: "docker" "inspect" "3eb5fa692a9d1afbc7b7f3db76ee92073bfdd4efab15056836edbd3449f22d18", kill_on_drop: false }`
[INFO] running `Command { std: "docker" "exec" "-e" "SOURCE_DIR=/opt/rustwide/workdir" "-e" "CARGO_HOME=/opt/rustwide/cargo-home" "-e" "RUSTUP_HOME=/opt/rustwide/rustup-home" "-e" "CARGO_TARGET_DIR=/opt/rustwide/target" "-e" "CARGO_INCREMENTAL=0" "-e" "RUST_BACKTRACE=full" "-e" "RUSTFLAGS=--cap-lints=warn" "-e" "RUSTDOCFLAGS=--cap-lints=warn" "-w" "/opt/rustwide/workdir" "--user" "0:0" "3eb5fa692a9d1afbc7b7f3db76ee92073bfdd4efab15056836edbd3449f22d18" "/opt/rustwide/cargo-home/bin/cargo" "+1.99.0-beta.8" "build" "--frozen" "--message-format=json" "--release", kill_on_drop: false }`
[INFO] [stderr]    Compiling proc-macro2 v1.0.69
[INFO] [stderr]    Compiling serde v1.0.190
[INFO] [stderr]    Compiling hashbrown v0.14.2
[INFO] [stderr]    Compiling anstyle v1.0.4
[INFO] [stderr]    Compiling clap_lex v0.6.0
[INFO] [stderr]    Compiling serde_json v1.0.107
[INFO] [stderr]    Compiling winnow v0.5.17
[INFO] [stderr]    Compiling itoa v1.0.9
[INFO] [stderr]    Compiling ryu v1.0.15
[INFO] [stderr]    Compiling anstyle-parse v0.2.2
[INFO] [stderr]    Compiling anyhow v1.0.75
[INFO] [stderr]    Compiling either v1.9.0
[INFO] [stderr]    Compiling anstream v0.6.4
[INFO] [stderr]    Compiling clap_builder v4.4.7
[INFO] [stderr]    Compiling quote v1.0.33
[INFO] [stderr]    Compiling syn v2.0.38
[INFO] [stderr]    Compiling serde_derive v1.0.190
[INFO] [stderr]    Compiling clap_derive v4.4.7
[INFO] [stderr]    Compiling clap v4.4.7
[INFO] [stderr]    Compiling indexmap v2.0.2
[INFO] [stderr]    Compiling serde_spanned v0.6.4
[INFO] [stderr]    Compiling toml_datetime v0.6.5
[INFO] [stderr]    Compiling toml_edit v0.20.4
[INFO] [stderr]    Compiling toml v0.8.4
[INFO] [stderr]    Compiling factorio-settings v1.1.0 (/opt/rustwide/workdir)
[INFO] [stderr]     Finished `release` profile [optimized] target(s) in 34.18s
[INFO] running `Command { std: "docker" "inspect" "3eb5fa692a9d1afbc7b7f3db76ee92073bfdd4efab15056836edbd3449f22d18", kill_on_drop: false }`
[INFO] running `Command { std: "docker" "exec" "-e" "SOURCE_DIR=/opt/rustwide/workdir" "-e" "CARGO_HOME=/opt/rustwide/cargo-home" "-e" "RUSTUP_HOME=/opt/rustwide/rustup-home" "-e" "CARGO_TARGET_DIR=/opt/rustwide/target" "-e" "CARGO_INCREMENTAL=0" "-e" "RUST_BACKTRACE=full" "-e" "RUSTFLAGS=--cap-lints=warn" "-e" "RUSTDOCFLAGS=--cap-lints=warn" "-w" "/opt/rustwide/workdir" "--user" "0:0" "3eb5fa692a9d1afbc7b7f3db76ee92073bfdd4efab15056836edbd3449f22d18" "/opt/rustwide/cargo-home/bin/cargo" "+1.99.0-beta.8" "test" "--frozen" "--no-run" "--message-format=json" "--release", kill_on_drop: false }`
[INFO] [stderr]    Compiling factorio-settings v1.1.0 (/opt/rustwide/workdir)
[INFO] [stderr]     Finished `release` profile [optimized] target(s) in 4.56s
[INFO] running `Command { std: "docker" "inspect" "3eb5fa692a9d1afbc7b7f3db76ee92073bfdd4efab15056836edbd3449f22d18", kill_on_drop: false }`
[INFO] running `Command { std: "docker" "exec" "-e" "SOURCE_DIR=/opt/rustwide/workdir" "-e" "CARGO_HOME=/opt/rustwide/cargo-home" "-e" "RUSTUP_HOME=/opt/rustwide/rustup-home" "-e" "CARGO_TARGET_DIR=/opt/rustwide/target" "-e" "CARGO_INCREMENTAL=0" "-e" "RUST_BACKTRACE=full" "-e" "RUSTFLAGS=--cap-lints=warn" "-e" "RUSTDOCFLAGS=--cap-lints=warn" "-w" "/opt/rustwide/workdir" "--user" "0:0" "3eb5fa692a9d1afbc7b7f3db76ee92073bfdd4efab15056836edbd3449f22d18" "/opt/rustwide/cargo-home/bin/cargo" "+1.99.0-beta.8" "test" "--frozen" "--release", kill_on_drop: false }`
[INFO] [stderr]     Finished `release` profile [optimized] target(s) in 0.07s
[INFO] [stderr]      Running unittests src/main.rs (/opt/rustwide/target/release/deps/factorio_settings-427766dd67c4394e)
[INFO] [stdout] 
[INFO] [stdout] running 10 tests
[INFO] [stdout] test codec::tests::complex_2_0 ... ok
[INFO] [stdout] test simple::tests::serialize_empty ... ok
[INFO] [stdout] test codec::tests::simple_encoded ... ok
[INFO] [stdout] test simple::tests::simplify_complex_settings ... ok
[INFO] [stdout] test simple::tests::serialize_complex_json ... FAILED
[INFO] [stdout] test codec::tests::decode_encode_parity_1_1 ... ok
[INFO] [stdout] test codec::tests::complex ... ok
[INFO] [stdout] test codec::tests::decode_encode_parity_2_0 ... ok
[INFO] [stdout] test simple::tests::serialize_complex_toml ... FAILED
[INFO] [stderr] error: test failed, to rerun pass `--bin factorio-settings`
[INFO] [stdout] test simple::tests::serialize_deserialize_parity ... ok
[INFO] [stdout] 
[INFO] [stdout] failures:
[INFO] [stdout] 
[INFO] [stdout] ---- simple::tests::serialize_complex_json stdout ----
[INFO] [stdout] 
[INFO] [stdout] thread 'simple::tests::serialize_complex_json' (721) panicked at src/simple.rs:149:69:
[INFO] [stdout] creating output file: Os { code: 2, kind: NotFound, message: "No such file or directory" }
[INFO] [stdout] stack backtrace:
[INFO] [stdout]    0:     0x6368b0e25e01 - <<std[70759c8f55707aa4]::sys::backtrace::BacktraceLock>::print::DisplayBacktrace as core[df12db4294e9bfd3]::fmt::Display>::fmt
[INFO] [stdout]    1:     0x6368b0e3b3fa - core[df12db4294e9bfd3]::fmt::write
[INFO] [stdout]    2:     0x6368b0e2a34c - <alloc[2182bb758b4b3781]::vec::Vec<u8> as core[df12db4294e9bfd3]::io::write::Write>::write_fmt
[INFO] [stdout]    3:     0x6368b0e023f6 - std[70759c8f55707aa4]::panicking::default_hook::{closure#0}
[INFO] [stdout]    4:     0x6368b0e1e569 - std[70759c8f55707aa4]::panicking::default_hook
[INFO] [stdout]    5:     0x6368b0db9d90 - test[9d35eded1c95d3be]::test_main_inner::<test[9d35eded1c95d3be]::test_main_static::{closure#0}>::{closure#0}
[INFO] [stdout]    6:     0x6368b0e1e722 - std[70759c8f55707aa4]::panicking::panic_with_hook
[INFO] [stdout]    7:     0x6368b0e024a2 - std[70759c8f55707aa4]::panicking::panic_handler::{closure#0}
[INFO] [stdout]    8:     0x6368b0dfb1f9 - std[70759c8f55707aa4]::sys::backtrace::__rust_end_short_backtrace::<std[70759c8f55707aa4]::panicking::panic_handler::{closure#0}, !>
[INFO] [stdout]    9:     0x6368b0e0309d - __rustc[8fa7c3cbc660c2b3]::rust_begin_unwind
[INFO] [stdout]   10:     0x6368b0e3bb2c - core[df12db4294e9bfd3]::panicking::panic_fmt
[INFO] [stdout]   11:     0x6368b0e3b902 - core[df12db4294e9bfd3]::result::unwrap_failed
[INFO] [stdout]   12:     0x6368b0d68e87 - factorio_settings[454ec00447de0114]::simple::tests::serialize_complex_json
[INFO] [stdout]   13:     0x6368b0d63e79 - <factorio_settings[454ec00447de0114]::simple::tests::serialize_complex_json::{closure#0} as core[df12db4294e9bfd3]::ops::function::FnOnce<()>>::call_once
[INFO] [stdout]   14:     0x6368b0dad07b - test[9d35eded1c95d3be]::__rust_begin_short_backtrace::<core[df12db4294e9bfd3]::result::Result<(), alloc[2182bb758b4b3781]::string::String>, fn() -> core[df12db4294e9bfd3]::result::Result<(), alloc[2182bb758b4b3781]::string::String>>
[INFO] [stdout]   15:     0x6368b0dba6e5 - test[9d35eded1c95d3be]::run_test::{closure#0}
[INFO] [stdout]   16:     0x6368b0db3fa4 - std[70759c8f55707aa4]::sys::backtrace::__rust_begin_short_backtrace::<test[9d35eded1c95d3be]::run_test::{closure#1}, ()>
[INFO] [stdout]   17:     0x6368b0dbd842 - <std[70759c8f55707aa4]::thread::lifecycle::spawn_unchecked<test[9d35eded1c95d3be]::run_test::{closure#1}, ()>::{closure#1} as core[df12db4294e9bfd3]::ops::function::FnOnce<()>>::call_once::{shim:vtable#0}
[INFO] [stdout]   18:     0x6368b0e256d9 - <std[70759c8f55707aa4]::sys::thread::unix::Thread>::new::thread_start
[INFO] [stdout]   19:     0x7c6ef34e7dfa - <unknown>
[INFO] [stdout]   20:     0x7c6ef357b3d4 - clone
[INFO] [stdout]   21:                0x0 - <unknown>
[INFO] [stdout] 
[INFO] [stdout] ---- simple::tests::serialize_complex_toml stdout ----
[INFO] [stdout] 
[INFO] [stdout] thread 'simple::tests::serialize_complex_toml' (722) panicked at src/simple.rs:161:65:
[INFO] [stdout] creating output file: Os { code: 2, kind: NotFound, message: "No such file or directory" }
[INFO] [stdout] stack backtrace:
[INFO] [stdout]    0:     0x6368b0e25e01 - <<std[70759c8f55707aa4]::sys::backtrace::BacktraceLock>::print::DisplayBacktrace as core[df12db4294e9bfd3]::fmt::Display>::fmt
[INFO] [stdout]    1:     0x6368b0e3b3fa - core[df12db4294e9bfd3]::fmt::write
[INFO] [stdout]    2:     0x6368b0e2a34c - <alloc[2182bb758b4b3781]::vec::Vec<u8> as core[df12db4294e9bfd3]::io::write::Write>::write_fmt
[INFO] [stdout]    3:     0x6368b0e023f6 - std[70759c8f55707aa4]::panicking::default_hook::{closure#0}
[INFO] [stdout]    4:     0x6368b0e1e569 - std[70759c8f55707aa4]::panicking::default_hook
[INFO] [stdout]    5:     0x6368b0db9d90 - test[9d35eded1c95d3be]::test_main_inner::<test[9d35eded1c95d3be]::test_main_static::{closure#0}>::{closure#0}
[INFO] [stdout]    6:     0x6368b0e1e722 - std[70759c8f55707aa4]::panicking::panic_with_hook
[INFO] [stdout]    7:     0x6368b0e024a2 - std[70759c8f55707aa4]::panicking::panic_handler::{closure#0}
[INFO] [stdout]    8:     0x6368b0dfb1f9 - std[70759c8f55707aa4]::sys::backtrace::__rust_end_short_backtrace::<std[70759c8f55707aa4]::panicking::panic_handler::{closure#0}, !>
[INFO] [stdout]    9:     0x6368b0e0309d - __rustc[8fa7c3cbc660c2b3]::rust_begin_unwind
[INFO] [stdout]   10:     0x6368b0e3bb2c - core[df12db4294e9bfd3]::panicking::panic_fmt
[INFO] [stdout]   11:     0x6368b0e3b902 - core[df12db4294e9bfd3]::result::unwrap_failed
[INFO] [stdout]   12:     0x6368b0d690b6 - factorio_settings[454ec00447de0114]::simple::tests::serialize_complex_toml
[INFO] [stdout]   13:     0x6368b0d63e99 - <factorio_settings[454ec00447de0114]::simple::tests::serialize_complex_toml::{closure#0} as core[df12db4294e9bfd3]::ops::function::FnOnce<()>>::call_once
[INFO] [stdout]   14:     0x6368b0dad07b - test[9d35eded1c95d3be]::__rust_begin_short_backtrace::<core[df12db4294e9bfd3]::result::Result<(), alloc[2182bb758b4b3781]::string::String>, fn() -> core[df12db4294e9bfd3]::result::Result<(), alloc[2182bb758b4b3781]::string::String>>
[INFO] [stdout]   15:     0x6368b0dba6e5 - test[9d35eded1c95d3be]::run_test::{closure#0}
[INFO] [stdout]   16:     0x6368b0db3fa4 - std[70759c8f55707aa4]::sys::backtrace::__rust_begin_short_backtrace::<test[9d35eded1c95d3be]::run_test::{closure#1}, ()>
[INFO] [stdout]   17:     0x6368b0dbd842 - <std[70759c8f55707aa4]::thread::lifecycle::spawn_unchecked<test[9d35eded1c95d3be]::run_test::{closure#1}, ()>::{closure#1} as core[df12db4294e9bfd3]::ops::function::FnOnce<()>>::call_once::{shim:vtable#0}
[INFO] [stdout]   18:     0x6368b0e256d9 - <std[70759c8f55707aa4]::sys::thread::unix::Thread>::new::thread_start
[INFO] [stdout]   19:     0x7c6ef34e7dfa - <unknown>
[INFO] [stdout]   20:     0x7c6ef357b3d4 - clone
[INFO] [stdout]   21:                0x0 - <unknown>
[INFO] [stdout] 
[INFO] [stdout] 
[INFO] [stdout] failures:
[INFO] [stdout]     simple::tests::serialize_complex_json
[INFO] [stdout]     simple::tests::serialize_complex_toml
[INFO] [stdout] 
[INFO] [stdout] test result: FAILED. 8 passed; 2 failed; 0 ignored; 0 measured; 0 filtered out; finished in 0.04s
[INFO] [stdout] 
[INFO] running `Command { std: "docker" "inspect" "3eb5fa692a9d1afbc7b7f3db76ee92073bfdd4efab15056836edbd3449f22d18", kill_on_drop: false }`
[INFO] running `Command { std: "docker" "rm" "-f" "3eb5fa692a9d1afbc7b7f3db76ee92073bfdd4efab15056836edbd3449f22d18", kill_on_drop: false }`
[INFO] [stdout] 3eb5fa692a9d1afbc7b7f3db76ee92073bfdd4efab15056836edbd3449f22d18
