[INFO] fetching crate factorio-frontend 0.5.0...
[INFO] testing factorio-frontend-0.5.0 against 1.99.0-beta.8+cargoflags=--release for beta-release-1.100-2
[INFO] extracting crate factorio-frontend 0.5.0 into /workspace/builds/worker-0-tc1/source
[INFO] started tweaking crates.io crate factorio-frontend 0.5.0
[INFO] removed 0 missing tests
[INFO] finished tweaking crates.io crate factorio-frontend 0.5.0
[INFO] tweaked toml for crates.io crate factorio-frontend 0.5.0 written to /workspace/builds/worker-0-tc1/source/Cargo.toml
[INFO] validating manifest of crates.io crate factorio-frontend 0.5.0 on toolchain 1.99.0-beta.8
[INFO] running `Command { std: CARGO_HOME="/workspace/cargo-home" RUSTUP_HOME="/workspace/rustup-home" "/workspace/cargo-home/bin/cargo" "+1.99.0-beta.8" "metadata" "--manifest-path" "Cargo.toml" "--no-deps", kill_on_drop: false }`
[INFO] crate crates.io crate factorio-frontend 0.5.0 already has a lockfile, it will not be regenerated
[INFO] running `Command { std: CARGO_HOME="/workspace/cargo-home" RUSTUP_HOME="/workspace/rustup-home" "/workspace/cargo-home/bin/cargo" "+1.99.0-beta.8" "fetch" "--manifest-path" "Cargo.toml", kill_on_drop: false }`
[INFO] [stderr]     Updating crates.io index
[INFO] [stderr]  Downloading crates ...
[INFO] [stderr]   Downloaded factorio-ir v0.5.0
[INFO] [stderr]   Downloaded factorio-api v0.5.0
[INFO] [stderr]   Downloaded ariadne v0.5.1
[INFO] [stderr]   Downloaded factorio-codegen v0.5.0
[INFO] [stderr]   Downloaded factorio-api-gen v0.5.0
[INFO] running `Command { std: "docker" "create" "-v" "/var/lib/crater-agent-workspace/builds/worker-0-tc1/source:/opt/rustwide/workdir:ro,Z" "-v" "/var/lib/crater-agent-workspace/builds/worker-0-tc1/target:/opt/rustwide/target:rw,Z" "-v" "/var/lib/crater-agent-workspace/cargo-home:/opt/rustwide/cargo-home:ro,Z" "-v" "/var/lib/crater-agent-workspace/rustup-home:/opt/rustwide/rustup-home:ro,Z" "-m" "1610612736" "--network" "none" "ghcr.io/rust-lang/crates-build-env/linux@sha256:77db811e55d90add9212f6832c23229e3de5f1c1f9905e8cb07319ea15df73ac" "sleep" "infinity", kill_on_drop: false }`
[INFO] [stdout] 0c8805b628f15385e8f952b0994c54cf0a4eb3ba5703401764d975d74a356129
[INFO] running `Command { std: "docker" "start" "0c8805b628f15385e8f952b0994c54cf0a4eb3ba5703401764d975d74a356129", kill_on_drop: false }`
[INFO] running `Command { std: "docker" "inspect" "0c8805b628f15385e8f952b0994c54cf0a4eb3ba5703401764d975d74a356129", kill_on_drop: false }`
[INFO] running `Command { std: "docker" "exec" "-e" "SOURCE_DIR=/opt/rustwide/workdir" "-e" "CARGO_HOME=/opt/rustwide/cargo-home" "-e" "RUSTUP_HOME=/opt/rustwide/rustup-home" "-e" "CARGO_TARGET_DIR=/opt/rustwide/target" "-w" "/opt/rustwide/workdir" "--user" "0:0" "0c8805b628f15385e8f952b0994c54cf0a4eb3ba5703401764d975d74a356129" "/opt/rustwide/cargo-home/bin/cargo" "+1.99.0-beta.8" "metadata" "--no-deps" "--format-version=1", kill_on_drop: false }`
[INFO] running `Command { std: "docker" "inspect" "0c8805b628f15385e8f952b0994c54cf0a4eb3ba5703401764d975d74a356129", kill_on_drop: false }`
[INFO] running `Command { std: "docker" "exec" "-e" "SOURCE_DIR=/opt/rustwide/workdir" "-e" "CARGO_HOME=/opt/rustwide/cargo-home" "-e" "RUSTUP_HOME=/opt/rustwide/rustup-home" "-e" "CARGO_TARGET_DIR=/opt/rustwide/target" "-e" "CARGO_INCREMENTAL=0" "-e" "RUST_BACKTRACE=full" "-e" "RUSTFLAGS=--cap-lints=warn" "-e" "RUSTDOCFLAGS=--cap-lints=warn" "-w" "/opt/rustwide/workdir" "--user" "0:0" "0c8805b628f15385e8f952b0994c54cf0a4eb3ba5703401764d975d74a356129" "/opt/rustwide/cargo-home/bin/cargo" "+1.99.0-beta.8" "build" "--frozen" "--message-format=json" "--release", kill_on_drop: false }`
[INFO] [stderr]    Compiling quote v1.0.46
[INFO] [stderr]    Compiling zmij v1.0.21
[INFO] [stderr]    Compiling serde v1.0.228
[INFO] [stderr]    Compiling serde_json v1.0.150
[INFO] [stderr]    Compiling proc-macro2 v1.0.106
[INFO] [stderr]    Compiling unicode-ident v1.0.24
[INFO] [stderr]    Compiling yansi v1.0.1
[INFO] [stderr]    Compiling convert_case v0.8.0
[INFO] [stderr]    Compiling syn v2.0.118
[INFO] [stderr]    Compiling ariadne v0.5.1
[INFO] [stderr]    Compiling serde_derive v1.0.228
[INFO] [stderr]    Compiling thiserror-impl v2.0.18
[INFO] [stderr]    Compiling thiserror v2.0.18
[INFO] [stderr]    Compiling factorio-ir v0.5.0
[INFO] [stderr]    Compiling factorio-api-gen v0.5.0
[INFO] [stderr]    Compiling factorio-api v0.5.0
[INFO] [stderr]    Compiling factorio-frontend v0.5.0 (/opt/rustwide/workdir)
[INFO] [stderr]     Finished `release` profile [optimized] target(s) in 1m 00s
[INFO] running `Command { std: "docker" "inspect" "0c8805b628f15385e8f952b0994c54cf0a4eb3ba5703401764d975d74a356129", kill_on_drop: false }`
[INFO] running `Command { std: "docker" "exec" "-e" "SOURCE_DIR=/opt/rustwide/workdir" "-e" "CARGO_HOME=/opt/rustwide/cargo-home" "-e" "RUSTUP_HOME=/opt/rustwide/rustup-home" "-e" "CARGO_TARGET_DIR=/opt/rustwide/target" "-e" "CARGO_INCREMENTAL=0" "-e" "RUST_BACKTRACE=full" "-e" "RUSTFLAGS=--cap-lints=warn" "-e" "RUSTDOCFLAGS=--cap-lints=warn" "-w" "/opt/rustwide/workdir" "--user" "0:0" "0c8805b628f15385e8f952b0994c54cf0a4eb3ba5703401764d975d74a356129" "/opt/rustwide/cargo-home/bin/cargo" "+1.99.0-beta.8" "test" "--frozen" "--no-run" "--message-format=json" "--release", kill_on_drop: false }`
[INFO] [stderr]    Compiling memchr v2.8.3
[INFO] [stderr]    Compiling heck v0.5.0
[INFO] [stderr]    Compiling factorio-codegen v0.5.0
[INFO] [stderr]    Compiling serde_json v1.0.150
[INFO] [stderr]    Compiling factorio-frontend v0.5.0 (/opt/rustwide/workdir)
[INFO] [stderr]     Finished `release` profile [optimized] target(s) in 50.22s
[INFO] running `Command { std: "docker" "inspect" "0c8805b628f15385e8f952b0994c54cf0a4eb3ba5703401764d975d74a356129", kill_on_drop: false }`
[INFO] running `Command { std: "docker" "exec" "-e" "SOURCE_DIR=/opt/rustwide/workdir" "-e" "CARGO_HOME=/opt/rustwide/cargo-home" "-e" "RUSTUP_HOME=/opt/rustwide/rustup-home" "-e" "CARGO_TARGET_DIR=/opt/rustwide/target" "-e" "CARGO_INCREMENTAL=0" "-e" "RUST_BACKTRACE=full" "-e" "RUSTFLAGS=--cap-lints=warn" "-e" "RUSTDOCFLAGS=--cap-lints=warn" "-w" "/opt/rustwide/workdir" "--user" "0:0" "0c8805b628f15385e8f952b0994c54cf0a4eb3ba5703401764d975d74a356129" "/opt/rustwide/cargo-home/bin/cargo" "+1.99.0-beta.8" "test" "--frozen" "--release", kill_on_drop: false }`
[INFO] [stderr]     Finished `release` profile [optimized] target(s) in 0.07s
[INFO] [stderr]      Running unittests src/lib.rs (/opt/rustwide/target/release/deps/factorio_frontend-badb51216d72ce69)
[INFO] [stdout] 
[INFO] [stdout] running 36 tests
[INFO] [stdout] test discovery::tests::discovers_control_block_macro_in_lib_rs ... ok
[INFO] [stdout] test discovery::tests::discovers_inner_control_attribute_on_lib_rs ... ok
[INFO] [stdout] test lower::benches::unit_tests::parse_bench_attribute_explicit_iterations ... ok
[INFO] [stdout] test discovery::tests::discovers_settings_phase_modules_by_path ... ok
[INFO] [stdout] test lower::event_handler::tests::no_attribute_returns_none ... ok
[INFO] [stdout] test lower::benches::unit_tests::bench_fn_is_not_included_as_helper ... ok
[INFO] [stdout] test lower::event_filter::tests::lowers_type_filter_entry ... ok
[INFO] [stdout] test lower::benches::unit_tests::discovers_bench_with_default_iterations ... ok
[INFO] [stdout] test lower::benches::unit_tests::discovers_bench_with_explicit_iterations ... ok
[INFO] [stdout] test lower::benches::unit_tests::parse_bench_attribute_default_iterations ... ok
[INFO] [stdout] test lower::event_filter::tests::lowers_entity_prototype_filter_name ... ok
[INFO] [stdout] test lower::event_filter::tests::lowers_nested_elem_filters ... ok
[INFO] [stdout] test discovery::tests::discovers_expanded_control_mod_bang_wrapper ... ok
[INFO] [stdout] test discovery::tests::discovers_expanded_control_mod_bang_wrapper_by_name_alone ... ok
[INFO] [stdout] test lower::benches::unit_tests::discovers_bench_inside_cfg_test_module ... ok
[INFO] [stdout] test lower::benches::unit_tests::discovers_bench_inside_stage_bang_macro ... ok
[INFO] [stdout] test report::tests::formats_syn_error_with_span ... ok
[INFO] [stdout] test discovery::tests::discovers_data_phase_attribute ... ok
[INFO] [stdout] test discovery::tests::discovers_attributed_inline_mod ... ok
[INFO] [stdout] test lower::tests::unit_tests::discovers_tests_inside_control_mod_bang ... ok
[INFO] [stdout] test lower::attrs::tests::parses_factorio_stage_attribute ... ok
[INFO] [stdout] test discovery::tests::discovers_expanded_helper_modules_as_shared ... ok
[INFO] [stdout] test lower::tests::unit_tests::lowers_factorio_rs_test_steps_to_intrinsic ... ok
[INFO] [stdout] test lower::event_handler::tests::resolves_handler_from_attribute_with_filter ... ok
[INFO] [stdout] test lower::tests::unit_tests::parent_structs_and_fns_land_in_test_suite ... ok
[INFO] [stdout] test lower::event_handler::tests::resolves_handler_from_attribute_without_filter ... ok
[INFO] [stdout] test paths::tests::maps_nested_source_paths_to_module_names ... ok
[INFO] [stdout] test lower::tests::unit_tests::discovers_inline_cfg_test_module ... ok
[INFO] [stdout] test lower::tests::unit_tests::parent_use_imports_land_in_test_suite ... ok
[INFO] [stdout] test report::tests::formats_unwrap_lint_cargo_style ... ok
[INFO] [stdout] test paths::tests::splits_crate_paths_into_module_and_item_segments ... ok
[INFO] [stdout] test report::tests::formats_format_spec_with_carets_on_placeholder ... ok
[INFO] [stdout] test report::tests::formats_hard_frontend_error_with_code_and_help ... ok
[INFO] [stdout] test report::tests::formats_warning_cargo_style ... ok
[INFO] [stdout] test sourcemap_anchors::tests::anchors_inline_control_on_tick ... FAILED
[INFO] [stdout] test sourcemap_anchors::tests::anchors_breakpoints_example_entry_lines ... FAILED
[INFO] [stdout] 
[INFO] [stdout] failures:
[INFO] [stdout] 
[INFO] [stdout] ---- sourcemap_anchors::tests::anchors_inline_control_on_tick stdout ----
[INFO] [stdout] 
[INFO] [stdout] thread 'sourcemap_anchors::tests::anchors_inline_control_on_tick' (1826) panicked at src/sourcemap_anchors.rs:116:57:
[INFO] [stdout] called `Result::unwrap()` on an `Err` value: Os { code: 2, kind: NotFound, message: "No such file or directory" }
[INFO] [stdout] stack backtrace:
[INFO] [stdout]    0:     0x628fcccd2831 - <<std[70759c8f55707aa4]::sys::backtrace::BacktraceLock>::print::DisplayBacktrace as core[df12db4294e9bfd3]::fmt::Display>::fmt
[INFO] [stdout]    1:     0x628fccce87fa - core[df12db4294e9bfd3]::fmt::write
[INFO] [stdout]    2:     0x628fcccd6dec - <alloc[2182bb758b4b3781]::vec::Vec<u8> as core[df12db4294e9bfd3]::io::write::Write>::write_fmt
[INFO] [stdout]    3:     0x628fcccae3a6 - std[70759c8f55707aa4]::panicking::default_hook::{closure#0}
[INFO] [stdout]    4:     0x628fccccaa69 - std[70759c8f55707aa4]::panicking::default_hook
[INFO] [stdout]    5:     0x628fccb398b0 - test[9d35eded1c95d3be]::test_main_inner::<test[9d35eded1c95d3be]::test_main_static::{closure#0}>::{closure#0}
[INFO] [stdout]    6:     0x628fccccad92 - std[70759c8f55707aa4]::panicking::panic_with_hook
[INFO] [stdout]    7:     0x628fcccae452 - std[70759c8f55707aa4]::panicking::panic_handler::{closure#0}
[INFO] [stdout]    8:     0x628fccca7019 - std[70759c8f55707aa4]::sys::backtrace::__rust_end_short_backtrace::<std[70759c8f55707aa4]::panicking::panic_handler::{closure#0}, !>
[INFO] [stdout]    9:     0x628fcccaf04d - __rustc[8fa7c3cbc660c2b3]::rust_begin_unwind
[INFO] [stdout]   10:     0x628fccce8f5c - core[df12db4294e9bfd3]::panicking::panic_fmt
[INFO] [stdout]   11:     0x628fccce8d32 - core[df12db4294e9bfd3]::result::unwrap_failed
[INFO] [stdout]   12:     0x628fccabb968 - factorio_frontend[d3db0d64bbafefc6]::sourcemap_anchors::tests::anchors_inline_control_on_tick
[INFO] [stdout]   13:     0x628fcca4ce89 - <factorio_frontend[d3db0d64bbafefc6]::sourcemap_anchors::tests::anchors_inline_control_on_tick::{closure#0} as core[df12db4294e9bfd3]::ops::function::FnOnce<()>>::call_once
[INFO] [stdout]   14:     0x628fccb2cb9b - test[9d35eded1c95d3be]::__rust_begin_short_backtrace::<core[df12db4294e9bfd3]::result::Result<(), alloc[2182bb758b4b3781]::string::String>, fn() -> core[df12db4294e9bfd3]::result::Result<(), alloc[2182bb758b4b3781]::string::String>>
[INFO] [stdout]   15:     0x628fccb3a205 - test[9d35eded1c95d3be]::run_test::{closure#0}
[INFO] [stdout]   16:     0x628fccb33ac4 - std[70759c8f55707aa4]::sys::backtrace::__rust_begin_short_backtrace::<test[9d35eded1c95d3be]::run_test::{closure#1}, ()>
[INFO] [stdout]   17:     0x628fccb3d362 - <std[70759c8f55707aa4]::thread::lifecycle::spawn_unchecked<test[9d35eded1c95d3be]::run_test::{closure#1}, ()>::{closure#1} as core[df12db4294e9bfd3]::ops::function::FnOnce<()>>::call_once::{shim:vtable#0}
[INFO] [stdout]   18:     0x628fcccd1d89 - <std[70759c8f55707aa4]::sys::thread::unix::Thread>::new::thread_start
[INFO] [stdout]   19:     0x76af9b3cfdfa - <unknown>
[INFO] [stdout]   20:     0x76af9b4633d4 - clone
[INFO] [stdout]   21:                0x0 - <unknown>
[INFO] [stdout] 
[INFO] [stdout] ---- sourcemap_anchors::tests::anchors_breakpoints_example_entry_lines stdout ----
[INFO] [stdout] 
[INFO] [stdout] thread 'sourcemap_anchors::tests::anchors_breakpoints_example_entry_lines' (1825) panicked at src/sourcemap_anchors.rs:129:57:
[INFO] [stdout] called `Result::unwrap()` on an `Err` value: Os { code: 2, kind: NotFound, message: "No such file or directory" }
[INFO] [stdout] stack backtrace:
[INFO] [stdout]    0:     0x628fcccd2831 - <<std[70759c8f55707aa4]::sys::backtrace::BacktraceLock>::print::DisplayBacktrace as core[df12db4294e9bfd3]::fmt::Display>::fmt
[INFO] [stdout]    1:     0x628fccce87fa - core[df12db4294e9bfd3]::fmt::write
[INFO] [stdout]    2:     0x628fcccd6dec - <alloc[2182bb758b4b3781]::vec::Vec<u8> as core[df12db4294e9bfd3]::io::write::Write>::write_fmt
[INFO] [stdout]    3:     0x628fcccae3a6 - std[70759c8f55707aa4]::panicking::default_hook::{closure#0}
[INFO] [stdout]    4:     0x628fccccaa69 - std[70759c8f55707aa4]::panicking::default_hook
[INFO] [stdout]    5:     0x628fccb398b0 - test[9d35eded1c95d3be]::test_main_inner::<test[9d35eded1c95d3be]::test_main_static::{closure#0}>::{closure#0}
[INFO] [stdout]    6:     0x628fccccad92 - std[70759c8f55707aa4]::panicking::panic_with_hook
[INFO] [stdout]    7:     0x628fcccae452 - std[70759c8f55707aa4]::panicking::panic_handler::{closure#0}
[INFO] [stdout]    8:     0x628fccca7019 - std[70759c8f55707aa4]::sys::backtrace::__rust_end_short_backtrace::<std[70759c8f55707aa4]::panicking::panic_handler::{closure#0}, !>
[INFO] [stdout]    9:     0x628fcccaf04d - __rustc[8fa7c3cbc660c2b3]::rust_begin_unwind
[INFO] [stdout]   10:     0x628fccce8f5c - core[df12db4294e9bfd3]::panicking::panic_fmt
[INFO] [stdout]   11:     0x628fccce8d32 - core[df12db4294e9bfd3]::result::unwrap_failed
[INFO] [stdout]   12:     0x628fccabc3cd - factorio_frontend[d3db0d64bbafefc6]::sourcemap_anchors::tests::anchors_breakpoints_example_entry_lines
[INFO] [stdout]   13:     0x628fcca4cea9 - <factorio_frontend[d3db0d64bbafefc6]::sourcemap_anchors::tests::anchors_breakpoints_example_entry_lines::{closure#0} as core[df12db4294e9bfd3]::ops::function::FnOnce<()>>::call_once
[INFO] [stdout]   14:     0x628fccb2cb9b - test[9d35eded1c95d3be]::__rust_begin_short_backtrace::<core[df12db4294e9bfd3]::result::Result<(), alloc[2182bb758b4b3781]::string::String>, fn() -> core[df12db4294e9bfd3]::result::Result<(), alloc[2182bb758b4b3781]::string::String>>
[INFO] [stdout]   15:     0x628fccb3a205 - test[9d35eded1c95d3be]::run_test::{closure#0}
[INFO] [stdout]   16:     0x628fccb33ac4 - std[70759c8f55707aa4]::sys::backtrace::__rust_begin_short_backtrace::<test[9d35eded1c95d3be]::run_test::{closure#1}, ()>
[INFO] [stdout]   17:     0x628fccb3d362 - <std[70759c8f55707aa4]::thread::lifecycle::spawn_unchecked<test[9d35eded1c95d3be]::run_test::{closure#1}, ()>::{closure#1} as core[df12db4294e9bfd3]::ops::function::FnOnce<()>>::call_once::{shim:vtable#0}
[INFO] [stdout]   18:     0x628fcccd1d89 - <std[70759c8f55707aa4]::sys::thread::unix::Thread>::new::thread_start
[INFO] [stdout]   19:     0x76af9b3cfdfa - <unknown>
[INFO] [stdout]   20:     0x76af9b4633d4 - clone
[INFO] [stdout]   21:                0x0 - <unknown>
[INFO] [stdout] 
[INFO] [stdout] 
[INFO] [stdout] failures:
[INFO] [stdout]     sourcemap_anchors::tests::anchors_breakpoints_example_entry_lines
[INFO] [stdout]     sourcemap_anchors::tests::anchors_inline_control_on_tick
[INFO] [stdout] 
[INFO] [stdout] test result: FAILED. 34 passed; 2 failed; 0 ignored; 0 measured; 0 filtered out; finished in 0.01s
[INFO] [stdout] 
[INFO] [stderr] error: test failed, to rerun pass `--lib`
[INFO] running `Command { std: "docker" "inspect" "0c8805b628f15385e8f952b0994c54cf0a4eb3ba5703401764d975d74a356129", kill_on_drop: false }`
[INFO] running `Command { std: "docker" "rm" "-f" "0c8805b628f15385e8f952b0994c54cf0a4eb3ba5703401764d975d74a356129", kill_on_drop: false }`
[INFO] [stdout] 0c8805b628f15385e8f952b0994c54cf0a4eb3ba5703401764d975d74a356129
