[INFO] fetching crate factordb 0.3.0...
[INFO] testing factordb-0.3.0 against 1.99.0-beta.8+cargoflags=--release for beta-release-1.100-2
[INFO] extracting crate factordb 0.3.0 into /workspace/builds/worker-2-tc1/source
[INFO] started tweaking crates.io crate factordb 0.3.0
[INFO] finished tweaking crates.io crate factordb 0.3.0
[INFO] tweaked toml for crates.io crate factordb 0.3.0 written to /workspace/builds/worker-2-tc1/source/Cargo.toml
[INFO] validating manifest of crates.io crate factordb 0.3.0 on toolchain 1.99.0-beta.8
[INFO] running `Command { std: CARGO_HOME="/workspace/cargo-home" RUSTUP_HOME="/workspace/rustup-home" "/workspace/cargo-home/bin/cargo" "+1.99.0-beta.8" "metadata" "--manifest-path" "Cargo.toml" "--no-deps", kill_on_drop: false }`
[INFO] crate crates.io crate factordb 0.3.0 already has a lockfile, it will not be regenerated
[INFO] running `Command { std: CARGO_HOME="/workspace/cargo-home" RUSTUP_HOME="/workspace/rustup-home" "/workspace/cargo-home/bin/cargo" "+1.99.0-beta.8" "fetch" "--manifest-path" "Cargo.toml", kill_on_drop: false }`
[INFO] [stderr]  Downloading crates ...
[INFO] [stderr]   Downloaded hermit-abi v0.3.4
[INFO] [stderr]   Downloaded serde_derive v1.0.195
[INFO] [stderr]   Downloaded thiserror v1.0.56
[INFO] [stderr]   Downloaded thiserror-impl v1.0.56
[INFO] [stderr]   Downloaded serde v1.0.195
[INFO] [stderr]   Downloaded wasm-bindgen-futures v0.4.40
[INFO] [stderr]   Downloaded pkg-config v0.3.29
[INFO] [stderr]   Downloaded human-panic v1.2.3
[INFO] [stderr]   Downloaded tempfile v3.9.0
[INFO] [stderr]   Downloaded uuid v1.7.0
[INFO] [stderr]   Downloaded openssl-sys v0.9.99
[INFO] [stderr]   Downloaded anstream v0.6.11
[INFO] [stderr]   Downloaded env_logger v0.11.1
[INFO] [stderr]   Downloaded clap v4.4.18
[INFO] [stderr]   Downloaded reqwest v0.11.23
[INFO] [stderr]   Downloaded h2 v0.3.24
[INFO] [stderr]   Downloaded openssl v0.10.63
[INFO] [stderr]   Downloaded rustix v0.38.30
[INFO] [stderr]   Downloaded clap_builder v4.4.18
[INFO] [stderr]   Downloaded regex-automata v0.4.5
[INFO] running `Command { std: "docker" "create" "-v" "/var/lib/crater-agent-workspace/builds/worker-2-tc1/source:/opt/rustwide/workdir:ro,Z" "-v" "/var/lib/crater-agent-workspace/builds/worker-2-tc1/target:/opt/rustwide/target:rw,Z" "-v" "/var/lib/crater-agent-workspace/cargo-home:/opt/rustwide/cargo-home:ro,Z" "-v" "/var/lib/crater-agent-workspace/rustup-home:/opt/rustwide/rustup-home:ro,Z" "-m" "1610612736" "--network" "none" "ghcr.io/rust-lang/crates-build-env/linux@sha256:77db811e55d90add9212f6832c23229e3de5f1c1f9905e8cb07319ea15df73ac" "sleep" "infinity", kill_on_drop: false }`
[INFO] [stdout] c3959e14e5f952bfaf7b2ebbceddd410e0c00903106a95f72a0e723ce6d1b917
[INFO] running `Command { std: "docker" "start" "c3959e14e5f952bfaf7b2ebbceddd410e0c00903106a95f72a0e723ce6d1b917", kill_on_drop: false }`
[INFO] running `Command { std: "docker" "inspect" "c3959e14e5f952bfaf7b2ebbceddd410e0c00903106a95f72a0e723ce6d1b917", kill_on_drop: false }`
[INFO] running `Command { std: "docker" "exec" "-e" "SOURCE_DIR=/opt/rustwide/workdir" "-e" "CARGO_HOME=/opt/rustwide/cargo-home" "-e" "RUSTUP_HOME=/opt/rustwide/rustup-home" "-e" "CARGO_TARGET_DIR=/opt/rustwide/target" "-w" "/opt/rustwide/workdir" "--user" "0:0" "c3959e14e5f952bfaf7b2ebbceddd410e0c00903106a95f72a0e723ce6d1b917" "/opt/rustwide/cargo-home/bin/cargo" "+1.99.0-beta.8" "metadata" "--no-deps" "--format-version=1", kill_on_drop: false }`
[INFO] running `Command { std: "docker" "inspect" "c3959e14e5f952bfaf7b2ebbceddd410e0c00903106a95f72a0e723ce6d1b917", kill_on_drop: false }`
[INFO] running `Command { std: "docker" "exec" "-e" "SOURCE_DIR=/opt/rustwide/workdir" "-e" "CARGO_HOME=/opt/rustwide/cargo-home" "-e" "RUSTUP_HOME=/opt/rustwide/rustup-home" "-e" "CARGO_TARGET_DIR=/opt/rustwide/target" "-e" "CARGO_INCREMENTAL=0" "-e" "RUST_BACKTRACE=full" "-e" "RUSTFLAGS=--cap-lints=warn" "-e" "RUSTDOCFLAGS=--cap-lints=warn" "-w" "/opt/rustwide/workdir" "--user" "0:0" "c3959e14e5f952bfaf7b2ebbceddd410e0c00903106a95f72a0e723ce6d1b917" "/opt/rustwide/cargo-home/bin/cargo" "+1.99.0-beta.8" "build" "--frozen" "--message-format=json" "--release", kill_on_drop: false }`
[INFO] [stderr]    Compiling proc-macro2 v1.0.78
[INFO] [stderr]    Compiling libc v0.2.152
[INFO] [stderr]    Compiling pkg-config v0.3.29
[INFO] [stderr]    Compiling bytes v1.5.0
[INFO] [stderr]    Compiling openssl v0.10.63
[INFO] [stderr]    Compiling serde v1.0.195
[INFO] [stderr]    Compiling slab v0.4.9
[INFO] [stderr]    Compiling bitflags v2.4.2
[INFO] [stderr]    Compiling httparse v1.8.0
[INFO] [stderr]    Compiling native-tls v0.2.11
[INFO] [stderr]    Compiling futures-task v0.3.30
[INFO] [stderr]    Compiling tracing v0.1.40
[INFO] [stderr]    Compiling hashbrown v0.14.3
[INFO] [stderr]    Compiling tinyvec v1.6.0
[INFO] [stderr]    Compiling num-traits v0.2.17
[INFO] [stderr]    Compiling num-integer v0.1.45
[INFO] [stderr]    Compiling futures-util v0.3.30
[INFO] [stderr]    Compiling futures-channel v0.3.30
[INFO] [stderr]    Compiling tower-service v0.3.2
[INFO] [stderr]    Compiling serde_json v1.0.111
[INFO] [stderr]    Compiling ryu v1.0.16
[INFO] [stderr]    Compiling num-bigint v0.4.4
[INFO] [stderr]    Compiling thiserror v1.0.56
[INFO] [stderr]    Compiling encoding_rs v0.8.33
[INFO] [stderr]    Compiling ipnet v2.9.0
[INFO] [stderr]    Compiling http v0.2.11
[INFO] [stderr]    Compiling quote v1.0.35
[INFO] [stderr]    Compiling cc v1.0.83
[INFO] [stderr]    Compiling syn v2.0.48
[INFO] [stderr]    Compiling socket2 v0.5.5
[INFO] [stderr]    Compiling num_cpus v1.16.0
[INFO] [stderr]    Compiling mio v0.8.10
[INFO] [stderr]    Compiling indexmap v2.1.0
[INFO] [stderr]    Compiling openssl-sys v0.9.99
[INFO] [stderr]    Compiling http-body v0.4.6
[INFO] [stderr]    Compiling unicode-normalization v0.1.22
[INFO] [stderr]    Compiling idna v0.5.0
[INFO] [stderr]    Compiling url v2.5.0
[INFO] [stderr]    Compiling tokio-macros v2.2.0
[INFO] [stderr]    Compiling serde_derive v1.0.195
[INFO] [stderr]    Compiling openssl-macros v0.1.1
[INFO] [stderr]    Compiling thiserror-impl v1.0.56
[INFO] [stderr]    Compiling tokio v1.35.1
[INFO] [stderr]    Compiling tokio-util v0.7.10
[INFO] [stderr]    Compiling tokio-native-tls v0.3.1
[INFO] [stderr]    Compiling h2 v0.3.24
[INFO] [stderr]    Compiling serde_urlencoded v0.7.1
[INFO] [stderr]    Compiling hyper v0.14.28
[INFO] [stderr]    Compiling hyper-tls v0.5.0
[INFO] [stderr]    Compiling reqwest v0.11.23
[INFO] [stderr]    Compiling factordb v0.3.0 (/opt/rustwide/workdir)
[INFO] [stdout] warning: hiding a lifetime that's elided elsewhere is confusing
[INFO] [stdout]   --> src/factor.rs:30:17
[INFO] [stdout]    |
[INFO] [stdout] 30 |     pub fn iter(&self) -> Iter {
[INFO] [stdout]    |                 ^^^^^     ^^^^ the same lifetime is hidden here
[INFO] [stdout]    |                 |
[INFO] [stdout]    |                 the lifetime is elided here
[INFO] [stdout]    |
[INFO] [stdout]    = help: the same lifetime is referred to in inconsistent ways, making the signature confusing
[INFO] [stdout]    = note: `#[warn(mismatched_lifetime_syntaxes)]` on by default
[INFO] [stdout] help: use `'_` for type paths
[INFO] [stdout]    |
[INFO] [stdout] 30 |     pub fn iter(&self) -> Iter<'_> {
[INFO] [stdout]    |                               ++++
[INFO] [stdout] 
[INFO] [stdout] 
[INFO] [stderr]     Finished `release` profile [optimized] target(s) in 51.61s
[INFO] running `Command { std: "docker" "inspect" "c3959e14e5f952bfaf7b2ebbceddd410e0c00903106a95f72a0e723ce6d1b917", kill_on_drop: false }`
[INFO] running `Command { std: "docker" "exec" "-e" "SOURCE_DIR=/opt/rustwide/workdir" "-e" "CARGO_HOME=/opt/rustwide/cargo-home" "-e" "RUSTUP_HOME=/opt/rustwide/rustup-home" "-e" "CARGO_TARGET_DIR=/opt/rustwide/target" "-e" "CARGO_INCREMENTAL=0" "-e" "RUST_BACKTRACE=full" "-e" "RUSTFLAGS=--cap-lints=warn" "-e" "RUSTDOCFLAGS=--cap-lints=warn" "-w" "/opt/rustwide/workdir" "--user" "0:0" "c3959e14e5f952bfaf7b2ebbceddd410e0c00903106a95f72a0e723ce6d1b917" "/opt/rustwide/cargo-home/bin/cargo" "+1.99.0-beta.8" "test" "--frozen" "--no-run" "--message-format=json" "--release", kill_on_drop: false }`
[INFO] [stdout] warning: hiding a lifetime that's elided elsewhere is confusing
[INFO] [stdout]   --> src/factor.rs:30:17
[INFO] [stdout]    |
[INFO] [stdout] 30 |     pub fn iter(&self) -> Iter {
[INFO] [stdout]    |                 ^^^^^     ^^^^ the same lifetime is hidden here
[INFO] [stdout]    |                 |
[INFO] [stdout]    |                 the lifetime is elided here
[INFO] [stdout]    |
[INFO] [stdout]    = help: the same lifetime is referred to in inconsistent ways, making the signature confusing
[INFO] [stdout]    = note: `#[warn(mismatched_lifetime_syntaxes)]` on by default
[INFO] [stdout] help: use `'_` for type paths
[INFO] [stdout]    |
[INFO] [stdout] 30 |     pub fn iter(&self) -> Iter<'_> {
[INFO] [stdout]    |                               ++++
[INFO] [stdout] 
[INFO] [stdout] 
[INFO] [stderr]    Compiling factordb v0.3.0 (/opt/rustwide/workdir)
[INFO] [stdout] warning: hiding a lifetime that's elided elsewhere is confusing
[INFO] [stdout]   --> src/factor.rs:30:17
[INFO] [stdout]    |
[INFO] [stdout] 30 |     pub fn iter(&self) -> Iter {
[INFO] [stdout]    |                 ^^^^^     ^^^^ the same lifetime is hidden here
[INFO] [stdout]    |                 |
[INFO] [stdout]    |                 the lifetime is elided here
[INFO] [stdout]    |
[INFO] [stdout]    = help: the same lifetime is referred to in inconsistent ways, making the signature confusing
[INFO] [stdout]    = note: `#[warn(mismatched_lifetime_syntaxes)]` on by default
[INFO] [stdout] help: use `'_` for type paths
[INFO] [stdout]    |
[INFO] [stdout] 30 |     pub fn iter(&self) -> Iter<'_> {
[INFO] [stdout]    |                               ++++
[INFO] [stdout] 
[INFO] [stdout] 
[INFO] [stderr]     Finished `release` profile [optimized] target(s) in 1.85s
[INFO] running `Command { std: "docker" "inspect" "c3959e14e5f952bfaf7b2ebbceddd410e0c00903106a95f72a0e723ce6d1b917", kill_on_drop: false }`
[INFO] running `Command { std: "docker" "exec" "-e" "SOURCE_DIR=/opt/rustwide/workdir" "-e" "CARGO_HOME=/opt/rustwide/cargo-home" "-e" "RUSTUP_HOME=/opt/rustwide/rustup-home" "-e" "CARGO_TARGET_DIR=/opt/rustwide/target" "-e" "CARGO_INCREMENTAL=0" "-e" "RUST_BACKTRACE=full" "-e" "RUSTFLAGS=--cap-lints=warn" "-e" "RUSTDOCFLAGS=--cap-lints=warn" "-w" "/opt/rustwide/workdir" "--user" "0:0" "c3959e14e5f952bfaf7b2ebbceddd410e0c00903106a95f72a0e723ce6d1b917" "/opt/rustwide/cargo-home/bin/cargo" "+1.99.0-beta.8" "test" "--frozen" "--release", kill_on_drop: false }`
[INFO] [stderr] warning: hiding a lifetime that's elided elsewhere is confusing
[INFO] [stderr]   --> src/factor.rs:30:17
[INFO] [stderr]    |
[INFO] [stderr] 30 |     pub fn iter(&self) -> Iter {
[INFO] [stderr]    |                 ^^^^^     ^^^^ the same lifetime is hidden here
[INFO] [stderr]    |                 |
[INFO] [stderr]    |                 the lifetime is elided here
[INFO] [stderr]    |
[INFO] [stderr]    = help: the same lifetime is referred to in inconsistent ways, making the signature confusing
[INFO] [stderr]    = note: `#[warn(mismatched_lifetime_syntaxes)]` on by default
[INFO] [stderr] help: use `'_` for type paths
[INFO] [stderr]    |
[INFO] [stderr] 30 |     pub fn iter(&self) -> Iter<'_> {
[INFO] [stderr]    |                               ++++
[INFO] [stderr] 
[INFO] [stderr] warning: `factordb` (lib) generated 1 warning (run `cargo fix --lib -p factordb` to apply 1 suggestion)
[INFO] [stderr] warning: `factordb` (lib test) generated 1 warning (1 duplicate)
[INFO] [stderr]     Finished `release` profile [optimized] target(s) in 0.13s
[INFO] [stderr]      Running unittests src/lib.rs (/opt/rustwide/target/release/deps/factordb-dec4ee8f615e1eb6)
[INFO] [stdout] 
[INFO] [stdout] running 6 tests
[INFO] [stdout] test factor::tests::test_factor_iter ... ok
[INFO] [stdout] test factor::tests::test_factor_into_iter ... ok
[INFO] [stdout] test tests::test_invalid ... ok
[INFO] [stdout] test tests::test_prime ... FAILED
[INFO] [stdout] test tests::test_two_factors ... FAILED
[INFO] [stdout] test tests::test_repeating_factors ... FAILED
[INFO] [stdout] 
[INFO] [stdout] failures:
[INFO] [stdout] 
[INFO] [stdout] ---- tests::test_prime stdout ----
[INFO] [stdout] 
[INFO] [stdout] thread 'tests::test_prime' (1479) panicked at src/lib.rs:279:43:
[INFO] [stdout] called `Result::unwrap()` on an `Err` value: RequestError(reqwest::Error { kind: Request, url: Url { scheme: "http", cannot_be_a_base: false, username: "", password: None, host: Some(Domain("factordb.com")), port: None, path: "/api", query: Some("query=17"), fragment: None }, source: hyper::Error(Connect, ConnectError("dns error", Custom { kind: Uncategorized, error: "failed to lookup address information: Temporary failure in name resolution" })) })
[INFO] [stdout] stack backtrace:
[INFO] [stdout]    0:     0x63c44ed657d1 - <<std[70759c8f55707aa4]::sys::backtrace::BacktraceLock>::print::DisplayBacktrace as core[df12db4294e9bfd3]::fmt::Display>::fmt
[INFO] [stdout]    1:     0x63c44ed7b6da - core[df12db4294e9bfd3]::fmt::write
[INFO] [stdout]    2:     0x63c44ed6a29c - <alloc[2182bb758b4b3781]::vec::Vec<u8> as core[df12db4294e9bfd3]::io::write::Write>::write_fmt
[INFO] [stdout]    3:     0x63c44ed40926 - std[70759c8f55707aa4]::panicking::default_hook::{closure#0}
[INFO] [stdout]    4:     0x63c44ed5d709 - std[70759c8f55707aa4]::panicking::default_hook
[INFO] [stdout]    5:     0x63c44ebb45e0 - test[9d35eded1c95d3be]::test_main_inner::<test[9d35eded1c95d3be]::test_main_static::{closure#0}>::{closure#0}
[INFO] [stdout]    6:     0x63c44ed5da32 - std[70759c8f55707aa4]::panicking::panic_with_hook
[INFO] [stdout]    7:     0x63c44ed409d2 - std[70759c8f55707aa4]::panicking::panic_handler::{closure#0}
[INFO] [stdout]    8:     0x63c44ed39439 - std[70759c8f55707aa4]::sys::backtrace::__rust_end_short_backtrace::<std[70759c8f55707aa4]::panicking::panic_handler::{closure#0}, !>
[INFO] [stdout]    9:     0x63c44ed4185d - __rustc[8fa7c3cbc660c2b3]::rust_begin_unwind
[INFO] [stdout]   10:     0x63c44ed7be3c - core[df12db4294e9bfd3]::panicking::panic_fmt
[INFO] [stdout]   11:     0x63c44ed7bc12 - core[df12db4294e9bfd3]::result::unwrap_failed
[INFO] [stdout]   12:     0x63c44eba3ce0 - factordb[df868655d8fee57d]::tests::test_prime::{closure#0}
[INFO] [stdout]   13:     0x63c44eb99313 - <tokio[b38e87773156cb1d]::runtime::scheduler::current_thread::Context>::enter::<core[df12db4294e9bfd3]::task::poll::Poll<()>, <tokio[b38e87773156cb1d]::runtime::scheduler::current_thread::CoreGuard>::block_on<core[df12db4294e9bfd3]::pin::Pin<&mut core[df12db4294e9bfd3]::pin::Pin<&mut dyn core[df12db4294e9bfd3]::future::future::Future<Output = ()>>>>::{closure#0}::{closure#0}>
[INFO] [stdout]   14:     0x63c44eba60df - <std[70759c8f55707aa4]::thread::local::LocalKey<tokio[b38e87773156cb1d]::runtime::context::Context>>::with::<tokio[b38e87773156cb1d]::runtime::context::set_scheduler<(alloc[2182bb758b4b3781]::boxed::Box<tokio[b38e87773156cb1d]::runtime::scheduler::current_thread::Core>, core[df12db4294e9bfd3]::option::Option<()>), <tokio[b38e87773156cb1d]::runtime::scheduler::current_thread::CoreGuard>::enter<<tokio[b38e87773156cb1d]::runtime::scheduler::current_thread::CoreGuard>::block_on<core[df12db4294e9bfd3]::pin::Pin<&mut core[df12db4294e9bfd3]::pin::Pin<&mut dyn core[df12db4294e9bfd3]::future::future::Future<Output = ()>>>>::{closure#0}, core[df12db4294e9bfd3]::option::Option<()>>::{closure#0}>::{closure#0}, (alloc[2182bb758b4b3781]::boxed::Box<tokio[b38e87773156cb1d]::runtime::scheduler::current_thread::Core>, core[df12db4294e9bfd3]::option::Option<()>)>
[INFO] [stdout]   15:     0x63c44eb98ed0 - <tokio[b38e87773156cb1d]::runtime::runtime::Runtime>::block_on::<core[df12db4294e9bfd3]::pin::Pin<&mut dyn core[df12db4294e9bfd3]::future::future::Future<Output = ()>>>
[INFO] [stdout]   16:     0x63c44eba58fb - factordb[df868655d8fee57d]::tests::test_prime
[INFO] [stdout]   17:     0x63c44eb9af49 - <factordb[df868655d8fee57d]::tests::test_prime::{closure#0} as core[df12db4294e9bfd3]::ops::function::FnOnce<()>>::call_once
[INFO] [stdout]   18:     0x63c44eba78cb - test[9d35eded1c95d3be]::__rust_begin_short_backtrace::<core[df12db4294e9bfd3]::result::Result<(), alloc[2182bb758b4b3781]::string::String>, fn() -> core[df12db4294e9bfd3]::result::Result<(), alloc[2182bb758b4b3781]::string::String>>
[INFO] [stdout]   19:     0x63c44ebb4f35 - test[9d35eded1c95d3be]::run_test::{closure#0}
[INFO] [stdout]   20:     0x63c44ebae7f4 - std[70759c8f55707aa4]::sys::backtrace::__rust_begin_short_backtrace::<test[9d35eded1c95d3be]::run_test::{closure#1}, ()>
[INFO] [stdout]   21:     0x63c44ebb8092 - <std[70759c8f55707aa4]::thread::lifecycle::spawn_unchecked<test[9d35eded1c95d3be]::run_test::{closure#1}, ()>::{closure#1} as core[df12db4294e9bfd3]::ops::function::FnOnce<()>>::call_once::{shim:vtable#0}
[INFO] [stdout]   22:     0x63c44ed64cf9 - <std[70759c8f55707aa4]::sys::thread::unix::Thread>::new::thread_start
[INFO] [stdout]   23:     0x767b7a37cdfa - <unknown>
[INFO] [stdout]   24:     0x767b7a4103d4 - clone
[INFO] [stdout]   25:                0x0 - <unknown>
[INFO] [stdout] 
[INFO] [stdout] ---- tests::test_two_factors stdout ----
[INFO] [stdout] 
[INFO] [stdout] thread 'tests::test_two_factors' (1481) panicked at src/lib.rs:250:43:
[INFO] [stdout] called `Result::unwrap()` on an `Err` value: RequestError(reqwest::Error { kind: Request, url: Url { scheme: "http", cannot_be_a_base: false, username: "", password: None, host: Some(Domain("factordb.com")), port: None, path: "/api", query: Some("query=15"), fragment: None }, source: hyper::Error(Connect, ConnectError("dns error", Custom { kind: Uncategorized, error: "failed to lookup address information: Temporary failure in name resolution" })) })
[INFO] [stdout] stack backtrace:
[INFO] [stdout]    0:     0x63c44ed657d1 - <<std[70759c8f55707aa4]::sys::backtrace::BacktraceLock>::print::DisplayBacktrace as core[df12db4294e9bfd3]::fmt::Display>::fmt
[INFO] [stdout]    1:     0x63c44ed7b6da - core[df12db4294e9bfd3]::fmt::write
[INFO] [stdout]    2:     0x63c44ed6a29c - <alloc[2182bb758b4b3781]::vec::Vec<u8> as core[df12db4294e9bfd3]::io::write::Write>::write_fmt
[INFO] [stdout]    3:     0x63c44ed40926 - std[70759c8f55707aa4]::panicking::default_hook::{closure#0}
[INFO] [stdout]    4:     0x63c44ed5d709 - std[70759c8f55707aa4]::panicking::default_hook
[INFO] [stdout]    5:     0x63c44ebb45e0 - test[9d35eded1c95d3be]::test_main_inner::<test[9d35eded1c95d3be]::test_main_static::{closure#0}>::{closure#0}
[INFO] [stdout]    6:     0x63c44ed5da32 - std[70759c8f55707aa4]::panicking::panic_with_hook
[INFO] [stdout]    7:     0x63c44ed409d2 - std[70759c8f55707aa4]::panicking::panic_handler::{closure#0}
[INFO] [stdout]    8:     0x63c44ed39439 - std[70759c8f55707aa4]::sys::backtrace::__rust_end_short_backtrace::<std[70759c8f55707aa4]::panicking::panic_handler::{closure#0}, !>
[INFO] [stdout]    9:     0x63c44ed4185d - __rustc[8fa7c3cbc660c2b3]::rust_begin_unwind
[INFO] [stdout]   10:     0x63c44ed7be3c - core[df12db4294e9bfd3]::panicking::panic_fmt
[INFO] [stdout]   11:     0x63c44ed7bc12 - core[df12db4294e9bfd3]::result::unwrap_failed
[INFO] [stdout]   12:     0x63c44eba4a30 - factordb[df868655d8fee57d]::tests::test_two_factors::{closure#0}
[INFO] [stdout]   13:     0x63c44eb99313 - <tokio[b38e87773156cb1d]::runtime::scheduler::current_thread::Context>::enter::<core[df12db4294e9bfd3]::task::poll::Poll<()>, <tokio[b38e87773156cb1d]::runtime::scheduler::current_thread::CoreGuard>::block_on<core[df12db4294e9bfd3]::pin::Pin<&mut core[df12db4294e9bfd3]::pin::Pin<&mut dyn core[df12db4294e9bfd3]::future::future::Future<Output = ()>>>>::{closure#0}::{closure#0}>
[INFO] [stdout]   14:     0x63c44eba60df - <std[70759c8f55707aa4]::thread::local::LocalKey<tokio[b38e87773156cb1d]::runtime::context::Context>>::with::<tokio[b38e87773156cb1d]::runtime::context::set_scheduler<(alloc[2182bb758b4b3781]::boxed::Box<tokio[b38e87773156cb1d]::runtime::scheduler::current_thread::Core>, core[df12db4294e9bfd3]::option::Option<()>), <tokio[b38e87773156cb1d]::runtime::scheduler::current_thread::CoreGuard>::enter<<tokio[b38e87773156cb1d]::runtime::scheduler::current_thread::CoreGuard>::block_on<core[df12db4294e9bfd3]::pin::Pin<&mut core[df12db4294e9bfd3]::pin::Pin<&mut dyn core[df12db4294e9bfd3]::future::future::Future<Output = ()>>>>::{closure#0}, core[df12db4294e9bfd3]::option::Option<()>>::{closure#0}>::{closure#0}, (alloc[2182bb758b4b3781]::boxed::Box<tokio[b38e87773156cb1d]::runtime::scheduler::current_thread::Core>, core[df12db4294e9bfd3]::option::Option<()>)>
[INFO] [stdout]   15:     0x63c44eb98ed0 - <tokio[b38e87773156cb1d]::runtime::runtime::Runtime>::block_on::<core[df12db4294e9bfd3]::pin::Pin<&mut dyn core[df12db4294e9bfd3]::future::future::Future<Output = ()>>>
[INFO] [stdout]   16:     0x63c44eba5b9b - factordb[df868655d8fee57d]::tests::test_two_factors
[INFO] [stdout]   17:     0x63c44eb9af89 - <factordb[df868655d8fee57d]::tests::test_two_factors::{closure#0} as core[df12db4294e9bfd3]::ops::function::FnOnce<()>>::call_once
[INFO] [stdout]   18:     0x63c44eba78cb - test[9d35eded1c95d3be]::__rust_begin_short_backtrace::<core[df12db4294e9bfd3]::result::Result<(), alloc[2182bb758b4b3781]::string::String>, fn() -> core[df12db4294e9bfd3]::result::Result<(), alloc[2182bb758b4b3781]::string::String>>
[INFO] [stdout]   19:     0x63c44ebb4f35 - test[9d35eded1c95d3be]::run_test::{closure#0}
[INFO] [stdout]   20:     0x63c44ebae7f4 - std[70759c8f55707aa4]::sys::backtrace::__rust_begin_short_backtrace::<test[9d35eded1c95d3be]::run_test::{closure#1}, ()>
[INFO] [stdout]   21:     0x63c44ebb8092 - <std[70759c8f55707aa4]::thread::lifecycle::spawn_unchecked<test[9d35eded1c95d3be]::run_test::{closure#1}, ()>::{closure#1} as core[df12db4294e9bfd3]::ops::function::FnOnce<()>>::call_once::{shim:vtable#0}
[INFO] [stdout]   22:     0x63c44ed64cf9 - <std[70759c8f55707aa4]::sys::thread::unix::Thread>::new::thread_start
[INFO] [stdout]   23:     0x767b7a37cdfa - <unknown>
[INFO] [stdout]   24:     0x767b7a4103d4 - clone
[INFO] [stdout]   25:                0x0 - <unknown>
[INFO] [stdout] 
[INFO] [stdout] ---- tests::test_repeating_factors stdout ----
[INFO] [stdout] 
[INFO] [stdout] thread 'tests::test_repeating_factors' (1480) panicked at src/lib.rs:260:44:
[INFO] [stdout] called `Result::unwrap()` on an `Err` value: RequestError(reqwest::Error { kind: Request, url: Url { scheme: "http", cannot_be_a_base: false, username: "", password: None, host: Some(Domain("factordb.com")), port: None, path: "/api", query: Some("query=100"), fragment: None }, source: hyper::Error(Connect, ConnectError("dns error", Custom { kind: Uncategorized, error: "failed to lookup address information: Temporary failure in name resolution" })) })
[INFO] [stdout] stack backtrace:
[INFO] [stdout]    0:     0x63c44ed657d1 - <<std[70759c8f55707aa4]::sys::backtrace::BacktraceLock>::print::DisplayBacktrace as core[df12db4294e9bfd3]::fmt::Display>::fmt
[INFO] [stdout]    1:     0x63c44ed7b6da - core[df12db4294e9bfd3]::fmt::write
[INFO] [stdout]    2:     0x63c44ed6a29c - <alloc[2182bb758b4b3781]::vec::Vec<u8> as core[df12db4294e9bfd3]::io::write::Write>::write_fmt
[INFO] [stdout]    3:     0x63c44ed40926 - std[70759c8f55707aa4]::panicking::default_hook::{closure#0}
[INFO] [stdout]    4:     0x63c44ed5d709 - std[70759c8f55707aa4]::panicking::default_hook
[INFO] [stdout]    5:     0x63c44ebb45e0 - test[9d35eded1c95d3be]::test_main_inner::<test[9d35eded1c95d3be]::test_main_static::{closure#0}>::{closure#0}
[INFO] [stdout]    6:     0x63c44ed5da32 - std[70759c8f55707aa4]::panicking::panic_with_hook
[INFO] [stdout]    7:     0x63c44ed409d2 - std[70759c8f55707aa4]::panicking::panic_handler::{closure#0}
[INFO] [stdout]    8:     0x63c44ed39439 - std[70759c8f55707aa4]::sys::backtrace::__rust_end_short_backtrace::<std[70759c8f55707aa4]::panicking::panic_handler::{closure#0}, !>
[INFO] [stdout]    9:     0x63c44ed4185d - __rustc[8fa7c3cbc660c2b3]::rust_begin_unwind
[INFO] [stdout]   10:     0x63c44ed7be3c - core[df12db4294e9bfd3]::panicking::panic_fmt
[INFO] [stdout]   11:     0x63c44ed7bc12 - core[df12db4294e9bfd3]::result::unwrap_failed
[INFO] [stdout]   12:     0x63c44eba554f - factordb[df868655d8fee57d]::tests::test_repeating_factors::{closure#0}
[INFO] [stdout]   13:     0x63c44eb99313 - <tokio[b38e87773156cb1d]::runtime::scheduler::current_thread::Context>::enter::<core[df12db4294e9bfd3]::task::poll::Poll<()>, <tokio[b38e87773156cb1d]::runtime::scheduler::current_thread::CoreGuard>::block_on<core[df12db4294e9bfd3]::pin::Pin<&mut core[df12db4294e9bfd3]::pin::Pin<&mut dyn core[df12db4294e9bfd3]::future::future::Future<Output = ()>>>>::{closure#0}::{closure#0}>
[INFO] [stdout]   14:     0x63c44eba60df - <std[70759c8f55707aa4]::thread::local::LocalKey<tokio[b38e87773156cb1d]::runtime::context::Context>>::with::<tokio[b38e87773156cb1d]::runtime::context::set_scheduler<(alloc[2182bb758b4b3781]::boxed::Box<tokio[b38e87773156cb1d]::runtime::scheduler::current_thread::Core>, core[df12db4294e9bfd3]::option::Option<()>), <tokio[b38e87773156cb1d]::runtime::scheduler::current_thread::CoreGuard>::enter<<tokio[b38e87773156cb1d]::runtime::scheduler::current_thread::CoreGuard>::block_on<core[df12db4294e9bfd3]::pin::Pin<&mut core[df12db4294e9bfd3]::pin::Pin<&mut dyn core[df12db4294e9bfd3]::future::future::Future<Output = ()>>>>::{closure#0}, core[df12db4294e9bfd3]::option::Option<()>>::{closure#0}>::{closure#0}, (alloc[2182bb758b4b3781]::boxed::Box<tokio[b38e87773156cb1d]::runtime::scheduler::current_thread::Core>, core[df12db4294e9bfd3]::option::Option<()>)>
[INFO] [stdout]   15:     0x63c44eb98ed0 - <tokio[b38e87773156cb1d]::runtime::runtime::Runtime>::block_on::<core[df12db4294e9bfd3]::pin::Pin<&mut dyn core[df12db4294e9bfd3]::future::future::Future<Output = ()>>>
[INFO] [stdout]   16:     0x63c44eba5ceb - factordb[df868655d8fee57d]::tests::test_repeating_factors
[INFO] [stdout]   17:     0x63c44eb9afa9 - <factordb[df868655d8fee57d]::tests::test_repeating_factors::{closure#0} as core[df12db4294e9bfd3]::ops::function::FnOnce<()>>::call_once
[INFO] [stdout]   18:     0x63c44eba78cb - test[9d35eded1c95d3be]::__rust_begin_short_backtrace::<core[df12db4294e9bfd3]::result::Result<(), alloc[2182bb758b4b3781]::string::String>, fn() -> core[df12db4294e9bfd3]::result::Result<(), alloc[2182bb758b4b3781]::string::String>>
[INFO] [stdout]   19:     0x63c44ebb4f35 - test[9d35eded1c95d3be]::run_test::{closure#0}
[INFO] [stdout]   20:     0x63c44ebae7f4 - std[70759c8f55707aa4]::sys::backtrace::__rust_begin_short_backtrace::<test[9d35eded1c95d3be]::run_test::{closure#1}, ()>
[INFO] [stdout]   21:     0x63c44ebb8092 - <std[70759c8f55707aa4]::thread::lifecycle::spawn_unchecked<test[9d35eded1c95d3be]::run_test::{closure#1}, ()>::{closure#1} as core[df12db4294e9bfd3]::ops::function::FnOnce<()>>::call_once::{shim:vtable#0}
[INFO] [stdout]   22:     0x63c44ed64cf9 - <std[70759c8f55707aa4]::sys::thread::unix::Thread>::new::thread_start
[INFO] [stdout]   23:     0x767b7a37cdfa - <unknown>
[INFO] [stdout]   24:     0x767b7a4103d4 - clone
[INFO] [stdout]   25:                0x0 - <unknown>
[INFO] [stdout] 
[INFO] [stdout] 
[INFO] [stdout] failures:
[INFO] [stdout]     tests::test_prime
[INFO] [stdout]     tests::test_repeating_factors
[INFO] [stdout]     tests::test_two_factors
[INFO] [stdout] 
[INFO] [stdout] test result: FAILED. 3 passed; 3 failed; 0 ignored; 0 measured; 0 filtered out; finished in 0.07s
[INFO] [stdout] 
[INFO] [stderr] error: test failed, to rerun pass `--lib`
[INFO] running `Command { std: "docker" "inspect" "c3959e14e5f952bfaf7b2ebbceddd410e0c00903106a95f72a0e723ce6d1b917", kill_on_drop: false }`
[INFO] running `Command { std: "docker" "rm" "-f" "c3959e14e5f952bfaf7b2ebbceddd410e0c00903106a95f72a0e723ce6d1b917", kill_on_drop: false }`
[INFO] [stdout] c3959e14e5f952bfaf7b2ebbceddd410e0c00903106a95f72a0e723ce6d1b917
