[INFO] fetching crate facet-derive-emit 0.27.11...
[INFO] testing facet-derive-emit-0.27.11 against 1.100.0-beta.1+cargoflags=--release for beta-release-1.100-2
[INFO] extracting crate facet-derive-emit 0.27.11 into /workspace/builds/worker-6-tc2/source
[INFO] started tweaking crates.io crate facet-derive-emit 0.27.11
[INFO] removed 0 missing tests
[INFO] finished tweaking crates.io crate facet-derive-emit 0.27.11
[INFO] tweaked toml for crates.io crate facet-derive-emit 0.27.11 written to /workspace/builds/worker-6-tc2/source/Cargo.toml
[INFO] validating manifest of crates.io crate facet-derive-emit 0.27.11 on toolchain 1.100.0-beta.1
[INFO] running `Command { std: CARGO_HOME="/workspace/cargo-home" RUSTUP_HOME="/workspace/rustup-home" "/workspace/cargo-home/bin/cargo" "+1.100.0-beta.1" "metadata" "--manifest-path" "Cargo.toml" "--no-deps", kill_on_drop: false }`
[INFO] crate crates.io crate facet-derive-emit 0.27.11 already has a lockfile, it will not be regenerated
[INFO] running `Command { std: CARGO_HOME="/workspace/cargo-home" RUSTUP_HOME="/workspace/rustup-home" "/workspace/cargo-home/bin/cargo" "+1.100.0-beta.1" "fetch" "--manifest-path" "Cargo.toml", kill_on_drop: false }`
[INFO] running `Command { std: "docker" "create" "-v" "/var/lib/crater-agent-workspace/builds/worker-6-tc2/source:/opt/rustwide/workdir:ro,Z" "-v" "/var/lib/crater-agent-workspace/builds/worker-6-tc2/target:/opt/rustwide/target:rw,Z" "-v" "/var/lib/crater-agent-workspace/cargo-home:/opt/rustwide/cargo-home:ro,Z" "-v" "/var/lib/crater-agent-workspace/rustup-home:/opt/rustwide/rustup-home:ro,Z" "-m" "1610612736" "--network" "none" "ghcr.io/rust-lang/crates-build-env/linux@sha256:77db811e55d90add9212f6832c23229e3de5f1c1f9905e8cb07319ea15df73ac" "sleep" "infinity", kill_on_drop: false }`
[INFO] [stdout] 177ab2a77a2bfdc41e94032758032beaec073db6b85e49fe07ecb69ee04b34dc
[INFO] running `Command { std: "docker" "start" "177ab2a77a2bfdc41e94032758032beaec073db6b85e49fe07ecb69ee04b34dc", kill_on_drop: false }`
[INFO] running `Command { std: "docker" "inspect" "177ab2a77a2bfdc41e94032758032beaec073db6b85e49fe07ecb69ee04b34dc", kill_on_drop: false }`
[INFO] running `Command { std: "docker" "exec" "-e" "SOURCE_DIR=/opt/rustwide/workdir" "-e" "CARGO_HOME=/opt/rustwide/cargo-home" "-e" "RUSTUP_HOME=/opt/rustwide/rustup-home" "-e" "CARGO_TARGET_DIR=/opt/rustwide/target" "-w" "/opt/rustwide/workdir" "--user" "0:0" "177ab2a77a2bfdc41e94032758032beaec073db6b85e49fe07ecb69ee04b34dc" "/opt/rustwide/cargo-home/bin/cargo" "+1.100.0-beta.1" "metadata" "--no-deps" "--format-version=1", kill_on_drop: false }`
[INFO] running `Command { std: "docker" "inspect" "177ab2a77a2bfdc41e94032758032beaec073db6b85e49fe07ecb69ee04b34dc", kill_on_drop: false }`
[INFO] running `Command { std: "docker" "exec" "-e" "SOURCE_DIR=/opt/rustwide/workdir" "-e" "CARGO_HOME=/opt/rustwide/cargo-home" "-e" "RUSTUP_HOME=/opt/rustwide/rustup-home" "-e" "CARGO_TARGET_DIR=/opt/rustwide/target" "-e" "CARGO_INCREMENTAL=0" "-e" "RUST_BACKTRACE=full" "-e" "RUSTFLAGS=--cap-lints=warn" "-e" "RUSTDOCFLAGS=--cap-lints=warn" "-w" "/opt/rustwide/workdir" "--user" "0:0" "177ab2a77a2bfdc41e94032758032beaec073db6b85e49fe07ecb69ee04b34dc" "/opt/rustwide/cargo-home/bin/cargo" "+1.100.0-beta.1" "build" "--frozen" "--message-format=json" "--release", kill_on_drop: false }`
[INFO] [stderr]    Compiling proc-macro2 v1.0.95
[INFO] [stderr]    Compiling unicode-ident v1.0.18
[INFO] [stderr]    Compiling byteorder v1.5.0
[INFO] [stderr]    Compiling mutants v0.0.3
[INFO] [stderr]    Compiling shadow_counted v0.4.0
[INFO] [stderr]    Compiling fxhash v0.2.1
[INFO] [stderr]    Compiling unsynn v0.1.1
[INFO] [stderr]    Compiling quote v1.0.40
[INFO] [stderr]    Compiling facet-derive-parse v0.27.11
[INFO] [stderr]    Compiling facet-derive-emit v0.27.11 (/opt/rustwide/workdir)
[INFO] [stderr]     Finished `release` profile [optimized] target(s) in 9.55s
[INFO] running `Command { std: "docker" "inspect" "177ab2a77a2bfdc41e94032758032beaec073db6b85e49fe07ecb69ee04b34dc", kill_on_drop: false }`
[INFO] running `Command { std: "docker" "exec" "-e" "SOURCE_DIR=/opt/rustwide/workdir" "-e" "CARGO_HOME=/opt/rustwide/cargo-home" "-e" "RUSTUP_HOME=/opt/rustwide/rustup-home" "-e" "CARGO_TARGET_DIR=/opt/rustwide/target" "-e" "CARGO_INCREMENTAL=0" "-e" "RUST_BACKTRACE=full" "-e" "RUSTFLAGS=--cap-lints=warn" "-e" "RUSTDOCFLAGS=--cap-lints=warn" "-w" "/opt/rustwide/workdir" "--user" "0:0" "177ab2a77a2bfdc41e94032758032beaec073db6b85e49fe07ecb69ee04b34dc" "/opt/rustwide/cargo-home/bin/cargo" "+1.100.0-beta.1" "test" "--frozen" "--no-run" "--message-format=json" "--release", kill_on_drop: false }`
[INFO] [stderr]    Compiling libc v0.2.172
[INFO] [stderr]    Compiling getrandom v0.3.3
[INFO] [stderr]    Compiling rustix v1.0.7
[INFO] [stderr]    Compiling bitflags v2.9.1
[INFO] [stderr]    Compiling owo-colors v4.2.1
[INFO] [stderr]    Compiling linux-raw-sys v0.9.4
[INFO] [stderr]    Compiling cfg-if v1.0.0
[INFO] [stderr]    Compiling similar v2.7.0
[INFO] [stderr]    Compiling rust-format v0.3.4
[INFO] [stderr]    Compiling console v0.15.11
[INFO] [stderr]    Compiling insta v1.43.1
[INFO] [stderr]    Compiling tempfile v3.20.0
[INFO] [stderr]    Compiling facet-derive-emit v0.27.11 (/opt/rustwide/workdir)
[INFO] [stderr]     Finished `release` profile [optimized] target(s) in 14.14s
[INFO] running `Command { std: "docker" "inspect" "177ab2a77a2bfdc41e94032758032beaec073db6b85e49fe07ecb69ee04b34dc", kill_on_drop: false }`
[INFO] running `Command { std: "docker" "exec" "-e" "SOURCE_DIR=/opt/rustwide/workdir" "-e" "CARGO_HOME=/opt/rustwide/cargo-home" "-e" "RUSTUP_HOME=/opt/rustwide/rustup-home" "-e" "CARGO_TARGET_DIR=/opt/rustwide/target" "-e" "CARGO_INCREMENTAL=0" "-e" "RUST_BACKTRACE=full" "-e" "RUSTFLAGS=--cap-lints=warn" "-e" "RUSTDOCFLAGS=--cap-lints=warn" "-w" "/opt/rustwide/workdir" "--user" "0:0" "177ab2a77a2bfdc41e94032758032beaec073db6b85e49fe07ecb69ee04b34dc" "/opt/rustwide/cargo-home/bin/cargo" "+1.100.0-beta.1" "test" "--frozen" "--release", kill_on_drop: false }`
[INFO] [stderr]     Finished `release` profile [optimized] target(s) in 0.04s
[INFO] [stderr]      Running unittests src/lib.rs (/opt/rustwide/target/release/build/facet-derive-emit/c6f5edb576beb654/out/facet_derive_emit-c6f5edb576beb654)
[INFO] [stdout] 
[INFO] [stdout] running 16 tests
[INFO] [stdout] test generics::tests::print_multiple_generic_params ... ok
[INFO] [stdout] test generics::tests::test_empty_generic_params ... ok
[INFO] [stdout] test generics::tests::test_phantom_data_formatting ... ok
[INFO] [stdout] test renamerule::tests::test_split_into_words_camel_case ... ok
[INFO] [stdout] test renamerule::tests::test_split_into_words_kebab_case ... ok
[INFO] [stdout] test renamerule::tests::test_split_into_words_consecutive_uppercase_at_end ... ok
[INFO] [stdout] test generics::tests::test_add_mixed_parameters ... ok
[INFO] [stdout] test renamerule::tests::test_split_into_words_multiple_underscores ... ok
[INFO] [stdout] test renamerule::tests::test_split_into_words_separators_and_case_boundaries ... ok
[INFO] [stdout] test renamerule::tests::test_split_into_words_empty_string ... ok
[INFO] [stdout] test renamerule::tests::test_rename_rule_snake_case ... ok
[INFO] [stdout] test renamerule::tests::test_split_into_words_single_word ... ok
[INFO] [stdout] test renamerule::tests::test_split_into_words_pascal_case ... ok
[INFO] [stdout] test renamerule::tests::test_split_into_words_http_server ... ok
[INFO] [stdout] test renamerule::tests::test_split_into_words_simple_snake_case ... ok
[INFO] [stdout] test renamerule::tests::test_split_into_words_mixed_separators_and_space ... ok
[INFO] [stdout] 
[INFO] [stdout] test result: ok. 16 passed; 0 failed; 0 ignored; 0 measured; 0 filtered out; finished in 0.00s
[INFO] [stdout] 
[INFO] [stderr]      Running tests/mod.rs (/opt/rustwide/target/release/build/facet-derive-emit/71cae925647ab577/out/mod-71cae925647ab577)
[INFO] [stdout] 
[INFO] [stdout] running 70 tests
[INFO] [stdout] test codegen::enum_with_discriminants_binary ... FAILED
[INFO] [stdout] test codegen::enum_with_discriminants_mixed_notations ... FAILED
[INFO] [stdout] test codegen::enum_with_discriminants_hexadecimal ... FAILED
[INFO] [stdout] test codegen::array_field_in_struct ... FAILED
[INFO] [stdout] test codegen::enum_with_facet_attributes ... FAILED
[INFO] [stdout] test codegen::cfg_attrs ... FAILED
[INFO] [stdout] test codegen::array_field_in_enum ... FAILED
[INFO] [stdout] test codegen::enum_with_multiple_attributes_per_variant ... FAILED
[INFO] [stdout] test codegen::enum_with_macro_discriminants ... FAILED
[INFO] [stdout] test codegen::derive_real_life_cub_config ... FAILED
[INFO] [stdout] test codegen::enum_doc_comment ... FAILED
[INFO] [stdout] test codegen::enum_with_discriminants_decimal ... FAILED
[INFO] [stdout] test codegen::enum_generic ... FAILED
[INFO] [stdout] test codegen::enum_with_nested_generic_in_variant_one_level ... FAILED
[INFO] [stdout] test codegen::enum_variants_with_comments ... FAILED
[INFO] [stdout] test codegen::cfg_attrs_on_field ... FAILED
[INFO] [stdout] test codegen::opaque_arc ... FAILED
[INFO] [stdout] test codegen::enum_with_renamed_variants_and_fields ... FAILED
[INFO] [stdout] test codegen::generic_bounds_t ... FAILED
[INFO] [stdout] test codegen::generic_bounds_tuple_t ... FAILED
[INFO] [stdout] test codegen::generic_bounds_k_v ... FAILED
[INFO] [stdout] test codegen::enum_with_rename_all ... FAILED
[INFO] [stdout] test codegen::rename_all_pascalcase ... FAILED
[INFO] [stdout] test codegen::enum_with_variants ... FAILED
[INFO] [stdout] test codegen::mixed_rename_and_sensitive_attributes ... FAILED
[INFO] [stdout] test codegen::pub_crate_enum ... FAILED
[INFO] [stdout] test codegen::rename_all_camelcase ... FAILED
[INFO] [stdout] test codegen::enum_with_nested_generic_in_variant_two_levels ... FAILED
[INFO] [stdout] test codegen::rename_all_snake_case ... FAILED
[INFO] [stdout] test codegen::rename_all_screaming_snakecase ... FAILED
[INFO] [stdout] test codegen::record_struct_generic ... FAILED
[INFO] [stdout] test codegen::macroed_type ... FAILED
[INFO] [stdout] test codegen::rename_all_kebabcase ... FAILED
[INFO] [stdout] test codegen::rename_all_screaming_kebabcase ... FAILED
[INFO] [stdout] test codegen::rename_all_screaming_snake_case ... FAILED
[INFO] [stdout] test codegen::rename_all_snakecase ... FAILED
[INFO] [stdout] test codegen::simple_struct ... FAILED
[INFO] [stdout] test codegen::struct_doc_comment ... FAILED
[INFO] [stdout] test codegen::repr_c_enum ... FAILED
[INFO] [stdout] test codegen::struct_doc_comment_quotes ... FAILED
[INFO] [stdout] test codegen::repr_c_enum_lifetime_field ... FAILED
[INFO] [stdout] test codegen::repr_c_enum_empty_struct_variant ... FAILED
[INFO] [stdout] test codegen::struct_doc_comment_multi_line ... FAILED
[INFO] [stdout] test codegen::struct_with_field_default_facets ... FAILED
[INFO] [stdout] test codegen::struct_with_generics_simple ... FAILED
[INFO] [stdout] test codegen::struct_field_doc_comment ... FAILED
[INFO] [stdout] test codegen::struct_with_facet_attributes ... FAILED
[INFO] [stdout] test codegen::struct_impls_drop ... FAILED
[INFO] [stdout] test codegen::struct_facet_transparent ... FAILED
[INFO] [stdout] test codegen::struct_doc_comment_unicode ... FAILED
[INFO] [stdout] test codegen::struct_with_equal_defaults ... FAILED
[INFO] [stdout] test codegen::struct_repr_c ... FAILED
[INFO] [stdout] test codegen::struct_with_std_string ... FAILED
[INFO] [stdout] test codegen::struct_with_mixed_rename_attributes ... FAILED
[INFO] [stdout] test codegen::struct_with_rename_all ... FAILED
[INFO] [stdout] test codegen::struct_with_sensitive_field ... FAILED
[INFO] [stdout] test codegen::tuple_struct_doc_comment ... FAILED
[INFO] [stdout] test codegen::tuple_struct_repr_transparent ... FAILED
[INFO] [stdout] test codegen::struct_with_option_cow_str ... FAILED
[INFO] [stdout] test codegen::struct_with_renamed_field ... FAILED
[INFO] [stdout] test codegen::unit_struct_generic ... FAILED
[INFO] [stdout] test codegen::struct_with_pub_field ... FAILED
[INFO] [stdout] test codegen::tuple_struct_field_doc_comment ... FAILED
[INFO] [stdout] test codegen::tuple_struct_with_renamed_field ... FAILED
[INFO] [stdout] test codegen::unit_struct ... FAILED
[INFO] [stdout] test codegen::tuple_struct ... FAILED
[INFO] [stdout] test codegen::tuple_struct_generic ... FAILED
[INFO] [stdout] test codegen::tuple_struct_field_doc_comment_repr_transparent ... FAILED
[INFO] [stdout] test codegen::tuple_struct_with_pub_fields ... FAILED
[INFO] [stdout] test codegen::visibility ... FAILED
[INFO] [stdout] 
[INFO] [stdout] failures:
[INFO] [stdout] 
[INFO] [stdout] ---- codegen::enum_with_discriminants_binary stdout ----
[INFO] [stdout] 
[INFO] [stdout] thread 'codegen::enum_with_discriminants_binary' (692) panicked at tests/codegen/mod.rs:14:33:
[INFO] [stdout] Expand error: An error occurred while formatting the source code: error: 'rustfmt' is not installed for the toolchain '1.100.0-beta.1-x86_64-unknown-linux-gnu'.
[INFO] [stdout] help: run `rustup component add --toolchain 1.100.0-beta.1-x86_64-unknown-linux-gnu rustfmt` to install it
[INFO] [stdout] 
[INFO] [stdout] stack backtrace:
[INFO] [stdout]    0:     0x62b05b0a8631 - <<std[617be2ca0a6fd877]::sys::backtrace::BacktraceLock>::print::DisplayBacktrace as core[a373ad73a504971]::fmt::Display>::fmt
[INFO] [stdout]    1:     0x62b05b0bf7da - core[a373ad73a504971]::fmt::write
[INFO] [stdout]    2:     0x62b05b0acc1c - <alloc[2e1b2a31b91974c5]::vec::Vec<u8> as core[a373ad73a504971]::io::write::Write>::write_fmt
[INFO] [stdout]    3:     0x62b05b081fc6 - std[617be2ca0a6fd877]::panicking::default_hook::{closure#0}
[INFO] [stdout]    4:     0x62b05b09fca9 - std[617be2ca0a6fd877]::panicking::default_hook
[INFO] [stdout]    5:     0x62b05afbf7b0 - test[aada8e7e76ba119b]::test_main_inner::{closure#0}
[INFO] [stdout]    6:     0x62b05b09ffd2 - std[617be2ca0a6fd877]::panicking::panic_with_hook
[INFO] [stdout]    7:     0x62b05b082072 - std[617be2ca0a6fd877]::panicking::panic_handler::{closure#0}
[INFO] [stdout]    8:     0x62b05b07a8a9 - std[617be2ca0a6fd877]::sys::backtrace::__rust_end_short_backtrace::<std[617be2ca0a6fd877]::panicking::panic_handler::{closure#0}, !>
[INFO] [stdout]    9:     0x62b05b082d1d - __rustc[ea4f61d10b84890b]::rust_begin_unwind
[INFO] [stdout]   10:     0x62b05b0bffbc - core[a373ad73a504971]::panicking::panic_fmt
[INFO] [stdout]   11:     0x62b05af3ab94 - mod[29153a423dcf402d]::codegen::expand::{closure#0}
[INFO] [stdout]   12:     0x62b05af3ae88 - mod[29153a423dcf402d]::codegen::expand
[INFO] [stdout]   13:     0x62b05af416f8 - <mod[29153a423dcf402d]::codegen::enum_with_discriminants_binary::{closure#0} as core[a373ad73a504971]::ops::function::FnOnce<()>>::call_once
[INFO] [stdout]   14:     0x62b05afb2bfb - test[aada8e7e76ba119b]::__rust_begin_short_backtrace::<core[a373ad73a504971]::result::Result<(), alloc[2e1b2a31b91974c5]::string::String>, fn() -> core[a373ad73a504971]::result::Result<(), alloc[2e1b2a31b91974c5]::string::String>>
[INFO] [stdout]   15:     0x62b05afbfdd5 - test[aada8e7e76ba119b]::run_test::{closure#0}
[INFO] [stdout]   16:     0x62b05afb96c4 - std[617be2ca0a6fd877]::sys::backtrace::__rust_begin_short_backtrace::<test[aada8e7e76ba119b]::run_test::{closure#1}, ()>
[INFO] [stdout]   17:     0x62b05afc2e62 - <std[617be2ca0a6fd877]::thread::lifecycle::spawn_unchecked<test[aada8e7e76ba119b]::run_test::{closure#1}, ()>::{closure#1} as core[a373ad73a504971]::ops::function::FnOnce<()>>::call_once::{shim:vtable#0}
[INFO] [stdout]   18:     0x62b05b0a75ff - <std[617be2ca0a6fd877]::sys::thread::unix::Thread>::new::thread_start
[INFO] [stdout]   19:     0x725168c29dfa - <unknown>
[INFO] [stdout]   20:     0x725168cbd3d4 - clone
[INFO] [stdout]   21:                0x0 - <unknown>
[INFO] [stdout] 
[INFO] [stdout] ---- codegen::enum_with_discriminants_mixed_notations stdout ----
[INFO] [stdout] 
[INFO] [stdout] thread 'codegen::enum_with_discriminants_mixed_notations' (696) panicked at tests/codegen/mod.rs:14:33:
[INFO] [stdout] Expand error: An error occurred while formatting the source code: error: 'rustfmt' is not installed for the toolchain '1.100.0-beta.1-x86_64-unknown-linux-gnu'.
[INFO] [stdout] help: run `rustup component add --toolchain 1.100.0-beta.1-x86_64-unknown-linux-gnu rustfmt` to install it
[INFO] [stdout] 
[INFO] [stdout] stack backtrace:
[INFO] [stdout]    0:     0x62b05b0a8631 - <<std[617be2ca0a6fd877]::sys::backtrace::BacktraceLock>::print::DisplayBacktrace as core[a373ad73a504971]::fmt::Display>::fmt
[INFO] [stdout]    1:     0x62b05b0bf7da - core[a373ad73a504971]::fmt::write
[INFO] [stdout]    2:     0x62b05b0acc1c - <alloc[2e1b2a31b91974c5]::vec::Vec<u8> as core[a373ad73a504971]::io::write::Write>::write_fmt
[INFO] [stdout]    3:     0x62b05b081fc6 - std[617be2ca0a6fd877]::panicking::default_hook::{closure#0}
[INFO] [stdout]    4:     0x62b05b09fca9 - std[617be2ca0a6fd877]::panicking::default_hook
[INFO] [stdout]    5:     0x62b05afbf7b0 - test[aada8e7e76ba119b]::test_main_inner::{closure#0}
[INFO] [stdout]    6:     0x62b05b09ffd2 - std[617be2ca0a6fd877]::panicking::panic_with_hook
[INFO] [stdout]    7:     0x62b05b082072 - std[617be2ca0a6fd877]::panicking::panic_handler::{closure#0}
[INFO] [stdout]    8:     0x62b05b07a8a9 - std[617be2ca0a6fd877]::sys::backtrace::__rust_end_short_backtrace::<std[617be2ca0a6fd877]::panicking::panic_handler::{closure#0}, !>
[INFO] [stdout]    9:     0x62b05b082d1d - __rustc[ea4f61d10b84890b]::rust_begin_unwind
[INFO] [stdout]   10:     0x62b05b0bffbc - core[a373ad73a504971]::panicking::panic_fmt
[INFO] [stdout]   11:     0x62b05af3ab94 - mod[29153a423dcf402d]::codegen::expand::{closure#0}
[INFO] [stdout]   12:     0x62b05af3ae88 - mod[29153a423dcf402d]::codegen::expand
[INFO] [stdout]   13:     0x62b05af430f8 - <mod[29153a423dcf402d]::codegen::enum_with_discriminants_mixed_notations::{closure#0} as core[a373ad73a504971]::ops::function::FnOnce<()>>::call_once
[INFO] [stdout]   14:     0x62b05afb2bfb - test[aada8e7e76ba119b]::__rust_begin_short_backtrace::<core[a373ad73a504971]::result::Result<(), alloc[2e1b2a31b91974c5]::string::String>, fn() -> core[a373ad73a504971]::result::Result<(), alloc[2e1b2a31b91974c5]::string::String>>
[INFO] [stdout]   15:     0x62b05afbfdd5 - test[aada8e7e76ba119b]::run_test::{closure#0}
[INFO] [stdout]   16:     0x62b05afb96c4 - std[617be2ca0a6fd877]::sys::backtrace::__rust_begin_short_backtrace::<test[aada8e7e76ba119b]::run_test::{closure#1}, ()>
[INFO] [stdout]   17:     0x62b05afc2e62 - <std[617be2ca0a6fd877]::thread::lifecycle::spawn_unchecked<test[aada8e7e76ba119b]::run_test::{closure#1}, ()>::{closure#1} as core[a373ad73a504971]::ops::function::FnOnce<()>>::call_once::{shim:vtable#0}
[INFO] [stdout]   18:     0x62b05b0a75ff - <std[617be2ca0a6fd877]::sys::thread::unix::Thread>::new::thread_start
[INFO] [stdout]   19:     0x725168c29dfa - <unknown>
[INFO] [stdout]   20:     0x725168cbd3d4 - clone
[INFO] [stdout]   21:                0x0 - <unknown>
[INFO] [stdout] 
[INFO] [stdout] ---- codegen::enum_with_discriminants_hexadecimal stdout ----
[INFO] [stdout] 
[INFO] [stdout] thread 'codegen::enum_with_discriminants_hexadecimal' (695) panicked at tests/codegen/mod.rs:14:33:
[INFO] [stdout] Expand error: An error occurred while formatting the source code: error: 'rustfmt' is not installed for the toolchain '1.100.0-beta.1-x86_64-unknown-linux-gnu'.
[INFO] [stdout] help: run `rustup component add --toolchain 1.100.0-beta.1-x86_64-unknown-linux-gnu rustfmt` to install it
[INFO] [stdout] 
[INFO] [stdout] stack backtrace:
[INFO] [stdout]    0:     0x62b05b0a8631 - <<std[617be2ca0a6fd877]::sys::backtrace::BacktraceLock>::print::DisplayBacktrace as core[a373ad73a504971]::fmt::Display>::fmt
[INFO] [stdout]    1:     0x62b05b0bf7da - core[a373ad73a504971]::fmt::write
[INFO] [stdout]    2:     0x62b05b0acc1c - <alloc[2e1b2a31b91974c5]::vec::Vec<u8> as core[a373ad73a504971]::io::write::Write>::write_fmt
[INFO] [stdout]    3:     0x62b05b081fc6 - std[617be2ca0a6fd877]::panicking::default_hook::{closure#0}
[INFO] [stdout]    4:     0x62b05b09fca9 - std[617be2ca0a6fd877]::panicking::default_hook
[INFO] [stdout]    5:     0x62b05afbf7b0 - test[aada8e7e76ba119b]::test_main_inner::{closure#0}
[INFO] [stdout]    6:     0x62b05b09ffd2 - std[617be2ca0a6fd877]::panicking::panic_with_hook
[INFO] [stdout]    7:     0x62b05b082072 - std[617be2ca0a6fd877]::panicking::panic_handler::{closure#0}
[INFO] [stdout]    8:     0x62b05b07a8a9 - std[617be2ca0a6fd877]::sys::backtrace::__rust_end_short_backtrace::<std[617be2ca0a6fd877]::panicking::panic_handler::{closure#0}, !>
[INFO] [stdout]    9:     0x62b05b082d1d - __rustc[ea4f61d10b84890b]::rust_begin_unwind
[INFO] [stdout]   10:     0x62b05b0bffbc - core[a373ad73a504971]::panicking::panic_fmt
[INFO] [stdout]   11:     0x62b05af3ab94 - mod[29153a423dcf402d]::codegen::expand::{closure#0}
[INFO] [stdout]   12:     0x62b05af3ae88 - mod[29153a423dcf402d]::codegen::expand
[INFO] [stdout]   13:     0x62b05af428f8 - <mod[29153a423dcf402d]::codegen::enum_with_discriminants_hexadecimal::{closure#0} as core[a373ad73a504971]::ops::function::FnOnce<()>>::call_once
[INFO] [stdout]   14:     0x62b05afb2bfb - test[aada8e7e76ba119b]::__rust_begin_short_backtrace::<core[a373ad73a504971]::result::Result<(), alloc[2e1b2a31b91974c5]::string::String>, fn() -> core[a373ad73a504971]::result::Result<(), alloc[2e1b2a31b91974c5]::string::String>>
[INFO] [stdout]   15:     0x62b05afbfdd5 - test[aada8e7e76ba119b]::run_test::{closure#0}
[INFO] [stdout]   16:     0x62b05afb96c4 - std[617be2ca0a6fd877]::sys::backtrace::__rust_begin_short_backtrace::<test[aada8e7e76ba119b]::run_test::{closure#1}, ()>
[INFO] [stdout]   17:     0x62b05afc2e62 - <std[617be2ca0a6fd877]::thread::lifecycle::spawn_unchecked<test[aada8e7e76ba119b]::run_test::{closure#1}, ()>::{closure#1} as core[a373ad73a504971]::ops::function::FnOnce<()>>::call_once::{shim:vtable#0}
[INFO] [stdout]   18:     0x62b05b0a75ff - <std[617be2ca0a6fd877]::sys::thread::unix::Thread>::new::thread_start
[INFO] [stdout]   19:     0x725168c29dfa - <unknown>
[INFO] [stdout]   20:     0x725168cbd3d4 - clone
[INFO] [stdout]   21:                0x0 - <unknown>
[INFO] [stdout] 
[INFO] [stdout] ---- codegen::array_field_in_struct stdout ----
[INFO] [stdout] 
[INFO] [stdout] thread 'codegen::array_field_in_struct' (685) panicked at tests/codegen/mod.rs:14:33:
[INFO] [stdout] Expand error: An error occurred while formatting the source code: error: 'rustfmt' is not installed for the toolchain '1.100.0-beta.1-x86_64-unknown-linux-gnu'.
[INFO] [stdout] help: run `rustup component add --toolchain 1.100.0-beta.1-x86_64-unknown-linux-gnu rustfmt` to install it
[INFO] [stdout] 
[INFO] [stdout] stack backtrace:
[INFO] [stdout]    0:     0x62b05b0a8631 - <<std[617be2ca0a6fd877]::sys::backtrace::BacktraceLock>::print::DisplayBacktrace as core[a373ad73a504971]::fmt::Display>::fmt
[INFO] [stdout]    1:     0x62b05b0bf7da - core[a373ad73a504971]::fmt::write
[INFO] [stdout]    2:     0x62b05b0acc1c - <alloc[2e1b2a31b91974c5]::vec::Vec<u8> as core[a373ad73a504971]::io::write::Write>::write_fmt
[INFO] [stdout]    3:     0x62b05b081fc6 - std[617be2ca0a6fd877]::panicking::default_hook::{closure#0}
[INFO] [stdout]    4:     0x62b05b09fca9 - std[617be2ca0a6fd877]::panicking::default_hook
[INFO] [stdout]    5:     0x62b05afbf7b0 - test[aada8e7e76ba119b]::test_main_inner::{closure#0}
[INFO] [stdout]    6:     0x62b05b09ffd2 - std[617be2ca0a6fd877]::panicking::panic_with_hook
[INFO] [stdout]    7:     0x62b05b082072 - std[617be2ca0a6fd877]::panicking::panic_handler::{closure#0}
[INFO] [stdout]    8:     0x62b05b07a8a9 - std[617be2ca0a6fd877]::sys::backtrace::__rust_end_short_backtrace::<std[617be2ca0a6fd877]::panicking::panic_handler::{closure#0}, !>
[INFO] [stdout]    9:     0x62b05b082d1d - __rustc[ea4f61d10b84890b]::rust_begin_unwind
[INFO] [stdout]   10:     0x62b05b0bffbc - core[a373ad73a504971]::panicking::panic_fmt
[INFO] [stdout]   11:     0x62b05af3ab94 - mod[29153a423dcf402d]::codegen::expand::{closure#0}
[INFO] [stdout]   12:     0x62b05af3ae88 - mod[29153a423dcf402d]::codegen::expand
[INFO] [stdout]   13:     0x62b05af3e0f8 - <mod[29153a423dcf402d]::codegen::array_field_in_struct::{closure#0} as core[a373ad73a504971]::ops::function::FnOnce<()>>::call_once
[INFO] [stdout]   14:     0x62b05afb2bfb - test[aada8e7e76ba119b]::__rust_begin_short_backtrace::<core[a373ad73a504971]::result::Result<(), alloc[2e1b2a31b91974c5]::string::String>, fn() -> core[a373ad73a504971]::result::Result<(), alloc[2e1b2a31b91974c5]::string::String>>
[INFO] [stdout]   15:     0x62b05afbfdd5 - test[aada8e7e76ba119b]::run_test::{closure#0}
[INFO] [stdout]   16:     0x62b05afb96c4 - std[617be2ca0a6fd877]::sys::backtrace::__rust_begin_short_backtrace::<test[aada8e7e76ba119b]::run_test::{closure#1}, ()>
[INFO] [stdout]   17:     0x62b05afc2e62 - <std[617be2ca0a6fd877]::thread::lifecycle::spawn_unchecked<test[aada8e7e76ba119b]::run_test::{closure#1}, ()>::{closure#1} as core[a373ad73a504971]::ops::function::FnOnce<()>>::call_once::{shim:vtable#0}
[INFO] [stdout]   18:     0x62b05b0a75ff - <std[617be2ca0a6fd877]::sys::thread::unix::Thread>::new::thread_start
[INFO] [stdout]   19:     0x725168c29dfa - <unknown>
[INFO] [stdout]   20:     0x725168cbd3d4 - clone
[INFO] [stdout]   21:                0x0 - <unknown>
[INFO] [stdout] 
[INFO] [stdout] ---- codegen::enum_with_facet_attributes stdout ----
[INFO] [stdout] 
[INFO] [stdout] thread 'codegen::enum_with_facet_attributes' (697) panicked at tests/codegen/mod.rs:14:33:
[INFO] [stdout] Expand error: An error occurred while formatting the source code: error: 'rustfmt' is not installed for the toolchain '1.100.0-beta.1-x86_64-unknown-linux-gnu'.
[INFO] [stdout] help: run `rustup component add --toolchain 1.100.0-beta.1-x86_64-unknown-linux-gnu rustfmt` to install it
[INFO] [stdout] 
[INFO] [stdout] stack backtrace:
[INFO] [stdout]    0:     0x62b05b0a8631 - <<std[617be2ca0a6fd877]::sys::backtrace::BacktraceLock>::print::DisplayBacktrace as core[a373ad73a504971]::fmt::Display>::fmt
[INFO] [stdout]    1:     0x62b05b0bf7da - core[a373ad73a504971]::fmt::write
[INFO] [stdout]    2:     0x62b05b0acc1c - <alloc[2e1b2a31b91974c5]::vec::Vec<u8> as core[a373ad73a504971]::io::write::Write>::write_fmt
[INFO] [stdout]    3:     0x62b05b081fc6 - std[617be2ca0a6fd877]::panicking::default_hook::{closure#0}
[INFO] [stdout]    4:     0x62b05b09fca9 - std[617be2ca0a6fd877]::panicking::default_hook
[INFO] [stdout]    5:     0x62b05afbf7b0 - test[aada8e7e76ba119b]::test_main_inner::{closure#0}
[INFO] [stdout]    6:     0x62b05b09ffd2 - std[617be2ca0a6fd877]::panicking::panic_with_hook
[INFO] [stdout]    7:     0x62b05b082072 - std[617be2ca0a6fd877]::panicking::panic_handler::{closure#0}
[INFO] [stdout]    8:     0x62b05b07a8a9 - std[617be2ca0a6fd877]::sys::backtrace::__rust_end_short_backtrace::<std[617be2ca0a6fd877]::panicking::panic_handler::{closure#0}, !>
[INFO] [stdout]    9:     0x62b05b082d1d - __rustc[ea4f61d10b84890b]::rust_begin_unwind
[INFO] [stdout]   10:     0x62b05b0bffbc - core[a373ad73a504971]::panicking::panic_fmt
[INFO] [stdout]   11:     0x62b05af3ab94 - mod[29153a423dcf402d]::codegen::expand::{closure#0}
[INFO] [stdout]   12:     0x62b05af3ae88 - mod[29153a423dcf402d]::codegen::expand
[INFO] [stdout]   13:     0x62b05af3faf8 - <mod[29153a423dcf402d]::codegen::enum_with_facet_attributes::{closure#0} as core[a373ad73a504971]::ops::function::FnOnce<()>>::call_once
[INFO] [stdout]   14:     0x62b05afb2bfb - test[aada8e7e76ba119b]::__rust_begin_short_backtrace::<core[a373ad73a504971]::result::Result<(), alloc[2e1b2a31b91974c5]::string::String>, fn() -> core[a373ad73a504971]::result::Result<(), alloc[2e1b2a31b91974c5]::string::String>>
[INFO] [stdout]   15:     0x62b05afbfdd5 - test[aada8e7e76ba119b]::run_test::{closure#0}
[INFO] [stdout]   16:     0x62b05afb96c4 - std[617be2ca0a6fd877]::sys::backtrace::__rust_begin_short_backtrace::<test[aada8e7e76ba119b]::run_test::{closure#1}, ()>
[INFO] [stdout]   17:     0x62b05afc2e62 - <std[617be2ca0a6fd877]::thread::lifecycle::spawn_unchecked<test[aada8e7e76ba119b]::run_test::{closure#1}, ()>::{closure#1} as core[a373ad73a504971]::ops::function::FnOnce<()>>::call_once::{shim:vtable#0}
[INFO] [stdout]   18:     0x62b05b0a75ff - <std[617be2ca0a6fd877]::sys::thread::unix::Thread>::new::thread_start
[INFO] [stdout]   19:     0x725168c29dfa - <unknown>
[INFO] [stdout]   20:     0x725168cbd3d4 - clone
[INFO] [stdout]   21:                0x0 - <unknown>
[INFO] [stdout] 
[INFO] [stdout] ---- codegen::cfg_attrs stdout ----
[INFO] [stdout] 
[INFO] [stdout] thread 'codegen::cfg_attrs' (686) panicked at tests/codegen/mod.rs:14:33:
[INFO] [stdout] Expand error: An error occurred while formatting the source code: error: 'rustfmt' is not installed for the toolchain '1.100.0-beta.1-x86_64-unknown-linux-gnu'.
[INFO] [stdout] help: run `rustup component add --toolchain 1.100.0-beta.1-x86_64-unknown-linux-gnu rustfmt` to install it
[INFO] [stdout] 
[INFO] [stdout] stack backtrace:
[INFO] [stdout]    0:     0x62b05b0a8631 - <<std[617be2ca0a6fd877]::sys::backtrace::BacktraceLock>::print::DisplayBacktrace as core[a373ad73a504971]::fmt::Display>::fmt
[INFO] [stdout]    1:     0x62b05b0bf7da - core[a373ad73a504971]::fmt::write
[INFO] [stdout]    2:     0x62b05b0acc1c - <alloc[2e1b2a31b91974c5]::vec::Vec<u8> as core[a373ad73a504971]::io::write::Write>::write_fmt
[INFO] [stdout]    3:     0x62b05b081fc6 - std[617be2ca0a6fd877]::panicking::default_hook::{closure#0}
[INFO] [stdout]    4:     0x62b05b09fca9 - std[617be2ca0a6fd877]::panicking::default_hook
[INFO] [stdout]    5:     0x62b05afbf7b0 - test[aada8e7e76ba119b]::test_main_inner::{closure#0}
[INFO] [stdout]    6:     0x62b05b09ffd2 - std[617be2ca0a6fd877]::panicking::panic_with_hook
[INFO] [stdout]    7:     0x62b05b082072 - std[617be2ca0a6fd877]::panicking::panic_handler::{closure#0}
[INFO] [stdout]    8:     0x62b05b07a8a9 - std[617be2ca0a6fd877]::sys::backtrace::__rust_end_short_backtrace::<std[617be2ca0a6fd877]::panicking::panic_handler::{closure#0}, !>
[INFO] [stdout]    9:     0x62b05b082d1d - __rustc[ea4f61d10b84890b]::rust_begin_unwind
[INFO] [stdout]   10:     0x62b05b0bffbc - core[a373ad73a504971]::panicking::panic_fmt
[INFO] [stdout]   11:     0x62b05af3ab94 - mod[29153a423dcf402d]::codegen::expand::{closure#0}
[INFO] [stdout]   12:     0x62b05af3ae88 - mod[29153a423dcf402d]::codegen::expand
[INFO] [stdout]   13:     0x62b05af43af8 - <mod[29153a423dcf402d]::codegen::cfg_attrs::{closure#0} as core[a373ad73a504971]::ops::function::FnOnce<()>>::call_once
[INFO] [stdout]   14:     0x62b05afb2bfb - test[aada8e7e76ba119b]::__rust_begin_short_backtrace::<core[a373ad73a504971]::result::Result<(), alloc[2e1b2a31b91974c5]::string::String>, fn() -> core[a373ad73a504971]::result::Result<(), alloc[2e1b2a31b91974c5]::string::String>>
[INFO] [stdout]   15:     0x62b05afbfdd5 - test[aada8e7e76ba119b]::run_test::{closure#0}
[INFO] [stdout]   16:     0x62b05afb96c4 - std[617be2ca0a6fd877]::sys::backtrace::__rust_begin_short_backtrace::<test[aada8e7e76ba119b]::run_test::{closure#1}, ()>
[INFO] [stdout]   17:     0x62b05afc2e62 - <std[617be2ca0a6fd877]::thread::lifecycle::spawn_unchecked<test[aada8e7e76ba119b]::run_test::{closure#1}, ()>::{closure#1} as core[a373ad73a504971]::ops::function::FnOnce<()>>::call_once::{shim:vtable#0}
[INFO] [stdout]   18:     0x62b05b0a75ff - <std[617be2ca0a6fd877]::sys::thread::unix::Thread>::new::thread_start
[INFO] [stdout]   19:     0x725168c29dfa - <unknown>
[INFO] [stdout]   20:     0x725168cbd3d4 - clone
[INFO] [stdout]   21:                0x0 - <unknown>
[INFO] [stdout] 
[INFO] [stdout] ---- codegen::array_field_in_enum stdout ----
[INFO] [stdout] 
[INFO] [stdout] thread 'codegen::array_field_in_enum' (684) panicked at tests/codegen/mod.rs:14:33:
[INFO] [stdout] Expand error: An error occurred while formatting the source code: error: 'rustfmt' is not installed for the toolchain '1.100.0-beta.1-x86_64-unknown-linux-gnu'.
[INFO] [stdout] help: run `rustup component add --toolchain 1.100.0-beta.1-x86_64-unknown-linux-gnu rustfmt` to install it
[INFO] [stdout] 
[INFO] [stdout] stack backtrace:
[INFO] [stdout]    0:     0x62b05b0a8631 - <<std[617be2ca0a6fd877]::sys::backtrace::BacktraceLock>::print::DisplayBacktrace as core[a373ad73a504971]::fmt::Display>::fmt
[INFO] [stdout]    1:     0x62b05b0bf7da - core[a373ad73a504971]::fmt::write
[INFO] [stdout]    2:     0x62b05b0acc1c - <alloc[2e1b2a31b91974c5]::vec::Vec<u8> as core[a373ad73a504971]::io::write::Write>::write_fmt
[INFO] [stdout]    3:     0x62b05b081fc6 - std[617be2ca0a6fd877]::panicking::default_hook::{closure#0}
[INFO] [stdout]    4:     0x62b05b09fca9 - std[617be2ca0a6fd877]::panicking::default_hook
[INFO] [stdout]    5:     0x62b05afbf7b0 - test[aada8e7e76ba119b]::test_main_inner::{closure#0}
[INFO] [stdout]    6:     0x62b05b09ffd2 - std[617be2ca0a6fd877]::panicking::panic_with_hook
[INFO] [stdout]    7:     0x62b05b082072 - std[617be2ca0a6fd877]::panicking::panic_handler::{closure#0}
[INFO] [stdout]    8:     0x62b05b07a8a9 - std[617be2ca0a6fd877]::sys::backtrace::__rust_end_short_backtrace::<std[617be2ca0a6fd877]::panicking::panic_handler::{closure#0}, !>
[INFO] [stdout]    9:     0x62b05b082d1d - __rustc[ea4f61d10b84890b]::rust_begin_unwind
[INFO] [stdout]   10:     0x62b05b0bffbc - core[a373ad73a504971]::panicking::panic_fmt
[INFO] [stdout]   11:     0x62b05af3ab94 - mod[29153a423dcf402d]::codegen::expand::{closure#0}
[INFO] [stdout]   12:     0x62b05af3ae88 - mod[29153a423dcf402d]::codegen::expand
[INFO] [stdout]   13:     0x62b05af3d2f8 - <mod[29153a423dcf402d]::codegen::array_field_in_enum::{closure#0} as core[a373ad73a504971]::ops::function::FnOnce<()>>::call_once
[INFO] [stdout]   14:     0x62b05afb2bfb - test[aada8e7e76ba119b]::__rust_begin_short_backtrace::<core[a373ad73a504971]::result::Result<(), alloc[2e1b2a31b91974c5]::string::String>, fn() -> core[a373ad73a504971]::result::Result<(), alloc[2e1b2a31b91974c5]::string::String>>
[INFO] [stdout]   15:     0x62b05afbfdd5 - test[aada8e7e76ba119b]::run_test::{closure#0}
[INFO] [stdout]   16:     0x62b05afb96c4 - std[617be2ca0a6fd877]::sys::backtrace::__rust_begin_short_backtrace::<test[aada8e7e76ba119b]::run_test::{closure#1}, ()>
[INFO] [stdout]   17:     0x62b05afc2e62 - <std[617be2ca0a6fd877]::thread::lifecycle::spawn_unchecked<test[aada8e7e76ba119b]::run_test::{closure#1}, ()>::{closure#1} as core[a373ad73a504971]::ops::function::FnOnce<()>>::call_once::{shim:vtable#0}
[INFO] [stdout]   18:     0x62b05b0a75ff - <std[617be2ca0a6fd877]::sys::thread::unix::Thread>::new::thread_start
[INFO] [stdout]   19:     0x725168c29dfa - <unknown>
[INFO] [stdout]   20:     0x725168cbd3d4 - clone
[INFO] [stdout]   21:                0x0 - <unknown>
[INFO] [stdout] 
[INFO] [stdout] ---- codegen::enum_with_multiple_attributes_per_variant stdout ----
[INFO] [stdout] 
[INFO] [stdout] thread 'codegen::enum_with_multiple_attributes_per_variant' (699) panicked at tests/codegen/mod.rs:14:33:
[INFO] [stdout] Expand error: An error occurred while formatting the source code: error: 'rustfmt' is not installed for the toolchain '1.100.0-beta.1-x86_64-unknown-linux-gnu'.
[INFO] [stdout] help: run `rustup component add --toolchain 1.100.0-beta.1-x86_64-unknown-linux-gnu rustfmt` to install it
[INFO] [stdout] 
[INFO] [stdout] stack backtrace:
[INFO] [stdout]    0:     0x62b05b0a8631 - <<std[617be2ca0a6fd877]::sys::backtrace::BacktraceLock>::print::DisplayBacktrace as core[a373ad73a504971]::fmt::Display>::fmt
[INFO] [stdout]    1:     0x62b05b0bf7da - core[a373ad73a504971]::fmt::write
[INFO] [stdout]    2:     0x62b05b0acc1c - <alloc[2e1b2a31b91974c5]::vec::Vec<u8> as core[a373ad73a504971]::io::write::Write>::write_fmt
[INFO] [stdout]    3:     0x62b05b081fc6 - std[617be2ca0a6fd877]::panicking::default_hook::{closure#0}
[INFO] [stdout]    4:     0x62b05b09fca9 - std[617be2ca0a6fd877]::panicking::default_hook
[INFO] [stdout]    5:     0x62b05afbf7b0 - test[aada8e7e76ba119b]::test_main_inner::{closure#0}
[INFO] [stdout]    6:     0x62b05b09ffd2 - std[617be2ca0a6fd877]::panicking::panic_with_hook
[INFO] [stdout]    7:     0x62b05b082072 - std[617be2ca0a6fd877]::panicking::panic_handler::{closure#0}
[INFO] [stdout]    8:     0x62b05b07a8a9 - std[617be2ca0a6fd877]::sys::backtrace::__rust_end_short_backtrace::<std[617be2ca0a6fd877]::panicking::panic_handler::{closure#0}, !>
[INFO] [stdout]    9:     0x62b05b082d1d - __rustc[ea4f61d10b84890b]::rust_begin_unwind
[INFO] [stdout]   10:     0x62b05b0bffbc - core[a373ad73a504971]::panicking::panic_fmt
[INFO] [stdout]   11:     0x62b05af3ab94 - mod[29153a423dcf402d]::codegen::expand::{closure#0}
[INFO] [stdout]   12:     0x62b05af3ae88 - mod[29153a423dcf402d]::codegen::expand
[INFO] [stdout]   13:     0x62b05af432f8 - <mod[29153a423dcf402d]::codegen::enum_with_multiple_attributes_per_variant::{closure#0} as core[a373ad73a504971]::ops::function::FnOnce<()>>::call_once
[INFO] [stdout]   14:     0x62b05afb2bfb - test[aada8e7e76ba119b]::__rust_begin_short_backtrace::<core[a373ad73a504971]::result::Result<(), alloc[2e1b2a31b91974c5]::string::String>, fn() -> core[a373ad73a504971]::result::Result<(), alloc[2e1b2a31b91974c5]::string::String>>
[INFO] [stdout]   15:     0x62b05afbfdd5 - test[aada8e7e76ba119b]::run_test::{closure#0}
[INFO] [stdout]   16:     0x62b05afb96c4 - std[617be2ca0a6fd877]::sys::backtrace::__rust_begin_short_backtrace::<test[aada8e7e76ba119b]::run_test::{closure#1}, ()>
[INFO] [stdout]   17:     0x62b05afc2e62 - <std[617be2ca0a6fd877]::thread::lifecycle::spawn_unchecked<test[aada8e7e76ba119b]::run_test::{closure#1}, ()>::{closure#1} as core[a373ad73a504971]::ops::function::FnOnce<()>>::call_once::{shim:vtable#0}
[INFO] [stdout]   18:     0x62b05b0a75ff - <std[617be2ca0a6fd877]::sys::thread::unix::Thread>::new::thread_start
[INFO] [stdout]   19:     0x725168c29dfa - <unknown>
[INFO] [stdout]   20:     0x725168cbd3d4 - clone
[INFO] [stdout]   21:                0x0 - <unknown>
[INFO] [stdout] 
[INFO] [stdout] ---- codegen::enum_with_macro_discriminants stdout ----
[INFO] [stdout] 
[INFO] [stdout] thread 'codegen::enum_with_macro_discriminants' (698) panicked at tests/codegen/mod.rs:14:33:
[INFO] [stdout] Expand error: An error occurred while formatting the source code: error: 'rustfmt' is not installed for the toolchain '1.100.0-beta.1-x86_64-unknown-linux-gnu'.
[INFO] [stdout] help: run `rustup component add --toolchain 1.100.0-beta.1-x86_64-unknown-linux-gnu rustfmt` to install it
[INFO] [stdout] 
[INFO] [stdout] stack backtrace:
[INFO] [stdout]    0:     0x62b05b0a8631 - <<std[617be2ca0a6fd877]::sys::backtrace::BacktraceLock>::print::DisplayBacktrace as core[a373ad73a504971]::fmt::Display>::fmt
[INFO] [stdout]    1:     0x62b05b0bf7da - core[a373ad73a504971]::fmt::write
[INFO] [stdout]    2:     0x62b05b0acc1c - <alloc[2e1b2a31b91974c5]::vec::Vec<u8> as core[a373ad73a504971]::io::write::Write>::write_fmt
[INFO] [stdout]    3:     0x62b05b081fc6 - std[617be2ca0a6fd877]::panicking::default_hook::{closure#0}
[INFO] [stdout]    4:     0x62b05b09fca9 - std[617be2ca0a6fd877]::panicking::default_hook
[INFO] [stdout]    5:     0x62b05afbf7b0 - test[aada8e7e76ba119b]::test_main_inner::{closure#0}
[INFO] [stdout]    6:     0x62b05b09ffd2 - std[617be2ca0a6fd877]::panicking::panic_with_hook
[INFO] [stdout]    7:     0x62b05b082072 - std[617be2ca0a6fd877]::panicking::panic_handler::{closure#0}
[INFO] [stdout]    8:     0x62b05b07a8a9 - std[617be2ca0a6fd877]::sys::backtrace::__rust_end_short_backtrace::<std[617be2ca0a6fd877]::panicking::panic_handler::{closure#0}, !>
[INFO] [stdout]    9:     0x62b05b082d1d - __rustc[ea4f61d10b84890b]::rust_begin_unwind
[INFO] [stdout]   10:     0x62b05b0bffbc - core[a373ad73a504971]::panicking::panic_fmt
[INFO] [stdout]   11:     0x62b05af3ab94 - mod[29153a423dcf402d]::codegen::expand::{closure#0}
[INFO] [stdout]   12:     0x62b05af3ae88 - mod[29153a423dcf402d]::codegen::expand
[INFO] [stdout]   13:     0x62b05af410f8 - <mod[29153a423dcf402d]::codegen::enum_with_macro_discriminants::{closure#0} as core[a373ad73a504971]::ops::function::FnOnce<()>>::call_once
[INFO] [stdout]   14:     0x62b05afb2bfb - test[aada8e7e76ba119b]::__rust_begin_short_backtrace::<core[a373ad73a504971]::result::Result<(), alloc[2e1b2a31b91974c5]::string::String>, fn() -> core[a373ad73a504971]::result::Result<(), alloc[2e1b2a31b91974c5]::string::String>>
[INFO] [stdout]   15:     0x62b05afbfdd5 - test[aada8e7e76ba119b]::run_test::{closure#0}
[INFO] [stdout]   16:     0x62b05afb96c4 - std[617be2ca0a6fd877]::sys::backtrace::__rust_begin_short_backtrace::<test[aada8e7e76ba119b]::run_test::{closure#1}, ()>
[INFO] [stdout]   17:     0x62b05afc2e62 - <std[617be2ca0a6fd877]::thread::lifecycle::spawn_unchecked<test[aada8e7e76ba119b]::run_test::{closure#1}, ()>::{closure#1} as core[a373ad73a504971]::ops::function::FnOnce<()>>::call_once::{shim:vtable#0}
[INFO] [stdout]   18:     0x62b05b0a75ff - <std[617be2ca0a6fd877]::sys::thread::unix::Thread>::new::thread_start
[INFO] [stdout]   19:     0x725168c29dfa - <unknown>
[INFO] [stdout]   20:     0x725168cbd3d4 - clone
[INFO] [stdout]   21:                0x0 - <unknown>
[INFO] [stdout] 
[INFO] [stdout] ---- codegen::derive_real_life_cub_config stdout ----
[INFO] [stdout] 
[INFO] [stdout] thread 'codegen::derive_real_life_cub_config' (688) panicked at tests/codegen/mod.rs:14:33:
[INFO] [stdout] Expand error: An error occurred while formatting the source code: error: 'rustfmt' is not installed for the toolchain '1.100.0-beta.1-x86_64-unknown-linux-gnu'.
[INFO] [stdout] help: run `rustup component add --toolchain 1.100.0-beta.1-x86_64-unknown-linux-gnu rustfmt` to install it
[INFO] [stdout] 
[INFO] [stdout] stack backtrace:
[INFO] [stdout]    0:     0x62b05b0a8631 - <<std[617be2ca0a6fd877]::sys::backtrace::BacktraceLock>::print::DisplayBacktrace as core[a373ad73a504971]::fmt::Display>::fmt
[INFO] [stdout]    1:     0x62b05b0bf7da - core[a373ad73a504971]::fmt::write
[INFO] [stdout]    2:     0x62b05b0acc1c - <alloc[2e1b2a31b91974c5]::vec::Vec<u8> as core[a373ad73a504971]::io::write::Write>::write_fmt
[INFO] [stdout]    3:     0x62b05b081fc6 - std[617be2ca0a6fd877]::panicking::default_hook::{closure#0}
[INFO] [stdout]    4:     0x62b05b09fca9 - std[617be2ca0a6fd877]::panicking::default_hook
[INFO] [stdout]    5:     0x62b05afbf7b0 - test[aada8e7e76ba119b]::test_main_inner::{closure#0}
[INFO] [stdout]    6:     0x62b05b09ffd2 - std[617be2ca0a6fd877]::panicking::panic_with_hook
[INFO] [stdout]    7:     0x62b05b082072 - std[617be2ca0a6fd877]::panicking::panic_handler::{closure#0}
[INFO] [stdout]    8:     0x62b05b07a8a9 - std[617be2ca0a6fd877]::sys::backtrace::__rust_end_short_backtrace::<std[617be2ca0a6fd877]::panicking::panic_handler::{closure#0}, !>
[INFO] [stdout]    9:     0x62b05b082d1d - __rustc[ea4f61d10b84890b]::rust_begin_unwind
[INFO] [stdout]   10:     0x62b05b0bffbc - core[a373ad73a504971]::panicking::panic_fmt
[INFO] [stdout]   11:     0x62b05af3ab94 - mod[29153a423dcf402d]::codegen::expand::{closure#0}
[INFO] [stdout]   12:     0x62b05af3ae88 - mod[29153a423dcf402d]::codegen::expand
[INFO] [stdout]   13:     0x62b05af404f8 - <mod[29153a423dcf402d]::codegen::derive_real_life_cub_config::{closure#0} as core[a373ad73a504971]::ops::function::FnOnce<()>>::call_once
[INFO] [stdout]   14:     0x62b05afb2bfb - test[aada8e7e76ba119b]::__rust_begin_short_backtrace::<core[a373ad73a504971]::result::Result<(), alloc[2e1b2a31b91974c5]::string::String>, fn() -> core[a373ad73a504971]::result::Result<(), alloc[2e1b2a31b91974c5]::string::String>>
[INFO] [stdout]   15:     0x62b05afbfdd5 - test[aada8e7e76ba119b]::run_test::{closure#0}
[INFO] [stdout]   16:     0x62b05afb96c4 - std[617be2ca0a6fd877]::sys::backtrace::__rust_begin_short_backtrace::<test[aada8e7e76ba119b]::run_test::{closure#1}, ()>
[INFO] [stdout]   17:     0x62b05afc2e62 - <std[617be2ca0a6fd877]::thread::lifecycle::spawn_unchecked<test[aada8e7e76ba119b]::run_test::{closure#1}, ()>::{closure#1} as core[a373ad73a504971]::ops::function::FnOnce<()>>::call_once::{shim:vtable#0}
[INFO] [stdout]   18:     0x62b05b0a75ff - <std[617be2ca0a6fd877]::sys::thread::unix::Thread>::new::thread_start
[INFO] [stdout]   19:     0x725168c29dfa - <unknown>
[INFO] [stdout]   20:     0x725168cbd3d4 - clone
[INFO] [stdout]   21:                0x0 - <unknown>
[INFO] [stdout] 
[INFO] [stdout] ---- codegen::enum_doc_comment stdout ----
[INFO] [stdout] 
[INFO] [stdout] thread 'codegen::enum_doc_comment' (689) panicked at tests/codegen/mod.rs:14:33:
[INFO] [stdout] Expand error: An error occurred while formatting the source code: error: 'rustfmt' is not installed for the toolchain '1.100.0-beta.1-x86_64-unknown-linux-gnu'.
[INFO] [stdout] help: run `rustup component add --toolchain 1.100.0-beta.1-x86_64-unknown-linux-gnu rustfmt` to install it
[INFO] [stdout] 
[INFO] [stdout] stack backtrace:
[INFO] [stdout]    0:     0x62b05b0a8631 - <<std[617be2ca0a6fd877]::sys::backtrace::BacktraceLock>::print::DisplayBacktrace as core[a373ad73a504971]::fmt::Display>::fmt
[INFO] [stdout]    1:     0x62b05b0bf7da - core[a373ad73a504971]::fmt::write
[INFO] [stdout]    2:     0x62b05b0acc1c - <alloc[2e1b2a31b91974c5]::vec::Vec<u8> as core[a373ad73a504971]::io::write::Write>::write_fmt
[INFO] [stdout]    3:     0x62b05b081fc6 - std[617be2ca0a6fd877]::panicking::default_hook::{closure#0}
[INFO] [stdout]    4:     0x62b05b09fca9 - std[617be2ca0a6fd877]::panicking::default_hook
[INFO] [stdout]    5:     0x62b05afbf7b0 - test[aada8e7e76ba119b]::test_main_inner::{closure#0}
[INFO] [stdout]    6:     0x62b05b09ffd2 - std[617be2ca0a6fd877]::panicking::panic_with_hook
[INFO] [stdout]    7:     0x62b05b082072 - std[617be2ca0a6fd877]::panicking::panic_handler::{closure#0}
[INFO] [stdout]    8:     0x62b05b07a8a9 - std[617be2ca0a6fd877]::sys::backtrace::__rust_end_short_backtrace::<std[617be2ca0a6fd877]::panicking::panic_handler::{closure#0}, !>
[INFO] [stdout]    9:     0x62b05b082d1d - __rustc[ea4f61d10b84890b]::rust_begin_unwind
[INFO] [stdout]   10:     0x62b05b0bffbc - core[a373ad73a504971]::panicking::panic_fmt
[INFO] [stdout]   11:     0x62b05af3ab94 - mod[29153a423dcf402d]::codegen::expand::{closure#0}
[INFO] [stdout]   12:     0x62b05af3ae88 - mod[29153a423dcf402d]::codegen::expand
[INFO] [stdout]   13:     0x62b05af3c4f8 - <mod[29153a423dcf402d]::codegen::enum_doc_comment::{closure#0} as core[a373ad73a504971]::ops::function::FnOnce<()>>::call_once
[INFO] [stdout]   14:     0x62b05afb2bfb - test[aada8e7e76ba119b]::__rust_begin_short_backtrace::<core[a373ad73a504971]::result::Result<(), alloc[2e1b2a31b91974c5]::string::String>, fn() -> core[a373ad73a504971]::result::Result<(), alloc[2e1b2a31b91974c5]::string::String>>
[INFO] [stdout]   15:     0x62b05afbfdd5 - test[aada8e7e76ba119b]::run_test::{closure#0}
[INFO] [stdout]   16:     0x62b05afb96c4 - std[617be2ca0a6fd877]::sys::backtrace::__rust_begin_short_backtrace::<test[aada8e7e76ba119b]::run_test::{closure#1}, ()>
[INFO] [stdout]   17:     0x62b05afc2e62 - <std[617be2ca0a6fd877]::thread::lifecycle::spawn_unchecked<test[aada8e7e76ba119b]::run_test::{closure#1}, ()>::{closure#1} as core[a373ad73a504971]::ops::function::FnOnce<()>>::call_once::{shim:vtable#0}
[INFO] [stdout]   18:     0x62b05b0a75ff - <std[617be2ca0a6fd877]::sys::thread::unix::Thread>::new::thread_start
[INFO] [stdout]   19:     0x725168c29dfa - <unknown>
[INFO] [stdout]   20:     0x725168cbd3d4 - clone
[INFO] [stdout]   21:                0x0 - <unknown>
[INFO] [stdout] 
[INFO] [stdout] ---- codegen::enum_with_discriminants_decimal stdout ----
[INFO] [stdout] 
[INFO] [stdout] thread 'codegen::enum_with_discriminants_decimal' (694) panicked at tests/codegen/mod.rs:14:33:
[INFO] [stdout] Expand error: An error occurred while formatting the source code: error: 'rustfmt' is not installed for the toolchain '1.100.0-beta.1-x86_64-unknown-linux-gnu'.
[INFO] [stdout] help: run `rustup component add --toolchain 1.100.0-beta.1-x86_64-unknown-linux-gnu rustfmt` to install it
[INFO] [stdout] 
[INFO] [stdout] stack backtrace:
[INFO] [stdout]    0:     0x62b05b0a8631 - <<std[617be2ca0a6fd877]::sys::backtrace::BacktraceLock>::print::DisplayBacktrace as core[a373ad73a504971]::fmt::Display>::fmt
[INFO] [stdout]    1:     0x62b05b0bf7da - core[a373ad73a504971]::fmt::write
[INFO] [stdout]    2:     0x62b05b0acc1c - <alloc[2e1b2a31b91974c5]::vec::Vec<u8> as core[a373ad73a504971]::io::write::Write>::write_fmt
[INFO] [stdout]    3:     0x62b05b081fc6 - std[617be2ca0a6fd877]::panicking::default_hook::{closure#0}
[INFO] [stdout]    4:     0x62b05b09fca9 - std[617be2ca0a6fd877]::panicking::default_hook
[INFO] [stdout]    5:     0x62b05afbf7b0 - test[aada8e7e76ba119b]::test_main_inner::{closure#0}
[INFO] [stdout]    6:     0x62b05b09ffd2 - std[617be2ca0a6fd877]::panicking::panic_with_hook
[INFO] [stdout]    7:     0x62b05b082072 - std[617be2ca0a6fd877]::panicking::panic_handler::{closure#0}
[INFO] [stdout]    8:     0x62b05b07a8a9 - std[617be2ca0a6fd877]::sys::backtrace::__rust_end_short_backtrace::<std[617be2ca0a6fd877]::panicking::panic_handler::{closure#0}, !>
[INFO] [stdout]    9:     0x62b05b082d1d - __rustc[ea4f61d10b84890b]::rust_begin_unwind
[INFO] [stdout]   10:     0x62b05b0bffbc - core[a373ad73a504971]::panicking::panic_fmt
[INFO] [stdout]   11:     0x62b05af3ab94 - mod[29153a423dcf402d]::codegen::expand::{closure#0}
[INFO] [stdout]   12:     0x62b05af3ae88 - mod[29153a423dcf402d]::codegen::expand
[INFO] [stdout]   13:     0x62b05af41ef8 - <mod[29153a423dcf402d]::codegen::enum_with_discriminants_decimal::{closure#0} as core[a373ad73a504971]::ops::function::FnOnce<()>>::call_once
[INFO] [stdout]   14:     0x62b05afb2bfb - test[aada8e7e76ba119b]::__rust_begin_short_backtrace::<core[a373ad73a504971]::result::Result<(), alloc[2e1b2a31b91974c5]::string::String>, fn() -> core[a373ad73a504971]::result::Result<(), alloc[2e1b2a31b91974c5]::string::String>>
[INFO] [stdout]   15:     0x62b05afbfdd5 - test[aada8e7e76ba119b]::run_test::{closure#0}
[INFO] [stdout]   16:     0x62b05afb96c4 - std[617be2ca0a6fd877]::sys::backtrace::__rust_begin_short_backtrace::<test[aada8e7e76ba119b]::run_test::{closure#1}, ()>
[INFO] [stdout]   17:     0x62b05afc2e62 - <std[617be2ca0a6fd877]::thread::lifecycle::spawn_unchecked<test[aada8e7e76ba119b]::run_test::{closure#1}, ()>::{closure#1} as core[a373ad73a504971]::ops::function::FnOnce<()>>::call_once::{shim:vtable#0}
[INFO] [stdout]   18:     0x62b05b0a75ff - <std[617be2ca0a6fd877]::sys::thread::unix::Thread>::new::thread_start
[INFO] [stdout]   19:     0x725168c29dfa - <unknown>
[INFO] [stdout]   20:     0x725168cbd3d4 - clone
[INFO] [stdout]   21:                0x0 - <unknown>
[INFO] [stdout] 
[INFO] [stdout] ---- codegen::enum_generic stdout ----
[INFO] [stdout] 
[INFO] [stdout] thread 'codegen::enum_generic' (690) panicked at tests/codegen/mod.rs:14:33:
[INFO] [stdout] Expand error: An error occurred while formatting the source code: error: 'rustfmt' is not installed for the toolchain '1.100.0-beta.1-x86_64-unknown-linux-gnu'.
[INFO] [stdout] help: run `rustup component add --toolchain 1.100.0-beta.1-x86_64-unknown-linux-gnu rustfmt` to install it
[INFO] [stdout] 
[INFO] [stdout] stack backtrace:
[INFO] [stdout]    0:     0x62b05b0a8631 - <<std[617be2ca0a6fd877]::sys::backtrace::BacktraceLock>::print::DisplayBacktrace as core[a373ad73a504971]::fmt::Display>::fmt
[INFO] [stdout]    1:     0x62b05b0bf7da - core[a373ad73a504971]::fmt::write
[INFO] [stdout]    2:     0x62b05b0acc1c - <alloc[2e1b2a31b91974c5]::vec::Vec<u8> as core[a373ad73a504971]::io::write::Write>::write_fmt
[INFO] [stdout]    3:     0x62b05b081fc6 - std[617be2ca0a6fd877]::panicking::default_hook::{closure#0}
[INFO] [stdout]    4:     0x62b05b09fca9 - std[617be2ca0a6fd877]::panicking::default_hook
[INFO] [stdout]    5:     0x62b05afbf7b0 - test[aada8e7e76ba119b]::test_main_inner::{closure#0}
[INFO] [stdout]    6:     0x62b05b09ffd2 - std[617be2ca0a6fd877]::panicking::panic_with_hook
[INFO] [stdout]    7:     0x62b05b082072 - std[617be2ca0a6fd877]::panicking::panic_handler::{closure#0}
[INFO] [stdout]    8:     0x62b05b07a8a9 - std[617be2ca0a6fd877]::sys::backtrace::__rust_end_short_backtrace::<std[617be2ca0a6fd877]::panicking::panic_handler::{closure#0}, !>
[INFO] [stdout]    9:     0x62b05b082d1d - __rustc[ea4f61d10b84890b]::rust_begin_unwind
[INFO] [stdout]   10:     0x62b05b0bffbc - core[a373ad73a504971]::panicking::panic_fmt
[INFO] [stdout]   11:     0x62b05af3ab94 - mod[29153a423dcf402d]::codegen::expand::{closure#0}
[INFO] [stdout]   12:     0x62b05af3ae88 - mod[29153a423dcf402d]::codegen::expand
[INFO] [stdout]   13:     0x62b05af3b8f8 - <mod[29153a423dcf402d]::codegen::enum_generic::{closure#0} as core[a373ad73a504971]::ops::function::FnOnce<()>>::call_once
[INFO] [stdout]   14:     0x62b05afb2bfb - test[aada8e7e76ba119b]::__rust_begin_short_backtrace::<core[a373ad73a504971]::result::Result<(), alloc[2e1b2a31b91974c5]::string::String>, fn() -> core[a373ad73a504971]::result::Result<(), alloc[2e1b2a31b91974c5]::string::String>>
[INFO] [stdout]   15:     0x62b05afbfdd5 - test[aada8e7e76ba119b]::run_test::{closure#0}
[INFO] [stdout]   16:     0x62b05afb96c4 - std[617be2ca0a6fd877]::sys::backtrace::__rust_begin_short_backtrace::<test[aada8e7e76ba119b]::run_test::{closure#1}, ()>
[INFO] [stdout]   17:     0x62b05afc2e62 - <std[617be2ca0a6fd877]::thread::lifecycle::spawn_unchecked<test[aada8e7e76ba119b]::run_test::{closure#1}, ()>::{closure#1} as core[a373ad73a504971]::ops::function::FnOnce<()>>::call_once::{shim:vtable#0}
[INFO] [stdout]   18:     0x62b05b0a75ff - <std[617be2ca0a6fd877]::sys::thread::unix::Thread>::new::thread_start
[INFO] [stdout]   19:     0x725168c29dfa - <unknown>
[INFO] [stdout]   20:     0x725168cbd3d4 - clone
[INFO] [stdout]   21:                0x0 - <unknown>
[INFO] [stdout] 
[INFO] [stdout] ---- codegen::enum_with_nested_generic_in_variant_one_level stdout ----
[INFO] [stdout] 
[INFO] [stdout] thread 'codegen::enum_with_nested_generic_in_variant_one_level' (700) panicked at tests/codegen/mod.rs:14:33:
[INFO] [stdout] Expand error: An error occurred while formatting the source code: error: 'rustfmt' is not installed for the toolchain '1.100.0-beta.1-x86_64-unknown-linux-gnu'.
[INFO] [stdout] help: run `rustup component add --toolchain 1.100.0-beta.1-x86_64-unknown-linux-gnu rustfmt` to install it
[INFO] [stdout] 
[INFO] [stdout] stack backtrace:
[INFO] [stdout]    0:     0x62b05b0a8631 - <<std[617be2ca0a6fd877]::sys::backtrace::BacktraceLock>::print::DisplayBacktrace as core[a373ad73a504971]::fmt::Display>::fmt
[INFO] [stdout]    1:     0x62b05b0bf7da - core[a373ad73a504971]::fmt::write
[INFO] [stdout]    2:     0x62b05b0acc1c - <alloc[2e1b2a31b91974c5]::vec::Vec<u8> as core[a373ad73a504971]::io::write::Write>::write_fmt
[INFO] [stdout]    3:     0x62b05b081fc6 - std[617be2ca0a6fd877]::panicking::default_hook::{closure#0}
[INFO] [stdout]    4:     0x62b05b09fca9 - std[617be2ca0a6fd877]::panicking::default_hook
[INFO] [stdout]    5:     0x62b05afbf7b0 - test[aada8e7e76ba119b]::test_main_inner::{closure#0}
[INFO] [stdout]    6:     0x62b05b09ffd2 - std[617be2ca0a6fd877]::panicking::panic_with_hook
[INFO] [stdout]    7:     0x62b05b082072 - std[617be2ca0a6fd877]::panicking::panic_handler::{closure#0}
[INFO] [stdout]    8:     0x62b05b07a8a9 - std[617be2ca0a6fd877]::sys::backtrace::__rust_end_short_backtrace::<std[617be2ca0a6fd877]::panicking::panic_handler::{closure#0}, !>
[INFO] [stdout]    9:     0x62b05b082d1d - __rustc[ea4f61d10b84890b]::rust_begin_unwind
[INFO] [stdout]   10:     0x62b05b0bffbc - core[a373ad73a504971]::panicking::panic_fmt
[INFO] [stdout]   11:     0x62b05af3ab94 - mod[29153a423dcf402d]::codegen::expand::{closure#0}
[INFO] [stdout]   12:     0x62b05af3ae88 - mod[29153a423dcf402d]::codegen::expand
[INFO] [stdout]   13:     0x62b05af434f8 - <mod[29153a423dcf402d]::codegen::enum_with_nested_generic_in_variant_one_level::{closure#0} as core[a373ad73a504971]::ops::function::FnOnce<()>>::call_once
[INFO] [stdout]   14:     0x62b05afb2bfb - test[aada8e7e76ba119b]::__rust_begin_short_backtrace::<core[a373ad73a504971]::result::Result<(), alloc[2e1b2a31b91974c5]::string::String>, fn() -> core[a373ad73a504971]::result::Result<(), alloc[2e1b2a31b91974c5]::string::String>>
[INFO] [stdout]   15:     0x62b05afbfdd5 - test[aada8e7e76ba119b]::run_test::{closure#0}
[INFO] [stdout]   16:     0x62b05afb96c4 - std[617be2ca0a6fd877]::sys::backtrace::__rust_begin_short_backtrace::<test[aada8e7e76ba119b]::run_test::{closure#1}, ()>
[INFO] [stdout]   17:     0x62b05afc2e62 - <std[617be2ca0a6fd877]::thread::lifecycle::spawn_unchecked<test[aada8e7e76ba119b]::run_test::{closure#1}, ()>::{closure#1} as core[a373ad73a504971]::ops::function::FnOnce<()>>::call_once::{shim:vtable#0}
[INFO] [stdout]   18:     0x62b05b0a75ff - <std[617be2ca0a6fd877]::sys::thread::unix::Thread>::new::thread_start
[INFO] [stdout]   19:     0x725168c29dfa - <unknown>
[INFO] [stdout]   20:     0x725168cbd3d4 - clone
[INFO] [stdout]   21:                0x0 - <unknown>
[INFO] [stdout] 
[INFO] [stdout] ---- codegen::enum_variants_with_comments stdout ----
[INFO] [stdout] 
[INFO] [stdout] thread 'codegen::enum_variants_with_comments' (691) panicked at tests/codegen/mod.rs:14:33:
[INFO] [stdout] Expand error: An error occurred while formatting the source code: error: 'rustfmt' is not installed for the toolchain '1.100.0-beta.1-x86_64-unknown-linux-gnu'.
[INFO] [stdout] help: run `rustup component add --toolchain 1.100.0-beta.1-x86_64-unknown-linux-gnu rustfmt` to install it
[INFO] [stdout] 
[INFO] [stdout] stack backtrace:
[INFO] [stdout]    0:     0x62b05b0a8631 - <<std[617be2ca0a6fd877]::sys::backtrace::BacktraceLock>::print::DisplayBacktrace as core[a373ad73a504971]::fmt::Display>::fmt
[INFO] [stdout]    1:     0x62b05b0bf7da - core[a373ad73a504971]::fmt::write
[INFO] [stdout]    2:     0x62b05b0acc1c - <alloc[2e1b2a31b91974c5]::vec::Vec<u8> as core[a373ad73a504971]::io::write::Write>::write_fmt
[INFO] [stdout]    3:     0x62b05b081fc6 - std[617be2ca0a6fd877]::panicking::default_hook::{closure#0}
[INFO] [stdout]    4:     0x62b05b09fca9 - std[617be2ca0a6fd877]::panicking::default_hook
[INFO] [stdout]    5:     0x62b05afbf7b0 - test[aada8e7e76ba119b]::test_main_inner::{closure#0}
[INFO] [stdout]    6:     0x62b05b09ffd2 - std[617be2ca0a6fd877]::panicking::panic_with_hook
[INFO] [stdout]    7:     0x62b05b082072 - std[617be2ca0a6fd877]::panicking::panic_handler::{closure#0}
[INFO] [stdout]    8:     0x62b05b07a8a9 - std[617be2ca0a6fd877]::sys::backtrace::__rust_end_short_backtrace::<std[617be2ca0a6fd877]::panicking::panic_handler::{closure#0}, !>
[INFO] [stdout]    9:     0x62b05b082d1d - __rustc[ea4f61d10b84890b]::rust_begin_unwind
[INFO] [stdout]   10:     0x62b05b0bffbc - core[a373ad73a504971]::panicking::panic_fmt
[INFO] [stdout]   11:     0x62b05af3ab94 - mod[29153a423dcf402d]::codegen::expand::{closure#0}
[INFO] [stdout]   12:     0x62b05af3ae88 - mod[29153a423dcf402d]::codegen::expand
[INFO] [stdout]   13:     0x62b05af406f8 - <mod[29153a423dcf402d]::codegen::enum_variants_with_comments::{closure#0} as core[a373ad73a504971]::ops::function::FnOnce<()>>::call_once
[INFO] [stdout]   14:     0x62b05afb2bfb - test[aada8e7e76ba119b]::__rust_begin_short_backtrace::<core[a373ad73a504971]::result::Result<(), alloc[2e1b2a31b91974c5]::string::String>, fn() -> core[a373ad73a504971]::result::Result<(), alloc[2e1b2a31b91974c5]::string::String>>
[INFO] [stdout]   15:     0x62b05afbfdd5 - test[aada8e7e76ba119b]::run_test::{closure#0}
[INFO] [stdout]   16:     0x62b05afb96c4 - std[617be2ca0a6fd877]::sys::backtrace::__rust_begin_short_backtrace::<test[aada8e7e76ba119b]::run_test::{closure#1}, ()>
[INFO] [stdout]   17:     0x62b05afc2e62 - <std[617be2ca0a6fd877]::thread::lifecycle::spawn_unchecked<test[aada8e7e76ba119b]::run_test::{closure#1}, ()>::{closure#1} as core[a373ad73a504971]::ops::function::FnOnce<()>>::call_once::{shim:vtable#0}
[INFO] [stdout]   18:     0x62b05b0a75ff - <std[617be2ca0a6fd877]::sys::thread::unix::Thread>::new::thread_start
[INFO] [stdout]   19:     0x725168c29dfa - <unknown>
[INFO] [stdout]   20:     0x725168cbd3d4 - clone
[INFO] [stdout]   21:                0x0 - <unknown>
[INFO] [stdout] 
[INFO] [stdout] ---- codegen::cfg_attrs_on_field stdout ----
[INFO] [stdout] 
[INFO] [stdout] thread 'codegen::cfg_attrs_on_field' (687) panicked at tests/codegen/mod.rs:14:33:
[INFO] [stdout] Expand error: An error occurred while formatting the source code: error: 'rustfmt' is not installed for the toolchain '1.100.0-beta.1-x86_64-unknown-linux-gnu'.
[INFO] [stdout] help: run `rustup component add --toolchain 1.100.0-beta.1-x86_64-unknown-linux-gnu rustfmt` to install it
[INFO] [stdout] 
[INFO] [stdout] stack backtrace:
[INFO] [stdout]    0:     0x62b05b0a8631 - <<std[617be2ca0a6fd877]::sys::backtrace::BacktraceLock>::print::DisplayBacktrace as core[a373ad73a504971]::fmt::Display>::fmt
[INFO] [stdout]    1:     0x62b05b0bf7da - core[a373ad73a504971]::fmt::write
[INFO] [stdout]    2:     0x62b05b0acc1c - <alloc[2e1b2a31b91974c5]::vec::Vec<u8> as core[a373ad73a504971]::io::write::Write>::write_fmt
[INFO] [stdout]    3:     0x62b05b081fc6 - std[617be2ca0a6fd877]::panicking::default_hook::{closure#0}
[INFO] [stdout]    4:     0x62b05b09fca9 - std[617be2ca0a6fd877]::panicking::default_hook
[INFO] [stdout]    5:     0x62b05afbf7b0 - test[aada8e7e76ba119b]::test_main_inner::{closure#0}
[INFO] [stdout]    6:     0x62b05b09ffd2 - std[617be2ca0a6fd877]::panicking::panic_with_hook
[INFO] [stdout]    7:     0x62b05b082072 - std[617be2ca0a6fd877]::panicking::panic_handler::{closure#0}
[INFO] [stdout]    8:     0x62b05b07a8a9 - std[617be2ca0a6fd877]::sys::backtrace::__rust_end_short_backtrace::<std[617be2ca0a6fd877]::panicking::panic_handler::{closure#0}, !>
[INFO] [stdout]    9:     0x62b05b082d1d - __rustc[ea4f61d10b84890b]::rust_begin_unwind
[INFO] [stdout]   10:     0x62b05b0bffbc - core[a373ad73a504971]::panicking::panic_fmt
[INFO] [stdout]   11:     0x62b05af3ab94 - mod[29153a423dcf402d]::codegen::expand::{closure#0}
[INFO] [stdout]   12:     0x62b05af3ae88 - mod[29153a423dcf402d]::codegen::expand
[INFO] [stdout]   13:     0x62b05af3caf8 - <mod[29153a423dcf402d]::codegen::cfg_attrs_on_field::{closure#0} as core[a373ad73a504971]::ops::function::FnOnce<()>>::call_once
[INFO] [stdout]   14:     0x62b05afb2bfb - test[aada8e7e76ba119b]::__rust_begin_short_backtrace::<core[a373ad73a504971]::result::Result<(), alloc[2e1b2a31b91974c5]::string::String>, fn() -> core[a373ad73a504971]::result::Result<(), alloc[2e1b2a31b91974c5]::string::String>>
[INFO] [stdout]   15:     0x62b05afbfdd5 - test[aada8e7e76ba119b]::run_test::{closure#0}
[INFO] [stdout]   16:     0x62b05afb96c4 - std[617be2ca0a6fd877]::sys::backtrace::__rust_begin_short_backtrace::<test[aada8e7e76ba119b]::run_test::{closure#1}, ()>
[INFO] [stdout]   17:     0x62b05afc2e62 - <std[617be2ca0a6fd877]::thread::lifecycle::spawn_unchecked<test[aada8e7e76ba119b]::run_test::{closure#1}, ()>::{closure#1} as core[a373ad73a504971]::ops::function::FnOnce<()>>::call_once::{shim:vtable#0}
[INFO] [stdout]   18:     0x62b05b0a75ff - <std[617be2ca0a6fd877]::sys::thread::unix::Thread>::new::thread_start
[INFO] [stdout]   19:     0x725168c29dfa - <unknown>
[INFO] [stdout]   20:     0x725168cbd3d4 - clone
[INFO] [stdout]   21:                0x0 - <unknown>
[INFO] [stdout] 
[INFO] [stdout] ---- codegen::opaque_arc stdout ----
[INFO] [stdout] 
[INFO] [stdout] thread 'codegen::opaque_arc' (3406) panicked at tests/codegen/mod.rs:14:33:
[INFO] [stdout] Expand error: An error occurred while formatting the source code: error: 'rustfmt' is not installed for the toolchain '1.100.0-beta.1-x86_64-unknown-linux-gnu'.
[INFO] [stdout] help: run `rustup component add --toolchain 1.100.0-beta.1-x86_64-unknown-linux-gnu rustfmt` to install it
[INFO] [stdout] 
[INFO] [stdout] stack backtrace:
[INFO] [stdout]    0:     0x62b05b0a8631 - <<std[617be2ca0a6fd877]::sys::backtrace::BacktraceLock>::print::DisplayBacktrace as core[a373ad73a504971]::fmt::Display>::fmt
[INFO] [stdout]    1:     0x62b05b0bf7da - core[a373ad73a504971]::fmt::write
[INFO] [stdout]    2:     0x62b05b0acc1c - <alloc[2e1b2a31b91974c5]::vec::Vec<u8> as core[a373ad73a504971]::io::write::Write>::write_fmt
[INFO] [stdout]    3:     0x62b05b081fc6 - std[617be2ca0a6fd877]::panicking::default_hook::{closure#0}
[INFO] [stdout]    4:     0x62b05b09fca9 - std[617be2ca0a6fd877]::panicking::default_hook
[INFO] [stdout]    5:     0x62b05afbf7b0 - test[aada8e7e76ba119b]::test_main_inner::{closure#0}
[INFO] [stdout]    6:     0x62b05b09ffd2 - std[617be2ca0a6fd877]::panicking::panic_with_hook
[INFO] [stdout]    7:     0x62b05b082072 - std[617be2ca0a6fd877]::panicking::panic_handler::{closure#0}
[INFO] [stdout]    8:     0x62b05b07a8a9 - std[617be2ca0a6fd877]::sys::backtrace::__rust_end_short_backtrace::<std[617be2ca0a6fd877]::panicking::panic_handler::{closure#0}, !>
[INFO] [stdout]    9:     0x62b05b082d1d - __rustc[ea4f61d10b84890b]::rust_begin_unwind
[INFO] [stdout]   10:     0x62b05b0bffbc - core[a373ad73a504971]::panicking::panic_fmt
[INFO] [stdout]   11:     0x62b05af3ab94 - mod[29153a423dcf402d]::codegen::expand::{closure#0}
[INFO] [stdout]   12:     0x62b05af3ae88 - mod[29153a423dcf402d]::codegen::expand
[INFO] [stdout]   13:     0x62b05af3b0f8 - <mod[29153a423dcf402d]::codegen::opaque_arc::{closure#0} as core[a373ad73a504971]::ops::function::FnOnce<()>>::call_once
[INFO] [stdout]   14:     0x62b05afb2bfb - test[aada8e7e76ba119b]::__rust_begin_short_backtrace::<core[a373ad73a504971]::result::Result<(), alloc[2e1b2a31b91974c5]::string::String>, fn() -> core[a373ad73a504971]::result::Result<(), alloc[2e1b2a31b91974c5]::string::String>>
[INFO] [stdout]   15:     0x62b05afbfdd5 - test[aada8e7e76ba119b]::run_test::{closure#0}
[INFO] [stdout]   16:     0x62b05afb96c4 - std[617be2ca0a6fd877]::sys::backtrace::__rust_begin_short_backtrace::<test[aada8e7e76ba119b]::run_test::{closure#1}, ()>
[INFO] [stdout]   17:     0x62b05afc2e62 - <std[617be2ca0a6fd877]::thread::lifecycle::spawn_unchecked<test[aada8e7e76ba119b]::run_test::{closure#1}, ()>::{closure#1} as core[a373ad73a504971]::ops::function::FnOnce<()>>::call_once::{shim:vtable#0}
[INFO] [stdout]   18:     0x62b05b0a75ff - <std[617be2ca0a6fd877]::sys::thread::unix::Thread>::new::thread_start
[INFO] [stdout]   19:     0x725168c29dfa - <unknown>
[INFO] [stdout]   20:     0x725168cbd3d4 - clone
[INFO] [stdout]   21:                0x0 - <unknown>
[INFO] [stdout] 
[INFO] [stdout] ---- codegen::enum_with_renamed_variants_and_fields stdout ----
[INFO] [stdout] 
[INFO] [stdout] thread 'codegen::enum_with_renamed_variants_and_fields' (3160) panicked at tests/codegen/mod.rs:14:33:
[INFO] [stdout] Expand error: An error occurred while formatting the source code: error: 'rustfmt' is not installed for the toolchain '1.100.0-beta.1-x86_64-unknown-linux-gnu'.
[INFO] [stdout] help: run `rustup component add --toolchain 1.100.0-beta.1-x86_64-unknown-linux-gnu rustfmt` to install it
[INFO] [stdout] 
[INFO] [stdout] stack backtrace:
[INFO] [stdout]    0:     0x62b05b0a8631 - <<std[617be2ca0a6fd877]::sys::backtrace::BacktraceLock>::print::DisplayBacktrace as core[a373ad73a504971]::fmt::Display>::fmt
[INFO] [stdout]    1:     0x62b05b0bf7da - core[a373ad73a504971]::fmt::write
[INFO] [stdout]    2:     0x62b05b0acc1c - <alloc[2e1b2a31b91974c5]::vec::Vec<u8> as core[a373ad73a504971]::io::write::Write>::write_fmt
[INFO] [stdout]    3:     0x62b05b081fc6 - std[617be2ca0a6fd877]::panicking::default_hook::{closure#0}
[INFO] [stdout]    4:     0x62b05b09fca9 - std[617be2ca0a6fd877]::panicking::default_hook
[INFO] [stdout]    5:     0x62b05afbf7b0 - test[aada8e7e76ba119b]::test_main_inner::{closure#0}
[INFO] [stdout]    6:     0x62b05b09ffd2 - std[617be2ca0a6fd877]::panicking::panic_with_hook
[INFO] [stdout]    7:     0x62b05b082072 - std[617be2ca0a6fd877]::panicking::panic_handler::{closure#0}
[INFO] [stdout]    8:     0x62b05b07a8a9 - std[617be2ca0a6fd877]::sys::backtrace::__rust_end_short_backtrace::<std[617be2ca0a6fd877]::panicking::panic_handler::{closure#0}, !>
[INFO] [stdout]    9:     0x62b05b082d1d - __rustc[ea4f61d10b84890b]::rust_begin_unwind
[INFO] [stdout]   10:     0x62b05b0bffbc - core[a373ad73a504971]::panicking::panic_fmt
[INFO] [stdout]   11:     0x62b05af3ab94 - mod[29153a423dcf402d]::codegen::expand::{closure#0}
[INFO] [stdout]   12:     0x62b05af3ae88 - mod[29153a423dcf402d]::codegen::expand
[INFO] [stdout]   13:     0x62b05af42cf8 - <mod[29153a423dcf402d]::codegen::enum_with_renamed_variants_and_fields::{closure#0} as core[a373ad73a504971]::ops::function::FnOnce<()>>::call_once
[INFO] [stdout]   14:     0x62b05afb2bfb - test[aada8e7e76ba119b]::__rust_begin_short_backtrace::<core[a373ad73a504971]::result::Result<(), alloc[2e1b2a31b91974c5]::string::String>, fn() -> core[a373ad73a504971]::result::Result<(), alloc[2e1b2a31b91974c5]::string::String>>
[INFO] [stdout]   15:     0x62b05afbfdd5 - test[aada8e7e76ba119b]::run_test::{closure#0}
[INFO] [stdout]   16:     0x62b05afb96c4 - std[617be2ca0a6fd877]::sys::backtrace::__rust_begin_short_backtrace::<test[aada8e7e76ba119b]::run_test::{closure#1}, ()>
[INFO] [stdout]   17:     0x62b05afc2e62 - <std[617be2ca0a6fd877]::thread::lifecycle::spawn_unchecked<test[aada8e7e76ba119b]::run_test::{closure#1}, ()>::{closure#1} as core[a373ad73a504971]::ops::function::FnOnce<()>>::call_once::{shim:vtable#0}
[INFO] [stdout]   18:     0x62b05b0a75ff - <std[617be2ca0a6fd877]::sys::thread::unix::Thread>::new::thread_start
[INFO] [stdout]   19:     0x725168c29dfa - <unknown>
[INFO] [stdout]   20:     0x725168cbd3d4 - clone
[INFO] [stdout]   21:                0x0 - <unknown>
[INFO] [stdout] 
[INFO] [stdout] ---- codegen::generic_bounds_t stdout ----
[INFO] [stdout] 
[INFO] [stdout] thread 'codegen::generic_bounds_t' (3294) panicked at tests/codegen/mod.rs:14:33:
[INFO] [stdout] Expand error: An error occurred while formatting the source code: error: 'rustfmt' is not installed for the toolchain '1.100.0-beta.1-x86_64-unknown-linux-gnu'.
[INFO] [stdout] help: run `rustup component add --toolchain 1.100.0-beta.1-x86_64-unknown-linux-gnu rustfmt` to install it
[INFO] [stdout] 
[INFO] [stdout] stack backtrace:
[INFO] [stdout]    0:     0x62b05b0a8631 - <<std[617be2ca0a6fd877]::sys::backtrace::BacktraceLock>::print::DisplayBacktrace as core[a373ad73a504971]::fmt::Display>::fmt
[INFO] [stdout]    1:     0x62b05b0bf7da - core[a373ad73a504971]::fmt::write
[INFO] [stdout]    2:     0x62b05b0acc1c - <alloc[2e1b2a31b91974c5]::vec::Vec<u8> as core[a373ad73a504971]::io::write::Write>::write_fmt
[INFO] [stdout]    3:     0x62b05b081fc6 - std[617be2ca0a6fd877]::panicking::default_hook::{closure#0}
[INFO] [stdout]    4:     0x62b05b09fca9 - std[617be2ca0a6fd877]::panicking::default_hook
[INFO] [stdout]    5:     0x62b05afbf7b0 - test[aada8e7e76ba119b]::test_main_inner::{closure#0}
[INFO] [stdout]    6:     0x62b05b09ffd2 - std[617be2ca0a6fd877]::panicking::panic_with_hook
[INFO] [stdout]    7:     0x62b05b082072 - std[617be2ca0a6fd877]::panicking::panic_handler::{closure#0}
[INFO] [stdout]    8:     0x62b05b07a8a9 - std[617be2ca0a6fd877]::sys::backtrace::__rust_end_short_backtrace::<std[617be2ca0a6fd877]::panicking::panic_handler::{closure#0}, !>
[INFO] [stdout]    9:     0x62b05b082d1d - __rustc[ea4f61d10b84890b]::rust_begin_unwind
[INFO] [stdout]   10:     0x62b05b0bffbc - core[a373ad73a504971]::panicking::panic_fmt
[INFO] [stdout]   11:     0x62b05af3ab94 - mod[29153a423dcf402d]::codegen::expand::{closure#0}
[INFO] [stdout]   12:     0x62b05af3ae88 - mod[29153a423dcf402d]::codegen::expand
[INFO] [stdout]   13:     0x62b05af3c6f8 - <mod[29153a423dcf402d]::codegen::generic_bounds_t::{closure#0} as core[a373ad73a504971]::ops::function::FnOnce<()>>::call_once
[INFO] [stdout]   14:     0x62b05afb2bfb - test[aada8e7e76ba119b]::__rust_begin_short_backtrace::<core[a373ad73a504971]::result::Result<(), alloc[2e1b2a31b91974c5]::string::String>, fn() -> core[a373ad73a504971]::result::Result<(), alloc[2e1b2a31b91974c5]::string::String>>
[INFO] [stdout]   15:     0x62b05afbfdd5 - test[aada8e7e76ba119b]::run_test::{closure#0}
[INFO] [stdout]   16:     0x62b05afb96c4 - std[617be2ca0a6fd877]::sys::backtrace::__rust_begin_short_backtrace::<test[aada8e7e76ba119b]::run_test::{closure#1}, ()>
[INFO] [stdout]   17:     0x62b05afc2e62 - <std[617be2ca0a6fd877]::thread::lifecycle::spawn_unchecked<test[aada8e7e76ba119b]::run_test::{closure#1}, ()>::{closure#1} as core[a373ad73a504971]::ops::function::FnOnce<()>>::call_once::{shim:vtable#0}
[INFO] [stdout]   18:     0x62b05b0a75ff - <std[617be2ca0a6fd877]::sys::thread::unix::Thread>::new::thread_start
[INFO] [stdout]   19:     0x725168c29dfa - <unknown>
[INFO] [stdout]   20:     0x725168cbd3d4 - clone
[INFO] [stdout]   21:                0x0 - <unknown>
[INFO] [stdout] 
[INFO] [stdout] ---- codegen::generic_bounds_tuple_t stdout ----
[INFO] [stdout] 
[INFO] [stdout] thread 'codegen::generic_bounds_tuple_t' (3312) panicked at tests/codegen/mod.rs:14:33:
[INFO] [stdout] Expand error: An error occurred while formatting the source code: error: 'rustfmt' is not installed for the toolchain '1.100.0-beta.1-x86_64-unknown-linux-gnu'.
[INFO] [stdout] help: run `rustup component add --toolchain 1.100.0-beta.1-x86_64-unknown-linux-gnu rustfmt` to install it
[INFO] [stdout] 
[INFO] [stdout] stack backtrace:
[INFO] [stdout]    0:     0x62b05b0a8631 - <<std[617be2ca0a6fd877]::sys::backtrace::BacktraceLock>::print::DisplayBacktrace as core[a373ad73a504971]::fmt::Display>::fmt
[INFO] [stdout]    1:     0x62b05b0bf7da - core[a373ad73a504971]::fmt::write
[INFO] [stdout]    2:     0x62b05b0acc1c - <alloc[2e1b2a31b91974c5]::vec::Vec<u8> as core[a373ad73a504971]::io::write::Write>::write_fmt
[INFO] [stdout]    3:     0x62b05b081fc6 - std[617be2ca0a6fd877]::panicking::default_hook::{closure#0}
[INFO] [stdout]    4:     0x62b05b09fca9 - std[617be2ca0a6fd877]::panicking::default_hook
[INFO] [stdout]    5:     0x62b05afbf7b0 - test[aada8e7e76ba119b]::test_main_inner::{closure#0}
[INFO] [stdout]    6:     0x62b05b09ffd2 - std[617be2ca0a6fd877]::panicking::panic_with_hook
[INFO] [stdout]    7:     0x62b05b082072 - std[617be2ca0a6fd877]::panicking::panic_handler::{closure#0}
[INFO] [stdout]    8:     0x62b05b07a8a9 - std[617be2ca0a6fd877]::sys::backtrace::__rust_end_short_backtrace::<std[617be2ca0a6fd877]::panicking::panic_handler::{closure#0}, !>
[INFO] [stdout]    9:     0x62b05b082d1d - __rustc[ea4f61d10b84890b]::rust_begin_unwind
[INFO] [stdout]   10:     0x62b05b0bffbc - core[a373ad73a504971]::panicking::panic_fmt
[INFO] [stdout]   11:     0x62b05af3ab94 - mod[29153a423dcf402d]::codegen::expand::{closure#0}
[INFO] [stdout]   12:     0x62b05af3ae88 - mod[29153a423dcf402d]::codegen::expand
[INFO] [stdout]   13:     0x62b05af3eaf8 - <mod[29153a423dcf402d]::codegen::generic_bounds_tuple_t::{closure#0} as core[a373ad73a504971]::ops::function::FnOnce<()>>::call_once
[INFO] [stdout]   14:     0x62b05afb2bfb - test[aada8e7e76ba119b]::__rust_begin_short_backtrace::<core[a373ad73a504971]::result::Result<(), alloc[2e1b2a31b91974c5]::string::String>, fn() -> core[a373ad73a504971]::result::Result<(), alloc[2e1b2a31b91974c5]::string::String>>
[INFO] [stdout]   15:     0x62b05afbfdd5 - test[aada8e7e76ba119b]::run_test::{closure#0}
[INFO] [stdout]   16:     0x62b05afb96c4 - std[617be2ca0a6fd877]::sys::backtrace::__rust_begin_short_backtrace::<test[aada8e7e76ba119b]::run_test::{closure#1}, ()>
[INFO] [stdout]   17:     0x62b05afc2e62 - <std[617be2ca0a6fd877]::thread::lifecycle::spawn_unchecked<test[aada8e7e76ba119b]::run_test::{closure#1}, ()>::{closure#1} as core[a373ad73a504971]::ops::function::FnOnce<()>>::call_once::{shim:vtable#0}
[INFO] [stdout]   18:     0x62b05b0a75ff - <std[617be2ca0a6fd877]::sys::thread::unix::Thread>::new::thread_start
[INFO] [stdout]   19:     0x725168c29dfa - <unknown>
[INFO] [stdout]   20:     0x725168cbd3d4 - clone
[INFO] [stdout]   21:                0x0 - <unknown>
[INFO] [stdout] 
[INFO] [stdout] ---- codegen::generic_bounds_k_v stdout ----
[INFO] [stdout] 
[INFO] [stdout] thread 'codegen::generic_bounds_k_v' (3267) panicked at tests/codegen/mod.rs:14:33:
[INFO] [stdout] Expand error: An error occurred while formatting the source code: error: 'rustfmt' is not installed for the toolchain '1.100.0-beta.1-x86_64-unknown-linux-gnu'.
[INFO] [stdout] help: run `rustup component add --toolchain 1.100.0-beta.1-x86_64-unknown-linux-gnu rustfmt` to install it
[INFO] [stdout] 
[INFO] [stdout] stack backtrace:
[INFO] [stdout]    0:     0x62b05b0a8631 - <<std[617be2ca0a6fd877]::sys::backtrace::BacktraceLock>::print::DisplayBacktrace as core[a373ad73a504971]::fmt::Display>::fmt
[INFO] [stdout]    1:     0x62b05b0bf7da - core[a373ad73a504971]::fmt::write
[INFO] [stdout]    2:     0x62b05b0acc1c - <alloc[2e1b2a31b91974c5]::vec::Vec<u8> as core[a373ad73a504971]::io::write::Write>::write_fmt
[INFO] [stdout]    3:     0x62b05b081fc6 - std[617be2ca0a6fd877]::panicking::default_hook::{closure#0}
[INFO] [stdout]    4:     0x62b05b09fca9 - std[617be2ca0a6fd877]::panicking::default_hook
[INFO] [stdout]    5:     0x62b05afbf7b0 - test[aada8e7e76ba119b]::test_main_inner::{closure#0}
[INFO] [stdout]    6:     0x62b05b09ffd2 - std[617be2ca0a6fd877]::panicking::panic_with_hook
[INFO] [stdout]    7:     0x62b05b082072 - std[617be2ca0a6fd877]::panicking::panic_handler::{closure#0}
[INFO] [stdout]    8:     0x62b05b07a8a9 - std[617be2ca0a6fd877]::sys::backtrace::__rust_end_short_backtrace::<std[617be2ca0a6fd877]::panicking::panic_handler::{closure#0}, !>
[INFO] [stdout]    9:     0x62b05b082d1d - __rustc[ea4f61d10b84890b]::rust_begin_unwind
[INFO] [stdout]   10:     0x62b05b0bffbc - core[a373ad73a504971]::panicking::panic_fmt
[INFO] [stdout]   11:     0x62b05af3ab94 - mod[29153a423dcf402d]::codegen::expand::{closure#0}
[INFO] [stdout]   12:     0x62b05af3ae88 - mod[29153a423dcf402d]::codegen::expand
[INFO] [stdout]   13:     0x62b05af3cef8 - <mod[29153a423dcf402d]::codegen::generic_bounds_k_v::{closure#0} as core[a373ad73a504971]::ops::function::FnOnce<()>>::call_once
[INFO] [stdout]   14:     0x62b05afb2bfb - test[aada8e7e76ba119b]::__rust_begin_short_backtrace::<core[a373ad73a504971]::result::Result<(), alloc[2e1b2a31b91974c5]::string::String>, fn() -> core[a373ad73a504971]::result::Result<(), alloc[2e1b2a31b91974c5]::string::String>>
[INFO] [stdout]   15:     0x62b05afbfdd5 - test[aada8e7e76ba119b]::run_test::{closure#0}
[INFO] [stdout]   16:     0x62b05afb96c4 - std[617be2ca0a6fd877]::sys::backtrace::__rust_begin_short_backtrace::<test[aada8e7e76ba119b]::run_test::{closure#1}, ()>
[INFO] [stdout]   17:     0x62b05afc2e62 - <std[617be2ca0a6fd877]::thread::lifecycle::spawn_unchecked<test[aada8e7e76ba119b]::run_test::{closure#1}, ()>::{closure#1} as core[a373ad73a504971]::ops::function::FnOnce<()>>::call_once::{shim:vtable#0}
[INFO] [stdout]   18:     0x62b05b0a75ff - <std[617be2ca0a6fd877]::sys::thread::unix::Thread>::new::thread_start
[INFO] [stdout]   19:     0x725168c29dfa - <unknown>
[INFO] [stdout]   20:     0x725168cbd3d4 - clone
[INFO] [stdout]   21:                0x0 - <unknown>
[INFO] [stdout] 
[INFO] [stdout] ---- codegen::enum_with_rename_all stdout ----
[INFO] [stdout] 
[INFO] [stdout] thread 'codegen::enum_with_rename_all' (3158) panicked at tests/codegen/mod.rs:14:33:
[INFO] [stdout] Expand error: An error occurred while formatting the source code: error: 'rustfmt' is not installed for the toolchain '1.100.0-beta.1-x86_64-unknown-linux-gnu'.
[INFO] [stdout] help: run `rustup component add --toolchain 1.100.0-beta.1-x86_64-unknown-linux-gnu rustfmt` to install it
[INFO] [stdout] 
[INFO] [stdout] stack backtrace:
[INFO] [stdout]    0:     0x62b05b0a8631 - <<std[617be2ca0a6fd877]::sys::backtrace::BacktraceLock>::print::DisplayBacktrace as core[a373ad73a504971]::fmt::Display>::fmt
[INFO] [stdout]    1:     0x62b05b0bf7da - core[a373ad73a504971]::fmt::write
[INFO] [stdout]    2:     0x62b05b0acc1c - <alloc[2e1b2a31b91974c5]::vec::Vec<u8> as core[a373ad73a504971]::io::write::Write>::write_fmt
[INFO] [stdout]    3:     0x62b05b081fc6 - std[617be2ca0a6fd877]::panicking::default_hook::{closure#0}
[INFO] [stdout]    4:     0x62b05b09fca9 - std[617be2ca0a6fd877]::panicking::default_hook
[INFO] [stdout]    5:     0x62b05afbf7b0 - test[aada8e7e76ba119b]::test_main_inner::{closure#0}
[INFO] [stdout]    6:     0x62b05b09ffd2 - std[617be2ca0a6fd877]::panicking::panic_with_hook
[INFO] [stdout]    7:     0x62b05b082072 - std[617be2ca0a6fd877]::panicking::panic_handler::{closure#0}
[INFO] [stdout]    8:     0x62b05b07a8a9 - std[617be2ca0a6fd877]::sys::backtrace::__rust_end_short_backtrace::<std[617be2ca0a6fd877]::panicking::panic_handler::{closure#0}, !>
[INFO] [stdout]    9:     0x62b05b082d1d - __rustc[ea4f61d10b84890b]::rust_begin_unwind
[INFO] [stdout]   10:     0x62b05b0bffbc - core[a373ad73a504971]::panicking::panic_fmt
[INFO] [stdout]   11:     0x62b05af3ab94 - mod[29153a423dcf402d]::codegen::expand::{closure#0}
[INFO] [stdout]   12:     0x62b05af3ae88 - mod[29153a423dcf402d]::codegen::expand
[INFO] [stdout]   13:     0x62b05af3d6f8 - <mod[29153a423dcf402d]::codegen::enum_with_rename_all::{closure#0} as core[a373ad73a504971]::ops::function::FnOnce<()>>::call_once
[INFO] [stdout]   14:     0x62b05afb2bfb - test[aada8e7e76ba119b]::__rust_begin_short_backtrace::<core[a373ad73a504971]::result::Result<(), alloc[2e1b2a31b91974c5]::string::String>, fn() -> core[a373ad73a504971]::result::Result<(), alloc[2e1b2a31b91974c5]::string::String>>
[INFO] [stdout]   15:     0x62b05afbfdd5 - test[aada8e7e76ba119b]::run_test::{closure#0}
[INFO] [stdout]   16:     0x62b05afb96c4 - std[617be2ca0a6fd877]::sys::backtrace::__rust_begin_short_backtrace::<test[aada8e7e76ba119b]::run_test::{closure#1}, ()>
[INFO] [stdout]   17:     0x62b05afc2e62 - <std[617be2ca0a6fd877]::thread::lifecycle::spawn_unchecked<test[aada8e7e76ba119b]::run_test::{closure#1}, ()>::{closure#1} as core[a373ad73a504971]::ops::function::FnOnce<()>>::call_once::{shim:vtable#0}
[INFO] [stdout]   18:     0x62b05b0a75ff - <std[617be2ca0a6fd877]::sys::thread::unix::Thread>::new::thread_start
[INFO] [stdout]   19:     0x725168c29dfa - <unknown>
[INFO] [stdout]   20:     0x725168cbd3d4 - clone
[INFO] [stdout]   21:                0x0 - <unknown>
[INFO] [stdout] 
[INFO] [stdout] ---- codegen::rename_all_pascalcase stdout ----
[INFO] [stdout] 
[INFO] [stdout] thread 'codegen::rename_all_pascalcase' (3722) panicked at tests/codegen/mod.rs:14:33:
[INFO] [stdout] Expand error: An error occurred while formatting the source code: error: 'rustfmt' is not installed for the toolchain '1.100.0-beta.1-x86_64-unknown-linux-gnu'.
[INFO] [stdout] help: run `rustup component add --toolchain 1.100.0-beta.1-x86_64-unknown-linux-gnu rustfmt` to install it
[INFO] [stdout] 
[INFO] [stdout] stack backtrace:
[INFO] [stdout]    0:     0x62b05b0a8631 - <<std[617be2ca0a6fd877]::sys::backtrace::BacktraceLock>::print::DisplayBacktrace as core[a373ad73a504971]::fmt::Display>::fmt
[INFO] [stdout]    1:     0x62b05b0bf7da - core[a373ad73a504971]::fmt::write
[INFO] [stdout]    2:     0x62b05b0acc1c - <alloc[2e1b2a31b91974c5]::vec::Vec<u8> as core[a373ad73a504971]::io::write::Write>::write_fmt
[INFO] [stdout]    3:     0x62b05b081fc6 - std[617be2ca0a6fd877]::panicking::default_hook::{closure#0}
[INFO] [stdout]    4:     0x62b05b09fca9 - std[617be2ca0a6fd877]::panicking::default_hook
[INFO] [stdout]    5:     0x62b05afbf7b0 - test[aada8e7e76ba119b]::test_main_inner::{closure#0}
[INFO] [stdout]    6:     0x62b05b09ffd2 - std[617be2ca0a6fd877]::panicking::panic_with_hook
[INFO] [stdout]    7:     0x62b05b082072 - std[617be2ca0a6fd877]::panicking::panic_handler::{closure#0}
[INFO] [stdout]    8:     0x62b05b07a8a9 - std[617be2ca0a6fd877]::sys::backtrace::__rust_end_short_backtrace::<std[617be2ca0a6fd877]::panicking::panic_handler::{closure#0}, !>
[INFO] [stdout]    9:     0x62b05b082d1d - __rustc[ea4f61d10b84890b]::rust_begin_unwind
[INFO] [stdout]   10:     0x62b05b0bffbc - core[a373ad73a504971]::panicking::panic_fmt
[INFO] [stdout]   11:     0x62b05af3ab94 - mod[29153a423dcf402d]::codegen::expand::{closure#0}
[INFO] [stdout]   12:     0x62b05af3ae88 - mod[29153a423dcf402d]::codegen::expand
[INFO] [stdout]   13:     0x62b05af3e4f8 - <mod[29153a423dcf402d]::codegen::rename_all_pascalcase::{closure#0} as core[a373ad73a504971]::ops::function::FnOnce<()>>::call_once
[INFO] [stdout]   14:     0x62b05afb2bfb - test[aada8e7e76ba119b]::__rust_begin_short_backtrace::<core[a373ad73a504971]::result::Result<(), alloc[2e1b2a31b91974c5]::string::String>, fn() -> core[a373ad73a504971]::result::Result<(), alloc[2e1b2a31b91974c5]::string::String>>
[INFO] [stdout]   15:     0x62b05afbfdd5 - test[aada8e7e76ba119b]::run_test::{closure#0}
[INFO] [stdout]   16:     0x62b05afb96c4 - std[617be2ca0a6fd877]::sys::backtrace::__rust_begin_short_backtrace::<test[aada8e7e76ba119b]::run_test::{closure#1}, ()>
[INFO] [stdout]   17:     0x62b05afc2e62 - <std[617be2ca0a6fd877]::thread::lifecycle::spawn_unchecked<test[aada8e7e76ba119b]::run_test::{closure#1}, ()>::{closure#1} as core[a373ad73a504971]::ops::function::FnOnce<()>>::call_once::{shim:vtable#0}
[INFO] [stdout]   18:     0x62b05b0a75ff - <std[617be2ca0a6fd877]::sys::thread::unix::Thread>::new::thread_start
[INFO] [stdout]   19:     0x725168c29dfa - <unknown>
[INFO] [stdout]   20:     0x725168cbd3d4 - clone
[INFO] [stdout]   21:                0x0 - <unknown>
[INFO] [stdout] 
[INFO] [stdout] ---- codegen::enum_with_variants stdout ----
[INFO] [stdout] 
[INFO] [stdout] thread 'codegen::enum_with_variants' (3266) panicked at tests/codegen/mod.rs:14:33:
[INFO] [stdout] Expand error: An error occurred while formatting the source code: error: 'rustfmt' is not installed for the toolchain '1.100.0-beta.1-x86_64-unknown-linux-gnu'.
[INFO] [stdout] help: run `rustup component add --toolchain 1.100.0-beta.1-x86_64-unknown-linux-gnu rustfmt` to install it
[INFO] [stdout] 
[INFO] [stdout] stack backtrace:
[INFO] [stdout]    0:     0x62b05b0a8631 - <<std[617be2ca0a6fd877]::sys::backtrace::BacktraceLock>::print::DisplayBacktrace as core[a373ad73a504971]::fmt::Display>::fmt
[INFO] [stdout]    1:     0x62b05b0bf7da - core[a373ad73a504971]::fmt::write
[INFO] [stdout]    2:     0x62b05b0acc1c - <alloc[2e1b2a31b91974c5]::vec::Vec<u8> as core[a373ad73a504971]::io::write::Write>::write_fmt
[INFO] [stdout]    3:     0x62b05b081fc6 - std[617be2ca0a6fd877]::panicking::default_hook::{closure#0}
[INFO] [stdout]    4:     0x62b05b09fca9 - std[617be2ca0a6fd877]::panicking::default_hook
[INFO] [stdout]    5:     0x62b05afbf7b0 - test[aada8e7e76ba119b]::test_main_inner::{closure#0}
[INFO] [stdout]    6:     0x62b05b09ffd2 - std[617be2ca0a6fd877]::panicking::panic_with_hook
[INFO] [stdout]    7:     0x62b05b082072 - std[617be2ca0a6fd877]::panicking::panic_handler::{closure#0}
[INFO] [stdout]    8:     0x62b05b07a8a9 - std[617be2ca0a6fd877]::sys::backtrace::__rust_end_short_backtrace::<std[617be2ca0a6fd877]::panicking::panic_handler::{closure#0}, !>
[INFO] [stdout]    9:     0x62b05b082d1d - __rustc[ea4f61d10b84890b]::rust_begin_unwind
[INFO] [stdout]   10:     0x62b05b0bffbc - core[a373ad73a504971]::panicking::panic_fmt
[INFO] [stdout]   11:     0x62b05af3ab94 - mod[29153a423dcf402d]::codegen::expand::{closure#0}
[INFO] [stdout]   12:     0x62b05af3ae88 - mod[29153a423dcf402d]::codegen::expand
[INFO] [stdout]   13:     0x62b05af3ccf8 - <mod[29153a423dcf402d]::codegen::enum_with_variants::{closure#0} as core[a373ad73a504971]::ops::function::FnOnce<()>>::call_once
[INFO] [stdout]   14:     0x62b05afb2bfb - test[aada8e7e76ba119b]::__rust_begin_short_backtrace::<core[a373ad73a504971]::result::Result<(), alloc[2e1b2a31b91974c5]::string::String>, fn() -> core[a373ad73a504971]::result::Result<(), alloc[2e1b2a31b91974c5]::string::String>>
[INFO] [stdout]   15:     0x62b05afbfdd5 - test[aada8e7e76ba119b]::run_test::{closure#0}
[INFO] [stdout]   16:     0x62b05afb96c4 - std[617be2ca0a6fd877]::sys::backtrace::__rust_begin_short_backtrace::<test[aada8e7e76ba119b]::run_test::{closure#1}, ()>
[INFO] [stdout]   17:     0x62b05afc2e62 - <std[617be2ca0a6fd877]::thread::lifecycle::spawn_unchecked<test[aada8e7e76ba119b]::run_test::{closure#1}, ()>::{closure#1} as core[a373ad73a504971]::ops::function::FnOnce<()>>::call_once::{shim:vtable#0}
[INFO] [stdout]   18:     0x62b05b0a75ff - <std[617be2ca0a6fd877]::sys::thread::unix::Thread>::new::thread_start
[INFO] [stdout]   19:     0x725168c29dfa - <unknown>
[INFO] [stdout]   20:     0x725168cbd3d4 - clone
[INFO] [stdout]   21:                0x0 - <unknown>
[INFO] [stdout] 
[INFO] [stdout] ---- codegen::mixed_rename_and_sensitive_attributes stdout ----
[INFO] [stdout] 
[INFO] [stdout] thread 'codegen::mixed_rename_and_sensitive_attributes' (3395) panicked at tests/codegen/mod.rs:14:33:
[INFO] [stdout] Expand error: An error occurred while formatting the source code: error: 'rustfmt' is not installed for the toolchain '1.100.0-beta.1-x86_64-unknown-linux-gnu'.
[INFO] [stdout] help: run `rustup component add --toolchain 1.100.0-beta.1-x86_64-unknown-linux-gnu rustfmt` to install it
[INFO] [stdout] 
[INFO] [stdout] stack backtrace:
[INFO] [stdout]    0:     0x62b05b0a8631 - <<std[617be2ca0a6fd877]::sys::backtrace::BacktraceLock>::print::DisplayBacktrace as core[a373ad73a504971]::fmt::Display>::fmt
[INFO] [stdout]    1:     0x62b05b0bf7da - core[a373ad73a504971]::fmt::write
[INFO] [stdout]    2:     0x62b05b0acc1c - <alloc[2e1b2a31b91974c5]::vec::Vec<u8> as core[a373ad73a504971]::io::write::Write>::write_fmt
[INFO] [stdout]    3:     0x62b05b081fc6 - std[617be2ca0a6fd877]::panicking::default_hook::{closure#0}
[INFO] [stdout]    4:     0x62b05b09fca9 - std[617be2ca0a6fd877]::panicking::default_hook
[INFO] [stdout]    5:     0x62b05afbf7b0 - test[aada8e7e76ba119b]::test_main_inner::{closure#0}
[INFO] [stdout]    6:     0x62b05b09ffd2 - std[617be2ca0a6fd877]::panicking::panic_with_hook
[INFO] [stdout]    7:     0x62b05b082072 - std[617be2ca0a6fd877]::panicking::panic_handler::{closure#0}
[INFO] [stdout]    8:     0x62b05b07a8a9 - std[617be2ca0a6fd877]::sys::backtrace::__rust_end_short_backtrace::<std[617be2ca0a6fd877]::panicking::panic_handler::{closure#0}, !>
[INFO] [stdout]    9:     0x62b05b082d1d - __rustc[ea4f61d10b84890b]::rust_begin_unwind
[INFO] [stdout]   10:     0x62b05b0bffbc - core[a373ad73a504971]::panicking::panic_fmt
[INFO] [stdout]   11:     0x62b05af3ab94 - mod[29153a423dcf402d]::codegen::expand::{closure#0}
[INFO] [stdout]   12:     0x62b05af3ae88 - mod[29153a423dcf402d]::codegen::expand
[INFO] [stdout]   13:     0x62b05af42ef8 - <mod[29153a423dcf402d]::codegen::mixed_rename_and_sensitive_attributes::{closure#0} as core[a373ad73a504971]::ops::function::FnOnce<()>>::call_once
[INFO] [stdout]   14:     0x62b05afb2bfb - test[aada8e7e76ba119b]::__rust_begin_short_backtrace::<core[a373ad73a504971]::result::Result<(), alloc[2e1b2a31b91974c5]::string::String>, fn() -> core[a373ad73a504971]::result::Result<(), alloc[2e1b2a31b91974c5]::string::String>>
[INFO] [stdout]   15:     0x62b05afbfdd5 - test[aada8e7e76ba119b]::run_test::{closure#0}
[INFO] [stdout]   16:     0x62b05afb96c4 - std[617be2ca0a6fd877]::sys::backtrace::__rust_begin_short_backtrace::<test[aada8e7e76ba119b]::run_test::{closure#1}, ()>
[INFO] [stdout]   17:     0x62b05afc2e62 - <std[617be2ca0a6fd877]::thread::lifecycle::spawn_unchecked<test[aada8e7e76ba119b]::run_test::{closure#1}, ()>::{closure#1} as core[a373ad73a504971]::ops::function::FnOnce<()>>::call_once::{shim:vtable#0}
[INFO] [stdout]   18:     0x62b05b0a75ff - <std[617be2ca0a6fd877]::sys::thread::unix::Thread>::new::thread_start
[INFO] [stdout]   19:     0x725168c29dfa - <unknown>
[INFO] [stdout]   20:     0x725168cbd3d4 - clone
[INFO] [stdout]   21:                0x0 - <unknown>
[INFO] [stdout] 
[INFO] [stdout] ---- codegen::pub_crate_enum stdout ----
[INFO] [stdout] 
[INFO] [stdout] thread 'codegen::pub_crate_enum' (3461) panicked at tests/codegen/mod.rs:14:33:
[INFO] [stdout] Expand error: An error occurred while formatting the source code: error: 'rustfmt' is not installed for the toolchain '1.100.0-beta.1-x86_64-unknown-linux-gnu'.
[INFO] [stdout] help: run `rustup component add --toolchain 1.100.0-beta.1-x86_64-unknown-linux-gnu rustfmt` to install it
[INFO] [stdout] 
[INFO] [stdout] stack backtrace:
[INFO] [stdout]    0:     0x62b05b0a8631 - <<std[617be2ca0a6fd877]::sys::backtrace::BacktraceLock>::print::DisplayBacktrace as core[a373ad73a504971]::fmt::Display>::fmt
[INFO] [stdout]    1:     0x62b05b0bf7da - core[a373ad73a504971]::fmt::write
[INFO] [stdout]    2:     0x62b05b0acc1c - <alloc[2e1b2a31b91974c5]::vec::Vec<u8> as core[a373ad73a504971]::io::write::Write>::write_fmt
[INFO] [stdout]    3:     0x62b05b081fc6 - std[617be2ca0a6fd877]::panicking::default_hook::{closure#0}
[INFO] [stdout]    4:     0x62b05b09fca9 - std[617be2ca0a6fd877]::panicking::default_hook
[INFO] [stdout]    5:     0x62b05afbf7b0 - test[aada8e7e76ba119b]::test_main_inner::{closure#0}
[INFO] [stdout]    6:     0x62b05b09ffd2 - std[617be2ca0a6fd877]::panicking::panic_with_hook
[INFO] [stdout]    7:     0x62b05b082072 - std[617be2ca0a6fd877]::panicking::panic_handler::{closure#0}
[INFO] [stdout]    8:     0x62b05b07a8a9 - std[617be2ca0a6fd877]::sys::backtrace::__rust_end_short_backtrace::<std[617be2ca0a6fd877]::panicking::panic_handler::{closure#0}, !>
[INFO] [stdout]    9:     0x62b05b082d1d - __rustc[ea4f61d10b84890b]::rust_begin_unwind
[INFO] [stdout]   10:     0x62b05b0bffbc - core[a373ad73a504971]::panicking::panic_fmt
[INFO] [stdout]   11:     0x62b05af3ab94 - mod[29153a423dcf402d]::codegen::expand::{closure#0}
[INFO] [stdout]   12:     0x62b05af3ae88 - mod[29153a423dcf402d]::codegen::expand
[INFO] [stdout]   13:     0x62b05af3c2f8 - <mod[29153a423dcf402d]::codegen::pub_crate_enum::{closure#0} as core[a373ad73a504971]::ops::function::FnOnce<()>>::call_once
[INFO] [stdout]   14:     0x62b05afb2bfb - test[aada8e7e76ba119b]::__rust_begin_short_backtrace::<core[a373ad73a504971]::result::Result<(), alloc[2e1b2a31b91974c5]::string::String>, fn() -> core[a373ad73a504971]::result::Result<(), alloc[2e1b2a31b91974c5]::string::String>>
[INFO] [stdout]   15:     0x62b05afbfdd5 - test[aada8e7e76ba119b]::run_test::{closure#0}
[INFO] [stdout]   16:     0x62b05afb96c4 - std[617be2ca0a6fd877]::sys::backtrace::__rust_begin_short_backtrace::<test[aada8e7e76ba119b]::run_test::{closure#1}, ()>
[INFO] [stdout]   17:     0x62b05afc2e62 - <std[617be2ca0a6fd877]::thread::lifecycle::spawn_unchecked<test[aada8e7e76ba119b]::run_test::{closure#1}, ()>::{closure#1} as core[a373ad73a504971]::ops::function::FnOnce<()>>::call_once::{shim:vtable#0}
[INFO] [stdout]   18:     0x62b05b0a75ff - <std[617be2ca0a6fd877]::sys::thread::unix::Thread>::new::thread_start
[INFO] [stdout]   19:     0x725168c29dfa - <unknown>
[INFO] [stdout]   20:     0x725168cbd3d4 - clone
[INFO] [stdout]   21:                0x0 - <unknown>
[INFO] [stdout] 
[INFO] [stdout] ---- codegen::rename_all_camelcase stdout ----
[INFO] [stdout] 
[INFO] [stdout] thread 'codegen::rename_all_camelcase' (3587) panicked at tests/codegen/mod.rs:14:33:
[INFO] [stdout] Expand error: An error occurred while formatting the source code: error: 'rustfmt' is not installed for the toolchain '1.100.0-beta.1-x86_64-unknown-linux-gnu'.
[INFO] [stdout] help: run `rustup component add --toolchain 1.100.0-beta.1-x86_64-unknown-linux-gnu rustfmt` to install it
[INFO] [stdout] 
[INFO] [stdout] stack backtrace:
[INFO] [stdout]    0:     0x62b05b0a8631 - <<std[617be2ca0a6fd877]::sys::backtrace::BacktraceLock>::print::DisplayBacktrace as core[a373ad73a504971]::fmt::Display>::fmt
[INFO] [stdout]    1:     0x62b05b0bf7da - core[a373ad73a504971]::fmt::write
[INFO] [stdout]    2:     0x62b05b0acc1c - <alloc[2e1b2a31b91974c5]::vec::Vec<u8> as core[a373ad73a504971]::io::write::Write>::write_fmt
[INFO] [stdout]    3:     0x62b05b081fc6 - std[617be2ca0a6fd877]::panicking::default_hook::{closure#0}
[INFO] [stdout]    4:     0x62b05b09fca9 - std[617be2ca0a6fd877]::panicking::default_hook
[INFO] [stdout]    5:     0x62b05afbf7b0 - test[aada8e7e76ba119b]::test_main_inner::{closure#0}
[INFO] [stdout]    6:     0x62b05b09ffd2 - std[617be2ca0a6fd877]::panicking::panic_with_hook
[INFO] [stdout]    7:     0x62b05b082072 - std[617be2ca0a6fd877]::panicking::panic_handler::{closure#0}
[INFO] [stdout]    8:     0x62b05b07a8a9 - std[617be2ca0a6fd877]::sys::backtrace::__rust_end_short_backtrace::<std[617be2ca0a6fd877]::panicking::panic_handler::{closure#0}, !>
[INFO] [stdout]    9:     0x62b05b082d1d - __rustc[ea4f61d10b84890b]::rust_begin_unwind
[INFO] [stdout]   10:     0x62b05b0bffbc - core[a373ad73a504971]::panicking::panic_fmt
[INFO] [stdout]   11:     0x62b05af3ab94 - mod[29153a423dcf402d]::codegen::expand::{closure#0}
[INFO] [stdout]   12:     0x62b05af3ae88 - mod[29153a423dcf402d]::codegen::expand
[INFO] [stdout]   13:     0x62b05af3d8f8 - <mod[29153a423dcf402d]::codegen::rename_all_camelcase::{closure#0} as core[a373ad73a504971]::ops::function::FnOnce<()>>::call_once
[INFO] [stdout]   14:     0x62b05afb2bfb - test[aada8e7e76ba119b]::__rust_begin_short_backtrace::<core[a373ad73a504971]::result::Result<(), alloc[2e1b2a31b91974c5]::string::String>, fn() -> core[a373ad73a504971]::result::Result<(), alloc[2e1b2a31b91974c5]::string::String>>
[INFO] [stdout]   15:     0x62b05afbfdd5 - test[aada8e7e76ba119b]::run_test::{closure#0}
[INFO] [stdout]   16:     0x62b05afb96c4 - std[617be2ca0a6fd877]::sys::backtrace::__rust_begin_short_backtrace::<test[aada8e7e76ba119b]::run_test::{closure#1}, ()>
[INFO] [stdout]   17:     0x62b05afc2e62 - <std[617be2ca0a6fd877]::thread::lifecycle::spawn_unchecked<test[aada8e7e76ba119b]::run_test::{closure#1}, ()>::{closure#1} as core[a373ad73a504971]::ops::function::FnOnce<()>>::call_once::{shim:vtable#0}
[INFO] [stdout]   18:     0x62b05b0a75ff - <std[617be2ca0a6fd877]::sys::thread::unix::Thread>::new::thread_start
[INFO] [stdout]   19:     0x725168c29dfa - <unknown>
[INFO] [stdout]   20:     0x725168cbd3d4 - clone
[INFO] [stdout]   21:                0x0 - <unknown>
[INFO] [stdout] 
[INFO] [stdout] ---- codegen::enum_with_nested_generic_in_variant_two_levels stdout ----
[INFO] [stdout] 
[INFO] [stdout] thread 'codegen::enum_with_nested_generic_in_variant_two_levels' (3155) panicked at tests/codegen/mod.rs:14:33:
[INFO] [stdout] Expand error: An error occurred while formatting the source code: error: 'rustfmt' is not installed for the toolchain '1.100.0-beta.1-x86_64-unknown-linux-gnu'.
[INFO] [stdout] help: run `rustup component add --toolchain 1.100.0-beta.1-x86_64-unknown-linux-gnu rustfmt` to install it
[INFO] [stdout] 
[INFO] [stdout] stack backtrace:
[INFO] [stdout]    0:     0x62b05b0a8631 - <<std[617be2ca0a6fd877]::sys::backtrace::BacktraceLock>::print::DisplayBacktrace as core[a373ad73a504971]::fmt::Display>::fmt
[INFO] [stdout]    1:     0x62b05b0bf7da - core[a373ad73a504971]::fmt::write
[INFO] [stdout]    2:     0x62b05b0acc1c - <alloc[2e1b2a31b91974c5]::vec::Vec<u8> as core[a373ad73a504971]::io::write::Write>::write_fmt
[INFO] [stdout]    3:     0x62b05b081fc6 - std[617be2ca0a6fd877]::panicking::default_hook::{closure#0}
[INFO] [stdout]    4:     0x62b05b09fca9 - std[617be2ca0a6fd877]::panicking::default_hook
[INFO] [stdout]    5:     0x62b05afbf7b0 - test[aada8e7e76ba119b]::test_main_inner::{closure#0}
[INFO] [stdout]    6:     0x62b05b09ffd2 - std[617be2ca0a6fd877]::panicking::panic_with_hook
[INFO] [stdout]    7:     0x62b05b082072 - std[617be2ca0a6fd877]::panicking::panic_handler::{closure#0}
[INFO] [stdout]    8:     0x62b05b07a8a9 - std[617be2ca0a6fd877]::sys::backtrace::__rust_end_short_backtrace::<std[617be2ca0a6fd877]::panicking::panic_handler::{closure#0}, !>
[INFO] [stdout]    9:     0x62b05b082d1d - __rustc[ea4f61d10b84890b]::rust_begin_unwind
[INFO] [stdout]   10:     0x62b05b0bffbc - core[a373ad73a504971]::panicking::panic_fmt
[INFO] [stdout]   11:     0x62b05af3ab94 - mod[29153a423dcf402d]::codegen::expand::{closure#0}
[INFO] [stdout]   12:     0x62b05af3ae88 - mod[29153a423dcf402d]::codegen::expand
[INFO] [stdout]   13:     0x62b05af436f8 - <mod[29153a423dcf402d]::codegen::enum_with_nested_generic_in_variant_two_levels::{closure#0} as core[a373ad73a504971]::ops::function::FnOnce<()>>::call_once
[INFO] [stdout]   14:     0x62b05afb2bfb - test[aada8e7e76ba119b]::__rust_begin_short_backtrace::<core[a373ad73a504971]::result::Result<(), alloc[2e1b2a31b91974c5]::string::String>, fn() -> core[a373ad73a504971]::result::Result<(), alloc[2e1b2a31b91974c5]::string::String>>
[INFO] [stdout]   15:     0x62b05afbfdd5 - test[aada8e7e76ba119b]::run_test::{closure#0}
[INFO] [stdout]   16:     0x62b05afb96c4 - std[617be2ca0a6fd877]::sys::backtrace::__rust_begin_short_backtrace::<test[aada8e7e76ba119b]::run_test::{closure#1}, ()>
[INFO] [stdout]   17:     0x62b05afc2e62 - <std[617be2ca0a6fd877]::thread::lifecycle::spawn_unchecked<test[aada8e7e76ba119b]::run_test::{closure#1}, ()>::{closure#1} as core[a373ad73a504971]::ops::function::FnOnce<()>>::call_once::{shim:vtable#0}
[INFO] [stdout]   18:     0x62b05b0a75ff - <std[617be2ca0a6fd877]::sys::thread::unix::Thread>::new::thread_start
[INFO] [stdout]   19:     0x725168c29dfa - <unknown>
[INFO] [stdout]   20:     0x725168cbd3d4 - clone
[INFO] [stdout]   21:                0x0 - <unknown>
[INFO] [stdout] 
[INFO] [stdout] ---- codegen::rename_all_snake_case stdout ----
[INFO] [stdout] 
[INFO] [stdout] thread 'codegen::rename_all_snake_case' (5410) panicked at tests/codegen/mod.rs:14:33:
[INFO] [stdout] Expand error: An error occurred while formatting the source code: error: 'rustfmt' is not installed for the toolchain '1.100.0-beta.1-x86_64-unknown-linux-gnu'.
[INFO] [stdout] help: run `rustup component add --toolchain 1.100.0-beta.1-x86_64-unknown-linux-gnu rustfmt` to install it
[INFO] [stdout] 
[INFO] [stdout] stack backtrace:
[INFO] [stdout]    0:     0x62b05b0a8631 - <<std[617be2ca0a6fd877]::sys::backtrace::BacktraceLock>::print::DisplayBacktrace as core[a373ad73a504971]::fmt::Display>::fmt
[INFO] [stdout]    1:     0x62b05b0bf7da - core[a373ad73a504971]::fmt::write
[INFO] [stdout]    2:     0x62b05b0acc1c - <alloc[2e1b2a31b91974c5]::vec::Vec<u8> as core[a373ad73a504971]::io::write::Write>::write_fmt
[INFO] [stdout]    3:     0x62b05b081fc6 - std[617be2ca0a6fd877]::panicking::default_hook::{closure#0}
[INFO] [stdout]    4:     0x62b05b09fca9 - std[617be2ca0a6fd877]::panicking::default_hook
[INFO] [stdout]    5:     0x62b05afbf7b0 - test[aada8e7e76ba119b]::test_main_inner::{closure#0}
[INFO] [stdout]    6:     0x62b05b09ffd2 - std[617be2ca0a6fd877]::panicking::panic_with_hook
[INFO] [stdout]    7:     0x62b05b082072 - std[617be2ca0a6fd877]::panicking::panic_handler::{closure#0}
[INFO] [stdout]    8:     0x62b05b07a8a9 - std[617be2ca0a6fd877]::sys::backtrace::__rust_end_short_backtrace::<std[617be2ca0a6fd877]::panicking::panic_handler::{closure#0}, !>
[INFO] [stdout]    9:     0x62b05b082d1d - __rustc[ea4f61d10b84890b]::rust_begin_unwind
[INFO] [stdout]   10:     0x62b05b0bffbc - core[a373ad73a504971]::panicking::panic_fmt
[INFO] [stdout]   11:     0x62b05af3ab94 - mod[29153a423dcf402d]::codegen::expand::{closure#0}
[INFO] [stdout]   12:     0x62b05af3ae88 - mod[29153a423dcf402d]::codegen::expand
[INFO] [stdout]   13:     0x62b05af3e6f8 - <mod[29153a423dcf402d]::codegen::rename_all_snake_case::{closure#0} as core[a373ad73a504971]::ops::function::FnOnce<()>>::call_once
[INFO] [stdout]   14:     0x62b05afb2bfb - test[aada8e7e76ba119b]::__rust_begin_short_backtrace::<core[a373ad73a504971]::result::Result<(), alloc[2e1b2a31b91974c5]::string::String>, fn() -> core[a373ad73a504971]::result::Result<(), alloc[2e1b2a31b91974c5]::string::String>>
[INFO] [stdout]   15:     0x62b05afbfdd5 - test[aada8e7e76ba119b]::run_test::{closure#0}
[INFO] [stdout]   16:     0x62b05afb96c4 - std[617be2ca0a6fd877]::sys::backtrace::__rust_begin_short_backtrace::<test[aada8e7e76ba119b]::run_test::{closure#1}, ()>
[INFO] [stdout]   17:     0x62b05afc2e62 - <std[617be2ca0a6fd877]::thread::lifecycle::spawn_unchecked<test[aada8e7e76ba119b]::run_test::{closure#1}, ()>::{closure#1} as core[a373ad73a504971]::ops::function::FnOnce<()>>::call_once::{shim:vtable#0}
[INFO] [stdout]   18:     0x62b05b0a75ff - <std[617be2ca0a6fd877]::sys::thread::unix::Thread>::new::thread_start
[INFO] [stdout]   19:     0x725168c29dfa - <unknown>
[INFO] [stdout]   20:     0x725168cbd3d4 - clone
[INFO] [stdout]   21:                0x0 - <unknown>
[INFO] [stdout] 
[INFO] [stdout] ---- codegen::rename_all_screaming_snakecase stdout ----
[INFO] [stdout] 
[INFO] [stdout] thread 'codegen::rename_all_screaming_snakecase' (5270) panicked at tests/codegen/mod.rs:14:33:
[INFO] [stdout] Expand error: An error occurred while formatting the source code: error: 'rustfmt' is not installed for the toolchain '1.100.0-beta.1-x86_64-unknown-linux-gnu'.
[INFO] [stdout] help: run `rustup component add --toolchain 1.100.0-beta.1-x86_64-unknown-linux-gnu rustfmt` to install it
[INFO] [stdout] 
[INFO] [stdout] stack backtrace:
[INFO] [stdout]    0:     0x62b05b0a8631 - <<std[617be2ca0a6fd877]::sys::backtrace::BacktraceLock>::print::DisplayBacktrace as core[a373ad73a504971]::fmt::Display>::fmt
[INFO] [stdout]    1:     0x62b05b0bf7da - core[a373ad73a504971]::fmt::write
[INFO] [stdout]    2:     0x62b05b0acc1c - <alloc[2e1b2a31b91974c5]::vec::Vec<u8> as core[a373ad73a504971]::io::write::Write>::write_fmt
[INFO] [stdout]    3:     0x62b05b081fc6 - std[617be2ca0a6fd877]::panicking::default_hook::{closure#0}
[INFO] [stdout]    4:     0x62b05b09fca9 - std[617be2ca0a6fd877]::panicking::default_hook
[INFO] [stdout]    5:     0x62b05afbf7b0 - test[aada8e7e76ba119b]::test_main_inner::{closure#0}
[INFO] [stdout]    6:     0x62b05b09ffd2 - std[617be2ca0a6fd877]::panicking::panic_with_hook
[INFO] [stdout]    7:     0x62b05b082072 - std[617be2ca0a6fd877]::panicking::panic_handler::{closure#0}
[INFO] [stdout]    8:     0x62b05b07a8a9 - std[617be2ca0a6fd877]::sys::backtrace::__rust_end_short_backtrace::<std[617be2ca0a6fd877]::panicking::panic_handler::{closure#0}, !>
[INFO] [stdout]    9:     0x62b05b082d1d - __rustc[ea4f61d10b84890b]::rust_begin_unwind
[INFO] [stdout]   10:     0x62b05b0bffbc - core[a373ad73a504971]::panicking::panic_fmt
[INFO] [stdout]   11:     0x62b05af3ab94 - mod[29153a423dcf402d]::codegen::expand::{closure#0}
[INFO] [stdout]   12:     0x62b05af3ae88 - mod[29153a423dcf402d]::codegen::expand
[INFO] [stdout]   13:     0x62b05af41af8 - <mod[29153a423dcf402d]::codegen::rename_all_screaming_snakecase::{closure#0} as core[a373ad73a504971]::ops::function::FnOnce<()>>::call_once
[INFO] [stdout]   14:     0x62b05afb2bfb - test[aada8e7e76ba119b]::__rust_begin_short_backtrace::<core[a373ad73a504971]::result::Result<(), alloc[2e1b2a31b91974c5]::string::String>, fn() -> core[a373ad73a504971]::result::Result<(), alloc[2e1b2a31b91974c5]::string::String>>
[INFO] [stdout]   15:     0x62b05afbfdd5 - test[aada8e7e76ba119b]::run_test::{closure#0}
[INFO] [stdout]   16:     0x62b05afb96c4 - std[617be2ca0a6fd877]::sys::backtrace::__rust_begin_short_backtrace::<test[aada8e7e76ba119b]::run_test::{closure#1}, ()>
[INFO] [stdout]   17:     0x62b05afc2e62 - <std[617be2ca0a6fd877]::thread::lifecycle::spawn_unchecked<test[aada8e7e76ba119b]::run_test::{closure#1}, ()>::{closure#1} as core[a373ad73a504971]::ops::function::FnOnce<()>>::call_once::{shim:vtable#0}
[INFO] [stdout]   18:     0x62b05b0a75ff - <std[617be2ca0a6fd877]::sys::thread::unix::Thread>::new::thread_start
[INFO] [stdout]   19:     0x725168c29dfa - <unknown>
[INFO] [stdout]   20:     0x725168cbd3d4 - clone
[INFO] [stdout]   21:                0x0 - <unknown>
[INFO] [stdout] 
[INFO] [stdout] ---- codegen::record_struct_generic stdout ----
[INFO] [stdout] 
[INFO] [stdout] thread 'codegen::record_struct_generic' (3586) panicked at tests/codegen/mod.rs:14:33:
[INFO] [stdout] Expand error: An error occurred while formatting the source code: error: 'rustfmt' is not installed for the toolchain '1.100.0-beta.1-x86_64-unknown-linux-gnu'.
[INFO] [stdout] help: run `rustup component add --toolchain 1.100.0-beta.1-x86_64-unknown-linux-gnu rustfmt` to install it
[INFO] [stdout] 
[INFO] [stdout] stack backtrace:
[INFO] [stdout]    0:     0x62b05b0a8631 - <<std[617be2ca0a6fd877]::sys::backtrace::BacktraceLock>::print::DisplayBacktrace as core[a373ad73a504971]::fmt::Display>::fmt
[INFO] [stdout]    1:     0x62b05b0bf7da - core[a373ad73a504971]::fmt::write
[INFO] [stdout]    2:     0x62b05b0acc1c - <alloc[2e1b2a31b91974c5]::vec::Vec<u8> as core[a373ad73a504971]::io::write::Write>::write_fmt
[INFO] [stdout]    3:     0x62b05b081fc6 - std[617be2ca0a6fd877]::panicking::default_hook::{closure#0}
[INFO] [stdout]    4:     0x62b05b09fca9 - std[617be2ca0a6fd877]::panicking::default_hook
[INFO] [stdout]    5:     0x62b05afbf7b0 - test[aada8e7e76ba119b]::test_main_inner::{closure#0}
[INFO] [stdout]    6:     0x62b05b09ffd2 - std[617be2ca0a6fd877]::panicking::panic_with_hook
[INFO] [stdout]    7:     0x62b05b082072 - std[617be2ca0a6fd877]::panicking::panic_handler::{closure#0}
[INFO] [stdout]    8:     0x62b05b07a8a9 - std[617be2ca0a6fd877]::sys::backtrace::__rust_end_short_backtrace::<std[617be2ca0a6fd877]::panicking::panic_handler::{closure#0}, !>
[INFO] [stdout]    9:     0x62b05b082d1d - __rustc[ea4f61d10b84890b]::rust_begin_unwind
[INFO] [stdout]   10:     0x62b05b0bffbc - core[a373ad73a504971]::panicking::panic_fmt
[INFO] [stdout]   11:     0x62b05af3ab94 - mod[29153a423dcf402d]::codegen::expand::{closure#0}
[INFO] [stdout]   12:     0x62b05af3ae88 - mod[29153a423dcf402d]::codegen::expand
[INFO] [stdout]   13:     0x62b05af3e2f8 - <mod[29153a423dcf402d]::codegen::record_struct_generic::{closure#0} as core[a373ad73a504971]::ops::function::FnOnce<()>>::call_once
[INFO] [stdout]   14:     0x62b05afb2bfb - test[aada8e7e76ba119b]::__rust_begin_short_backtrace::<core[a373ad73a504971]::result::Result<(), alloc[2e1b2a31b91974c5]::string::String>, fn() -> core[a373ad73a504971]::result::Result<(), alloc[2e1b2a31b91974c5]::string::String>>
[INFO] [stdout]   15:     0x62b05afbfdd5 - test[aada8e7e76ba119b]::run_test::{closure#0}
[INFO] [stdout]   16:     0x62b05afb96c4 - std[617be2ca0a6fd877]::sys::backtrace::__rust_begin_short_backtrace::<test[aada8e7e76ba119b]::run_test::{closure#1}, ()>
[INFO] [stdout]   17:     0x62b05afc2e62 - <std[617be2ca0a6fd877]::thread::lifecycle::spawn_unchecked<test[aada8e7e76ba119b]::run_test::{closure#1}, ()>::{closure#1} as core[a373ad73a504971]::ops::function::FnOnce<()>>::call_once::{shim:vtable#0}
[INFO] [stdout]   18:     0x62b05b0a75ff - <std[617be2ca0a6fd877]::sys::thread::unix::Thread>::new::thread_start
[INFO] [stdout]   19:     0x725168c29dfa - <unknown>
[INFO] [stdout]   20:     0x725168cbd3d4 - clone
[INFO] [stdout]   21:                0x0 - <unknown>
[INFO] [stdout] 
[INFO] [stdout] ---- codegen::macroed_type stdout ----
[INFO] [stdout] 
[INFO] [stdout] thread 'codegen::macroed_type' (3370) panicked at tests/codegen/mod.rs:14:33:
[INFO] [stdout] Expand error: An error occurred while formatting the source code: error: 'rustfmt' is not installed for the toolchain '1.100.0-beta.1-x86_64-unknown-linux-gnu'.
[INFO] [stdout] help: run `rustup component add --toolchain 1.100.0-beta.1-x86_64-unknown-linux-gnu rustfmt` to install it
[INFO] [stdout] 
[INFO] [stdout] stack backtrace:
[INFO] [stdout]    0:     0x62b05b0a8631 - <<std[617be2ca0a6fd877]::sys::backtrace::BacktraceLock>::print::DisplayBacktrace as core[a373ad73a504971]::fmt::Display>::fmt
[INFO] [stdout]    1:     0x62b05b0bf7da - core[a373ad73a504971]::fmt::write
[INFO] [stdout]    2:     0x62b05b0acc1c - <alloc[2e1b2a31b91974c5]::vec::Vec<u8> as core[a373ad73a504971]::io::write::Write>::write_fmt
[INFO] [stdout]    3:     0x62b05b081fc6 - std[617be2ca0a6fd877]::panicking::default_hook::{closure#0}
[INFO] [stdout]    4:     0x62b05b09fca9 - std[617be2ca0a6fd877]::panicking::default_hook
[INFO] [stdout]    5:     0x62b05afbf7b0 - test[aada8e7e76ba119b]::test_main_inner::{closure#0}
[INFO] [stdout]    6:     0x62b05b09ffd2 - std[617be2ca0a6fd877]::panicking::panic_with_hook
[INFO] [stdout]    7:     0x62b05b082072 - std[617be2ca0a6fd877]::panicking::panic_handler::{closure#0}
[INFO] [stdout]    8:     0x62b05b07a8a9 - std[617be2ca0a6fd877]::sys::backtrace::__rust_end_short_backtrace::<std[617be2ca0a6fd877]::panicking::panic_handler::{closure#0}, !>
[INFO] [stdout]    9:     0x62b05b082d1d - __rustc[ea4f61d10b84890b]::rust_begin_unwind
[INFO] [stdout]   10:     0x62b05b0bffbc - core[a373ad73a504971]::panicking::panic_fmt
[INFO] [stdout]   11:     0x62b05af3ab94 - mod[29153a423dcf402d]::codegen::expand::{closure#0}
[INFO] [stdout]   12:     0x62b05af3ae88 - mod[29153a423dcf402d]::codegen::expand
[INFO] [stdout]   13:     0x62b05af3baf8 - <mod[29153a423dcf402d]::codegen::macroed_type::{closure#0} as core[a373ad73a504971]::ops::function::FnOnce<()>>::call_once
[INFO] [stdout]   14:     0x62b05afb2bfb - test[aada8e7e76ba119b]::__rust_begin_short_backtrace::<core[a373ad73a504971]::result::Result<(), alloc[2e1b2a31b91974c5]::string::String>, fn() -> core[a373ad73a504971]::result::Result<(), alloc[2e1b2a31b91974c5]::string::String>>
[INFO] [stdout]   15:     0x62b05afbfdd5 - test[aada8e7e76ba119b]::run_test::{closure#0}
[INFO] [stdout]   16:     0x62b05afb96c4 - std[617be2ca0a6fd877]::sys::backtrace::__rust_begin_short_backtrace::<test[aada8e7e76ba119b]::run_test::{closure#1}, ()>
[INFO] [stdout]   17:     0x62b05afc2e62 - <std[617be2ca0a6fd877]::thread::lifecycle::spawn_unchecked<test[aada8e7e76ba119b]::run_test::{closure#1}, ()>::{closure#1} as core[a373ad73a504971]::ops::function::FnOnce<()>>::call_once::{shim:vtable#0}
[INFO] [stdout]   18:     0x62b05b0a75ff - <std[617be2ca0a6fd877]::sys::thread::unix::Thread>::new::thread_start
[INFO] [stdout]   19:     0x725168c29dfa - <unknown>
[INFO] [stdout]   20:     0x725168cbd3d4 - clone
[INFO] [stdout]   21:                0x0 - <unknown>
[INFO] [stdout] 
[INFO] [stdout] ---- codegen::rename_all_kebabcase stdout ----
[INFO] [stdout] 
[INFO] [stdout] thread 'codegen::rename_all_kebabcase' (3590) panicked at tests/codegen/mod.rs:14:33:
[INFO] [stdout] Expand error: An error occurred while formatting the source code: error: 'rustfmt' is not installed for the toolchain '1.100.0-beta.1-x86_64-unknown-linux-gnu'.
[INFO] [stdout] help: run `rustup component add --toolchain 1.100.0-beta.1-x86_64-unknown-linux-gnu rustfmt` to install it
[INFO] [stdout] 
[INFO] [stdout] stack backtrace:
[INFO] [stdout]    0:     0x62b05b0a8631 - <<std[617be2ca0a6fd877]::sys::backtrace::BacktraceLock>::print::DisplayBacktrace as core[a373ad73a504971]::fmt::Display>::fmt
[INFO] [stdout]    1:     0x62b05b0bf7da - core[a373ad73a504971]::fmt::write
[INFO] [stdout]    2:     0x62b05b0acc1c - <alloc[2e1b2a31b91974c5]::vec::Vec<u8> as core[a373ad73a504971]::io::write::Write>::write_fmt
[INFO] [stdout]    3:     0x62b05b081fc6 - std[617be2ca0a6fd877]::panicking::default_hook::{closure#0}
[INFO] [stdout]    4:     0x62b05b09fca9 - std[617be2ca0a6fd877]::panicking::default_hook
[INFO] [stdout]    5:     0x62b05afbf7b0 - test[aada8e7e76ba119b]::test_main_inner::{closure#0}
[INFO] [stdout]    6:     0x62b05b09ffd2 - std[617be2ca0a6fd877]::panicking::panic_with_hook
[INFO] [stdout]    7:     0x62b05b082072 - std[617be2ca0a6fd877]::panicking::panic_handler::{closure#0}
[INFO] [stdout]    8:     0x62b05b07a8a9 - std[617be2ca0a6fd877]::sys::backtrace::__rust_end_short_backtrace::<std[617be2ca0a6fd877]::panicking::panic_handler::{closure#0}, !>
[INFO] [stdout]    9:     0x62b05b082d1d - __rustc[ea4f61d10b84890b]::rust_begin_unwind
[INFO] [stdout]   10:     0x62b05b0bffbc - core[a373ad73a504971]::panicking::panic_fmt
[INFO] [stdout]   11:     0x62b05af3ab94 - mod[29153a423dcf402d]::codegen::expand::{closure#0}
[INFO] [stdout]   12:     0x62b05af3ae88 - mod[29153a423dcf402d]::codegen::expand
[INFO] [stdout]   13:     0x62b05af3daf8 - <mod[29153a423dcf402d]::codegen::rename_all_kebabcase::{closure#0} as core[a373ad73a504971]::ops::function::FnOnce<()>>::call_once
[INFO] [stdout]   14:     0x62b05afb2bfb - test[aada8e7e76ba119b]::__rust_begin_short_backtrace::<core[a373ad73a504971]::result::Result<(), alloc[2e1b2a31b91974c5]::string::String>, fn() -> core[a373ad73a504971]::result::Result<(), alloc[2e1b2a31b91974c5]::string::String>>
[INFO] [stdout]   15:     0x62b05afbfdd5 - test[aada8e7e76ba119b]::run_test::{closure#0}
[INFO] [stdout]   16:     0x62b05afb96c4 - std[617be2ca0a6fd877]::sys::backtrace::__rust_begin_short_backtrace::<test[aada8e7e76ba119b]::run_test::{closure#1}, ()>
[INFO] [stdout]   17:     0x62b05afc2e62 - <std[617be2ca0a6fd877]::thread::lifecycle::spawn_unchecked<test[aada8e7e76ba119b]::run_test::{closure#1}, ()>::{closure#1} as core[a373ad73a504971]::ops::function::FnOnce<()>>::call_once::{shim:vtable#0}
[INFO] [stdout]   18:     0x62b05b0a75ff - <std[617be2ca0a6fd877]::sys::thread::unix::Thread>::new::thread_start
[INFO] [stdout]   19:     0x725168c29dfa - <unknown>
[INFO] [stdout]   20:     0x725168cbd3d4 - clone
[INFO] [stdout]   21:                0x0 - <unknown>
[INFO] [stdout] 
[INFO] [stdout] ---- codegen::rename_all_screaming_kebabcase stdout ----
[INFO] [stdout] 
[INFO] [stdout] thread 'codegen::rename_all_screaming_kebabcase' (3938) panicked at tests/codegen/mod.rs:14:33:
[INFO] [stdout] Expand error: An error occurred while formatting the source code: error: 'rustfmt' is not installed for the toolchain '1.100.0-beta.1-x86_64-unknown-linux-gnu'.
[INFO] [stdout] help: run `rustup component add --toolchain 1.100.0-beta.1-x86_64-unknown-linux-gnu rustfmt` to install it
[INFO] [stdout] 
[INFO] [stdout] stack backtrace:
[INFO] [stdout]    0:     0x62b05b0a8631 - <<std[617be2ca0a6fd877]::sys::backtrace::BacktraceLock>::print::DisplayBacktrace as core[a373ad73a504971]::fmt::Display>::fmt
[INFO] [stdout]    1:     0x62b05b0bf7da - core[a373ad73a504971]::fmt::write
[INFO] [stdout]    2:     0x62b05b0acc1c - <alloc[2e1b2a31b91974c5]::vec::Vec<u8> as core[a373ad73a504971]::io::write::Write>::write_fmt
[INFO] [stdout]    3:     0x62b05b081fc6 - std[617be2ca0a6fd877]::panicking::default_hook::{closure#0}
[INFO] [stdout]    4:     0x62b05b09fca9 - std[617be2ca0a6fd877]::panicking::default_hook
[INFO] [stdout]    5:     0x62b05afbf7b0 - test[aada8e7e76ba119b]::test_main_inner::{closure#0}
[INFO] [stdout]    6:     0x62b05b09ffd2 - std[617be2ca0a6fd877]::panicking::panic_with_hook
[INFO] [stdout]    7:     0x62b05b082072 - std[617be2ca0a6fd877]::panicking::panic_handler::{closure#0}
[INFO] [stdout]    8:     0x62b05b07a8a9 - std[617be2ca0a6fd877]::sys::backtrace::__rust_end_short_backtrace::<std[617be2ca0a6fd877]::panicking::panic_handler::{closure#0}, !>
[INFO] [stdout]    9:     0x62b05b082d1d - __rustc[ea4f61d10b84890b]::rust_begin_unwind
[INFO] [stdout]   10:     0x62b05b0bffbc - core[a373ad73a504971]::panicking::panic_fmt
[INFO] [stdout]   11:     0x62b05af3ab94 - mod[29153a423dcf402d]::codegen::expand::{closure#0}
[INFO] [stdout]   12:     0x62b05af3ae88 - mod[29153a423dcf402d]::codegen::expand
[INFO] [stdout]   13:     0x62b05af418f8 - <mod[29153a423dcf402d]::codegen::rename_all_screaming_kebabcase::{closure#0} as core[a373ad73a504971]::ops::function::FnOnce<()>>::call_once
[INFO] [stdout]   14:     0x62b05afb2bfb - test[aada8e7e76ba119b]::__rust_begin_short_backtrace::<core[a373ad73a504971]::result::Result<(), alloc[2e1b2a31b91974c5]::string::String>, fn() -> core[a373ad73a504971]::result::Result<(), alloc[2e1b2a31b91974c5]::string::String>>
[INFO] [stdout]   15:     0x62b05afbfdd5 - test[aada8e7e76ba119b]::run_test::{closure#0}
[INFO] [stdout]   16:     0x62b05afb96c4 - std[617be2ca0a6fd877]::sys::backtrace::__rust_begin_short_backtrace::<test[aada8e7e76ba119b]::run_test::{closure#1}, ()>
[INFO] [stdout]   17:     0x62b05afc2e62 - <std[617be2ca0a6fd877]::thread::lifecycle::spawn_unchecked<test[aada8e7e76ba119b]::run_test::{closure#1}, ()>::{closure#1} as core[a373ad73a504971]::ops::function::FnOnce<()>>::call_once::{shim:vtable#0}
[INFO] [stdout]   18:     0x62b05b0a75ff - <std[617be2ca0a6fd877]::sys::thread::unix::Thread>::new::thread_start
[INFO] [stdout]   19:     0x725168c29dfa - <unknown>
[INFO] [stdout]   20:     0x725168cbd3d4 - clone
[INFO] [stdout]   21:                0x0 - <unknown>
[INFO] [stdout] 
[INFO] [stdout] ---- codegen::rename_all_screaming_snake_case stdout ----
[INFO] [stdout] 
[INFO] [stdout] thread 'codegen::rename_all_screaming_snake_case' (5140) panicked at tests/codegen/mod.rs:14:33:
[INFO] [stdout] Expand error: An error occurred while formatting the source code: error: 'rustfmt' is not installed for the toolchain '1.100.0-beta.1-x86_64-unknown-linux-gnu'.
[INFO] [stdout] help: run `rustup component add --toolchain 1.100.0-beta.1-x86_64-unknown-linux-gnu rustfmt` to install it
[INFO] [stdout] 
[INFO] [stdout] stack backtrace:
[INFO] [stdout]    0:     0x62b05b0a8631 - <<std[617be2ca0a6fd877]::sys::backtrace::BacktraceLock>::print::DisplayBacktrace as core[a373ad73a504971]::fmt::Display>::fmt
[INFO] [stdout]    1:     0x62b05b0bf7da - core[a373ad73a504971]::fmt::write
[INFO] [stdout]    2:     0x62b05b0acc1c - <alloc[2e1b2a31b91974c5]::vec::Vec<u8> as core[a373ad73a504971]::io::write::Write>::write_fmt
[INFO] [stdout]    3:     0x62b05b081fc6 - std[617be2ca0a6fd877]::panicking::default_hook::{closure#0}
[INFO] [stdout]    4:     0x62b05b09fca9 - std[617be2ca0a6fd877]::panicking::default_hook
[INFO] [stdout]    5:     0x62b05afbf7b0 - test[aada8e7e76ba119b]::test_main_inner::{closure#0}
[INFO] [stdout]    6:     0x62b05b09ffd2 - std[617be2ca0a6fd877]::panicking::panic_with_hook
[INFO] [stdout]    7:     0x62b05b082072 - std[617be2ca0a6fd877]::panicking::panic_handler::{closure#0}
[INFO] [stdout]    8:     0x62b05b07a8a9 - std[617be2ca0a6fd877]::sys::backtrace::__rust_end_short_backtrace::<std[617be2ca0a6fd877]::panicking::panic_handler::{closure#0}, !>
[INFO] [stdout]    9:     0x62b05b082d1d - __rustc[ea4f61d10b84890b]::rust_begin_unwind
[INFO] [stdout]   10:     0x62b05b0bffbc - core[a373ad73a504971]::panicking::panic_fmt
[INFO] [stdout]   11:     0x62b05af3ab94 - mod[29153a423dcf402d]::codegen::expand::{closure#0}
[INFO] [stdout]   12:     0x62b05af3ae88 - mod[29153a423dcf402d]::codegen::expand
[INFO] [stdout]   13:     0x62b05af420f8 - <mod[29153a423dcf402d]::codegen::rename_all_screaming_snake_case::{closure#0} as core[a373ad73a504971]::ops::function::FnOnce<()>>::call_once
[INFO] [stdout]   14:     0x62b05afb2bfb - test[aada8e7e76ba119b]::__rust_begin_short_backtrace::<core[a373ad73a504971]::result::Result<(), alloc[2e1b2a31b91974c5]::string::String>, fn() -> core[a373ad73a504971]::result::Result<(), alloc[2e1b2a31b91974c5]::string::String>>
[INFO] [stdout]   15:     0x62b05afbfdd5 - test[aada8e7e76ba119b]::run_test::{closure#0}
[INFO] [stdout]   16:     0x62b05afb96c4 - std[617be2ca0a6fd877]::sys::backtrace::__rust_begin_short_backtrace::<test[aada8e7e76ba119b]::run_test::{closure#1}, ()>
[INFO] [stdout]   17:     0x62b05afc2e62 - <std[617be2ca0a6fd877]::thread::lifecycle::spawn_unchecked<test[aada8e7e76ba119b]::run_test::{closure#1}, ()>::{closure#1} as core[a373ad73a504971]::ops::function::FnOnce<()>>::call_once::{shim:vtable#0}
[INFO] [stdout]   18:     0x62b05b0a75ff - <std[617be2ca0a6fd877]::sys::thread::unix::Thread>::new::thread_start
[INFO] [stdout]   19:     0x725168c29dfa - <unknown>
[INFO] [stdout]   20:     0x725168cbd3d4 - clone
[INFO] [stdout]   21:                0x0 - <unknown>
[INFO] [stdout] 
[INFO] [stdout] ---- codegen::rename_all_snakecase stdout ----
[INFO] [stdout] 
[INFO] [stdout] thread 'codegen::rename_all_snakecase' (5826) panicked at tests/codegen/mod.rs:14:33:
[INFO] [stdout] Expand error: An error occurred while formatting the source code: error: 'rustfmt' is not installed for the toolchain '1.100.0-beta.1-x86_64-unknown-linux-gnu'.
[INFO] [stdout] help: run `rustup component add --toolchain 1.100.0-beta.1-x86_64-unknown-linux-gnu rustfmt` to install it
[INFO] [stdout] 
[INFO] [stdout] stack backtrace:
[INFO] [stdout]    0:     0x62b05b0a8631 - <<std[617be2ca0a6fd877]::sys::backtrace::BacktraceLock>::print::DisplayBacktrace as core[a373ad73a504971]::fmt::Display>::fmt
[INFO] [stdout]    1:     0x62b05b0bf7da - core[a373ad73a504971]::fmt::write
[INFO] [stdout]    2:     0x62b05b0acc1c - <alloc[2e1b2a31b91974c5]::vec::Vec<u8> as core[a373ad73a504971]::io::write::Write>::write_fmt
[INFO] [stdout]    3:     0x62b05b081fc6 - std[617be2ca0a6fd877]::panicking::default_hook::{closure#0}
[INFO] [stdout]    4:     0x62b05b09fca9 - std[617be2ca0a6fd877]::panicking::default_hook
[INFO] [stdout]    5:     0x62b05afbf7b0 - test[aada8e7e76ba119b]::test_main_inner::{closure#0}
[INFO] [stdout]    6:     0x62b05b09ffd2 - std[617be2ca0a6fd877]::panicking::panic_with_hook
[INFO] [stdout]    7:     0x62b05b082072 - std[617be2ca0a6fd877]::panicking::panic_handler::{closure#0}
[INFO] [stdout]    8:     0x62b05b07a8a9 - std[617be2ca0a6fd877]::sys::backtrace::__rust_end_short_backtrace::<std[617be2ca0a6fd877]::panicking::panic_handler::{closure#0}, !>
[INFO] [stdout]    9:     0x62b05b082d1d - __rustc[ea4f61d10b84890b]::rust_begin_unwind
[INFO] [stdout]   10:     0x62b05b0bffbc - core[a373ad73a504971]::panicking::panic_fmt
[INFO] [stdout]   11:     0x62b05af3ab94 - mod[29153a423dcf402d]::codegen::expand::{closure#0}
[INFO] [stdout]   12:     0x62b05af3ae88 - mod[29153a423dcf402d]::codegen::expand
[INFO] [stdout]   13:     0x62b05af3dcf8 - <mod[29153a423dcf402d]::codegen::rename_all_snakecase::{closure#0} as core[a373ad73a504971]::ops::function::FnOnce<()>>::call_once
[INFO] [stdout]   14:     0x62b05afb2bfb - test[aada8e7e76ba119b]::__rust_begin_short_backtrace::<core[a373ad73a504971]::result::Result<(), alloc[2e1b2a31b91974c5]::string::String>, fn() -> core[a373ad73a504971]::result::Result<(), alloc[2e1b2a31b91974c5]::string::String>>
[INFO] [stdout]   15:     0x62b05afbfdd5 - test[aada8e7e76ba119b]::run_test::{closure#0}
[INFO] [stdout]   16:     0x62b05afb96c4 - std[617be2ca0a6fd877]::sys::backtrace::__rust_begin_short_backtrace::<test[aada8e7e76ba119b]::run_test::{closure#1}, ()>
[INFO] [stdout]   17:     0x62b05afc2e62 - <std[617be2ca0a6fd877]::thread::lifecycle::spawn_unchecked<test[aada8e7e76ba119b]::run_test::{closure#1}, ()>::{closure#1} as core[a373ad73a504971]::ops::function::FnOnce<()>>::call_once::{shim:vtable#0}
[INFO] [stdout]   18:     0x62b05b0a75ff - <std[617be2ca0a6fd877]::sys::thread::unix::Thread>::new::thread_start
[INFO] [stdout]   19:     0x725168c29dfa - <unknown>
[INFO] [stdout]   20:     0x725168cbd3d4 - clone
[INFO] [stdout]   21:                0x0 - <unknown>
[INFO] [stdout] 
[INFO] [stdout] ---- codegen::simple_struct stdout ----
[INFO] [stdout] 
[INFO] [stdout] thread 'codegen::simple_struct' (5842) panicked at tests/codegen/mod.rs:14:33:
[INFO] [stdout] Expand error: An error occurred while formatting the source code: error: 'rustfmt' is not installed for the toolchain '1.100.0-beta.1-x86_64-unknown-linux-gnu'.
[INFO] [stdout] help: run `rustup component add --toolchain 1.100.0-beta.1-x86_64-unknown-linux-gnu rustfmt` to install it
[INFO] [stdout] 
[INFO] [stdout] stack backtrace:
[INFO] [stdout]    0:     0x62b05b0a8631 - <<std[617be2ca0a6fd877]::sys::backtrace::BacktraceLock>::print::DisplayBacktrace as core[a373ad73a504971]::fmt::Display>::fmt
[INFO] [stdout]    1:     0x62b05b0bf7da - core[a373ad73a504971]::fmt::write
[INFO] [stdout]    2:     0x62b05b0acc1c - <alloc[2e1b2a31b91974c5]::vec::Vec<u8> as core[a373ad73a504971]::io::write::Write>::write_fmt
[INFO] [stdout]    3:     0x62b05b081fc6 - std[617be2ca0a6fd877]::panicking::default_hook::{closure#0}
[INFO] [stdout]    4:     0x62b05b09fca9 - std[617be2ca0a6fd877]::panicking::default_hook
[INFO] [stdout]    5:     0x62b05afbf7b0 - test[aada8e7e76ba119b]::test_main_inner::{closure#0}
[INFO] [stdout]    6:     0x62b05b09ffd2 - std[617be2ca0a6fd877]::panicking::panic_with_hook
[INFO] [stdout]    7:     0x62b05b082072 - std[617be2ca0a6fd877]::panicking::panic_handler::{closure#0}
[INFO] [stdout]    8:     0x62b05b07a8a9 - std[617be2ca0a6fd877]::sys::backtrace::__rust_end_short_backtrace::<std[617be2ca0a6fd877]::panicking::panic_handler::{closure#0}, !>
[INFO] [stdout]    9:     0x62b05b082d1d - __rustc[ea4f61d10b84890b]::rust_begin_unwind
[INFO] [stdout]   10:     0x62b05b0bffbc - core[a373ad73a504971]::panicking::panic_fmt
[INFO] [stdout]   11:     0x62b05af3ab94 - mod[29153a423dcf402d]::codegen::expand::{closure#0}
[INFO] [stdout]   12:     0x62b05af3ae88 - mod[29153a423dcf402d]::codegen::expand
[INFO] [stdout]   13:     0x62b05af3bef8 - <mod[29153a423dcf402d]::codegen::simple_struct::{closure#0} as core[a373ad73a504971]::ops::function::FnOnce<()>>::call_once
[INFO] [stdout]   14:     0x62b05afb2bfb - test[aada8e7e76ba119b]::__rust_begin_short_backtrace::<core[a373ad73a504971]::result::Result<(), alloc[2e1b2a31b91974c5]::string::String>, fn() -> core[a373ad73a504971]::result::Result<(), alloc[2e1b2a31b91974c5]::string::String>>
[INFO] [stdout]   15:     0x62b05afbfdd5 - test[aada8e7e76ba119b]::run_test::{closure#0}
[INFO] [stdout]   16:     0x62b05afb96c4 - std[617be2ca0a6fd877]::sys::backtrace::__rust_begin_short_backtrace::<test[aada8e7e76ba119b]::run_test::{closure#1}, ()>
[INFO] [stdout]   17:     0x62b05afc2e62 - <std[617be2ca0a6fd877]::thread::lifecycle::spawn_unchecked<test[aada8e7e76ba119b]::run_test::{closure#1}, ()>::{closure#1} as core[a373ad73a504971]::ops::function::FnOnce<()>>::call_once::{shim:vtable#0}
[INFO] [stdout]   18:     0x62b05b0a75ff - <std[617be2ca0a6fd877]::sys::thread::unix::Thread>::new::thread_start
[INFO] [stdout]   19:     0x725168c29dfa - <unknown>
[INFO] [stdout]   20:     0x725168cbd3d4 - clone
[INFO] [stdout]   21:                0x0 - <unknown>
[INFO] [stdout] 
[INFO] [stdout] ---- codegen::struct_doc_comment stdout ----
[INFO] [stdout] 
[INFO] [stdout] thread 'codegen::struct_doc_comment' (6092) panicked at tests/codegen/mod.rs:14:33:
[INFO] [stdout] Expand error: An error occurred while formatting the source code: error: 'rustfmt' is not installed for the toolchain '1.100.0-beta.1-x86_64-unknown-linux-gnu'.
[INFO] [stdout] help: run `rustup component add --toolchain 1.100.0-beta.1-x86_64-unknown-linux-gnu rustfmt` to install it
[INFO] [stdout] 
[INFO] [stdout] stack backtrace:
[INFO] [stdout]    0:     0x62b05b0a8631 - <<std[617be2ca0a6fd877]::sys::backtrace::BacktraceLock>::print::DisplayBacktrace as core[a373ad73a504971]::fmt::Display>::fmt
[INFO] [stdout]    1:     0x62b05b0bf7da - core[a373ad73a504971]::fmt::write
[INFO] [stdout]    2:     0x62b05b0acc1c - <alloc[2e1b2a31b91974c5]::vec::Vec<u8> as core[a373ad73a504971]::io::write::Write>::write_fmt
[INFO] [stdout]    3:     0x62b05b081fc6 - std[617be2ca0a6fd877]::panicking::default_hook::{closure#0}
[INFO] [stdout]    4:     0x62b05b09fca9 - std[617be2ca0a6fd877]::panicking::default_hook
[INFO] [stdout]    5:     0x62b05afbf7b0 - test[aada8e7e76ba119b]::test_main_inner::{closure#0}
[INFO] [stdout]    6:     0x62b05b09ffd2 - std[617be2ca0a6fd877]::panicking::panic_with_hook
[INFO] [stdout]    7:     0x62b05b082072 - std[617be2ca0a6fd877]::panicking::panic_handler::{closure#0}
[INFO] [stdout]    8:     0x62b05b07a8a9 - std[617be2ca0a6fd877]::sys::backtrace::__rust_end_short_backtrace::<std[617be2ca0a6fd877]::panicking::panic_handler::{closure#0}, !>
[INFO] [stdout]    9:     0x62b05b082d1d - __rustc[ea4f61d10b84890b]::rust_begin_unwind
[INFO] [stdout]   10:     0x62b05b0bffbc - core[a373ad73a504971]::panicking::panic_fmt
[INFO] [stdout]   11:     0x62b05af3ab94 - mod[29153a423dcf402d]::codegen::expand::{closure#0}
[INFO] [stdout]   12:     0x62b05af3ae88 - mod[29153a423dcf402d]::codegen::expand
[INFO] [stdout]   13:     0x62b05af3d0f8 - <mod[29153a423dcf402d]::codegen::struct_doc_comment::{closure#0} as core[a373ad73a504971]::ops::function::FnOnce<()>>::call_once
[INFO] [stdout]   14:     0x62b05afb2bfb - test[aada8e7e76ba119b]::__rust_begin_short_backtrace::<core[a373ad73a504971]::result::Result<(), alloc[2e1b2a31b91974c5]::string::String>, fn() -> core[a373ad73a504971]::result::Result<(), alloc[2e1b2a31b91974c5]::string::String>>
[INFO] [stdout]   15:     0x62b05afbfdd5 - test[aada8e7e76ba119b]::run_test::{closure#0}
[INFO] [stdout]   16:     0x62b05afb96c4 - std[617be2ca0a6fd877]::sys::backtrace::__rust_begin_short_backtrace::<test[aada8e7e76ba119b]::run_test::{closure#1}, ()>
[INFO] [stdout]   17:     0x62b05afc2e62 - <std[617be2ca0a6fd877]::thread::lifecycle::spawn_unchecked<test[aada8e7e76ba119b]::run_test::{closure#1}, ()>::{closure#1} as core[a373ad73a504971]::ops::function::FnOnce<()>>::call_once::{shim:vtable#0}
[INFO] [stdout]   18:     0x62b05b0a75ff - <std[617be2ca0a6fd877]::sys::thread::unix::Thread>::new::thread_start
[INFO] [stdout]   19:     0x725168c29dfa - <unknown>
[INFO] [stdout]   20:     0x725168cbd3d4 - clone
[INFO] [stdout]   21:                0x0 - <unknown>
[INFO] [stdout] 
[INFO] [stdout] ---- codegen::repr_c_enum stdout ----
[INFO] [stdout] 
[INFO] [stdout] thread 'codegen::repr_c_enum' (5827) panicked at tests/codegen/mod.rs:14:33:
[INFO] [stdout] Expand error: An error occurred while formatting the source code: error: 'rustfmt' is not installed for the toolchain '1.100.0-beta.1-x86_64-unknown-linux-gnu'.
[INFO] [stdout] help: run `rustup component add --toolchain 1.100.0-beta.1-x86_64-unknown-linux-gnu rustfmt` to install it
[INFO] [stdout] 
[INFO] [stdout] stack backtrace:
[INFO] [stdout]    0:     0x62b05b0a8631 - <<std[617be2ca0a6fd877]::sys::backtrace::BacktraceLock>::print::DisplayBacktrace as core[a373ad73a504971]::fmt::Display>::fmt
[INFO] [stdout]    1:     0x62b05b0bf7da - core[a373ad73a504971]::fmt::write
[INFO] [stdout]    2:     0x62b05b0acc1c - <alloc[2e1b2a31b91974c5]::vec::Vec<u8> as core[a373ad73a504971]::io::write::Write>::write_fmt
[INFO] [stdout]    3:     0x62b05b081fc6 - std[617be2ca0a6fd877]::panicking::default_hook::{closure#0}
[INFO] [stdout]    4:     0x62b05b09fca9 - std[617be2ca0a6fd877]::panicking::default_hook
[INFO] [stdout]    5:     0x62b05afbf7b0 - test[aada8e7e76ba119b]::test_main_inner::{closure#0}
[INFO] [stdout]    6:     0x62b05b09ffd2 - std[617be2ca0a6fd877]::panicking::panic_with_hook
[INFO] [stdout]    7:     0x62b05b082072 - std[617be2ca0a6fd877]::panicking::panic_handler::{closure#0}
[INFO] [stdout]    8:     0x62b05b07a8a9 - std[617be2ca0a6fd877]::sys::backtrace::__rust_end_short_backtrace::<std[617be2ca0a6fd877]::panicking::panic_handler::{closure#0}, !>
[INFO] [stdout]    9:     0x62b05b082d1d - __rustc[ea4f61d10b84890b]::rust_begin_unwind
[INFO] [stdout]   10:     0x62b05b0bffbc - core[a373ad73a504971]::panicking::panic_fmt
[INFO] [stdout]   11:     0x62b05af3ab94 - mod[29153a423dcf402d]::codegen::expand::{closure#0}
[INFO] [stdout]   12:     0x62b05af3ae88 - mod[29153a423dcf402d]::codegen::expand
[INFO] [stdout]   13:     0x62b05af3b4f8 - <mod[29153a423dcf402d]::codegen::repr_c_enum::{closure#0} as core[a373ad73a504971]::ops::function::FnOnce<()>>::call_once
[INFO] [stdout]   14:     0x62b05afb2bfb - test[aada8e7e76ba119b]::__rust_begin_short_backtrace::<core[a373ad73a504971]::result::Result<(), alloc[2e1b2a31b91974c5]::string::String>, fn() -> core[a373ad73a504971]::result::Result<(), alloc[2e1b2a31b91974c5]::string::String>>
[INFO] [stdout]   15:     0x62b05afbfdd5 - test[aada8e7e76ba119b]::run_test::{closure#0}
[INFO] [stdout]   16:     0x62b05afb96c4 - std[617be2ca0a6fd877]::sys::backtrace::__rust_begin_short_backtrace::<test[aada8e7e76ba119b]::run_test::{closure#1}, ()>
[INFO] [stdout]   17:     0x62b05afc2e62 - <std[617be2ca0a6fd877]::thread::lifecycle::spawn_unchecked<test[aada8e7e76ba119b]::run_test::{closure#1}, ()>::{closure#1} as core[a373ad73a504971]::ops::function::FnOnce<()>>::call_once::{shim:vtable#0}
[INFO] [stdout]   18:     0x62b05b0a75ff - <std[617be2ca0a6fd877]::sys::thread::unix::Thread>::new::thread_start
[INFO] [stdout]   19:     0x725168c29dfa - <unknown>
[INFO] [stdout]   20:     0x725168cbd3d4 - clone
[INFO] [stdout]   21:                0x0 - <unknown>
[INFO] [stdout] 
[INFO] [stdout] ---- codegen::struct_doc_comment_quotes stdout ----
[INFO] [stdout] 
[INFO] [stdout] thread 'codegen::struct_doc_comment_quotes' (6616) panicked at tests/codegen/mod.rs:14:33:
[INFO] [stdout] Expand error: An error occurred while formatting the source code: error: 'rustfmt' is not installed for the toolchain '1.100.0-beta.1-x86_64-unknown-linux-gnu'.
[INFO] [stdout] help: run `rustup component add --toolchain 1.100.0-beta.1-x86_64-unknown-linux-gnu rustfmt` to install it
[INFO] [stdout] 
[INFO] [stdout] stack backtrace:
[INFO] [stdout]    0:     0x62b05b0a8631 - <<std[617be2ca0a6fd877]::sys::backtrace::BacktraceLock>::print::DisplayBacktrace as core[a373ad73a504971]::fmt::Display>::fmt
[INFO] [stdout]    1:     0x62b05b0bf7da - core[a373ad73a504971]::fmt::write
[INFO] [stdout]    2:     0x62b05b0acc1c - <alloc[2e1b2a31b91974c5]::vec::Vec<u8> as core[a373ad73a504971]::io::write::Write>::write_fmt
[INFO] [stdout]    3:     0x62b05b081fc6 - std[617be2ca0a6fd877]::panicking::default_hook::{closure#0}
[INFO] [stdout]    4:     0x62b05b09fca9 - std[617be2ca0a6fd877]::panicking::default_hook
[INFO] [stdout]    5:     0x62b05afbf7b0 - test[aada8e7e76ba119b]::test_main_inner::{closure#0}
[INFO] [stdout]    6:     0x62b05b09ffd2 - std[617be2ca0a6fd877]::panicking::panic_with_hook
[INFO] [stdout]    7:     0x62b05b082072 - std[617be2ca0a6fd877]::panicking::panic_handler::{closure#0}
[INFO] [stdout]    8:     0x62b05b07a8a9 - std[617be2ca0a6fd877]::sys::backtrace::__rust_end_short_backtrace::<std[617be2ca0a6fd877]::panicking::panic_handler::{closure#0}, !>
[INFO] [stdout]    9:     0x62b05b082d1d - __rustc[ea4f61d10b84890b]::rust_begin_unwind
[INFO] [stdout]   10:     0x62b05b0bffbc - core[a373ad73a504971]::panicking::panic_fmt
[INFO] [stdout]   11:     0x62b05af3ab94 - mod[29153a423dcf402d]::codegen::expand::{closure#0}
[INFO] [stdout]   12:     0x62b05af3ae88 - mod[29153a423dcf402d]::codegen::expand
[INFO] [stdout]   13:     0x62b05af3f6f8 - <mod[29153a423dcf402d]::codegen::struct_doc_comment_quotes::{closure#0} as core[a373ad73a504971]::ops::function::FnOnce<()>>::call_once
[INFO] [stdout]   14:     0x62b05afb2bfb - test[aada8e7e76ba119b]::__rust_begin_short_backtrace::<core[a373ad73a504971]::result::Result<(), alloc[2e1b2a31b91974c5]::string::String>, fn() -> core[a373ad73a504971]::result::Result<(), alloc[2e1b2a31b91974c5]::string::String>>
[INFO] [stdout]   15:     0x62b05afbfdd5 - test[aada8e7e76ba119b]::run_test::{closure#0}
[INFO] [stdout]   16:     0x62b05afb96c4 - std[617be2ca0a6fd877]::sys::backtrace::__rust_begin_short_backtrace::<test[aada8e7e76ba119b]::run_test::{closure#1}, ()>
[INFO] [stdout]   17:     0x62b05afc2e62 - <std[617be2ca0a6fd877]::thread::lifecycle::spawn_unchecked<test[aada8e7e76ba119b]::run_test::{closure#1}, ()>::{closure#1} as core[a373ad73a504971]::ops::function::FnOnce<()>>::call_once::{shim:vtable#0}
[INFO] [stdout]   18:     0x62b05b0a75ff - <std[617be2ca0a6fd877]::sys::thread::unix::Thread>::new::thread_start
[INFO] [stdout]   19:     0x725168c29dfa - <unknown>
[INFO] [stdout]   20:     0x725168cbd3d4 - clone
[INFO] [stdout]   21:                0x0 - <unknown>
[INFO] [stdout] 
[INFO] [stdout] ---- codegen::repr_c_enum_lifetime_field stdout ----
[INFO] [stdout] 
[INFO] [stdout] thread 'codegen::repr_c_enum_lifetime_field' (5829) panicked at tests/codegen/mod.rs:14:33:
[INFO] [stdout] Expand error: An error occurred while formatting the source code: error: 'rustfmt' is not installed for the toolchain '1.100.0-beta.1-x86_64-unknown-linux-gnu'.
[INFO] [stdout] help: run `rustup component add --toolchain 1.100.0-beta.1-x86_64-unknown-linux-gnu rustfmt` to install it
[INFO] [stdout] 
[INFO] [stdout] stack backtrace:
[INFO] [stdout]    0:     0x62b05b0a8631 - <<std[617be2ca0a6fd877]::sys::backtrace::BacktraceLock>::print::DisplayBacktrace as core[a373ad73a504971]::fmt::Display>::fmt
[INFO] [stdout]    1:     0x62b05b0bf7da - core[a373ad73a504971]::fmt::write
[INFO] [stdout]    2:     0x62b05b0acc1c - <alloc[2e1b2a31b91974c5]::vec::Vec<u8> as core[a373ad73a504971]::io::write::Write>::write_fmt
[INFO] [stdout]    3:     0x62b05b081fc6 - std[617be2ca0a6fd877]::panicking::default_hook::{closure#0}
[INFO] [stdout]    4:     0x62b05b09fca9 - std[617be2ca0a6fd877]::panicking::default_hook
[INFO] [stdout]    5:     0x62b05afbf7b0 - test[aada8e7e76ba119b]::test_main_inner::{closure#0}
[INFO] [stdout]    6:     0x62b05b09ffd2 - std[617be2ca0a6fd877]::panicking::panic_with_hook
[INFO] [stdout]    7:     0x62b05b082072 - std[617be2ca0a6fd877]::panicking::panic_handler::{closure#0}
[INFO] [stdout]    8:     0x62b05b07a8a9 - std[617be2ca0a6fd877]::sys::backtrace::__rust_end_short_backtrace::<std[617be2ca0a6fd877]::panicking::panic_handler::{closure#0}, !>
[INFO] [stdout]    9:     0x62b05b082d1d - __rustc[ea4f61d10b84890b]::rust_begin_unwind
[INFO] [stdout]   10:     0x62b05b0bffbc - core[a373ad73a504971]::panicking::panic_fmt
[INFO] [stdout]   11:     0x62b05af3ab94 - mod[29153a423dcf402d]::codegen::expand::{closure#0}
[INFO] [stdout]   12:     0x62b05af3ae88 - mod[29153a423dcf402d]::codegen::expand
[INFO] [stdout]   13:     0x62b05af3fcf8 - <mod[29153a423dcf402d]::codegen::repr_c_enum_lifetime_field::{closure#0} as core[a373ad73a504971]::ops::function::FnOnce<()>>::call_once
[INFO] [stdout]   14:     0x62b05afb2bfb - test[aada8e7e76ba119b]::__rust_begin_short_backtrace::<core[a373ad73a504971]::result::Result<(), alloc[2e1b2a31b91974c5]::string::String>, fn() -> core[a373ad73a504971]::result::Result<(), alloc[2e1b2a31b91974c5]::string::String>>
[INFO] [stdout]   15:     0x62b05afbfdd5 - test[aada8e7e76ba119b]::run_test::{closure#0}
[INFO] [stdout]   16:     0x62b05afb96c4 - std[617be2ca0a6fd877]::sys::backtrace::__rust_begin_short_backtrace::<test[aada8e7e76ba119b]::run_test::{closure#1}, ()>
[INFO] [stdout]   17:     0x62b05afc2e62 - <std[617be2ca0a6fd877]::thread::lifecycle::spawn_unchecked<test[aada8e7e76ba119b]::run_test::{closure#1}, ()>::{closure#1} as core[a373ad73a504971]::ops::function::FnOnce<()>>::call_once::{shim:vtable#0}
[INFO] [stdout]   18:     0x62b05b0a75ff - <std[617be2ca0a6fd877]::sys::thread::unix::Thread>::new::thread_start
[INFO] [stdout]   19:     0x725168c29dfa - <unknown>
[INFO] [stdout]   20:     0x725168cbd3d4 - clone
[INFO] [stdout]   21:                0x0 - <unknown>
[INFO] [stdout] 
[INFO] [stdout] ---- codegen::repr_c_enum_empty_struct_variant stdout ----
[INFO] [stdout] 
[INFO] [stdout] thread 'codegen::repr_c_enum_empty_struct_variant' (5828) panicked at tests/codegen/mod.rs:14:33:
[INFO] [stdout] Expand error: An error occurred while formatting the source code: error: 'rustfmt' is not installed for the toolchain '1.100.0-beta.1-x86_64-unknown-linux-gnu'.
[INFO] [stdout] help: run `rustup component add --toolchain 1.100.0-beta.1-x86_64-unknown-linux-gnu rustfmt` to install it
[INFO] [stdout] 
[INFO] [stdout] stack backtrace:
[INFO] [stdout]    0:     0x62b05b0a8631 - <<std[617be2ca0a6fd877]::sys::backtrace::BacktraceLock>::print::DisplayBacktrace as core[a373ad73a504971]::fmt::Display>::fmt
[INFO] [stdout]    1:     0x62b05b0bf7da - core[a373ad73a504971]::fmt::write
[INFO] [stdout]    2:     0x62b05b0acc1c - <alloc[2e1b2a31b91974c5]::vec::Vec<u8> as core[a373ad73a504971]::io::write::Write>::write_fmt
[INFO] [stdout]    3:     0x62b05b081fc6 - std[617be2ca0a6fd877]::panicking::default_hook::{closure#0}
[INFO] [stdout]    4:     0x62b05b09fca9 - std[617be2ca0a6fd877]::panicking::default_hook
[INFO] [stdout]    5:     0x62b05afbf7b0 - test[aada8e7e76ba119b]::test_main_inner::{closure#0}
[INFO] [stdout]    6:     0x62b05b09ffd2 - std[617be2ca0a6fd877]::panicking::panic_with_hook
[INFO] [stdout]    7:     0x62b05b082072 - std[617be2ca0a6fd877]::panicking::panic_handler::{closure#0}
[INFO] [stdout]    8:     0x62b05b07a8a9 - std[617be2ca0a6fd877]::sys::backtrace::__rust_end_short_backtrace::<std[617be2ca0a6fd877]::panicking::panic_handler::{closure#0}, !>
[INFO] [stdout]    9:     0x62b05b082d1d - __rustc[ea4f61d10b84890b]::rust_begin_unwind
[INFO] [stdout]   10:     0x62b05b0bffbc - core[a373ad73a504971]::panicking::panic_fmt
[INFO] [stdout]   11:     0x62b05af3ab94 - mod[29153a423dcf402d]::codegen::expand::{closure#0}
[INFO] [stdout]   12:     0x62b05af3ae88 - mod[29153a423dcf402d]::codegen::expand
[INFO] [stdout]   13:     0x62b05af424f8 - <mod[29153a423dcf402d]::codegen::repr_c_enum_empty_struct_variant::{closure#0} as core[a373ad73a504971]::ops::function::FnOnce<()>>::call_once
[INFO] [stdout]   14:     0x62b05afb2bfb - test[aada8e7e76ba119b]::__rust_begin_short_backtrace::<core[a373ad73a504971]::result::Result<(), alloc[2e1b2a31b91974c5]::string::String>, fn() -> core[a373ad73a504971]::result::Result<(), alloc[2e1b2a31b91974c5]::string::String>>
[INFO] [stdout]   15:     0x62b05afbfdd5 - test[aada8e7e76ba119b]::run_test::{closure#0}
[INFO] [stdout]   16:     0x62b05afb96c4 - std[617be2ca0a6fd877]::sys::backtrace::__rust_begin_short_backtrace::<test[aada8e7e76ba119b]::run_test::{closure#1}, ()>
[INFO] [stdout]   17:     0x62b05afc2e62 - <std[617be2ca0a6fd877]::thread::lifecycle::spawn_unchecked<test[aada8e7e76ba119b]::run_test::{closure#1}, ()>::{closure#1} as core[a373ad73a504971]::ops::function::FnOnce<()>>::call_once::{shim:vtable#0}
[INFO] [stdout]   18:     0x62b05b0a75ff - <std[617be2ca0a6fd877]::sys::thread::unix::Thread>::new::thread_start
[INFO] [stdout]   19:     0x725168c29dfa - <unknown>
[INFO] [stdout]   20:     0x725168cbd3d4 - clone
[INFO] [stdout]   21:                0x0 - <unknown>
[INFO] [stdout] 
[INFO] [stdout] ---- codegen::struct_doc_comment_multi_line stdout ----
[INFO] [stdout] 
[INFO] [stdout] thread 'codegen::struct_doc_comment_multi_line' (6574) panicked at tests/codegen/mod.rs:14:33:
[INFO] [stdout] Expand error: An error occurred while formatting the source code: error: 'rustfmt' is not installed for the toolchain '1.100.0-beta.1-x86_64-unknown-linux-gnu'.
[INFO] [stdout] help: run `rustup component add --toolchain 1.100.0-beta.1-x86_64-unknown-linux-gnu rustfmt` to install it
[INFO] [stdout] 
[INFO] [stdout] stack backtrace:
[INFO] [stdout]    0:     0x62b05b0a8631 - <<std[617be2ca0a6fd877]::sys::backtrace::BacktraceLock>::print::DisplayBacktrace as core[a373ad73a504971]::fmt::Display>::fmt
[INFO] [stdout]    1:     0x62b05b0bf7da - core[a373ad73a504971]::fmt::write
[INFO] [stdout]    2:     0x62b05b0acc1c - <alloc[2e1b2a31b91974c5]::vec::Vec<u8> as core[a373ad73a504971]::io::write::Write>::write_fmt
[INFO] [stdout]    3:     0x62b05b081fc6 - std[617be2ca0a6fd877]::panicking::default_hook::{closure#0}
[INFO] [stdout]    4:     0x62b05b09fca9 - std[617be2ca0a6fd877]::panicking::default_hook
[INFO] [stdout]    5:     0x62b05afbf7b0 - test[aada8e7e76ba119b]::test_main_inner::{closure#0}
[INFO] [stdout]    6:     0x62b05b09ffd2 - std[617be2ca0a6fd877]::panicking::panic_with_hook
[INFO] [stdout]    7:     0x62b05b082072 - std[617be2ca0a6fd877]::panicking::panic_handler::{closure#0}
[INFO] [stdout]    8:     0x62b05b07a8a9 - std[617be2ca0a6fd877]::sys::backtrace::__rust_end_short_backtrace::<std[617be2ca0a6fd877]::panicking::panic_handler::{closure#0}, !>
[INFO] [stdout]    9:     0x62b05b082d1d - __rustc[ea4f61d10b84890b]::rust_begin_unwind
[INFO] [stdout]   10:     0x62b05b0bffbc - core[a373ad73a504971]::panicking::panic_fmt
[INFO] [stdout]   11:     0x62b05af3ab94 - mod[29153a423dcf402d]::codegen::expand::{closure#0}
[INFO] [stdout]   12:     0x62b05af3ae88 - mod[29153a423dcf402d]::codegen::expand
[INFO] [stdout]   13:     0x62b05af412f8 - <mod[29153a423dcf402d]::codegen::struct_doc_comment_multi_line::{closure#0} as core[a373ad73a504971]::ops::function::FnOnce<()>>::call_once
[INFO] [stdout]   14:     0x62b05afb2bfb - test[aada8e7e76ba119b]::__rust_begin_short_backtrace::<core[a373ad73a504971]::result::Result<(), alloc[2e1b2a31b91974c5]::string::String>, fn() -> core[a373ad73a504971]::result::Result<(), alloc[2e1b2a31b91974c5]::string::String>>
[INFO] [stdout]   15:     0x62b05afbfdd5 - test[aada8e7e76ba119b]::run_test::{closure#0}
[INFO] [stdout]   16:     0x62b05afb96c4 - std[617be2ca0a6fd877]::sys::backtrace::__rust_begin_short_backtrace::<test[aada8e7e76ba119b]::run_test::{closure#1}, ()>
[INFO] [stdout]   17:     0x62b05afc2e62 - <std[617be2ca0a6fd877]::thread::lifecycle::spawn_unchecked<test[aada8e7e76ba119b]::run_test::{closure#1}, ()>::{closure#1} as core[a373ad73a504971]::ops::function::FnOnce<()>>::call_once::{shim:vtable#0}
[INFO] [stdout]   18:     0x62b05b0a75ff - <std[617be2ca0a6fd877]::sys::thread::unix::Thread>::new::thread_start
[INFO] [stdout]   19:     0x725168c29dfa - <unknown>
[INFO] [stdout]   20:     0x725168cbd3d4 - clone
[INFO] [stdout]   21:                0x0 - <unknown>
[INFO] [stdout] 
[INFO] [stdout] ---- codegen::struct_with_field_default_facets stdout ----
[INFO] [stdout] 
[INFO] [stdout] thread 'codegen::struct_with_field_default_facets' (7610) panicked at tests/codegen/mod.rs:14:33:
[INFO] [stdout] Expand error: An error occurred while formatting the source code: error: 'rustfmt' is not installed for the toolchain '1.100.0-beta.1-x86_64-unknown-linux-gnu'.
[INFO] [stdout] help: run `rustup component add --toolchain 1.100.0-beta.1-x86_64-unknown-linux-gnu rustfmt` to install it
[INFO] [stdout] 
[INFO] [stdout] stack backtrace:
[INFO] [stdout]    0:     0x62b05b0a8631 - <<std[617be2ca0a6fd877]::sys::backtrace::BacktraceLock>::print::DisplayBacktrace as core[a373ad73a504971]::fmt::Display>::fmt
[INFO] [stdout]    1:     0x62b05b0bf7da - core[a373ad73a504971]::fmt::write
[INFO] [stdout]    2:     0x62b05b0acc1c - <alloc[2e1b2a31b91974c5]::vec::Vec<u8> as core[a373ad73a504971]::io::write::Write>::write_fmt
[INFO] [stdout]    3:     0x62b05b081fc6 - std[617be2ca0a6fd877]::panicking::default_hook::{closure#0}
[INFO] [stdout]    4:     0x62b05b09fca9 - std[617be2ca0a6fd877]::panicking::default_hook
[INFO] [stdout]    5:     0x62b05afbf7b0 - test[aada8e7e76ba119b]::test_main_inner::{closure#0}
[INFO] [stdout]    6:     0x62b05b09ffd2 - std[617be2ca0a6fd877]::panicking::panic_with_hook
[INFO] [stdout]    7:     0x62b05b082072 - std[617be2ca0a6fd877]::panicking::panic_handler::{closure#0}
[INFO] [stdout]    8:     0x62b05b07a8a9 - std[617be2ca0a6fd877]::sys::backtrace::__rust_end_short_backtrace::<std[617be2ca0a6fd877]::panicking::panic_handler::{closure#0}, !>
[INFO] [stdout]    9:     0x62b05b082d1d - __rustc[ea4f61d10b84890b]::rust_begin_unwind
[INFO] [stdout]   10:     0x62b05b0bffbc - core[a373ad73a504971]::panicking::panic_fmt
[INFO] [stdout]   11:     0x62b05af3ab94 - mod[29153a423dcf402d]::codegen::expand::{closure#0}
[INFO] [stdout]   12:     0x62b05af3ae88 - mod[29153a423dcf402d]::codegen::expand
[INFO] [stdout]   13:     0x62b05af426f8 - <mod[29153a423dcf402d]::codegen::struct_with_field_default_facets::{closure#0} as core[a373ad73a504971]::ops::function::FnOnce<()>>::call_once
[INFO] [stdout]   14:     0x62b05afb2bfb - test[aada8e7e76ba119b]::__rust_begin_short_backtrace::<core[a373ad73a504971]::result::Result<(), alloc[2e1b2a31b91974c5]::string::String>, fn() -> core[a373ad73a504971]::result::Result<(), alloc[2e1b2a31b91974c5]::string::String>>
[INFO] [stdout]   15:     0x62b05afbfdd5 - test[aada8e7e76ba119b]::run_test::{closure#0}
[INFO] [stdout]   16:     0x62b05afb96c4 - std[617be2ca0a6fd877]::sys::backtrace::__rust_begin_short_backtrace::<test[aada8e7e76ba119b]::run_test::{closure#1}, ()>
[INFO] [stdout]   17:     0x62b05afc2e62 - <std[617be2ca0a6fd877]::thread::lifecycle::spawn_unchecked<test[aada8e7e76ba119b]::run_test::{closure#1}, ()>::{closure#1} as core[a373ad73a504971]::ops::function::FnOnce<()>>::call_once::{shim:vtable#0}
[INFO] [stdout]   18:     0x62b05b0a75ff - <std[617be2ca0a6fd877]::sys::thread::unix::Thread>::new::thread_start
[INFO] [stdout]   19:     0x725168c29dfa - <unknown>
[INFO] [stdout]   20:     0x725168cbd3d4 - clone
[INFO] [stdout]   21:                0x0 - <unknown>
[INFO] [stdout] 
[INFO] [stdout] ---- codegen::struct_with_generics_simple stdout ----
[INFO] [stdout] 
[INFO] [stdout] thread 'codegen::struct_with_generics_simple' (7883) panicked at tests/codegen/mod.rs:14:33:
[INFO] [stdout] Expand error: An error occurred while formatting the source code: error: 'rustfmt' is not installed for the toolchain '1.100.0-beta.1-x86_64-unknown-linux-gnu'.
[INFO] [stdout] help: run `rustup component add --toolchain 1.100.0-beta.1-x86_64-unknown-linux-gnu rustfmt` to install it
[INFO] [stdout] 
[INFO] [stdout] stack backtrace:
[INFO] [stdout]    0:     0x62b05b0a8631 - <<std[617be2ca0a6fd877]::sys::backtrace::BacktraceLock>::print::DisplayBacktrace as core[a373ad73a504971]::fmt::Display>::fmt
[INFO] [stdout]    1:     0x62b05b0bf7da - core[a373ad73a504971]::fmt::write
[INFO] [stdout]    2:     0x62b05b0acc1c - <alloc[2e1b2a31b91974c5]::vec::Vec<u8> as core[a373ad73a504971]::io::write::Write>::write_fmt
[INFO] [stdout]    3:     0x62b05b081fc6 - std[617be2ca0a6fd877]::panicking::default_hook::{closure#0}
[INFO] [stdout]    4:     0x62b05b09fca9 - std[617be2ca0a6fd877]::panicking::default_hook
[INFO] [stdout]    5:     0x62b05afbf7b0 - test[aada8e7e76ba119b]::test_main_inner::{closure#0}
[INFO] [stdout]    6:     0x62b05b09ffd2 - std[617be2ca0a6fd877]::panicking::panic_with_hook
[INFO] [stdout]    7:     0x62b05b082072 - std[617be2ca0a6fd877]::panicking::panic_handler::{closure#0}
[INFO] [stdout]    8:     0x62b05b07a8a9 - std[617be2ca0a6fd877]::sys::backtrace::__rust_end_short_backtrace::<std[617be2ca0a6fd877]::panicking::panic_handler::{closure#0}, !>
[INFO] [stdout]    9:     0x62b05b082d1d - __rustc[ea4f61d10b84890b]::rust_begin_unwind
[INFO] [stdout]   10:     0x62b05b0bffbc - core[a373ad73a504971]::panicking::panic_fmt
[INFO] [stdout]   11:     0x62b05af3ab94 - mod[29153a423dcf402d]::codegen::expand::{closure#0}
[INFO] [stdout]   12:     0x62b05af3ae88 - mod[29153a423dcf402d]::codegen::expand
[INFO] [stdout]   13:     0x62b05af408f8 - <mod[29153a423dcf402d]::codegen::struct_with_generics_simple::{closure#0} as core[a373ad73a504971]::ops::function::FnOnce<()>>::call_once
[INFO] [stdout]   14:     0x62b05afb2bfb - test[aada8e7e76ba119b]::__rust_begin_short_backtrace::<core[a373ad73a504971]::result::Result<(), alloc[2e1b2a31b91974c5]::string::String>, fn() -> core[a373ad73a504971]::result::Result<(), alloc[2e1b2a31b91974c5]::string::String>>
[INFO] [stdout]   15:     0x62b05afbfdd5 - test[aada8e7e76ba119b]::run_test::{closure#0}
[INFO] [stdout]   16:     0x62b05afb96c4 - std[617be2ca0a6fd877]::sys::backtrace::__rust_begin_short_backtrace::<test[aada8e7e76ba119b]::run_test::{closure#1}, ()>
[INFO] [stdout]   17:     0x62b05afc2e62 - <std[617be2ca0a6fd877]::thread::lifecycle::spawn_unchecked<test[aada8e7e76ba119b]::run_test::{closure#1}, ()>::{closure#1} as core[a373ad73a504971]::ops::function::FnOnce<()>>::call_once::{shim:vtable#0}
[INFO] [stdout]   18:     0x62b05b0a75ff - <std[617be2ca0a6fd877]::sys::thread::unix::Thread>::new::thread_start
[INFO] [stdout]   19:     0x725168c29dfa - <unknown>
[INFO] [stdout]   20:     0x725168cbd3d4 - clone
[INFO] [stdout]   21:                0x0 - <unknown>
[INFO] [stdout] 
[INFO] [stdout] ---- codegen::struct_field_doc_comment stdout ----
[INFO] [stdout] 
[INFO] [stdout] thread 'codegen::struct_field_doc_comment' (7014) panicked at tests/codegen/mod.rs:14:33:
[INFO] [stdout] Expand error: An error occurred while formatting the source code: error: 'rustfmt' is not installed for the toolchain '1.100.0-beta.1-x86_64-unknown-linux-gnu'.
[INFO] [stdout] help: run `rustup component add --toolchain 1.100.0-beta.1-x86_64-unknown-linux-gnu rustfmt` to install it
[INFO] [stdout] 
[INFO] [stdout] stack backtrace:
[INFO] [stdout]    0:     0x62b05b0a8631 - <<std[617be2ca0a6fd877]::sys::backtrace::BacktraceLock>::print::DisplayBacktrace as core[a373ad73a504971]::fmt::Display>::fmt
[INFO] [stdout]    1:     0x62b05b0bf7da - core[a373ad73a504971]::fmt::write
[INFO] [stdout]    2:     0x62b05b0acc1c - <alloc[2e1b2a31b91974c5]::vec::Vec<u8> as core[a373ad73a504971]::io::write::Write>::write_fmt
[INFO] [stdout]    3:     0x62b05b081fc6 - std[617be2ca0a6fd877]::panicking::default_hook::{closure#0}
[INFO] [stdout]    4:     0x62b05b09fca9 - std[617be2ca0a6fd877]::panicking::default_hook
[INFO] [stdout]    5:     0x62b05afbf7b0 - test[aada8e7e76ba119b]::test_main_inner::{closure#0}
[INFO] [stdout]    6:     0x62b05b09ffd2 - std[617be2ca0a6fd877]::panicking::panic_with_hook
[INFO] [stdout]    7:     0x62b05b082072 - std[617be2ca0a6fd877]::panicking::panic_handler::{closure#0}
[INFO] [stdout]    8:     0x62b05b07a8a9 - std[617be2ca0a6fd877]::sys::backtrace::__rust_end_short_backtrace::<std[617be2ca0a6fd877]::panicking::panic_handler::{closure#0}, !>
[INFO] [stdout]    9:     0x62b05b082d1d - __rustc[ea4f61d10b84890b]::rust_begin_unwind
[INFO] [stdout]   10:     0x62b05b0bffbc - core[a373ad73a504971]::panicking::panic_fmt
[INFO] [stdout]   11:     0x62b05af3ab94 - mod[29153a423dcf402d]::codegen::expand::{closure#0}
[INFO] [stdout]   12:     0x62b05af3ae88 - mod[29153a423dcf402d]::codegen::expand
[INFO] [stdout]   13:     0x62b05af3f2f8 - <mod[29153a423dcf402d]::codegen::struct_field_doc_comment::{closure#0} as core[a373ad73a504971]::ops::function::FnOnce<()>>::call_once
[INFO] [stdout]   14:     0x62b05afb2bfb - test[aada8e7e76ba119b]::__rust_begin_short_backtrace::<core[a373ad73a504971]::result::Result<(), alloc[2e1b2a31b91974c5]::string::String>, fn() -> core[a373ad73a504971]::result::Result<(), alloc[2e1b2a31b91974c5]::string::String>>
[INFO] [stdout]   15:     0x62b05afbfdd5 - test[aada8e7e76ba119b]::run_test::{closure#0}
[INFO] [stdout]   16:     0x62b05afb96c4 - std[617be2ca0a6fd877]::sys::backtrace::__rust_begin_short_backtrace::<test[aada8e7e76ba119b]::run_test::{closure#1}, ()>
[INFO] [stdout]   17:     0x62b05afc2e62 - <std[617be2ca0a6fd877]::thread::lifecycle::spawn_unchecked<test[aada8e7e76ba119b]::run_test::{closure#1}, ()>::{closure#1} as core[a373ad73a504971]::ops::function::FnOnce<()>>::call_once::{shim:vtable#0}
[INFO] [stdout]   18:     0x62b05b0a75ff - <std[617be2ca0a6fd877]::sys::thread::unix::Thread>::new::thread_start
[INFO] [stdout]   19:     0x725168c29dfa - <unknown>
[INFO] [stdout]   20:     0x725168cbd3d4 - clone
[INFO] [stdout]   21:                0x0 - <unknown>
[INFO] [stdout] 
[INFO] [stdout] ---- codegen::struct_with_facet_attributes stdout ----
[INFO] [stdout] 
[INFO] [stdout] thread 'codegen::struct_with_facet_attributes' (7599) panicked at tests/codegen/mod.rs:14:33:
[INFO] [stdout] Expand error: An error occurred while formatting the source code: error: 'rustfmt' is not installed for the toolchain '1.100.0-beta.1-x86_64-unknown-linux-gnu'.
[INFO] [stdout] help: run `rustup component add --toolchain 1.100.0-beta.1-x86_64-unknown-linux-gnu rustfmt` to install it
[INFO] [stdout] 
[INFO] [stdout] stack backtrace:
[INFO] [stdout]    0:     0x62b05b0a8631 - <<std[617be2ca0a6fd877]::sys::backtrace::BacktraceLock>::print::DisplayBacktrace as core[a373ad73a504971]::fmt::Display>::fmt
[INFO] [stdout]    1:     0x62b05b0bf7da - core[a373ad73a504971]::fmt::write
[INFO] [stdout]    2:     0x62b05b0acc1c - <alloc[2e1b2a31b91974c5]::vec::Vec<u8> as core[a373ad73a504971]::io::write::Write>::write_fmt
[INFO] [stdout]    3:     0x62b05b081fc6 - std[617be2ca0a6fd877]::panicking::default_hook::{closure#0}
[INFO] [stdout]    4:     0x62b05b09fca9 - std[617be2ca0a6fd877]::panicking::default_hook
[INFO] [stdout]    5:     0x62b05afbf7b0 - test[aada8e7e76ba119b]::test_main_inner::{closure#0}
[INFO] [stdout]    6:     0x62b05b09ffd2 - std[617be2ca0a6fd877]::panicking::panic_with_hook
[INFO] [stdout]    7:     0x62b05b082072 - std[617be2ca0a6fd877]::panicking::panic_handler::{closure#0}
[INFO] [stdout]    8:     0x62b05b07a8a9 - std[617be2ca0a6fd877]::sys::backtrace::__rust_end_short_backtrace::<std[617be2ca0a6fd877]::panicking::panic_handler::{closure#0}, !>
[INFO] [stdout]    9:     0x62b05b082d1d - __rustc[ea4f61d10b84890b]::rust_begin_unwind
[INFO] [stdout]   10:     0x62b05b0bffbc - core[a373ad73a504971]::panicking::panic_fmt
[INFO] [stdout]   11:     0x62b05af3ab94 - mod[29153a423dcf402d]::codegen::expand::{closure#0}
[INFO] [stdout]   12:     0x62b05af3ae88 - mod[29153a423dcf402d]::codegen::expand
[INFO] [stdout]   13:     0x62b05af40cf8 - <mod[29153a423dcf402d]::codegen::struct_with_facet_attributes::{closure#0} as core[a373ad73a504971]::ops::function::FnOnce<()>>::call_once
[INFO] [stdout]   14:     0x62b05afb2bfb - test[aada8e7e76ba119b]::__rust_begin_short_backtrace::<core[a373ad73a504971]::result::Result<(), alloc[2e1b2a31b91974c5]::string::String>, fn() -> core[a373ad73a504971]::result::Result<(), alloc[2e1b2a31b91974c5]::string::String>>
[INFO] [stdout]   15:     0x62b05afbfdd5 - test[aada8e7e76ba119b]::run_test::{closure#0}
[INFO] [stdout]   16:     0x62b05afb96c4 - std[617be2ca0a6fd877]::sys::backtrace::__rust_begin_short_backtrace::<test[aada8e7e76ba119b]::run_test::{closure#1}, ()>
[INFO] [stdout]   17:     0x62b05afc2e62 - <std[617be2ca0a6fd877]::thread::lifecycle::spawn_unchecked<test[aada8e7e76ba119b]::run_test::{closure#1}, ()>::{closure#1} as core[a373ad73a504971]::ops::function::FnOnce<()>>::call_once::{shim:vtable#0}
[INFO] [stdout]   18:     0x62b05b0a75ff - <std[617be2ca0a6fd877]::sys::thread::unix::Thread>::new::thread_start
[INFO] [stdout]   19:     0x725168c29dfa - <unknown>
[INFO] [stdout]   20:     0x725168cbd3d4 - clone
[INFO] [stdout]   21:                0x0 - <unknown>
[INFO] [stdout] 
[INFO] [stdout] ---- codegen::struct_impls_drop stdout ----
[INFO] [stdout] 
[INFO] [stdout] thread 'codegen::struct_impls_drop' (7168) panicked at tests/codegen/mod.rs:14:33:
[INFO] [stdout] Expand error: An error occurred while formatting the source code: error: 'rustfmt' is not installed for the toolchain '1.100.0-beta.1-x86_64-unknown-linux-gnu'.
[INFO] [stdout] help: run `rustup component add --toolchain 1.100.0-beta.1-x86_64-unknown-linux-gnu rustfmt` to install it
[INFO] [stdout] 
[INFO] [stdout] stack backtrace:
[INFO] [stdout]    0:     0x62b05b0a8631 - <<std[617be2ca0a6fd877]::sys::backtrace::BacktraceLock>::print::DisplayBacktrace as core[a373ad73a504971]::fmt::Display>::fmt
[INFO] [stdout]    1:     0x62b05b0bf7da - core[a373ad73a504971]::fmt::write
[INFO] [stdout]    2:     0x62b05b0acc1c - <alloc[2e1b2a31b91974c5]::vec::Vec<u8> as core[a373ad73a504971]::io::write::Write>::write_fmt
[INFO] [stdout]    3:     0x62b05b081fc6 - std[617be2ca0a6fd877]::panicking::default_hook::{closure#0}
[INFO] [stdout]    4:     0x62b05b09fca9 - std[617be2ca0a6fd877]::panicking::default_hook
[INFO] [stdout]    5:     0x62b05afbf7b0 - test[aada8e7e76ba119b]::test_main_inner::{closure#0}
[INFO] [stderr] error: test failed, to rerun pass `--test mod`
[INFO] [stdout]    6:     0x62b05b09ffd2 - std[617be2ca0a6fd877]::panicking::panic_with_hook
[INFO] [stdout]    7:     0x62b05b082072 - std[617be2ca0a6fd877]::panicking::panic_handler::{closure#0}
[INFO] [stdout]    8:     0x62b05b07a8a9 - std[617be2ca0a6fd877]::sys::backtrace::__rust_end_short_backtrace::<std[617be2ca0a6fd877]::panicking::panic_handler::{closure#0}, !>
[INFO] [stdout]    9:     0x62b05b082d1d - __rustc[ea4f61d10b84890b]::rust_begin_unwind
[INFO] [stdout]   10:     0x62b05b0bffbc - core[a373ad73a504971]::panicking::panic_fmt
[INFO] [stdout]   11:     0x62b05af3ab94 - mod[29153a423dcf402d]::codegen::expand::{closure#0}
[INFO] [stdout]   12:     0x62b05af3ae88 - mod[29153a423dcf402d]::codegen::expand
[INFO] [stdout]   13:     0x62b05af3c8f8 - <mod[29153a423dcf402d]::codegen::struct_impls_drop::{closure#0} as core[a373ad73a504971]::ops::function::FnOnce<()>>::call_once
[INFO] [stdout]   14:     0x62b05afb2bfb - test[aada8e7e76ba119b]::__rust_begin_short_backtrace::<core[a373ad73a504971]::result::Result<(), alloc[2e1b2a31b91974c5]::string::String>, fn() -> core[a373ad73a504971]::result::Result<(), alloc[2e1b2a31b91974c5]::string::String>>
[INFO] [stdout]   15:     0x62b05afbfdd5 - test[aada8e7e76ba119b]::run_test::{closure#0}
[INFO] [stdout]   16:     0x62b05afb96c4 - std[617be2ca0a6fd877]::sys::backtrace::__rust_begin_short_backtrace::<test[aada8e7e76ba119b]::run_test::{closure#1}, ()>
[INFO] [stdout]   17:     0x62b05afc2e62 - <std[617be2ca0a6fd877]::thread::lifecycle::spawn_unchecked<test[aada8e7e76ba119b]::run_test::{closure#1}, ()>::{closure#1} as core[a373ad73a504971]::ops::function::FnOnce<()>>::call_once::{shim:vtable#0}
[INFO] [stdout]   18:     0x62b05b0a75ff - <std[617be2ca0a6fd877]::sys::thread::unix::Thread>::new::thread_start
[INFO] [stdout]   19:     0x725168c29dfa - <unknown>
[INFO] [stdout]   20:     0x725168cbd3d4 - clone
[INFO] [stdout]   21:                0x0 - <unknown>
[INFO] [stdout] 
[INFO] [stdout] ---- codegen::struct_facet_transparent stdout ----
[INFO] [stdout] 
[INFO] [stdout] thread 'codegen::struct_facet_transparent' (6964) panicked at tests/codegen/mod.rs:14:33:
[INFO] [stdout] Expand error: An error occurred while formatting the source code: error: 'rustfmt' is not installed for the toolchain '1.100.0-beta.1-x86_64-unknown-linux-gnu'.
[INFO] [stdout] help: run `rustup component add --toolchain 1.100.0-beta.1-x86_64-unknown-linux-gnu rustfmt` to install it
[INFO] [stdout] 
[INFO] [stdout] stack backtrace:
[INFO] [stdout]    0:     0x62b05b0a8631 - <<std[617be2ca0a6fd877]::sys::backtrace::BacktraceLock>::print::DisplayBacktrace as core[a373ad73a504971]::fmt::Display>::fmt
[INFO] [stdout]    1:     0x62b05b0bf7da - core[a373ad73a504971]::fmt::write
[INFO] [stdout]    2:     0x62b05b0acc1c - <alloc[2e1b2a31b91974c5]::vec::Vec<u8> as core[a373ad73a504971]::io::write::Write>::write_fmt
[INFO] [stdout]    3:     0x62b05b081fc6 - std[617be2ca0a6fd877]::panicking::default_hook::{closure#0}
[INFO] [stdout]    4:     0x62b05b09fca9 - std[617be2ca0a6fd877]::panicking::default_hook
[INFO] [stdout]    5:     0x62b05afbf7b0 - test[aada8e7e76ba119b]::test_main_inner::{closure#0}
[INFO] [stdout]    6:     0x62b05b09ffd2 - std[617be2ca0a6fd877]::panicking::panic_with_hook
[INFO] [stdout]    7:     0x62b05b082072 - std[617be2ca0a6fd877]::panicking::panic_handler::{closure#0}
[INFO] [stdout]    8:     0x62b05b07a8a9 - std[617be2ca0a6fd877]::sys::backtrace::__rust_end_short_backtrace::<std[617be2ca0a6fd877]::panicking::panic_handler::{closure#0}, !>
[INFO] [stdout]    9:     0x62b05b082d1d - __rustc[ea4f61d10b84890b]::rust_begin_unwind
[INFO] [stdout]   10:     0x62b05b0bffbc - core[a373ad73a504971]::panicking::panic_fmt
[INFO] [stdout]   11:     0x62b05af3ab94 - mod[29153a423dcf402d]::codegen::expand::{closure#0}
[INFO] [stdout]   12:     0x62b05af3ae88 - mod[29153a423dcf402d]::codegen::expand
[INFO] [stdout]   13:     0x62b05af3f0f8 - <mod[29153a423dcf402d]::codegen::struct_facet_transparent::{closure#0} as core[a373ad73a504971]::ops::function::FnOnce<()>>::call_once
[INFO] [stdout]   14:     0x62b05afb2bfb - test[aada8e7e76ba119b]::__rust_begin_short_backtrace::<core[a373ad73a504971]::result::Result<(), alloc[2e1b2a31b91974c5]::string::String>, fn() -> core[a373ad73a504971]::result::Result<(), alloc[2e1b2a31b91974c5]::string::String>>
[INFO] [stdout]   15:     0x62b05afbfdd5 - test[aada8e7e76ba119b]::run_test::{closure#0}
[INFO] [stdout]   16:     0x62b05afb96c4 - std[617be2ca0a6fd877]::sys::backtrace::__rust_begin_short_backtrace::<test[aada8e7e76ba119b]::run_test::{closure#1}, ()>
[INFO] [stdout]   17:     0x62b05afc2e62 - <std[617be2ca0a6fd877]::thread::lifecycle::spawn_unchecked<test[aada8e7e76ba119b]::run_test::{closure#1}, ()>::{closure#1} as core[a373ad73a504971]::ops::function::FnOnce<()>>::call_once::{shim:vtable#0}
[INFO] [stdout]   18:     0x62b05b0a75ff - <std[617be2ca0a6fd877]::sys::thread::unix::Thread>::new::thread_start
[INFO] [stdout]   19:     0x725168c29dfa - <unknown>
[INFO] [stdout]   20:     0x725168cbd3d4 - clone
[INFO] [stdout]   21:                0x0 - <unknown>
[INFO] [stdout] 
[INFO] [stdout] ---- codegen::struct_doc_comment_unicode stdout ----
[INFO] [stdout] 
[INFO] [stdout] thread 'codegen::struct_doc_comment_unicode' (6898) panicked at tests/codegen/mod.rs:14:33:
[INFO] [stdout] Expand error: An error occurred while formatting the source code: error: 'rustfmt' is not installed for the toolchain '1.100.0-beta.1-x86_64-unknown-linux-gnu'.
[INFO] [stdout] help: run `rustup component add --toolchain 1.100.0-beta.1-x86_64-unknown-linux-gnu rustfmt` to install it
[INFO] [stdout] 
[INFO] [stdout] stack backtrace:
[INFO] [stdout]    0:     0x62b05b0a8631 - <<std[617be2ca0a6fd877]::sys::backtrace::BacktraceLock>::print::DisplayBacktrace as core[a373ad73a504971]::fmt::Display>::fmt
[INFO] [stdout]    1:     0x62b05b0bf7da - core[a373ad73a504971]::fmt::write
[INFO] [stdout]    2:     0x62b05b0acc1c - <alloc[2e1b2a31b91974c5]::vec::Vec<u8> as core[a373ad73a504971]::io::write::Write>::write_fmt
[INFO] [stdout]    3:     0x62b05b081fc6 - std[617be2ca0a6fd877]::panicking::default_hook::{closure#0}
[INFO] [stdout]    4:     0x62b05b09fca9 - std[617be2ca0a6fd877]::panicking::default_hook
[INFO] [stdout]    5:     0x62b05afbf7b0 - test[aada8e7e76ba119b]::test_main_inner::{closure#0}
[INFO] [stdout]    6:     0x62b05b09ffd2 - std[617be2ca0a6fd877]::panicking::panic_with_hook
[INFO] [stdout]    7:     0x62b05b082072 - std[617be2ca0a6fd877]::panicking::panic_handler::{closure#0}
[INFO] [stdout]    8:     0x62b05b07a8a9 - std[617be2ca0a6fd877]::sys::backtrace::__rust_end_short_backtrace::<std[617be2ca0a6fd877]::panicking::panic_handler::{closure#0}, !>
[INFO] [stdout]    9:     0x62b05b082d1d - __rustc[ea4f61d10b84890b]::rust_begin_unwind
[INFO] [stdout]   10:     0x62b05b0bffbc - core[a373ad73a504971]::panicking::panic_fmt
[INFO] [stdout]   11:     0x62b05af3ab94 - mod[29153a423dcf402d]::codegen::expand::{closure#0}
[INFO] [stdout]   12:     0x62b05af3ae88 - mod[29153a423dcf402d]::codegen::expand
[INFO] [stdout]   13:     0x62b05af3fef8 - <mod[29153a423dcf402d]::codegen::struct_doc_comment_unicode::{closure#0} as core[a373ad73a504971]::ops::function::FnOnce<()>>::call_once
[INFO] [stdout]   14:     0x62b05afb2bfb - test[aada8e7e76ba119b]::__rust_begin_short_backtrace::<core[a373ad73a504971]::result::Result<(), alloc[2e1b2a31b91974c5]::string::String>, fn() -> core[a373ad73a504971]::result::Result<(), alloc[2e1b2a31b91974c5]::string::String>>
[INFO] [stdout]   15:     0x62b05afbfdd5 - test[aada8e7e76ba119b]::run_test::{closure#0}
[INFO] [stdout]   16:     0x62b05afb96c4 - std[617be2ca0a6fd877]::sys::backtrace::__rust_begin_short_backtrace::<test[aada8e7e76ba119b]::run_test::{closure#1}, ()>
[INFO] [stdout]   17:     0x62b05afc2e62 - <std[617be2ca0a6fd877]::thread::lifecycle::spawn_unchecked<test[aada8e7e76ba119b]::run_test::{closure#1}, ()>::{closure#1} as core[a373ad73a504971]::ops::function::FnOnce<()>>::call_once::{shim:vtable#0}
[INFO] [stdout]   18:     0x62b05b0a75ff - <std[617be2ca0a6fd877]::sys::thread::unix::Thread>::new::thread_start
[INFO] [stdout]   19:     0x725168c29dfa - <unknown>
[INFO] [stdout]   20:     0x725168cbd3d4 - clone
[INFO] [stdout]   21:                0x0 - <unknown>
[INFO] [stdout] 
[INFO] [stdout] ---- codegen::struct_with_equal_defaults stdout ----
[INFO] [stdout] 
[INFO] [stdout] thread 'codegen::struct_with_equal_defaults' (7465) panicked at tests/codegen/mod.rs:14:33:
[INFO] [stdout] Expand error: An error occurred while formatting the source code: error: 'rustfmt' is not installed for the toolchain '1.100.0-beta.1-x86_64-unknown-linux-gnu'.
[INFO] [stdout] help: run `rustup component add --toolchain 1.100.0-beta.1-x86_64-unknown-linux-gnu rustfmt` to install it
[INFO] [stdout] 
[INFO] [stdout] stack backtrace:
[INFO] [stdout]    0:     0x62b05b0a8631 - <<std[617be2ca0a6fd877]::sys::backtrace::BacktraceLock>::print::DisplayBacktrace as core[a373ad73a504971]::fmt::Display>::fmt
[INFO] [stdout]    1:     0x62b05b0bf7da - core[a373ad73a504971]::fmt::write
[INFO] [stdout]    2:     0x62b05b0acc1c - <alloc[2e1b2a31b91974c5]::vec::Vec<u8> as core[a373ad73a504971]::io::write::Write>::write_fmt
[INFO] [stdout]    3:     0x62b05b081fc6 - std[617be2ca0a6fd877]::panicking::default_hook::{closure#0}
[INFO] [stdout]    4:     0x62b05b09fca9 - std[617be2ca0a6fd877]::panicking::default_hook
[INFO] [stdout]    5:     0x62b05afbf7b0 - test[aada8e7e76ba119b]::test_main_inner::{closure#0}
[INFO] [stdout]    6:     0x62b05b09ffd2 - std[617be2ca0a6fd877]::panicking::panic_with_hook
[INFO] [stdout]    7:     0x62b05b082072 - std[617be2ca0a6fd877]::panicking::panic_handler::{closure#0}
[INFO] [stdout]    8:     0x62b05b07a8a9 - std[617be2ca0a6fd877]::sys::backtrace::__rust_end_short_backtrace::<std[617be2ca0a6fd877]::panicking::panic_handler::{closure#0}, !>
[INFO] [stdout]    9:     0x62b05b082d1d - __rustc[ea4f61d10b84890b]::rust_begin_unwind
[INFO] [stdout]   10:     0x62b05b0bffbc - core[a373ad73a504971]::panicking::panic_fmt
[INFO] [stdout]   11:     0x62b05af3ab94 - mod[29153a423dcf402d]::codegen::expand::{closure#0}
[INFO] [stdout]   12:     0x62b05af3ae88 - mod[29153a423dcf402d]::codegen::expand
[INFO] [stdout]   13:     0x62b05af400f8 - <mod[29153a423dcf402d]::codegen::struct_with_equal_defaults::{closure#0} as core[a373ad73a504971]::ops::function::FnOnce<()>>::call_once
[INFO] [stdout]   14:     0x62b05afb2bfb - test[aada8e7e76ba119b]::__rust_begin_short_backtrace::<core[a373ad73a504971]::result::Result<(), alloc[2e1b2a31b91974c5]::string::String>, fn() -> core[a373ad73a504971]::result::Result<(), alloc[2e1b2a31b91974c5]::string::String>>
[INFO] [stdout]   15:     0x62b05afbfdd5 - test[aada8e7e76ba119b]::run_test::{closure#0}
[INFO] [stdout]   16:     0x62b05afb96c4 - std[617be2ca0a6fd877]::sys::backtrace::__rust_begin_short_backtrace::<test[aada8e7e76ba119b]::run_test::{closure#1}, ()>
[INFO] [stdout]   17:     0x62b05afc2e62 - <std[617be2ca0a6fd877]::thread::lifecycle::spawn_unchecked<test[aada8e7e76ba119b]::run_test::{closure#1}, ()>::{closure#1} as core[a373ad73a504971]::ops::function::FnOnce<()>>::call_once::{shim:vtable#0}
[INFO] [stdout]   18:     0x62b05b0a75ff - <std[617be2ca0a6fd877]::sys::thread::unix::Thread>::new::thread_start
[INFO] [stdout]   19:     0x725168c29dfa - <unknown>
[INFO] [stdout]   20:     0x725168cbd3d4 - clone
[INFO] [stdout]   21:                0x0 - <unknown>
[INFO] [stdout] 
[INFO] [stdout] ---- codegen::struct_repr_c stdout ----
[INFO] [stdout] 
[INFO] [stdout] thread 'codegen::struct_repr_c' (7195) panicked at tests/codegen/mod.rs:14:33:
[INFO] [stdout] Expand error: An error occurred while formatting the source code: error: 'rustfmt' is not installed for the toolchain '1.100.0-beta.1-x86_64-unknown-linux-gnu'.
[INFO] [stdout] help: run `rustup component add --toolchain 1.100.0-beta.1-x86_64-unknown-linux-gnu rustfmt` to install it
[INFO] [stdout] 
[INFO] [stdout] stack backtrace:
[INFO] [stdout]    0:     0x62b05b0a8631 - <<std[617be2ca0a6fd877]::sys::backtrace::BacktraceLock>::print::DisplayBacktrace as core[a373ad73a504971]::fmt::Display>::fmt
[INFO] [stdout]    1:     0x62b05b0bf7da - core[a373ad73a504971]::fmt::write
[INFO] [stdout]    2:     0x62b05b0acc1c - <alloc[2e1b2a31b91974c5]::vec::Vec<u8> as core[a373ad73a504971]::io::write::Write>::write_fmt
[INFO] [stdout]    3:     0x62b05b081fc6 - std[617be2ca0a6fd877]::panicking::default_hook::{closure#0}
[INFO] [stdout]    4:     0x62b05b09fca9 - std[617be2ca0a6fd877]::panicking::default_hook
[INFO] [stdout]    5:     0x62b05afbf7b0 - test[aada8e7e76ba119b]::test_main_inner::{closure#0}
[INFO] [stdout]    6:     0x62b05b09ffd2 - std[617be2ca0a6fd877]::panicking::panic_with_hook
[INFO] [stdout]    7:     0x62b05b082072 - std[617be2ca0a6fd877]::panicking::panic_handler::{closure#0}
[INFO] [stdout]    8:     0x62b05b07a8a9 - std[617be2ca0a6fd877]::sys::backtrace::__rust_end_short_backtrace::<std[617be2ca0a6fd877]::panicking::panic_handler::{closure#0}, !>
[INFO] [stdout]    9:     0x62b05b082d1d - __rustc[ea4f61d10b84890b]::rust_begin_unwind
[INFO] [stdout]   10:     0x62b05b0bffbc - core[a373ad73a504971]::panicking::panic_fmt
[INFO] [stdout]   11:     0x62b05af3ab94 - mod[29153a423dcf402d]::codegen::expand::{closure#0}
[INFO] [stdout]   12:     0x62b05af3ae88 - mod[29153a423dcf402d]::codegen::expand
[INFO] [stdout]   13:     0x62b05af3c0f8 - <mod[29153a423dcf402d]::codegen::struct_repr_c::{closure#0} as core[a373ad73a504971]::ops::function::FnOnce<()>>::call_once
[INFO] [stdout]   14:     0x62b05afb2bfb - test[aada8e7e76ba119b]::__rust_begin_short_backtrace::<core[a373ad73a504971]::result::Result<(), alloc[2e1b2a31b91974c5]::string::String>, fn() -> core[a373ad73a504971]::result::Result<(), alloc[2e1b2a31b91974c5]::string::String>>
[INFO] [stdout]   15:     0x62b05afbfdd5 - test[aada8e7e76ba119b]::run_test::{closure#0}
[INFO] [stdout]   16:     0x62b05afb96c4 - std[617be2ca0a6fd877]::sys::backtrace::__rust_begin_short_backtrace::<test[aada8e7e76ba119b]::run_test::{closure#1}, ()>
[INFO] [stdout]   17:     0x62b05afc2e62 - <std[617be2ca0a6fd877]::thread::lifecycle::spawn_unchecked<test[aada8e7e76ba119b]::run_test::{closure#1}, ()>::{closure#1} as core[a373ad73a504971]::ops::function::FnOnce<()>>::call_once::{shim:vtable#0}
[INFO] [stdout]   18:     0x62b05b0a75ff - <std[617be2ca0a6fd877]::sys::thread::unix::Thread>::new::thread_start
[INFO] [stdout]   19:     0x725168c29dfa - <unknown>
[INFO] [stdout]   20:     0x725168cbd3d4 - clone
[INFO] [stdout]   21:                0x0 - <unknown>
[INFO] [stdout] 
[INFO] [stdout] ---- codegen::struct_with_std_string stdout ----
[INFO] [stdout] 
[INFO] [stdout] thread 'codegen::struct_with_std_string' (8992) panicked at tests/codegen/mod.rs:14:33:
[INFO] [stdout] Expand error: An error occurred while formatting the source code: error: 'rustfmt' is not installed for the toolchain '1.100.0-beta.1-x86_64-unknown-linux-gnu'.
[INFO] [stdout] help: run `rustup component add --toolchain 1.100.0-beta.1-x86_64-unknown-linux-gnu rustfmt` to install it
[INFO] [stdout] 
[INFO] [stdout] stack backtrace:
[INFO] [stdout]    0:     0x62b05b0a8631 - <<std[617be2ca0a6fd877]::sys::backtrace::BacktraceLock>::print::DisplayBacktrace as core[a373ad73a504971]::fmt::Display>::fmt
[INFO] [stdout]    1:     0x62b05b0bf7da - core[a373ad73a504971]::fmt::write
[INFO] [stdout]    2:     0x62b05b0acc1c - <alloc[2e1b2a31b91974c5]::vec::Vec<u8> as core[a373ad73a504971]::io::write::Write>::write_fmt
[INFO] [stdout]    3:     0x62b05b081fc6 - std[617be2ca0a6fd877]::panicking::default_hook::{closure#0}
[INFO] [stdout]    4:     0x62b05b09fca9 - std[617be2ca0a6fd877]::panicking::default_hook
[INFO] [stdout]    5:     0x62b05afbf7b0 - test[aada8e7e76ba119b]::test_main_inner::{closure#0}
[INFO] [stdout]    6:     0x62b05b09ffd2 - std[617be2ca0a6fd877]::panicking::panic_with_hook
[INFO] [stdout]    7:     0x62b05b082072 - std[617be2ca0a6fd877]::panicking::panic_handler::{closure#0}
[INFO] [stdout]    8:     0x62b05b07a8a9 - std[617be2ca0a6fd877]::sys::backtrace::__rust_end_short_backtrace::<std[617be2ca0a6fd877]::panicking::panic_handler::{closure#0}, !>
[INFO] [stdout]    9:     0x62b05b082d1d - __rustc[ea4f61d10b84890b]::rust_begin_unwind
[INFO] [stdout]   10:     0x62b05b0bffbc - core[a373ad73a504971]::panicking::panic_fmt
[INFO] [stdout]   11:     0x62b05af3ab94 - mod[29153a423dcf402d]::codegen::expand::{closure#0}
[INFO] [stdout]   12:     0x62b05af3ae88 - mod[29153a423dcf402d]::codegen::expand
[INFO] [stdout]   13:     0x62b05af3eef8 - <mod[29153a423dcf402d]::codegen::struct_with_std_string::{closure#0} as core[a373ad73a504971]::ops::function::FnOnce<()>>::call_once
[INFO] [stdout]   14:     0x62b05afb2bfb - test[aada8e7e76ba119b]::__rust_begin_short_backtrace::<core[a373ad73a504971]::result::Result<(), alloc[2e1b2a31b91974c5]::string::String>, fn() -> core[a373ad73a504971]::result::Result<(), alloc[2e1b2a31b91974c5]::string::String>>
[INFO] [stdout]   15:     0x62b05afbfdd5 - test[aada8e7e76ba119b]::run_test::{closure#0}
[INFO] [stdout]   16:     0x62b05afb96c4 - std[617be2ca0a6fd877]::sys::backtrace::__rust_begin_short_backtrace::<test[aada8e7e76ba119b]::run_test::{closure#1}, ()>
[INFO] [stdout]   17:     0x62b05afc2e62 - <std[617be2ca0a6fd877]::thread::lifecycle::spawn_unchecked<test[aada8e7e76ba119b]::run_test::{closure#1}, ()>::{closure#1} as core[a373ad73a504971]::ops::function::FnOnce<()>>::call_once::{shim:vtable#0}
[INFO] [stdout]   18:     0x62b05b0a75ff - <std[617be2ca0a6fd877]::sys::thread::unix::Thread>::new::thread_start
[INFO] [stdout]   19:     0x725168c29dfa - <unknown>
[INFO] [stdout]   20:     0x725168cbd3d4 - clone
[INFO] [stdout]   21:                0x0 - <unknown>
[INFO] [stdout] 
[INFO] [stdout] ---- codegen::struct_with_mixed_rename_attributes stdout ----
[INFO] [stdout] 
[INFO] [stdout] thread 'codegen::struct_with_mixed_rename_attributes' (8196) panicked at tests/codegen/mod.rs:14:33:
[INFO] [stdout] Expand error: An error occurred while formatting the source code: error: 'rustfmt' is not installed for the toolchain '1.100.0-beta.1-x86_64-unknown-linux-gnu'.
[INFO] [stdout] help: run `rustup component add --toolchain 1.100.0-beta.1-x86_64-unknown-linux-gnu rustfmt` to install it
[INFO] [stdout] 
[INFO] [stdout] stack backtrace:
[INFO] [stdout]    0:     0x62b05b0a8631 - <<std[617be2ca0a6fd877]::sys::backtrace::BacktraceLock>::print::DisplayBacktrace as core[a373ad73a504971]::fmt::Display>::fmt
[INFO] [stdout]    1:     0x62b05b0bf7da - core[a373ad73a504971]::fmt::write
[INFO] [stdout]    2:     0x62b05b0acc1c - <alloc[2e1b2a31b91974c5]::vec::Vec<u8> as core[a373ad73a504971]::io::write::Write>::write_fmt
[INFO] [stdout]    3:     0x62b05b081fc6 - std[617be2ca0a6fd877]::panicking::default_hook::{closure#0}
[INFO] [stdout]    4:     0x62b05b09fca9 - std[617be2ca0a6fd877]::panicking::default_hook
[INFO] [stdout]    5:     0x62b05afbf7b0 - test[aada8e7e76ba119b]::test_main_inner::{closure#0}
[INFO] [stdout]    6:     0x62b05b09ffd2 - std[617be2ca0a6fd877]::panicking::panic_with_hook
[INFO] [stdout]    7:     0x62b05b082072 - std[617be2ca0a6fd877]::panicking::panic_handler::{closure#0}
[INFO] [stdout]    8:     0x62b05b07a8a9 - std[617be2ca0a6fd877]::sys::backtrace::__rust_end_short_backtrace::<std[617be2ca0a6fd877]::panicking::panic_handler::{closure#0}, !>
[INFO] [stdout]    9:     0x62b05b082d1d - __rustc[ea4f61d10b84890b]::rust_begin_unwind
[INFO] [stdout]   10:     0x62b05b0bffbc - core[a373ad73a504971]::panicking::panic_fmt
[INFO] [stdout]   11:     0x62b05af3ab94 - mod[29153a423dcf402d]::codegen::expand::{closure#0}
[INFO] [stdout]   12:     0x62b05af3ae88 - mod[29153a423dcf402d]::codegen::expand
[INFO] [stdout]   13:     0x62b05af42af8 - <mod[29153a423dcf402d]::codegen::struct_with_mixed_rename_attributes::{closure#0} as core[a373ad73a504971]::ops::function::FnOnce<()>>::call_once
[INFO] [stdout]   14:     0x62b05afb2bfb - test[aada8e7e76ba119b]::__rust_begin_short_backtrace::<core[a373ad73a504971]::result::Result<(), alloc[2e1b2a31b91974c5]::string::String>, fn() -> core[a373ad73a504971]::result::Result<(), alloc[2e1b2a31b91974c5]::string::String>>
[INFO] [stdout]   15:     0x62b05afbfdd5 - test[aada8e7e76ba119b]::run_test::{closure#0}
[INFO] [stdout]   16:     0x62b05afb96c4 - std[617be2ca0a6fd877]::sys::backtrace::__rust_begin_short_backtrace::<test[aada8e7e76ba119b]::run_test::{closure#1}, ()>
[INFO] [stdout]   17:     0x62b05afc2e62 - <std[617be2ca0a6fd877]::thread::lifecycle::spawn_unchecked<test[aada8e7e76ba119b]::run_test::{closure#1}, ()>::{closure#1} as core[a373ad73a504971]::ops::function::FnOnce<()>>::call_once::{shim:vtable#0}
[INFO] [stdout]   18:     0x62b05b0a75ff - <std[617be2ca0a6fd877]::sys::thread::unix::Thread>::new::thread_start
[INFO] [stdout]   19:     0x725168c29dfa - <unknown>
[INFO] [stdout]   20:     0x725168cbd3d4 - clone
[INFO] [stdout]   21:                0x0 - <unknown>
[INFO] [stdout] 
[INFO] [stdout] ---- codegen::struct_with_rename_all stdout ----
[INFO] [stdout] 
[INFO] [stdout] thread 'codegen::struct_with_rename_all' (8506) panicked at tests/codegen/mod.rs:14:33:
[INFO] [stdout] Expand error: An error occurred while formatting the source code: error: 'rustfmt' is not installed for the toolchain '1.100.0-beta.1-x86_64-unknown-linux-gnu'.
[INFO] [stdout] help: run `rustup component add --toolchain 1.100.0-beta.1-x86_64-unknown-linux-gnu rustfmt` to install it
[INFO] [stdout] 
[INFO] [stdout] stack backtrace:
[INFO] [stdout]    0:     0x62b05b0a8631 - <<std[617be2ca0a6fd877]::sys::backtrace::BacktraceLock>::print::DisplayBacktrace as core[a373ad73a504971]::fmt::Display>::fmt
[INFO] [stdout]    1:     0x62b05b0bf7da - core[a373ad73a504971]::fmt::write
[INFO] [stdout]    2:     0x62b05b0acc1c - <alloc[2e1b2a31b91974c5]::vec::Vec<u8> as core[a373ad73a504971]::io::write::Write>::write_fmt
[INFO] [stdout]    3:     0x62b05b081fc6 - std[617be2ca0a6fd877]::panicking::default_hook::{closure#0}
[INFO] [stdout]    4:     0x62b05b09fca9 - std[617be2ca0a6fd877]::panicking::default_hook
[INFO] [stdout]    5:     0x62b05afbf7b0 - test[aada8e7e76ba119b]::test_main_inner::{closure#0}
[INFO] [stdout]    6:     0x62b05b09ffd2 - std[617be2ca0a6fd877]::panicking::panic_with_hook
[INFO] [stdout]    7:     0x62b05b082072 - std[617be2ca0a6fd877]::panicking::panic_handler::{closure#0}
[INFO] [stdout]    8:     0x62b05b07a8a9 - std[617be2ca0a6fd877]::sys::backtrace::__rust_end_short_backtrace::<std[617be2ca0a6fd877]::panicking::panic_handler::{closure#0}, !>
[INFO] [stdout]    9:     0x62b05b082d1d - __rustc[ea4f61d10b84890b]::rust_begin_unwind
[INFO] [stdout]   10:     0x62b05b0bffbc - core[a373ad73a504971]::panicking::panic_fmt
[INFO] [stdout]   11:     0x62b05af3ab94 - mod[29153a423dcf402d]::codegen::expand::{closure#0}
[INFO] [stdout]   12:     0x62b05af3ae88 - mod[29153a423dcf402d]::codegen::expand
[INFO] [stdout]   13:     0x62b05af3ecf8 - <mod[29153a423dcf402d]::codegen::struct_with_rename_all::{closure#0} as core[a373ad73a504971]::ops::function::FnOnce<()>>::call_once
[INFO] [stdout]   14:     0x62b05afb2bfb - test[aada8e7e76ba119b]::__rust_begin_short_backtrace::<core[a373ad73a504971]::result::Result<(), alloc[2e1b2a31b91974c5]::string::String>, fn() -> core[a373ad73a504971]::result::Result<(), alloc[2e1b2a31b91974c5]::string::String>>
[INFO] [stdout]   15:     0x62b05afbfdd5 - test[aada8e7e76ba119b]::run_test::{closure#0}
[INFO] [stdout]   16:     0x62b05afb96c4 - std[617be2ca0a6fd877]::sys::backtrace::__rust_begin_short_backtrace::<test[aada8e7e76ba119b]::run_test::{closure#1}, ()>
[INFO] [stdout]   17:     0x62b05afc2e62 - <std[617be2ca0a6fd877]::thread::lifecycle::spawn_unchecked<test[aada8e7e76ba119b]::run_test::{closure#1}, ()>::{closure#1} as core[a373ad73a504971]::ops::function::FnOnce<()>>::call_once::{shim:vtable#0}
[INFO] [stdout]   18:     0x62b05b0a75ff - <std[617be2ca0a6fd877]::sys::thread::unix::Thread>::new::thread_start
[INFO] [stdout]   19:     0x725168c29dfa - <unknown>
[INFO] [stdout]   20:     0x725168cbd3d4 - clone
[INFO] [stdout]   21:                0x0 - <unknown>
[INFO] [stdout] 
[INFO] [stdout] ---- codegen::struct_with_sensitive_field stdout ----
[INFO] [stdout] 
[INFO] [stdout] thread 'codegen::struct_with_sensitive_field' (8894) panicked at tests/codegen/mod.rs:14:33:
[INFO] [stdout] Expand error: An error occurred while formatting the source code: error: 'rustfmt' is not installed for the toolchain '1.100.0-beta.1-x86_64-unknown-linux-gnu'.
[INFO] [stdout] help: run `rustup component add --toolchain 1.100.0-beta.1-x86_64-unknown-linux-gnu rustfmt` to install it
[INFO] [stdout] 
[INFO] [stdout] stack backtrace:
[INFO] [stdout]    0:     0x62b05b0a8631 - <<std[617be2ca0a6fd877]::sys::backtrace::BacktraceLock>::print::DisplayBacktrace as core[a373ad73a504971]::fmt::Display>::fmt
[INFO] [stdout]    1:     0x62b05b0bf7da - core[a373ad73a504971]::fmt::write
[INFO] [stdout]    2:     0x62b05b0acc1c - <alloc[2e1b2a31b91974c5]::vec::Vec<u8> as core[a373ad73a504971]::io::write::Write>::write_fmt
[INFO] [stdout]    3:     0x62b05b081fc6 - std[617be2ca0a6fd877]::panicking::default_hook::{closure#0}
[INFO] [stdout]    4:     0x62b05b09fca9 - std[617be2ca0a6fd877]::panicking::default_hook
[INFO] [stdout]    5:     0x62b05afbf7b0 - test[aada8e7e76ba119b]::test_main_inner::{closure#0}
[INFO] [stdout]    6:     0x62b05b09ffd2 - std[617be2ca0a6fd877]::panicking::panic_with_hook
[INFO] [stdout]    7:     0x62b05b082072 - std[617be2ca0a6fd877]::panicking::panic_handler::{closure#0}
[INFO] [stdout]    8:     0x62b05b07a8a9 - std[617be2ca0a6fd877]::sys::backtrace::__rust_end_short_backtrace::<std[617be2ca0a6fd877]::panicking::panic_handler::{closure#0}, !>
[INFO] [stdout]    9:     0x62b05b082d1d - __rustc[ea4f61d10b84890b]::rust_begin_unwind
[INFO] [stdout]   10:     0x62b05b0bffbc - core[a373ad73a504971]::panicking::panic_fmt
[INFO] [stdout]   11:     0x62b05af3ab94 - mod[29153a423dcf402d]::codegen::expand::{closure#0}
[INFO] [stdout]   12:     0x62b05af3ae88 - mod[29153a423dcf402d]::codegen::expand
[INFO] [stdout]   13:     0x62b05af40af8 - <mod[29153a423dcf402d]::codegen::struct_with_sensitive_field::{closure#0} as core[a373ad73a504971]::ops::function::FnOnce<()>>::call_once
[INFO] [stdout]   14:     0x62b05afb2bfb - test[aada8e7e76ba119b]::__rust_begin_short_backtrace::<core[a373ad73a504971]::result::Result<(), alloc[2e1b2a31b91974c5]::string::String>, fn() -> core[a373ad73a504971]::result::Result<(), alloc[2e1b2a31b91974c5]::string::String>>
[INFO] [stdout]   15:     0x62b05afbfdd5 - test[aada8e7e76ba119b]::run_test::{closure#0}
[INFO] [stdout]   16:     0x62b05afb96c4 - std[617be2ca0a6fd877]::sys::backtrace::__rust_begin_short_backtrace::<test[aada8e7e76ba119b]::run_test::{closure#1}, ()>
[INFO] [stdout]   17:     0x62b05afc2e62 - <std[617be2ca0a6fd877]::thread::lifecycle::spawn_unchecked<test[aada8e7e76ba119b]::run_test::{closure#1}, ()>::{closure#1} as core[a373ad73a504971]::ops::function::FnOnce<()>>::call_once::{shim:vtable#0}
[INFO] [stdout]   18:     0x62b05b0a75ff - <std[617be2ca0a6fd877]::sys::thread::unix::Thread>::new::thread_start
[INFO] [stdout]   19:     0x725168c29dfa - <unknown>
[INFO] [stdout]   20:     0x725168cbd3d4 - clone
[INFO] [stdout]   21:                0x0 - <unknown>
[INFO] [stdout] 
[INFO] [stdout] ---- codegen::tuple_struct_doc_comment stdout ----
[INFO] [stdout] 
[INFO] [stdout] thread 'codegen::tuple_struct_doc_comment' (9692) panicked at tests/codegen/mod.rs:14:33:
[INFO] [stdout] Expand error: An error occurred while formatting the source code: error: 'rustfmt' is not installed for the toolchain '1.100.0-beta.1-x86_64-unknown-linux-gnu'.
[INFO] [stdout] help: run `rustup component add --toolchain 1.100.0-beta.1-x86_64-unknown-linux-gnu rustfmt` to install it
[INFO] [stdout] 
[INFO] [stdout] stack backtrace:
[INFO] [stdout]    0:     0x62b05b0a8631 - <<std[617be2ca0a6fd877]::sys::backtrace::BacktraceLock>::print::DisplayBacktrace as core[a373ad73a504971]::fmt::Display>::fmt
[INFO] [stdout]    1:     0x62b05b0bf7da - core[a373ad73a504971]::fmt::write
[INFO] [stdout]    2:     0x62b05b0acc1c - <alloc[2e1b2a31b91974c5]::vec::Vec<u8> as core[a373ad73a504971]::io::write::Write>::write_fmt
[INFO] [stdout]    3:     0x62b05b081fc6 - std[617be2ca0a6fd877]::panicking::default_hook::{closure#0}
[INFO] [stdout]    4:     0x62b05b09fca9 - std[617be2ca0a6fd877]::panicking::default_hook
[INFO] [stdout]    5:     0x62b05afbf7b0 - test[aada8e7e76ba119b]::test_main_inner::{closure#0}
[INFO] [stdout]    6:     0x62b05b09ffd2 - std[617be2ca0a6fd877]::panicking::panic_with_hook
[INFO] [stdout]    7:     0x62b05b082072 - std[617be2ca0a6fd877]::panicking::panic_handler::{closure#0}
[INFO] [stdout]    8:     0x62b05b07a8a9 - std[617be2ca0a6fd877]::sys::backtrace::__rust_end_short_backtrace::<std[617be2ca0a6fd877]::panicking::panic_handler::{closure#0}, !>
[INFO] [stdout]    9:     0x62b05b082d1d - __rustc[ea4f61d10b84890b]::rust_begin_unwind
[INFO] [stdout]   10:     0x62b05b0bffbc - core[a373ad73a504971]::panicking::panic_fmt
[INFO] [stdout]   11:     0x62b05af3ab94 - mod[29153a423dcf402d]::codegen::expand::{closure#0}
[INFO] [stdout]   12:     0x62b05af3ae88 - mod[29153a423dcf402d]::codegen::expand
[INFO] [stdout]   13:     0x62b05af3f4f8 - <mod[29153a423dcf402d]::codegen::tuple_struct_doc_comment::{closure#0} as core[a373ad73a504971]::ops::function::FnOnce<()>>::call_once
[INFO] [stdout]   14:     0x62b05afb2bfb - test[aada8e7e76ba119b]::__rust_begin_short_backtrace::<core[a373ad73a504971]::result::Result<(), alloc[2e1b2a31b91974c5]::string::String>, fn() -> core[a373ad73a504971]::result::Result<(), alloc[2e1b2a31b91974c5]::string::String>>
[INFO] [stdout]   15:     0x62b05afbfdd5 - test[aada8e7e76ba119b]::run_test::{closure#0}
[INFO] [stdout]   16:     0x62b05afb96c4 - std[617be2ca0a6fd877]::sys::backtrace::__rust_begin_short_backtrace::<test[aada8e7e76ba119b]::run_test::{closure#1}, ()>
[INFO] [stdout]   17:     0x62b05afc2e62 - <std[617be2ca0a6fd877]::thread::lifecycle::spawn_unchecked<test[aada8e7e76ba119b]::run_test::{closure#1}, ()>::{closure#1} as core[a373ad73a504971]::ops::function::FnOnce<()>>::call_once::{shim:vtable#0}
[INFO] [stdout]   18:     0x62b05b0a75ff - <std[617be2ca0a6fd877]::sys::thread::unix::Thread>::new::thread_start
[INFO] [stdout]   19:     0x725168c29dfa - <unknown>
[INFO] [stdout]   20:     0x725168cbd3d4 - clone
[INFO] [stdout]   21:                0x0 - <unknown>
[INFO] [stdout] 
[INFO] [stdout] ---- codegen::tuple_struct_repr_transparent stdout ----
[INFO] [stdout] 
[INFO] [stdout] thread 'codegen::tuple_struct_repr_transparent' (9999) panicked at tests/codegen/mod.rs:14:33:
[INFO] [stdout] Expand error: An error occurred while formatting the source code: error: 'rustfmt' is not installed for the toolchain '1.100.0-beta.1-x86_64-unknown-linux-gnu'.
[INFO] [stdout] help: run `rustup component add --toolchain 1.100.0-beta.1-x86_64-unknown-linux-gnu rustfmt` to install it
[INFO] [stdout] 
[INFO] [stdout] stack backtrace:
[INFO] [stdout]    0:     0x62b05b0a8631 - <<std[617be2ca0a6fd877]::sys::backtrace::BacktraceLock>::print::DisplayBacktrace as core[a373ad73a504971]::fmt::Display>::fmt
[INFO] [stdout]    1:     0x62b05b0bf7da - core[a373ad73a504971]::fmt::write
[INFO] [stdout]    2:     0x62b05b0acc1c - <alloc[2e1b2a31b91974c5]::vec::Vec<u8> as core[a373ad73a504971]::io::write::Write>::write_fmt
[INFO] [stdout]    3:     0x62b05b081fc6 - std[617be2ca0a6fd877]::panicking::default_hook::{closure#0}
[INFO] [stdout]    4:     0x62b05b09fca9 - std[617be2ca0a6fd877]::panicking::default_hook
[INFO] [stdout]    5:     0x62b05afbf7b0 - test[aada8e7e76ba119b]::test_main_inner::{closure#0}
[INFO] [stdout]    6:     0x62b05b09ffd2 - std[617be2ca0a6fd877]::panicking::panic_with_hook
[INFO] [stdout]    7:     0x62b05b082072 - std[617be2ca0a6fd877]::panicking::panic_handler::{closure#0}
[INFO] [stdout]    8:     0x62b05b07a8a9 - std[617be2ca0a6fd877]::sys::backtrace::__rust_end_short_backtrace::<std[617be2ca0a6fd877]::panicking::panic_handler::{closure#0}, !>
[INFO] [stdout]    9:     0x62b05b082d1d - __rustc[ea4f61d10b84890b]::rust_begin_unwind
[INFO] [stdout]   10:     0x62b05b0bffbc - core[a373ad73a504971]::panicking::panic_fmt
[INFO] [stdout]   11:     0x62b05af3ab94 - mod[29153a423dcf402d]::codegen::expand::{closure#0}
[INFO] [stdout]   12:     0x62b05af3ae88 - mod[29153a423dcf402d]::codegen::expand
[INFO] [stdout]   13:     0x62b05af414f8 - <mod[29153a423dcf402d]::codegen::tuple_struct_repr_transparent::{closure#0} as core[a373ad73a504971]::ops::function::FnOnce<()>>::call_once
[INFO] [stdout]   14:     0x62b05afb2bfb - test[aada8e7e76ba119b]::__rust_begin_short_backtrace::<core[a373ad73a504971]::result::Result<(), alloc[2e1b2a31b91974c5]::string::String>, fn() -> core[a373ad73a504971]::result::Result<(), alloc[2e1b2a31b91974c5]::string::String>>
[INFO] [stdout]   15:     0x62b05afbfdd5 - test[aada8e7e76ba119b]::run_test::{closure#0}
[INFO] [stdout]   16:     0x62b05afb96c4 - std[617be2ca0a6fd877]::sys::backtrace::__rust_begin_short_backtrace::<test[aada8e7e76ba119b]::run_test::{closure#1}, ()>
[INFO] [stdout]   17:     0x62b05afc2e62 - <std[617be2ca0a6fd877]::thread::lifecycle::spawn_unchecked<test[aada8e7e76ba119b]::run_test::{closure#1}, ()>::{closure#1} as core[a373ad73a504971]::ops::function::FnOnce<()>>::call_once::{shim:vtable#0}
[INFO] [stdout]   18:     0x62b05b0a75ff - <std[617be2ca0a6fd877]::sys::thread::unix::Thread>::new::thread_start
[INFO] [stdout]   19:     0x725168c29dfa - <unknown>
[INFO] [stdout]   20:     0x725168cbd3d4 - clone
[INFO] [stdout]   21:                0x0 - <unknown>
[INFO] [stdout] 
[INFO] [stdout] ---- codegen::struct_with_option_cow_str stdout ----
[INFO] [stdout] 
[INFO] [stdout] thread 'codegen::struct_with_option_cow_str' (8398) panicked at tests/codegen/mod.rs:14:33:
[INFO] [stdout] Expand error: An error occurred while formatting the source code: error: 'rustfmt' is not installed for the toolchain '1.100.0-beta.1-x86_64-unknown-linux-gnu'.
[INFO] [stdout] help: run `rustup component add --toolchain 1.100.0-beta.1-x86_64-unknown-linux-gnu rustfmt` to install it
[INFO] [stdout] 
[INFO] [stdout] stack backtrace:
[INFO] [stdout]    0:     0x62b05b0a8631 - <<std[617be2ca0a6fd877]::sys::backtrace::BacktraceLock>::print::DisplayBacktrace as core[a373ad73a504971]::fmt::Display>::fmt
[INFO] [stdout]    1:     0x62b05b0bf7da - core[a373ad73a504971]::fmt::write
[INFO] [stdout]    2:     0x62b05b0acc1c - <alloc[2e1b2a31b91974c5]::vec::Vec<u8> as core[a373ad73a504971]::io::write::Write>::write_fmt
[INFO] [stdout]    3:     0x62b05b081fc6 - std[617be2ca0a6fd877]::panicking::default_hook::{closure#0}
[INFO] [stdout]    4:     0x62b05b09fca9 - std[617be2ca0a6fd877]::panicking::default_hook
[INFO] [stdout]    5:     0x62b05afbf7b0 - test[aada8e7e76ba119b]::test_main_inner::{closure#0}
[INFO] [stdout]    6:     0x62b05b09ffd2 - std[617be2ca0a6fd877]::panicking::panic_with_hook
[INFO] [stdout]    7:     0x62b05b082072 - std[617be2ca0a6fd877]::panicking::panic_handler::{closure#0}
[INFO] [stdout]    8:     0x62b05b07a8a9 - std[617be2ca0a6fd877]::sys::backtrace::__rust_end_short_backtrace::<std[617be2ca0a6fd877]::panicking::panic_handler::{closure#0}, !>
[INFO] [stdout]    9:     0x62b05b082d1d - __rustc[ea4f61d10b84890b]::rust_begin_unwind
[INFO] [stdout]   10:     0x62b05b0bffbc - core[a373ad73a504971]::panicking::panic_fmt
[INFO] [stdout]   11:     0x62b05af3ab94 - mod[29153a423dcf402d]::codegen::expand::{closure#0}
[INFO] [stdout]   12:     0x62b05af3ae88 - mod[29153a423dcf402d]::codegen::expand
[INFO] [stdout]   13:     0x62b05af402f8 - <mod[29153a423dcf402d]::codegen::struct_with_option_cow_str::{closure#0} as core[a373ad73a504971]::ops::function::FnOnce<()>>::call_once
[INFO] [stdout]   14:     0x62b05afb2bfb - test[aada8e7e76ba119b]::__rust_begin_short_backtrace::<core[a373ad73a504971]::result::Result<(), alloc[2e1b2a31b91974c5]::string::String>, fn() -> core[a373ad73a504971]::result::Result<(), alloc[2e1b2a31b91974c5]::string::String>>
[INFO] [stdout]   15:     0x62b05afbfdd5 - test[aada8e7e76ba119b]::run_test::{closure#0}
[INFO] [stdout]   16:     0x62b05afb96c4 - std[617be2ca0a6fd877]::sys::backtrace::__rust_begin_short_backtrace::<test[aada8e7e76ba119b]::run_test::{closure#1}, ()>
[INFO] [stdout]   17:     0x62b05afc2e62 - <std[617be2ca0a6fd877]::thread::lifecycle::spawn_unchecked<test[aada8e7e76ba119b]::run_test::{closure#1}, ()>::{closure#1} as core[a373ad73a504971]::ops::function::FnOnce<()>>::call_once::{shim:vtable#0}
[INFO] [stdout]   18:     0x62b05b0a75ff - <std[617be2ca0a6fd877]::sys::thread::unix::Thread>::new::thread_start
[INFO] [stdout]   19:     0x725168c29dfa - <unknown>
[INFO] [stdout]   20:     0x725168cbd3d4 - clone
[INFO] [stdout]   21:                0x0 - <unknown>
[INFO] [stdout] 
[INFO] [stdout] ---- codegen::struct_with_renamed_field stdout ----
[INFO] [stdout] 
[INFO] [stdout] thread 'codegen::struct_with_renamed_field' (8844) panicked at tests/codegen/mod.rs:14:33:
[INFO] [stdout] Expand error: An error occurred while formatting the source code: error: 'rustfmt' is not installed for the toolchain '1.100.0-beta.1-x86_64-unknown-linux-gnu'.
[INFO] [stdout] help: run `rustup component add --toolchain 1.100.0-beta.1-x86_64-unknown-linux-gnu rustfmt` to install it
[INFO] [stdout] 
[INFO] [stdout] stack backtrace:
[INFO] [stdout]    0:     0x62b05b0a8631 - <<std[617be2ca0a6fd877]::sys::backtrace::BacktraceLock>::print::DisplayBacktrace as core[a373ad73a504971]::fmt::Display>::fmt
[INFO] [stdout]    1:     0x62b05b0bf7da - core[a373ad73a504971]::fmt::write
[INFO] [stdout]    2:     0x62b05b0acc1c - <alloc[2e1b2a31b91974c5]::vec::Vec<u8> as core[a373ad73a504971]::io::write::Write>::write_fmt
[INFO] [stdout]    3:     0x62b05b081fc6 - std[617be2ca0a6fd877]::panicking::default_hook::{closure#0}
[INFO] [stdout]    4:     0x62b05b09fca9 - std[617be2ca0a6fd877]::panicking::default_hook
[INFO] [stdout]    5:     0x62b05afbf7b0 - test[aada8e7e76ba119b]::test_main_inner::{closure#0}
[INFO] [stdout]    6:     0x62b05b09ffd2 - std[617be2ca0a6fd877]::panicking::panic_with_hook
[INFO] [stdout]    7:     0x62b05b082072 - std[617be2ca0a6fd877]::panicking::panic_handler::{closure#0}
[INFO] [stdout]    8:     0x62b05b07a8a9 - std[617be2ca0a6fd877]::sys::backtrace::__rust_end_short_backtrace::<std[617be2ca0a6fd877]::panicking::panic_handler::{closure#0}, !>
[INFO] [stdout]    9:     0x62b05b082d1d - __rustc[ea4f61d10b84890b]::rust_begin_unwind
[INFO] [stdout]   10:     0x62b05b0bffbc - core[a373ad73a504971]::panicking::panic_fmt
[INFO] [stdout]   11:     0x62b05af3ab94 - mod[29153a423dcf402d]::codegen::expand::{closure#0}
[INFO] [stdout]   12:     0x62b05af3ae88 - mod[29153a423dcf402d]::codegen::expand
[INFO] [stdout]   13:     0x62b05af3f8f8 - <mod[29153a423dcf402d]::codegen::struct_with_renamed_field::{closure#0} as core[a373ad73a504971]::ops::function::FnOnce<()>>::call_once
[INFO] [stdout]   14:     0x62b05afb2bfb - test[aada8e7e76ba119b]::__rust_begin_short_backtrace::<core[a373ad73a504971]::result::Result<(), alloc[2e1b2a31b91974c5]::string::String>, fn() -> core[a373ad73a504971]::result::Result<(), alloc[2e1b2a31b91974c5]::string::String>>
[INFO] [stdout]   15:     0x62b05afbfdd5 - test[aada8e7e76ba119b]::run_test::{closure#0}
[INFO] [stdout]   16:     0x62b05afb96c4 - std[617be2ca0a6fd877]::sys::backtrace::__rust_begin_short_backtrace::<test[aada8e7e76ba119b]::run_test::{closure#1}, ()>
[INFO] [stdout]   17:     0x62b05afc2e62 - <std[617be2ca0a6fd877]::thread::lifecycle::spawn_unchecked<test[aada8e7e76ba119b]::run_test::{closure#1}, ()>::{closure#1} as core[a373ad73a504971]::ops::function::FnOnce<()>>::call_once::{shim:vtable#0}
[INFO] [stdout]   18:     0x62b05b0a75ff - <std[617be2ca0a6fd877]::sys::thread::unix::Thread>::new::thread_start
[INFO] [stdout]   19:     0x725168c29dfa - <unknown>
[INFO] [stdout]   20:     0x725168cbd3d4 - clone
[INFO] [stdout]   21:                0x0 - <unknown>
[INFO] [stdout] 
[INFO] [stdout] ---- codegen::unit_struct_generic stdout ----
[INFO] [stdout] 
[INFO] [stdout] thread 'codegen::unit_struct_generic' (10750) panicked at tests/codegen/mod.rs:14:33:
[INFO] [stdout] Expand error: An error occurred while formatting the source code: error: 'rustfmt' is not installed for the toolchain '1.100.0-beta.1-x86_64-unknown-linux-gnu'.
[INFO] [stdout] help: run `rustup component add --toolchain 1.100.0-beta.1-x86_64-unknown-linux-gnu rustfmt` to install it
[INFO] [stdout] 
[INFO] [stdout] stack backtrace:
[INFO] [stdout]    0:     0x62b05b0a8631 - <<std[617be2ca0a6fd877]::sys::backtrace::BacktraceLock>::print::DisplayBacktrace as core[a373ad73a504971]::fmt::Display>::fmt
[INFO] [stdout]    1:     0x62b05b0bf7da - core[a373ad73a504971]::fmt::write
[INFO] [stdout]    2:     0x62b05b0acc1c - <alloc[2e1b2a31b91974c5]::vec::Vec<u8> as core[a373ad73a504971]::io::write::Write>::write_fmt
[INFO] [stdout]    3:     0x62b05b081fc6 - std[617be2ca0a6fd877]::panicking::default_hook::{closure#0}
[INFO] [stdout]    4:     0x62b05b09fca9 - std[617be2ca0a6fd877]::panicking::default_hook
[INFO] [stdout]    5:     0x62b05afbf7b0 - test[aada8e7e76ba119b]::test_main_inner::{closure#0}
[INFO] [stdout]    6:     0x62b05b09ffd2 - std[617be2ca0a6fd877]::panicking::panic_with_hook
[INFO] [stdout]    7:     0x62b05b082072 - std[617be2ca0a6fd877]::panicking::panic_handler::{closure#0}
[INFO] [stdout]    8:     0x62b05b07a8a9 - std[617be2ca0a6fd877]::sys::backtrace::__rust_end_short_backtrace::<std[617be2ca0a6fd877]::panicking::panic_handler::{closure#0}, !>
[INFO] [stdout]    9:     0x62b05b082d1d - __rustc[ea4f61d10b84890b]::rust_begin_unwind
[INFO] [stdout]   10:     0x62b05b0bffbc - core[a373ad73a504971]::panicking::panic_fmt
[INFO] [stdout]   11:     0x62b05af3ab94 - mod[29153a423dcf402d]::codegen::expand::{closure#0}
[INFO] [stdout]   12:     0x62b05af3ae88 - mod[29153a423dcf402d]::codegen::expand
[INFO] [stdout]   13:     0x62b05af3d4f8 - <mod[29153a423dcf402d]::codegen::unit_struct_generic::{closure#0} as core[a373ad73a504971]::ops::function::FnOnce<()>>::call_once
[INFO] [stdout]   14:     0x62b05afb2bfb - test[aada8e7e76ba119b]::__rust_begin_short_backtrace::<core[a373ad73a504971]::result::Result<(), alloc[2e1b2a31b91974c5]::string::String>, fn() -> core[a373ad73a504971]::result::Result<(), alloc[2e1b2a31b91974c5]::string::String>>
[INFO] [stdout]   15:     0x62b05afbfdd5 - test[aada8e7e76ba119b]::run_test::{closure#0}
[INFO] [stdout]   16:     0x62b05afb96c4 - std[617be2ca0a6fd877]::sys::backtrace::__rust_begin_short_backtrace::<test[aada8e7e76ba119b]::run_test::{closure#1}, ()>
[INFO] [stdout]   17:     0x62b05afc2e62 - <std[617be2ca0a6fd877]::thread::lifecycle::spawn_unchecked<test[aada8e7e76ba119b]::run_test::{closure#1}, ()>::{closure#1} as core[a373ad73a504971]::ops::function::FnOnce<()>>::call_once::{shim:vtable#0}
[INFO] [stdout]   18:     0x62b05b0a75ff - <std[617be2ca0a6fd877]::sys::thread::unix::Thread>::new::thread_start
[INFO] [stdout]   19:     0x725168c29dfa - <unknown>
[INFO] [stdout]   20:     0x725168cbd3d4 - clone
[INFO] [stdout]   21:                0x0 - <unknown>
[INFO] [stdout] 
[INFO] [stdout] ---- codegen::struct_with_pub_field stdout ----
[INFO] [stdout] 
[INFO] [stdout] thread 'codegen::struct_with_pub_field' (8399) panicked at tests/codegen/mod.rs:14:33:
[INFO] [stdout] Expand error: An error occurred while formatting the source code: error: 'rustfmt' is not installed for the toolchain '1.100.0-beta.1-x86_64-unknown-linux-gnu'.
[INFO] [stdout] help: run `rustup component add --toolchain 1.100.0-beta.1-x86_64-unknown-linux-gnu rustfmt` to install it
[INFO] [stdout] 
[INFO] [stdout] stack backtrace:
[INFO] [stdout]    0:     0x62b05b0a8631 - <<std[617be2ca0a6fd877]::sys::backtrace::BacktraceLock>::print::DisplayBacktrace as core[a373ad73a504971]::fmt::Display>::fmt
[INFO] [stdout]    1:     0x62b05b0bf7da - core[a373ad73a504971]::fmt::write
[INFO] [stdout]    2:     0x62b05b0acc1c - <alloc[2e1b2a31b91974c5]::vec::Vec<u8> as core[a373ad73a504971]::io::write::Write>::write_fmt
[INFO] [stdout]    3:     0x62b05b081fc6 - std[617be2ca0a6fd877]::panicking::default_hook::{closure#0}
[INFO] [stdout]    4:     0x62b05b09fca9 - std[617be2ca0a6fd877]::panicking::default_hook
[INFO] [stdout]    5:     0x62b05afbf7b0 - test[aada8e7e76ba119b]::test_main_inner::{closure#0}
[INFO] [stdout]    6:     0x62b05b09ffd2 - std[617be2ca0a6fd877]::panicking::panic_with_hook
[INFO] [stdout]    7:     0x62b05b082072 - std[617be2ca0a6fd877]::panicking::panic_handler::{closure#0}
[INFO] [stdout]    8:     0x62b05b07a8a9 - std[617be2ca0a6fd877]::sys::backtrace::__rust_end_short_backtrace::<std[617be2ca0a6fd877]::panicking::panic_handler::{closure#0}, !>
[INFO] [stdout]    9:     0x62b05b082d1d - __rustc[ea4f61d10b84890b]::rust_begin_unwind
[INFO] [stdout]   10:     0x62b05b0bffbc - core[a373ad73a504971]::panicking::panic_fmt
[INFO] [stdout]   11:     0x62b05af3ab94 - mod[29153a423dcf402d]::codegen::expand::{closure#0}
[INFO] [stdout]   12:     0x62b05af3ae88 - mod[29153a423dcf402d]::codegen::expand
[INFO] [stdout]   13:     0x62b05af3e8f8 - <mod[29153a423dcf402d]::codegen::struct_with_pub_field::{closure#0} as core[a373ad73a504971]::ops::function::FnOnce<()>>::call_once
[INFO] [stdout]   14:     0x62b05afb2bfb - test[aada8e7e76ba119b]::__rust_begin_short_backtrace::<core[a373ad73a504971]::result::Result<(), alloc[2e1b2a31b91974c5]::string::String>, fn() -> core[a373ad73a504971]::result::Result<(), alloc[2e1b2a31b91974c5]::string::String>>
[INFO] [stdout]   15:     0x62b05afbfdd5 - test[aada8e7e76ba119b]::run_test::{closure#0}
[INFO] [stdout]   16:     0x62b05afb96c4 - std[617be2ca0a6fd877]::sys::backtrace::__rust_begin_short_backtrace::<test[aada8e7e76ba119b]::run_test::{closure#1}, ()>
[INFO] [stdout]   17:     0x62b05afc2e62 - <std[617be2ca0a6fd877]::thread::lifecycle::spawn_unchecked<test[aada8e7e76ba119b]::run_test::{closure#1}, ()>::{closure#1} as core[a373ad73a504971]::ops::function::FnOnce<()>>::call_once::{shim:vtable#0}
[INFO] [stdout]   18:     0x62b05b0a75ff - <std[617be2ca0a6fd877]::sys::thread::unix::Thread>::new::thread_start
[INFO] [stdout]   19:     0x725168c29dfa - <unknown>
[INFO] [stdout]   20:     0x725168cbd3d4 - clone
[INFO] [stdout]   21:                0x0 - <unknown>
[INFO] [stdout] 
[INFO] [stdout] ---- codegen::tuple_struct_field_doc_comment stdout ----
[INFO] [stdout] 
[INFO] [stdout] thread 'codegen::tuple_struct_field_doc_comment' (9694) panicked at tests/codegen/mod.rs:14:33:
[INFO] [stdout] Expand error: An error occurred while formatting the source code: error: 'rustfmt' is not installed for the toolchain '1.100.0-beta.1-x86_64-unknown-linux-gnu'.
[INFO] [stdout] help: run `rustup component add --toolchain 1.100.0-beta.1-x86_64-unknown-linux-gnu rustfmt` to install it
[INFO] [stdout] 
[INFO] [stdout] stack backtrace:
[INFO] [stdout]    0:     0x62b05b0a8631 - <<std[617be2ca0a6fd877]::sys::backtrace::BacktraceLock>::print::DisplayBacktrace as core[a373ad73a504971]::fmt::Display>::fmt
[INFO] [stdout]    1:     0x62b05b0bf7da - core[a373ad73a504971]::fmt::write
[INFO] [stdout]    2:     0x62b05b0acc1c - <alloc[2e1b2a31b91974c5]::vec::Vec<u8> as core[a373ad73a504971]::io::write::Write>::write_fmt
[INFO] [stdout]    3:     0x62b05b081fc6 - std[617be2ca0a6fd877]::panicking::default_hook::{closure#0}
[INFO] [stdout]    4:     0x62b05b09fca9 - std[617be2ca0a6fd877]::panicking::default_hook
[INFO] [stdout]    5:     0x62b05afbf7b0 - test[aada8e7e76ba119b]::test_main_inner::{closure#0}
[INFO] [stdout]    6:     0x62b05b09ffd2 - std[617be2ca0a6fd877]::panicking::panic_with_hook
[INFO] [stdout]    7:     0x62b05b082072 - std[617be2ca0a6fd877]::panicking::panic_handler::{closure#0}
[INFO] [stdout]    8:     0x62b05b07a8a9 - std[617be2ca0a6fd877]::sys::backtrace::__rust_end_short_backtrace::<std[617be2ca0a6fd877]::panicking::panic_handler::{closure#0}, !>
[INFO] [stdout]    9:     0x62b05b082d1d - __rustc[ea4f61d10b84890b]::rust_begin_unwind
[INFO] [stdout]   10:     0x62b05b0bffbc - core[a373ad73a504971]::panicking::panic_fmt
[INFO] [stdout]   11:     0x62b05af3ab94 - mod[29153a423dcf402d]::codegen::expand::{closure#0}
[INFO] [stdout]   12:     0x62b05af3ae88 - mod[29153a423dcf402d]::codegen::expand
[INFO] [stdout]   13:     0x62b05af41cf8 - <mod[29153a423dcf402d]::codegen::tuple_struct_field_doc_comment::{closure#0} as core[a373ad73a504971]::ops::function::FnOnce<()>>::call_once
[INFO] [stdout]   14:     0x62b05afb2bfb - test[aada8e7e76ba119b]::__rust_begin_short_backtrace::<core[a373ad73a504971]::result::Result<(), alloc[2e1b2a31b91974c5]::string::String>, fn() -> core[a373ad73a504971]::result::Result<(), alloc[2e1b2a31b91974c5]::string::String>>
[INFO] [stdout]   15:     0x62b05afbfdd5 - test[aada8e7e76ba119b]::run_test::{closure#0}
[INFO] [stdout]   16:     0x62b05afb96c4 - std[617be2ca0a6fd877]::sys::backtrace::__rust_begin_short_backtrace::<test[aada8e7e76ba119b]::run_test::{closure#1}, ()>
[INFO] [stdout]   17:     0x62b05afc2e62 - <std[617be2ca0a6fd877]::thread::lifecycle::spawn_unchecked<test[aada8e7e76ba119b]::run_test::{closure#1}, ()>::{closure#1} as core[a373ad73a504971]::ops::function::FnOnce<()>>::call_once::{shim:vtable#0}
[INFO] [stdout]   18:     0x62b05b0a75ff - <std[617be2ca0a6fd877]::sys::thread::unix::Thread>::new::thread_start
[INFO] [stdout]   19:     0x725168c29dfa - <unknown>
[INFO] [stdout]   20:     0x725168cbd3d4 - clone
[INFO] [stdout]   21:                0x0 - <unknown>
[INFO] [stdout] 
[INFO] [stdout] ---- codegen::tuple_struct_with_renamed_field stdout ----
[INFO] [stdout] 
[INFO] [stdout] thread 'codegen::tuple_struct_with_renamed_field' (10206) panicked at tests/codegen/mod.rs:14:33:
[INFO] [stdout] Expand error: An error occurred while formatting the source code: error: 'rustfmt' is not installed for the toolchain '1.100.0-beta.1-x86_64-unknown-linux-gnu'.
[INFO] [stdout] help: run `rustup component add --toolchain 1.100.0-beta.1-x86_64-unknown-linux-gnu rustfmt` to install it
[INFO] [stdout] 
[INFO] [stdout] stack backtrace:
[INFO] [stdout]    0:     0x62b05b0a8631 - <<std[617be2ca0a6fd877]::sys::backtrace::BacktraceLock>::print::DisplayBacktrace as core[a373ad73a504971]::fmt::Display>::fmt
[INFO] [stdout]    1:     0x62b05b0bf7da - core[a373ad73a504971]::fmt::write
[INFO] [stdout]    2:     0x62b05b0acc1c - <alloc[2e1b2a31b91974c5]::vec::Vec<u8> as core[a373ad73a504971]::io::write::Write>::write_fmt
[INFO] [stdout]    3:     0x62b05b081fc6 - std[617be2ca0a6fd877]::panicking::default_hook::{closure#0}
[INFO] [stdout]    4:     0x62b05b09fca9 - std[617be2ca0a6fd877]::panicking::default_hook
[INFO] [stdout]    5:     0x62b05afbf7b0 - test[aada8e7e76ba119b]::test_main_inner::{closure#0}
[INFO] [stdout]    6:     0x62b05b09ffd2 - std[617be2ca0a6fd877]::panicking::panic_with_hook
[INFO] [stdout]    7:     0x62b05b082072 - std[617be2ca0a6fd877]::panicking::panic_handler::{closure#0}
[INFO] [stdout]    8:     0x62b05b07a8a9 - std[617be2ca0a6fd877]::sys::backtrace::__rust_end_short_backtrace::<std[617be2ca0a6fd877]::panicking::panic_handler::{closure#0}, !>
[INFO] [stdout]    9:     0x62b05b082d1d - __rustc[ea4f61d10b84890b]::rust_begin_unwind
[INFO] [stdout]   10:     0x62b05b0bffbc - core[a373ad73a504971]::panicking::panic_fmt
[INFO] [stdout]   11:     0x62b05af3ab94 - mod[29153a423dcf402d]::codegen::expand::{closure#0}
[INFO] [stdout]   12:     0x62b05af3ae88 - mod[29153a423dcf402d]::codegen::expand
[INFO] [stdout]   13:     0x62b05af422f8 - <mod[29153a423dcf402d]::codegen::tuple_struct_with_renamed_field::{closure#0} as core[a373ad73a504971]::ops::function::FnOnce<()>>::call_once
[INFO] [stdout]   14:     0x62b05afb2bfb - test[aada8e7e76ba119b]::__rust_begin_short_backtrace::<core[a373ad73a504971]::result::Result<(), alloc[2e1b2a31b91974c5]::string::String>, fn() -> core[a373ad73a504971]::result::Result<(), alloc[2e1b2a31b91974c5]::string::String>>
[INFO] [stdout]   15:     0x62b05afbfdd5 - test[aada8e7e76ba119b]::run_test::{closure#0}
[INFO] [stdout]   16:     0x62b05afb96c4 - std[617be2ca0a6fd877]::sys::backtrace::__rust_begin_short_backtrace::<test[aada8e7e76ba119b]::run_test::{closure#1}, ()>
[INFO] [stdout]   17:     0x62b05afc2e62 - <std[617be2ca0a6fd877]::thread::lifecycle::spawn_unchecked<test[aada8e7e76ba119b]::run_test::{closure#1}, ()>::{closure#1} as core[a373ad73a504971]::ops::function::FnOnce<()>>::call_once::{shim:vtable#0}
[INFO] [stdout]   18:     0x62b05b0a75ff - <std[617be2ca0a6fd877]::sys::thread::unix::Thread>::new::thread_start
[INFO] [stdout]   19:     0x725168c29dfa - <unknown>
[INFO] [stdout]   20:     0x725168cbd3d4 - clone
[INFO] [stdout]   21:                0x0 - <unknown>
[INFO] [stdout] 
[INFO] [stdout] ---- codegen::unit_struct stdout ----
[INFO] [stdout] 
[INFO] [stdout] thread 'codegen::unit_struct' (10330) panicked at tests/codegen/mod.rs:14:33:
[INFO] [stdout] Expand error: An error occurred while formatting the source code: error: 'rustfmt' is not installed for the toolchain '1.100.0-beta.1-x86_64-unknown-linux-gnu'.
[INFO] [stdout] help: run `rustup component add --toolchain 1.100.0-beta.1-x86_64-unknown-linux-gnu rustfmt` to install it
[INFO] [stdout] 
[INFO] [stdout] stack backtrace:
[INFO] [stdout]    0:     0x62b05b0a8631 - <<std[617be2ca0a6fd877]::sys::backtrace::BacktraceLock>::print::DisplayBacktrace as core[a373ad73a504971]::fmt::Display>::fmt
[INFO] [stdout]    1:     0x62b05b0bf7da - core[a373ad73a504971]::fmt::write
[INFO] [stdout]    2:     0x62b05b0acc1c - <alloc[2e1b2a31b91974c5]::vec::Vec<u8> as core[a373ad73a504971]::io::write::Write>::write_fmt
[INFO] [stdout]    3:     0x62b05b081fc6 - std[617be2ca0a6fd877]::panicking::default_hook::{closure#0}
[INFO] [stdout]    4:     0x62b05b09fca9 - std[617be2ca0a6fd877]::panicking::default_hook
[INFO] [stdout]    5:     0x62b05afbf7b0 - test[aada8e7e76ba119b]::test_main_inner::{closure#0}
[INFO] [stdout]    6:     0x62b05b09ffd2 - std[617be2ca0a6fd877]::panicking::panic_with_hook
[INFO] [stdout]    7:     0x62b05b082072 - std[617be2ca0a6fd877]::panicking::panic_handler::{closure#0}
[INFO] [stdout]    8:     0x62b05b07a8a9 - std[617be2ca0a6fd877]::sys::backtrace::__rust_end_short_backtrace::<std[617be2ca0a6fd877]::panicking::panic_handler::{closure#0}, !>
[INFO] [stdout]    9:     0x62b05b082d1d - __rustc[ea4f61d10b84890b]::rust_begin_unwind
[INFO] [stdout]   10:     0x62b05b0bffbc - core[a373ad73a504971]::panicking::panic_fmt
[INFO] [stdout]   11:     0x62b05af3ab94 - mod[29153a423dcf402d]::codegen::expand::{closure#0}
[INFO] [stdout]   12:     0x62b05af3ae88 - mod[29153a423dcf402d]::codegen::expand
[INFO] [stdout]   13:     0x62b05af3b6f8 - <mod[29153a423dcf402d]::codegen::unit_struct::{closure#0} as core[a373ad73a504971]::ops::function::FnOnce<()>>::call_once
[INFO] [stdout]   14:     0x62b05afb2bfb - test[aada8e7e76ba119b]::__rust_begin_short_backtrace::<core[a373ad73a504971]::result::Result<(), alloc[2e1b2a31b91974c5]::string::String>, fn() -> core[a373ad73a504971]::result::Result<(), alloc[2e1b2a31b91974c5]::string::String>>
[INFO] [stdout]   15:     0x62b05afbfdd5 - test[aada8e7e76ba119b]::run_test::{closure#0}
[INFO] [stdout]   16:     0x62b05afb96c4 - std[617be2ca0a6fd877]::sys::backtrace::__rust_begin_short_backtrace::<test[aada8e7e76ba119b]::run_test::{closure#1}, ()>
[INFO] [stdout]   17:     0x62b05afc2e62 - <std[617be2ca0a6fd877]::thread::lifecycle::spawn_unchecked<test[aada8e7e76ba119b]::run_test::{closure#1}, ()>::{closure#1} as core[a373ad73a504971]::ops::function::FnOnce<()>>::call_once::{shim:vtable#0}
[INFO] [stdout]   18:     0x62b05b0a75ff - <std[617be2ca0a6fd877]::sys::thread::unix::Thread>::new::thread_start
[INFO] [stdout]   19:     0x725168c29dfa - <unknown>
[INFO] [stdout]   20:     0x725168cbd3d4 - clone
[INFO] [stdout]   21:                0x0 - <unknown>
[INFO] [stdout] 
[INFO] [stdout] ---- codegen::tuple_struct stdout ----
[INFO] [stdout] 
[INFO] [stdout] thread 'codegen::tuple_struct' (9188) panicked at tests/codegen/mod.rs:14:33:
[INFO] [stdout] Expand error: An error occurred while formatting the source code: error: 'rustfmt' is not installed for the toolchain '1.100.0-beta.1-x86_64-unknown-linux-gnu'.
[INFO] [stdout] help: run `rustup component add --toolchain 1.100.0-beta.1-x86_64-unknown-linux-gnu rustfmt` to install it
[INFO] [stdout] 
[INFO] [stdout] stack backtrace:
[INFO] [stdout]    0:     0x62b05b0a8631 - <<std[617be2ca0a6fd877]::sys::backtrace::BacktraceLock>::print::DisplayBacktrace as core[a373ad73a504971]::fmt::Display>::fmt
[INFO] [stdout]    1:     0x62b05b0bf7da - core[a373ad73a504971]::fmt::write
[INFO] [stdout]    2:     0x62b05b0acc1c - <alloc[2e1b2a31b91974c5]::vec::Vec<u8> as core[a373ad73a504971]::io::write::Write>::write_fmt
[INFO] [stdout]    3:     0x62b05b081fc6 - std[617be2ca0a6fd877]::panicking::default_hook::{closure#0}
[INFO] [stdout]    4:     0x62b05b09fca9 - std[617be2ca0a6fd877]::panicking::default_hook
[INFO] [stdout]    5:     0x62b05afbf7b0 - test[aada8e7e76ba119b]::test_main_inner::{closure#0}
[INFO] [stdout]    6:     0x62b05b09ffd2 - std[617be2ca0a6fd877]::panicking::panic_with_hook
[INFO] [stdout]    7:     0x62b05b082072 - std[617be2ca0a6fd877]::panicking::panic_handler::{closure#0}
[INFO] [stdout]    8:     0x62b05b07a8a9 - std[617be2ca0a6fd877]::sys::backtrace::__rust_end_short_backtrace::<std[617be2ca0a6fd877]::panicking::panic_handler::{closure#0}, !>
[INFO] [stdout]    9:     0x62b05b082d1d - __rustc[ea4f61d10b84890b]::rust_begin_unwind
[INFO] [stdout]   10:     0x62b05b0bffbc - core[a373ad73a504971]::panicking::panic_fmt
[INFO] [stdout]   11:     0x62b05af3ab94 - mod[29153a423dcf402d]::codegen::expand::{closure#0}
[INFO] [stdout]   12:     0x62b05af3ae88 - mod[29153a423dcf402d]::codegen::expand
[INFO] [stdout]   13:     0x62b05af3bcf8 - <mod[29153a423dcf402d]::codegen::tuple_struct::{closure#0} as core[a373ad73a504971]::ops::function::FnOnce<()>>::call_once
[INFO] [stdout]   14:     0x62b05afb2bfb - test[aada8e7e76ba119b]::__rust_begin_short_backtrace::<core[a373ad73a504971]::result::Result<(), alloc[2e1b2a31b91974c5]::string::String>, fn() -> core[a373ad73a504971]::result::Result<(), alloc[2e1b2a31b91974c5]::string::String>>
[INFO] [stdout]   15:     0x62b05afbfdd5 - test[aada8e7e76ba119b]::run_test::{closure#0}
[INFO] [stdout]   16:     0x62b05afb96c4 - std[617be2ca0a6fd877]::sys::backtrace::__rust_begin_short_backtrace::<test[aada8e7e76ba119b]::run_test::{closure#1}, ()>
[INFO] [stdout]   17:     0x62b05afc2e62 - <std[617be2ca0a6fd877]::thread::lifecycle::spawn_unchecked<test[aada8e7e76ba119b]::run_test::{closure#1}, ()>::{closure#1} as core[a373ad73a504971]::ops::function::FnOnce<()>>::call_once::{shim:vtable#0}
[INFO] [stdout]   18:     0x62b05b0a75ff - <std[617be2ca0a6fd877]::sys::thread::unix::Thread>::new::thread_start
[INFO] [stdout]   19:     0x725168c29dfa - <unknown>
[INFO] [stdout]   20:     0x725168cbd3d4 - clone
[INFO] [stdout]   21:                0x0 - <unknown>
[INFO] [stdout] 
[INFO] [stdout] ---- codegen::tuple_struct_generic stdout ----
[INFO] [stdout] 
[INFO] [stdout] thread 'codegen::tuple_struct_generic' (9864) panicked at tests/codegen/mod.rs:14:33:
[INFO] [stdout] Expand error: An error occurred while formatting the source code: error: 'rustfmt' is not installed for the toolchain '1.100.0-beta.1-x86_64-unknown-linux-gnu'.
[INFO] [stdout] help: run `rustup component add --toolchain 1.100.0-beta.1-x86_64-unknown-linux-gnu rustfmt` to install it
[INFO] [stdout] 
[INFO] [stdout] stack backtrace:
[INFO] [stdout]    0:     0x62b05b0a8631 - <<std[617be2ca0a6fd877]::sys::backtrace::BacktraceLock>::print::DisplayBacktrace as core[a373ad73a504971]::fmt::Display>::fmt
[INFO] [stdout]    1:     0x62b05b0bf7da - core[a373ad73a504971]::fmt::write
[INFO] [stdout]    2:     0x62b05b0acc1c - <alloc[2e1b2a31b91974c5]::vec::Vec<u8> as core[a373ad73a504971]::io::write::Write>::write_fmt
[INFO] [stdout]    3:     0x62b05b081fc6 - std[617be2ca0a6fd877]::panicking::default_hook::{closure#0}
[INFO] [stdout]    4:     0x62b05b09fca9 - std[617be2ca0a6fd877]::panicking::default_hook
[INFO] [stdout]    5:     0x62b05afbf7b0 - test[aada8e7e76ba119b]::test_main_inner::{closure#0}
[INFO] [stdout]    6:     0x62b05b09ffd2 - std[617be2ca0a6fd877]::panicking::panic_with_hook
[INFO] [stdout]    7:     0x62b05b082072 - std[617be2ca0a6fd877]::panicking::panic_handler::{closure#0}
[INFO] [stdout]    8:     0x62b05b07a8a9 - std[617be2ca0a6fd877]::sys::backtrace::__rust_end_short_backtrace::<std[617be2ca0a6fd877]::panicking::panic_handler::{closure#0}, !>
[INFO] [stdout]    9:     0x62b05b082d1d - __rustc[ea4f61d10b84890b]::rust_begin_unwind
[INFO] [stdout]   10:     0x62b05b0bffbc - core[a373ad73a504971]::panicking::panic_fmt
[INFO] [stdout]   11:     0x62b05af3ab94 - mod[29153a423dcf402d]::codegen::expand::{closure#0}
[INFO] [stdout]   12:     0x62b05af3ae88 - mod[29153a423dcf402d]::codegen::expand
[INFO] [stdout]   13:     0x62b05af3def8 - <mod[29153a423dcf402d]::codegen::tuple_struct_generic::{closure#0} as core[a373ad73a504971]::ops::function::FnOnce<()>>::call_once
[INFO] [stdout]   14:     0x62b05afb2bfb - test[aada8e7e76ba119b]::__rust_begin_short_backtrace::<core[a373ad73a504971]::result::Result<(), alloc[2e1b2a31b91974c5]::string::String>, fn() -> core[a373ad73a504971]::result::Result<(), alloc[2e1b2a31b91974c5]::string::String>>
[INFO] [stdout]   15:     0x62b05afbfdd5 - test[aada8e7e76ba119b]::run_test::{closure#0}
[INFO] [stdout]   16:     0x62b05afb96c4 - std[617be2ca0a6fd877]::sys::backtrace::__rust_begin_short_backtrace::<test[aada8e7e76ba119b]::run_test::{closure#1}, ()>
[INFO] [stdout]   17:     0x62b05afc2e62 - <std[617be2ca0a6fd877]::thread::lifecycle::spawn_unchecked<test[aada8e7e76ba119b]::run_test::{closure#1}, ()>::{closure#1} as core[a373ad73a504971]::ops::function::FnOnce<()>>::call_once::{shim:vtable#0}
[INFO] [stdout]   18:     0x62b05b0a75ff - <std[617be2ca0a6fd877]::sys::thread::unix::Thread>::new::thread_start
[INFO] [stdout]   19:     0x725168c29dfa - <unknown>
[INFO] [stdout]   20:     0x725168cbd3d4 - clone
[INFO] [stdout]   21:                0x0 - <unknown>
[INFO] [stdout] 
[INFO] [stdout] ---- codegen::tuple_struct_field_doc_comment_repr_transparent stdout ----
[INFO] [stdout] 
[INFO] [stdout] thread 'codegen::tuple_struct_field_doc_comment_repr_transparent' (9696) panicked at tests/codegen/mod.rs:14:33:
[INFO] [stdout] Expand error: An error occurred while formatting the source code: error: 'rustfmt' is not installed for the toolchain '1.100.0-beta.1-x86_64-unknown-linux-gnu'.
[INFO] [stdout] help: run `rustup component add --toolchain 1.100.0-beta.1-x86_64-unknown-linux-gnu rustfmt` to install it
[INFO] [stdout] 
[INFO] [stdout] stack backtrace:
[INFO] [stdout]    0:     0x62b05b0a8631 - <<std[617be2ca0a6fd877]::sys::backtrace::BacktraceLock>::print::DisplayBacktrace as core[a373ad73a504971]::fmt::Display>::fmt
[INFO] [stdout]    1:     0x62b05b0bf7da - core[a373ad73a504971]::fmt::write
[INFO] [stdout]    2:     0x62b05b0acc1c - <alloc[2e1b2a31b91974c5]::vec::Vec<u8> as core[a373ad73a504971]::io::write::Write>::write_fmt
[INFO] [stdout]    3:     0x62b05b081fc6 - std[617be2ca0a6fd877]::panicking::default_hook::{closure#0}
[INFO] [stdout]    4:     0x62b05b09fca9 - std[617be2ca0a6fd877]::panicking::default_hook
[INFO] [stdout]    5:     0x62b05afbf7b0 - test[aada8e7e76ba119b]::test_main_inner::{closure#0}
[INFO] [stdout]    6:     0x62b05b09ffd2 - std[617be2ca0a6fd877]::panicking::panic_with_hook
[INFO] [stdout]    7:     0x62b05b082072 - std[617be2ca0a6fd877]::panicking::panic_handler::{closure#0}
[INFO] [stdout]    8:     0x62b05b07a8a9 - std[617be2ca0a6fd877]::sys::backtrace::__rust_end_short_backtrace::<std[617be2ca0a6fd877]::panicking::panic_handler::{closure#0}, !>
[INFO] [stdout]    9:     0x62b05b082d1d - __rustc[ea4f61d10b84890b]::rust_begin_unwind
[INFO] [stdout]   10:     0x62b05b0bffbc - core[a373ad73a504971]::panicking::panic_fmt
[INFO] [stdout]   11:     0x62b05af3ab94 - mod[29153a423dcf402d]::codegen::expand::{closure#0}
[INFO] [stdout]   12:     0x62b05af3ae88 - mod[29153a423dcf402d]::codegen::expand
[INFO] [stdout]   13:     0x62b05af438f8 - <mod[29153a423dcf402d]::codegen::tuple_struct_field_doc_comment_repr_transparent::{closure#0} as core[a373ad73a504971]::ops::function::FnOnce<()>>::call_once
[INFO] [stdout]   14:     0x62b05afb2bfb - test[aada8e7e76ba119b]::__rust_begin_short_backtrace::<core[a373ad73a504971]::result::Result<(), alloc[2e1b2a31b91974c5]::string::String>, fn() -> core[a373ad73a504971]::result::Result<(), alloc[2e1b2a31b91974c5]::string::String>>
[INFO] [stdout]   15:     0x62b05afbfdd5 - test[aada8e7e76ba119b]::run_test::{closure#0}
[INFO] [stdout]   16:     0x62b05afb96c4 - std[617be2ca0a6fd877]::sys::backtrace::__rust_begin_short_backtrace::<test[aada8e7e76ba119b]::run_test::{closure#1}, ()>
[INFO] [stdout]   17:     0x62b05afc2e62 - <std[617be2ca0a6fd877]::thread::lifecycle::spawn_unchecked<test[aada8e7e76ba119b]::run_test::{closure#1}, ()>::{closure#1} as core[a373ad73a504971]::ops::function::FnOnce<()>>::call_once::{shim:vtable#0}
[INFO] [stdout]   18:     0x62b05b0a75ff - <std[617be2ca0a6fd877]::sys::thread::unix::Thread>::new::thread_start
[INFO] [stdout]   19:     0x725168c29dfa - <unknown>
[INFO] [stdout]   20:     0x725168cbd3d4 - clone
[INFO] [stdout]   21:                0x0 - <unknown>
[INFO] [stdout] 
[INFO] [stdout] ---- codegen::tuple_struct_with_pub_fields stdout ----
[INFO] [stdout] 
[INFO] [stdout] thread 'codegen::tuple_struct_with_pub_fields' (10118) panicked at tests/codegen/mod.rs:14:33:
[INFO] [stdout] Expand error: An error occurred while formatting the source code: error: 'rustfmt' is not installed for the toolchain '1.100.0-beta.1-x86_64-unknown-linux-gnu'.
[INFO] [stdout] help: run `rustup component add --toolchain 1.100.0-beta.1-x86_64-unknown-linux-gnu rustfmt` to install it
[INFO] [stdout] 
[INFO] [stdout] stack backtrace:
[INFO] [stdout]    0:     0x62b05b0a8631 - <<std[617be2ca0a6fd877]::sys::backtrace::BacktraceLock>::print::DisplayBacktrace as core[a373ad73a504971]::fmt::Display>::fmt
[INFO] [stdout]    1:     0x62b05b0bf7da - core[a373ad73a504971]::fmt::write
[INFO] [stdout]    2:     0x62b05b0acc1c - <alloc[2e1b2a31b91974c5]::vec::Vec<u8> as core[a373ad73a504971]::io::write::Write>::write_fmt
[INFO] [stdout]    3:     0x62b05b081fc6 - std[617be2ca0a6fd877]::panicking::default_hook::{closure#0}
[INFO] [stdout]    4:     0x62b05b09fca9 - std[617be2ca0a6fd877]::panicking::default_hook
[INFO] [stdout]    5:     0x62b05afbf7b0 - test[aada8e7e76ba119b]::test_main_inner::{closure#0}
[INFO] [stdout]    6:     0x62b05b09ffd2 - std[617be2ca0a6fd877]::panicking::panic_with_hook
[INFO] [stdout]    7:     0x62b05b082072 - std[617be2ca0a6fd877]::panicking::panic_handler::{closure#0}
[INFO] [stdout]    8:     0x62b05b07a8a9 - std[617be2ca0a6fd877]::sys::backtrace::__rust_end_short_backtrace::<std[617be2ca0a6fd877]::panicking::panic_handler::{closure#0}, !>
[INFO] [stdout]    9:     0x62b05b082d1d - __rustc[ea4f61d10b84890b]::rust_begin_unwind
[INFO] [stdout]   10:     0x62b05b0bffbc - core[a373ad73a504971]::panicking::panic_fmt
[INFO] [stdout]   11:     0x62b05af3ab94 - mod[29153a423dcf402d]::codegen::expand::{closure#0}
[INFO] [stdout]   12:     0x62b05af3ae88 - mod[29153a423dcf402d]::codegen::expand
[INFO] [stdout]   13:     0x62b05af40ef8 - <mod[29153a423dcf402d]::codegen::tuple_struct_with_pub_fields::{closure#0} as core[a373ad73a504971]::ops::function::FnOnce<()>>::call_once
[INFO] [stdout]   14:     0x62b05afb2bfb - test[aada8e7e76ba119b]::__rust_begin_short_backtrace::<core[a373ad73a504971]::result::Result<(), alloc[2e1b2a31b91974c5]::string::String>, fn() -> core[a373ad73a504971]::result::Result<(), alloc[2e1b2a31b91974c5]::string::String>>
[INFO] [stdout]   15:     0x62b05afbfdd5 - test[aada8e7e76ba119b]::run_test::{closure#0}
[INFO] [stdout]   16:     0x62b05afb96c4 - std[617be2ca0a6fd877]::sys::backtrace::__rust_begin_short_backtrace::<test[aada8e7e76ba119b]::run_test::{closure#1}, ()>
[INFO] [stdout]   17:     0x62b05afc2e62 - <std[617be2ca0a6fd877]::thread::lifecycle::spawn_unchecked<test[aada8e7e76ba119b]::run_test::{closure#1}, ()>::{closure#1} as core[a373ad73a504971]::ops::function::FnOnce<()>>::call_once::{shim:vtable#0}
[INFO] [stdout]   18:     0x62b05b0a75ff - <std[617be2ca0a6fd877]::sys::thread::unix::Thread>::new::thread_start
[INFO] [stdout]   19:     0x725168c29dfa - <unknown>
[INFO] [stdout]   20:     0x725168cbd3d4 - clone
[INFO] [stdout]   21:                0x0 - <unknown>
[INFO] [stdout] 
[INFO] [stdout] ---- codegen::visibility stdout ----
[INFO] [stdout] 
[INFO] [stdout] thread 'codegen::visibility' (10905) panicked at tests/codegen/mod.rs:14:33:
[INFO] [stdout] Expand error: An error occurred while formatting the source code: error: 'rustfmt' is not installed for the toolchain '1.100.0-beta.1-x86_64-unknown-linux-gnu'.
[INFO] [stdout] help: run `rustup component add --toolchain 1.100.0-beta.1-x86_64-unknown-linux-gnu rustfmt` to install it
[INFO] [stdout] 
[INFO] [stdout] stack backtrace:
[INFO] [stdout]    0:     0x62b05b0a8631 - <<std[617be2ca0a6fd877]::sys::backtrace::BacktraceLock>::print::DisplayBacktrace as core[a373ad73a504971]::fmt::Display>::fmt
[INFO] [stdout]    1:     0x62b05b0bf7da - core[a373ad73a504971]::fmt::write
[INFO] [stdout]    2:     0x62b05b0acc1c - <alloc[2e1b2a31b91974c5]::vec::Vec<u8> as core[a373ad73a504971]::io::write::Write>::write_fmt
[INFO] [stdout]    3:     0x62b05b081fc6 - std[617be2ca0a6fd877]::panicking::default_hook::{closure#0}
[INFO] [stdout]    4:     0x62b05b09fca9 - std[617be2ca0a6fd877]::panicking::default_hook
[INFO] [stdout]    5:     0x62b05afbf7b0 - test[aada8e7e76ba119b]::test_main_inner::{closure#0}
[INFO] [stdout]    6:     0x62b05b09ffd2 - std[617be2ca0a6fd877]::panicking::panic_with_hook
[INFO] [stdout]    7:     0x62b05b082072 - std[617be2ca0a6fd877]::panicking::panic_handler::{closure#0}
[INFO] [stdout]    8:     0x62b05b07a8a9 - std[617be2ca0a6fd877]::sys::backtrace::__rust_end_short_backtrace::<std[617be2ca0a6fd877]::panicking::panic_handler::{closure#0}, !>
[INFO] [stdout]    9:     0x62b05b082d1d - __rustc[ea4f61d10b84890b]::rust_begin_unwind
[INFO] [stdout]   10:     0x62b05b0bffbc - core[a373ad73a504971]::panicking::panic_fmt
[INFO] [stdout]   11:     0x62b05af3ab94 - mod[29153a423dcf402d]::codegen::expand::{closure#0}
[INFO] [stdout]   12:     0x62b05af3ae88 - mod[29153a423dcf402d]::codegen::expand
[INFO] [stdout]   13:     0x62b05af3b2f8 - <mod[29153a423dcf402d]::codegen::visibility::{closure#0} as core[a373ad73a504971]::ops::function::FnOnce<()>>::call_once
[INFO] [stdout]   14:     0x62b05afb2bfb - test[aada8e7e76ba119b]::__rust_begin_short_backtrace::<core[a373ad73a504971]::result::Result<(), alloc[2e1b2a31b91974c5]::string::String>, fn() -> core[a373ad73a504971]::result::Result<(), alloc[2e1b2a31b91974c5]::string::String>>
[INFO] [stdout]   15:     0x62b05afbfdd5 - test[aada8e7e76ba119b]::run_test::{closure#0}
[INFO] [stdout]   16:     0x62b05afb96c4 - std[617be2ca0a6fd877]::sys::backtrace::__rust_begin_short_backtrace::<test[aada8e7e76ba119b]::run_test::{closure#1}, ()>
[INFO] [stdout]   17:     0x62b05afc2e62 - <std[617be2ca0a6fd877]::thread::lifecycle::spawn_unchecked<test[aada8e7e76ba119b]::run_test::{closure#1}, ()>::{closure#1} as core[a373ad73a504971]::ops::function::FnOnce<()>>::call_once::{shim:vtable#0}
[INFO] [stdout]   18:     0x62b05b0a75ff - <std[617be2ca0a6fd877]::sys::thread::unix::Thread>::new::thread_start
[INFO] [stdout]   19:     0x725168c29dfa - <unknown>
[INFO] [stdout]   20:     0x725168cbd3d4 - clone
[INFO] [stdout]   21:                0x0 - <unknown>
[INFO] [stdout] 
[INFO] [stdout] 
[INFO] [stdout] failures:
[INFO] [stdout]     codegen::array_field_in_enum
[INFO] [stdout]     codegen::array_field_in_struct
[INFO] [stdout]     codegen::cfg_attrs
[INFO] [stdout]     codegen::cfg_attrs_on_field
[INFO] [stdout]     codegen::derive_real_life_cub_config
[INFO] [stdout]     codegen::enum_doc_comment
[INFO] [stdout]     codegen::enum_generic
[INFO] [stdout]     codegen::enum_variants_with_comments
[INFO] [stdout]     codegen::enum_with_discriminants_binary
[INFO] [stdout]     codegen::enum_with_discriminants_decimal
[INFO] [stdout]     codegen::enum_with_discriminants_hexadecimal
[INFO] [stdout]     codegen::enum_with_discriminants_mixed_notations
[INFO] [stdout]     codegen::enum_with_facet_attributes
[INFO] [stdout]     codegen::enum_with_macro_discriminants
[INFO] [stdout]     codegen::enum_with_multiple_attributes_per_variant
[INFO] [stdout]     codegen::enum_with_nested_generic_in_variant_one_level
[INFO] [stdout]     codegen::enum_with_nested_generic_in_variant_two_levels
[INFO] [stdout]     codegen::enum_with_rename_all
[INFO] [stdout]     codegen::enum_with_renamed_variants_and_fields
[INFO] [stdout]     codegen::enum_with_variants
[INFO] [stdout]     codegen::generic_bounds_k_v
[INFO] [stdout]     codegen::generic_bounds_t
[INFO] [stdout]     codegen::generic_bounds_tuple_t
[INFO] [stdout]     codegen::macroed_type
[INFO] [stdout]     codegen::mixed_rename_and_sensitive_attributes
[INFO] [stdout]     codegen::opaque_arc
[INFO] [stdout]     codegen::pub_crate_enum
[INFO] [stdout]     codegen::record_struct_generic
[INFO] [stdout]     codegen::rename_all_camelcase
[INFO] [stdout]     codegen::rename_all_kebabcase
[INFO] [stdout]     codegen::rename_all_pascalcase
[INFO] [stdout]     codegen::rename_all_screaming_kebabcase
[INFO] [stdout]     codegen::rename_all_screaming_snake_case
[INFO] [stdout]     codegen::rename_all_screaming_snakecase
[INFO] [stdout]     codegen::rename_all_snake_case
[INFO] [stdout]     codegen::rename_all_snakecase
[INFO] [stdout]     codegen::repr_c_enum
[INFO] [stdout]     codegen::repr_c_enum_empty_struct_variant
[INFO] [stdout]     codegen::repr_c_enum_lifetime_field
[INFO] [stdout]     codegen::simple_struct
[INFO] [stdout]     codegen::struct_doc_comment
[INFO] [stdout]     codegen::struct_doc_comment_multi_line
[INFO] [stdout]     codegen::struct_doc_comment_quotes
[INFO] [stdout]     codegen::struct_doc_comment_unicode
[INFO] [stdout]     codegen::struct_facet_transparent
[INFO] [stdout]     codegen::struct_field_doc_comment
[INFO] [stdout]     codegen::struct_impls_drop
[INFO] [stdout]     codegen::struct_repr_c
[INFO] [stdout]     codegen::struct_with_equal_defaults
[INFO] [stdout]     codegen::struct_with_facet_attributes
[INFO] [stdout]     codegen::struct_with_field_default_facets
[INFO] [stdout]     codegen::struct_with_generics_simple
[INFO] [stdout]     codegen::struct_with_mixed_rename_attributes
[INFO] [stdout]     codegen::struct_with_option_cow_str
[INFO] [stdout]     codegen::struct_with_pub_field
[INFO] [stdout]     codegen::struct_with_rename_all
[INFO] [stdout]     codegen::struct_with_renamed_field
[INFO] [stdout]     codegen::struct_with_sensitive_field
[INFO] [stdout]     codegen::struct_with_std_string
[INFO] [stdout]     codegen::tuple_struct
[INFO] [stdout]     codegen::tuple_struct_doc_comment
[INFO] [stdout]     codegen::tuple_struct_field_doc_comment
[INFO] [stdout]     codegen::tuple_struct_field_doc_comment_repr_transparent
[INFO] [stdout]     codegen::tuple_struct_generic
[INFO] [stdout]     codegen::tuple_struct_repr_transparent
[INFO] [stdout]     codegen::tuple_struct_with_pub_fields
[INFO] [stdout]     codegen::tuple_struct_with_renamed_field
[INFO] [stdout]     codegen::unit_struct
[INFO] [stdout]     codegen::unit_struct_generic
[INFO] [stdout]     codegen::visibility
[INFO] [stdout] 
[INFO] [stdout] test result: FAILED. 0 passed; 70 failed; 0 ignored; 0 measured; 0 filtered out; finished in 4.68s
[INFO] [stdout] 
[INFO] running `Command { std: "docker" "inspect" "177ab2a77a2bfdc41e94032758032beaec073db6b85e49fe07ecb69ee04b34dc", kill_on_drop: false }`
[INFO] running `Command { std: "docker" "rm" "-f" "177ab2a77a2bfdc41e94032758032beaec073db6b85e49fe07ecb69ee04b34dc", kill_on_drop: false }`
[INFO] [stdout] 177ab2a77a2bfdc41e94032758032beaec073db6b85e49fe07ecb69ee04b34dc
