[INFO] fetching crate facebook-rs 0.1.0...
[INFO] testing facebook-rs-0.1.0 against 1.99.0-beta.8+cargoflags=--release for beta-release-1.100-2
[INFO] extracting crate facebook-rs 0.1.0 into /workspace/builds/worker-6-tc1/source
[INFO] removed /workspace/builds/worker-6-tc1/source/rust-toolchain
[INFO] started tweaking crates.io crate facebook-rs 0.1.0
[INFO] finished tweaking crates.io crate facebook-rs 0.1.0
[INFO] tweaked toml for crates.io crate facebook-rs 0.1.0 written to /workspace/builds/worker-6-tc1/source/Cargo.toml
[INFO] validating manifest of crates.io crate facebook-rs 0.1.0 on toolchain 1.99.0-beta.8
[INFO] running `Command { std: CARGO_HOME="/workspace/cargo-home" RUSTUP_HOME="/workspace/rustup-home" "/workspace/cargo-home/bin/cargo" "+1.99.0-beta.8" "metadata" "--manifest-path" "Cargo.toml" "--no-deps", kill_on_drop: false }`
[INFO] running `Command { std: CARGO_HOME="/workspace/cargo-home" RUSTUP_HOME="/workspace/rustup-home" "/workspace/cargo-home/bin/cargo" "+1.99.0-beta.8" "generate-lockfile" "--manifest-path" "Cargo.toml", kill_on_drop: false }`
[INFO] [stderr]     Updating crates.io index
[INFO] [stderr]      Locking 169 packages to highest compatible versions
[INFO] [stderr]       Adding env_logger v0.7.1 (available: v0.11.11)
[INFO] [stderr]       Adding reqwest v0.10.10 (available: v0.13.5)
[INFO] [stderr]       Adding strum v0.18.0 (available: v0.28.0)
[INFO] [stderr]       Adding strum_macros v0.18.0 (available: v0.28.0)
[INFO] [stderr]       Adding tokio v0.2.25 (available: v1.53.3)
[INFO] running `Command { std: CARGO_HOME="/workspace/cargo-home" RUSTUP_HOME="/workspace/rustup-home" "/workspace/cargo-home/bin/cargo" "+1.99.0-beta.8" "fetch" "--manifest-path" "Cargo.toml", kill_on_drop: false }`
[INFO] [stderr]  Downloading crates ...
[INFO] [stderr]   Downloaded pin-project-lite v0.1.12
[INFO] [stderr]   Downloaded mio-uds v0.6.8
[INFO] [stderr]   Downloaded mio-named-pipes v0.1.7
[INFO] [stderr]   Downloaded tokio-macros v0.2.6
[INFO] [stderr]   Downloaded bytes v0.5.6
[INFO] [stderr]   Downloaded hyper-tls v0.4.3
[INFO] [stderr]   Downloaded httpdate v0.3.2
[INFO] [stderr]   Downloaded http-body v0.3.1
[INFO] [stderr]   Downloaded tokio-tls v0.3.1
[INFO] [stderr]   Downloaded tokio-util v0.3.1
[INFO] [stderr]   Downloaded socket2 v0.3.19
[INFO] [stderr]   Downloaded reqwest v0.10.10
[INFO] [stderr]   Downloaded hyper v0.13.10
[INFO] [stderr]   Downloaded h2 v0.2.7
[INFO] [stderr]   Downloaded tokio v0.2.25
[INFO] running `Command { std: "docker" "create" "-v" "/var/lib/crater-agent-workspace/builds/worker-6-tc1/source:/opt/rustwide/workdir:ro,Z" "-v" "/var/lib/crater-agent-workspace/builds/worker-6-tc1/target:/opt/rustwide/target:rw,Z" "-v" "/var/lib/crater-agent-workspace/cargo-home:/opt/rustwide/cargo-home:ro,Z" "-v" "/var/lib/crater-agent-workspace/rustup-home:/opt/rustwide/rustup-home:ro,Z" "-m" "1610612736" "--network" "none" "ghcr.io/rust-lang/crates-build-env/linux@sha256:77db811e55d90add9212f6832c23229e3de5f1c1f9905e8cb07319ea15df73ac" "sleep" "infinity", kill_on_drop: false }`
[INFO] [stdout] 4ca99130fd81a8271959e04ff7ccbc217bcd02096310914f234e69f4d77fd5c3
[INFO] running `Command { std: "docker" "start" "4ca99130fd81a8271959e04ff7ccbc217bcd02096310914f234e69f4d77fd5c3", kill_on_drop: false }`
[INFO] running `Command { std: "docker" "inspect" "4ca99130fd81a8271959e04ff7ccbc217bcd02096310914f234e69f4d77fd5c3", kill_on_drop: false }`
[INFO] running `Command { std: "docker" "exec" "-e" "SOURCE_DIR=/opt/rustwide/workdir" "-e" "CARGO_HOME=/opt/rustwide/cargo-home" "-e" "RUSTUP_HOME=/opt/rustwide/rustup-home" "-e" "CARGO_TARGET_DIR=/opt/rustwide/target" "-w" "/opt/rustwide/workdir" "--user" "0:0" "4ca99130fd81a8271959e04ff7ccbc217bcd02096310914f234e69f4d77fd5c3" "/opt/rustwide/cargo-home/bin/cargo" "+1.99.0-beta.8" "metadata" "--no-deps" "--format-version=1", kill_on_drop: false }`
[INFO] running `Command { std: "docker" "inspect" "4ca99130fd81a8271959e04ff7ccbc217bcd02096310914f234e69f4d77fd5c3", kill_on_drop: false }`
[INFO] running `Command { std: "docker" "exec" "-e" "SOURCE_DIR=/opt/rustwide/workdir" "-e" "CARGO_HOME=/opt/rustwide/cargo-home" "-e" "RUSTUP_HOME=/opt/rustwide/rustup-home" "-e" "CARGO_TARGET_DIR=/opt/rustwide/target" "-e" "CARGO_INCREMENTAL=0" "-e" "RUST_BACKTRACE=full" "-e" "RUSTFLAGS=--cap-lints=warn" "-e" "RUSTDOCFLAGS=--cap-lints=warn" "-w" "/opt/rustwide/workdir" "--user" "0:0" "4ca99130fd81a8271959e04ff7ccbc217bcd02096310914f234e69f4d77fd5c3" "/opt/rustwide/cargo-home/bin/cargo" "+1.99.0-beta.8" "build" "--frozen" "--message-format=json" "--release", kill_on_drop: false }`
[INFO] [stderr]    Compiling syn v3.0.9
[INFO] [stderr]    Compiling libc v0.2.191
[INFO] [stderr]    Compiling syn v2.0.119
[INFO] [stderr]    Compiling slab v0.4.12
[INFO] [stderr]    Compiling futures-core v0.3.34
[INFO] [stderr]    Compiling bytes v0.5.6
[INFO] [stderr]    Compiling pin-project-lite v0.1.12
[INFO] [stderr]    Compiling openssl-sys v0.9.117
[INFO] [stderr]    Compiling openssl v0.10.81
[INFO] [stderr]    Compiling bytes v1.12.1
[INFO] [stderr]    Compiling tokio-macros v0.2.6
[INFO] [stderr]    Compiling foreign-types-shared v0.1.1
[INFO] [stderr]    Compiling indexmap v1.9.3
[INFO] [stderr]    Compiling tracing v0.1.44
[INFO] [stderr]    Compiling futures-sink v0.3.34
[INFO] [stderr]    Compiling bitflags v2.13.2
[INFO] [stderr]    Compiling hashbrown v0.12.3
[INFO] [stderr]    Compiling foreign-types v0.3.2
[INFO] [stderr]    Compiling native-tls v0.2.18
[INFO] [stderr]    Compiling openssl-probe v0.2.1
[INFO] [stderr]    Compiling futures-channel v0.3.34
[INFO] [stderr]    Compiling mime_guess v2.0.5
[INFO] [stderr]    Compiling want v0.3.2
[INFO] [stderr]    Compiling futures-util v0.3.34
[INFO] [stderr]    Compiling encoding_rs v0.8.42
[INFO] [stderr]    Compiling httpdate v0.3.2
[INFO] [stderr]    Compiling itoa v0.4.8
[INFO] [stderr]    Compiling simdutf8 v0.1.5
[INFO] [stderr]    Compiling multiversion_no_op v1.0.0
[INFO] [stderr]    Compiling unicase v2.10.0
[INFO] [stderr]    Compiling core_detect v1.0.0
[INFO] [stderr]    Compiling heck v0.3.3
[INFO] [stderr]    Compiling serde_json v1.0.154
[INFO] [stderr]    Compiling ipnet v2.12.2
[INFO] [stderr]    Compiling base64 v0.13.1
[INFO] [stderr]    Compiling strum v0.18.0
[INFO] [stderr]    Compiling strum_macros v0.18.0
[INFO] [stderr]    Compiling http v0.2.12
[INFO] [stderr]    Compiling net2 v0.2.39
[INFO] [stderr]    Compiling iovec v0.1.4
[INFO] [stderr]    Compiling errno v0.3.14
[INFO] [stderr]    Compiling num_cpus v1.17.0
[INFO] [stderr]    Compiling socket2 v0.3.19
[INFO] [stderr]    Compiling signal-hook-registry v1.4.8
[INFO] [stderr]    Compiling http-body v0.3.1
[INFO] [stderr]    Compiling mio v0.6.23
[INFO] [stderr]    Compiling mio-uds v0.6.8
[INFO] [stderr]    Compiling tokio v0.2.25
[INFO] [stderr]    Compiling pin-project-internal v1.1.13
[INFO] [stderr]    Compiling openssl-macros v0.1.1
[INFO] [stderr]    Compiling pin-project v1.1.13
[INFO] [stderr]    Compiling tracing-futures v0.2.5
[INFO] [stderr]    Compiling synstructure v0.14.0
[INFO] [stderr]    Compiling zerofrom-derive v0.1.8
[INFO] [stderr]    Compiling yoke-derive v0.8.4
[INFO] [stderr]    Compiling zerovec-derive v0.11.6
[INFO] [stderr]    Compiling displaydoc v0.2.7
[INFO] [stderr]    Compiling serde_derive v1.0.229
[INFO] [stderr]    Compiling zerofrom v0.1.8
[INFO] [stderr]    Compiling yoke v0.8.3
[INFO] [stderr]    Compiling zerovec v0.11.8
[INFO] [stderr]    Compiling zerotrie v0.2.5
[INFO] [stderr]    Compiling tinystr v0.8.4
[INFO] [stderr]    Compiling potential_utf v0.1.6
[INFO] [stderr]    Compiling icu_locale_core v2.3.0
[INFO] [stderr]    Compiling icu_collections v2.3.0
[INFO] [stderr]    Compiling tokio-util v0.3.1
[INFO] [stderr]    Compiling tokio-tls v0.3.1
[INFO] [stderr]    Compiling serde v1.0.229
[INFO] [stderr]    Compiling h2 v0.2.7
[INFO] [stderr]    Compiling serde_urlencoded v0.7.1
[INFO] [stderr]    Compiling icu_provider v2.3.1
[INFO] [stderr]    Compiling icu_normalizer v2.3.0
[INFO] [stderr]    Compiling icu_properties v2.3.0
[INFO] [stderr]    Compiling idna_adapter v1.2.2
[INFO] [stderr]    Compiling idna v1.1.0
[INFO] [stderr]    Compiling url v2.5.8
[INFO] [stderr]    Compiling hyper v0.13.10
[INFO] [stderr]    Compiling hyper-tls v0.4.3
[INFO] [stderr]    Compiling reqwest v0.10.10
[INFO] [stderr]    Compiling facebook-rs v0.1.0 (/opt/rustwide/workdir)
[INFO] [stderr]     Finished `release` profile [optimized] target(s) in 1m 11s
[INFO] running `Command { std: "docker" "inspect" "4ca99130fd81a8271959e04ff7ccbc217bcd02096310914f234e69f4d77fd5c3", kill_on_drop: false }`
[INFO] running `Command { std: "docker" "exec" "-e" "SOURCE_DIR=/opt/rustwide/workdir" "-e" "CARGO_HOME=/opt/rustwide/cargo-home" "-e" "RUSTUP_HOME=/opt/rustwide/rustup-home" "-e" "CARGO_TARGET_DIR=/opt/rustwide/target" "-e" "CARGO_INCREMENTAL=0" "-e" "RUST_BACKTRACE=full" "-e" "RUSTFLAGS=--cap-lints=warn" "-e" "RUSTDOCFLAGS=--cap-lints=warn" "-w" "/opt/rustwide/workdir" "--user" "0:0" "4ca99130fd81a8271959e04ff7ccbc217bcd02096310914f234e69f4d77fd5c3" "/opt/rustwide/cargo-home/bin/cargo" "+1.99.0-beta.8" "test" "--frozen" "--no-run" "--message-format=json" "--release", kill_on_drop: false }`
[INFO] [stderr]    Compiling regex-syntax v0.8.11
[INFO] [stderr]    Compiling atty v0.2.14
[INFO] [stderr]    Compiling humantime v1.3.0
[INFO] [stderr]    Compiling regex-automata v0.4.18
[INFO] [stderr]    Compiling regex v1.13.1
[INFO] [stderr]    Compiling env_logger v0.7.1
[INFO] [stderr]    Compiling facebook-rs v0.1.0 (/opt/rustwide/workdir)
[INFO] [stderr]     Finished `release` profile [optimized] target(s) in 17.10s
[INFO] running `Command { std: "docker" "inspect" "4ca99130fd81a8271959e04ff7ccbc217bcd02096310914f234e69f4d77fd5c3", kill_on_drop: false }`
[INFO] running `Command { std: "docker" "exec" "-e" "SOURCE_DIR=/opt/rustwide/workdir" "-e" "CARGO_HOME=/opt/rustwide/cargo-home" "-e" "RUSTUP_HOME=/opt/rustwide/rustup-home" "-e" "CARGO_TARGET_DIR=/opt/rustwide/target" "-e" "CARGO_INCREMENTAL=0" "-e" "RUST_BACKTRACE=full" "-e" "RUSTFLAGS=--cap-lints=warn" "-e" "RUSTDOCFLAGS=--cap-lints=warn" "-w" "/opt/rustwide/workdir" "--user" "0:0" "4ca99130fd81a8271959e04ff7ccbc217bcd02096310914f234e69f4d77fd5c3" "/opt/rustwide/cargo-home/bin/cargo" "+1.99.0-beta.8" "test" "--frozen" "--release", kill_on_drop: false }`
[INFO] [stderr]     Finished `release` profile [optimized] target(s) in 0.22s
[INFO] [stderr]      Running unittests src/lib.rs (/opt/rustwide/target/release/deps/facebook_rs-78c8168802ca2e3f)
[INFO] [stdout] 
[INFO] [stdout] running 4 tests
[INFO] [stdout] test models::tests::mode_from_str ... ok
[INFO] [stdout] test models::tests::scope_item_from_str ... ok
[INFO] [stdout] test tests::test_check_access_token_happy_path ... FAILED
[INFO] [stderr] error: test failed, to rerun pass `--lib`
[INFO] [stdout] test tests::test_get_user_data_happy_path ... FAILED
[INFO] [stdout] 
[INFO] [stdout] failures:
[INFO] [stdout] 
[INFO] [stdout] ---- tests::test_check_access_token_happy_path stdout ----
[INFO] [stdout] [2026-10-18T08:25:58Z DEBUG reqwest::connect] starting new connection: https://graph.facebook.com/
[INFO] [stdout] [2026-10-18T08:25:58Z DEBUG hyper::client::connect::dns] resolving host="graph.facebook.com"
[INFO] [stdout] [2026-10-18T08:25:58Z DEBUG facebook_rs::tests] Err(reqwest::Error { kind: Request, url: Url { scheme: "https", cannot_be_a_base: false, username: "", password: None, host: Some(Domain("graph.facebook.com")), port: None, path: "/debug_token", query: Some("input_token=temp&access_token=temp"), fragment: None }, source: hyper::Error(Connect, ConnectError("dns error", Custom { kind: Uncategorized, error: "failed to lookup address information: Temporary failure in name resolution" })) })
[INFO] [stdout] 
[INFO] [stdout] thread 'tests::test_check_access_token_happy_path' (1715) panicked at src/lib.rs:127:5:
[INFO] [stdout] assertion failed: result.is_ok()
[INFO] [stdout] stack backtrace:
[INFO] [stdout]    0:     0x58fa7fc234d1 - <<std[70759c8f55707aa4]::sys::backtrace::BacktraceLock>::print::DisplayBacktrace as core[df12db4294e9bfd3]::fmt::Display>::fmt
[INFO] [stdout]    1:     0x58fa7fc3a5ba - core[df12db4294e9bfd3]::fmt::write
[INFO] [stdout]    2:     0x58fa7fc2817c - <alloc[2182bb758b4b3781]::vec::Vec<u8> as core[df12db4294e9bfd3]::io::write::Write>::write_fmt
[INFO] [stdout]    3:     0x58fa7fbfe826 - std[70759c8f55707aa4]::panicking::default_hook::{closure#0}
[INFO] [stdout]    4:     0x58fa7fc1b3e9 - std[70759c8f55707aa4]::panicking::default_hook
[INFO] [stdout]    5:     0x58fa7fa74340 - test[9d35eded1c95d3be]::test_main_inner::<test[9d35eded1c95d3be]::test_main_static::{closure#0}>::{closure#0}
[INFO] [stdout]    6:     0x58fa7fc1b712 - std[70759c8f55707aa4]::panicking::panic_with_hook
[INFO] [stdout]    7:     0x58fa7fbfe904 - std[70759c8f55707aa4]::panicking::panic_handler::{closure#0}
[INFO] [stdout]    8:     0x58fa7fbf7339 - std[70759c8f55707aa4]::sys::backtrace::__rust_end_short_backtrace::<std[70759c8f55707aa4]::panicking::panic_handler::{closure#0}, !>
[INFO] [stdout]    9:     0x58fa7fbff75d - __rustc[8fa7c3cbc660c2b3]::rust_begin_unwind
[INFO] [stdout]   10:     0x58fa7fc3ad9c - core[df12db4294e9bfd3]::panicking::panic_fmt
[INFO] [stdout]   11:     0x58fa7fc3ad62 - core[df12db4294e9bfd3]::panicking::panic
[INFO] [stdout]   12:     0x58fa7f992ff9 - facebook_rs[10bacc91f9504674]::tests::test_check_access_token_happy_path::{closure#0}
[INFO] [stdout]   13:     0x58fa7f9965c2 - <tokio[81311c3fa206e992]::macros::scoped_tls::ScopedKey<tokio[81311c3fa206e992]::runtime::basic_scheduler::Context>>::set::<tokio[81311c3fa206e992]::runtime::basic_scheduler::enter<<tokio[81311c3fa206e992]::runtime::basic_scheduler::BasicScheduler<tokio[81311c3fa206e992]::park::either::Either<tokio[81311c3fa206e992]::time::driver::Driver<tokio[81311c3fa206e992]::park::either::Either<tokio[81311c3fa206e992]::io::driver::Driver, tokio[81311c3fa206e992]::park::thread::ParkThread>>, tokio[81311c3fa206e992]::park::either::Either<tokio[81311c3fa206e992]::io::driver::Driver, tokio[81311c3fa206e992]::park::thread::ParkThread>>>>::block_on<facebook_rs[10bacc91f9504674]::tests::test_check_access_token_happy_path::{closure#0}>::{closure#0}, (), tokio[81311c3fa206e992]::park::either::Either<tokio[81311c3fa206e992]::time::driver::Driver<tokio[81311c3fa206e992]::park::either::Either<tokio[81311c3fa206e992]::io::driver::Driver, tokio[81311c3fa206e992]::park::thread::ParkThread>>, tokio[81311c3fa206e992]::park::either::Either<tokio[81311c3fa206e992]::io::driver::Driver, tokio[81311c3fa206e992]::park::thread::ParkThread>>>::{closure#0}, ()>
[INFO] [stdout]   14:     0x58fa7f994b88 - tokio[81311c3fa206e992]::runtime::context::enter::<<tokio[81311c3fa206e992]::runtime::Runtime>::block_on<facebook_rs[10bacc91f9504674]::tests::test_check_access_token_happy_path::{closure#0}>::{closure#0}, ()>
[INFO] [stdout]   15:     0x58fa7f98f3cf - facebook_rs[10bacc91f9504674]::tests::test_check_access_token_happy_path
[INFO] [stdout]   16:     0x58fa7f998ec9 - <facebook_rs[10bacc91f9504674]::tests::test_check_access_token_happy_path::{closure#0} as core[df12db4294e9bfd3]::ops::function::FnOnce<()>>::call_once
[INFO] [stdout]   17:     0x58fa7fa6762b - test[9d35eded1c95d3be]::__rust_begin_short_backtrace::<core[df12db4294e9bfd3]::result::Result<(), alloc[2182bb758b4b3781]::string::String>, fn() -> core[df12db4294e9bfd3]::result::Result<(), alloc[2182bb758b4b3781]::string::String>>
[INFO] [stdout]   18:     0x58fa7fa74c95 - test[9d35eded1c95d3be]::run_test::{closure#0}
[INFO] [stdout]   19:     0x58fa7fa6e554 - std[70759c8f55707aa4]::sys::backtrace::__rust_begin_short_backtrace::<test[9d35eded1c95d3be]::run_test::{closure#1}, ()>
[INFO] [stdout]   20:     0x58fa7fa77df2 - <std[70759c8f55707aa4]::thread::lifecycle::spawn_unchecked<test[9d35eded1c95d3be]::run_test::{closure#1}, ()>::{closure#1} as core[df12db4294e9bfd3]::ops::function::FnOnce<()>>::call_once::{shim:vtable#0}
[INFO] [stdout]   21:     0x58fa7fc229f9 - <std[70759c8f55707aa4]::sys::thread::unix::Thread>::new::thread_start
[INFO] [stdout]   22:     0x7a384dd6ddfa - <unknown>
[INFO] [stdout]   23:     0x7a384de013d4 - clone
[INFO] [stdout]   24:                0x0 - <unknown>
[INFO] [stdout] 
[INFO] [stdout] ---- tests::test_get_user_data_happy_path stdout ----
[INFO] [stdout] [2026-10-18T08:25:58Z DEBUG reqwest::connect] starting new connection: https://graph.facebook.com/
[INFO] [stdout] [2026-10-18T08:25:58Z DEBUG hyper::client::connect::dns] resolving host="graph.facebook.com"
[INFO] [stdout] [2026-10-18T08:25:58Z DEBUG facebook_rs::tests] Err(reqwest::Error { kind: Request, url: Url { scheme: "https", cannot_be_a_base: false, username: "", password: None, host: Some(Domain("graph.facebook.com")), port: None, path: "/v8.0/me", query: Some("fields=id%2Cname%2Cemail&access_token=temp"), fragment: None }, source: hyper::Error(Connect, ConnectError("dns error", Custom { kind: Uncategorized, error: "failed to lookup address information: Temporary failure in name resolution" })) })
[INFO] [stdout] 
[INFO] [stdout] thread 'tests::test_get_user_data_happy_path' (1716) panicked at src/lib.rs:139:5:
[INFO] [stdout] assertion failed: result.is_ok()
[INFO] [stdout] stack backtrace:
[INFO] [stdout]    0:     0x58fa7fc234d1 - <<std[70759c8f55707aa4]::sys::backtrace::BacktraceLock>::print::DisplayBacktrace as core[df12db4294e9bfd3]::fmt::Display>::fmt
[INFO] [stdout]    1:     0x58fa7fc3a5ba - core[df12db4294e9bfd3]::fmt::write
[INFO] [stdout]    2:     0x58fa7fc2817c - <alloc[2182bb758b4b3781]::vec::Vec<u8> as core[df12db4294e9bfd3]::io::write::Write>::write_fmt
[INFO] [stdout]    3:     0x58fa7fbfe826 - std[70759c8f55707aa4]::panicking::default_hook::{closure#0}
[INFO] [stdout]    4:     0x58fa7fc1b3e9 - std[70759c8f55707aa4]::panicking::default_hook
[INFO] [stdout]    5:     0x58fa7fa74340 - test[9d35eded1c95d3be]::test_main_inner::<test[9d35eded1c95d3be]::test_main_static::{closure#0}>::{closure#0}
[INFO] [stdout]    6:     0x58fa7fc1b712 - std[70759c8f55707aa4]::panicking::panic_with_hook
[INFO] [stdout]    7:     0x58fa7fbfe904 - std[70759c8f55707aa4]::panicking::panic_handler::{closure#0}
[INFO] [stdout]    8:     0x58fa7fbf7339 - std[70759c8f55707aa4]::sys::backtrace::__rust_end_short_backtrace::<std[70759c8f55707aa4]::panicking::panic_handler::{closure#0}, !>
[INFO] [stdout]    9:     0x58fa7fbff75d - __rustc[8fa7c3cbc660c2b3]::rust_begin_unwind
[INFO] [stdout]   10:     0x58fa7fc3ad9c - core[df12db4294e9bfd3]::panicking::panic_fmt
[INFO] [stdout]   11:     0x58fa7fc3ad62 - core[df12db4294e9bfd3]::panicking::panic
[INFO] [stdout]   12:     0x58fa7f99250b - facebook_rs[10bacc91f9504674]::tests::test_get_user_data_happy_path::{closure#0}
[INFO] [stdout]   13:     0x58fa7f9960b2 - <tokio[81311c3fa206e992]::macros::scoped_tls::ScopedKey<tokio[81311c3fa206e992]::runtime::basic_scheduler::Context>>::set::<tokio[81311c3fa206e992]::runtime::basic_scheduler::enter<<tokio[81311c3fa206e992]::runtime::basic_scheduler::BasicScheduler<tokio[81311c3fa206e992]::park::either::Either<tokio[81311c3fa206e992]::time::driver::Driver<tokio[81311c3fa206e992]::park::either::Either<tokio[81311c3fa206e992]::io::driver::Driver, tokio[81311c3fa206e992]::park::thread::ParkThread>>, tokio[81311c3fa206e992]::park::either::Either<tokio[81311c3fa206e992]::io::driver::Driver, tokio[81311c3fa206e992]::park::thread::ParkThread>>>>::block_on<facebook_rs[10bacc91f9504674]::tests::test_get_user_data_happy_path::{closure#0}>::{closure#0}, (), tokio[81311c3fa206e992]::park::either::Either<tokio[81311c3fa206e992]::time::driver::Driver<tokio[81311c3fa206e992]::park::either::Either<tokio[81311c3fa206e992]::io::driver::Driver, tokio[81311c3fa206e992]::park::thread::ParkThread>>, tokio[81311c3fa206e992]::park::either::Either<tokio[81311c3fa206e992]::io::driver::Driver, tokio[81311c3fa206e992]::park::thread::ParkThread>>>::{closure#0}, ()>
[INFO] [stdout]   14:     0x58fa7f994938 - tokio[81311c3fa206e992]::runtime::context::enter::<<tokio[81311c3fa206e992]::runtime::Runtime>::block_on<facebook_rs[10bacc91f9504674]::tests::test_get_user_data_happy_path::{closure#0}>::{closure#0}, ()>
[INFO] [stdout]   15:     0x58fa7f98f1ff - facebook_rs[10bacc91f9504674]::tests::test_get_user_data_happy_path
[INFO] [stdout]   16:     0x58fa7f998ea9 - <facebook_rs[10bacc91f9504674]::tests::test_get_user_data_happy_path::{closure#0} as core[df12db4294e9bfd3]::ops::function::FnOnce<()>>::call_once
[INFO] [stdout]   17:     0x58fa7fa6762b - test[9d35eded1c95d3be]::__rust_begin_short_backtrace::<core[df12db4294e9bfd3]::result::Result<(), alloc[2182bb758b4b3781]::string::String>, fn() -> core[df12db4294e9bfd3]::result::Result<(), alloc[2182bb758b4b3781]::string::String>>
[INFO] [stdout]   18:     0x58fa7fa74c95 - test[9d35eded1c95d3be]::run_test::{closure#0}
[INFO] [stdout]   19:     0x58fa7fa6e554 - std[70759c8f55707aa4]::sys::backtrace::__rust_begin_short_backtrace::<test[9d35eded1c95d3be]::run_test::{closure#1}, ()>
[INFO] [stdout]   20:     0x58fa7fa77df2 - <std[70759c8f55707aa4]::thread::lifecycle::spawn_unchecked<test[9d35eded1c95d3be]::run_test::{closure#1}, ()>::{closure#1} as core[df12db4294e9bfd3]::ops::function::FnOnce<()>>::call_once::{shim:vtable#0}
[INFO] [stdout]   21:     0x58fa7fc229f9 - <std[70759c8f55707aa4]::sys::thread::unix::Thread>::new::thread_start
[INFO] [stdout]   22:     0x7a384dd6ddfa - <unknown>
[INFO] [stdout]   23:     0x7a384de013d4 - clone
[INFO] [stdout]   24:                0x0 - <unknown>
[INFO] [stdout] 
[INFO] [stdout] 
[INFO] [stdout] failures:
[INFO] [stdout]     tests::test_check_access_token_happy_path
[INFO] [stdout]     tests::test_get_user_data_happy_path
[INFO] [stdout] 
[INFO] [stdout] test result: FAILED. 2 passed; 2 failed; 0 ignored; 0 measured; 0 filtered out; finished in 0.15s
[INFO] [stdout] 
[INFO] running `Command { std: "docker" "inspect" "4ca99130fd81a8271959e04ff7ccbc217bcd02096310914f234e69f4d77fd5c3", kill_on_drop: false }`
[INFO] running `Command { std: "docker" "rm" "-f" "4ca99130fd81a8271959e04ff7ccbc217bcd02096310914f234e69f4d77fd5c3", kill_on_drop: false }`
[INFO] [stdout] 4ca99130fd81a8271959e04ff7ccbc217bcd02096310914f234e69f4d77fd5c3
