[INFO] fetching crate f1_data 0.0.2...
[INFO] testing f1_data-0.0.2 against 1.100.0-beta.1+cargoflags=--release for beta-release-1.100-2
[INFO] extracting crate f1_data 0.0.2 into /workspace/builds/worker-1-tc2/source
[INFO] started tweaking crates.io crate f1_data 0.0.2
[INFO] removed 0 missing examples
[INFO] finished tweaking crates.io crate f1_data 0.0.2
[INFO] tweaked toml for crates.io crate f1_data 0.0.2 written to /workspace/builds/worker-1-tc2/source/Cargo.toml
[INFO] validating manifest of crates.io crate f1_data 0.0.2 on toolchain 1.100.0-beta.1
[INFO] running `Command { std: CARGO_HOME="/workspace/cargo-home" RUSTUP_HOME="/workspace/rustup-home" "/workspace/cargo-home/bin/cargo" "+1.100.0-beta.1" "metadata" "--manifest-path" "Cargo.toml" "--no-deps", kill_on_drop: false }`
[INFO] crate crates.io crate f1_data 0.0.2 already has a lockfile, it will not be regenerated
[INFO] running `Command { std: CARGO_HOME="/workspace/cargo-home" RUSTUP_HOME="/workspace/rustup-home" "/workspace/cargo-home/bin/cargo" "+1.100.0-beta.1" "fetch" "--manifest-path" "Cargo.toml", kill_on_drop: false }`
[INFO] [stderr] warning: `package.homepage` is redundant with `package.repository`
[INFO] [stderr]    --> Cargo.toml:113:12
[INFO] [stderr]     |
[INFO] [stderr] 113 | homepage = "https://github.com/ramonrsv/f1_data"
[INFO] [stderr]     |            ^^^^^^^^^^^^^^^^^^^^^^^^^^^^^^^^^^^^^
[INFO] [stderr] ...
[INFO] [stderr] 118 | repository = "https://github.com/ramonrsv/f1_data"
[INFO] [stderr]     |              -------------------------------------
[INFO] [stderr]     |
[INFO] [stderr]     = note: `cargo::redundant_homepage` is set to `warn` by default
[INFO] [stderr] help: consider removing `package.homepage`
[INFO] [stderr] warning: `f1_data` (manifest) generated 1 warning
[INFO] running `Command { std: "docker" "create" "-v" "/var/lib/crater-agent-workspace/builds/worker-1-tc2/source:/opt/rustwide/workdir:ro,Z" "-v" "/var/lib/crater-agent-workspace/builds/worker-1-tc2/target:/opt/rustwide/target:rw,Z" "-v" "/var/lib/crater-agent-workspace/cargo-home:/opt/rustwide/cargo-home:ro,Z" "-v" "/var/lib/crater-agent-workspace/rustup-home:/opt/rustwide/rustup-home:ro,Z" "-m" "1610612736" "--network" "none" "ghcr.io/rust-lang/crates-build-env/linux@sha256:77db811e55d90add9212f6832c23229e3de5f1c1f9905e8cb07319ea15df73ac" "sleep" "infinity", kill_on_drop: false }`
[INFO] [stdout] 65213ffa1ab0ba25766c2f73f9f2348c506b52cc7f38372e693aaf25a4c6ee01
[INFO] running `Command { std: "docker" "start" "65213ffa1ab0ba25766c2f73f9f2348c506b52cc7f38372e693aaf25a4c6ee01", kill_on_drop: false }`
[INFO] running `Command { std: "docker" "inspect" "65213ffa1ab0ba25766c2f73f9f2348c506b52cc7f38372e693aaf25a4c6ee01", kill_on_drop: false }`
[INFO] running `Command { std: "docker" "exec" "-e" "SOURCE_DIR=/opt/rustwide/workdir" "-e" "CARGO_HOME=/opt/rustwide/cargo-home" "-e" "RUSTUP_HOME=/opt/rustwide/rustup-home" "-e" "CARGO_TARGET_DIR=/opt/rustwide/target" "-w" "/opt/rustwide/workdir" "--user" "0:0" "65213ffa1ab0ba25766c2f73f9f2348c506b52cc7f38372e693aaf25a4c6ee01" "/opt/rustwide/cargo-home/bin/cargo" "+1.100.0-beta.1" "metadata" "--no-deps" "--format-version=1", kill_on_drop: false }`
[INFO] running `Command { std: "docker" "inspect" "65213ffa1ab0ba25766c2f73f9f2348c506b52cc7f38372e693aaf25a4c6ee01", kill_on_drop: false }`
[INFO] running `Command { std: "docker" "exec" "-e" "SOURCE_DIR=/opt/rustwide/workdir" "-e" "CARGO_HOME=/opt/rustwide/cargo-home" "-e" "RUSTUP_HOME=/opt/rustwide/rustup-home" "-e" "CARGO_TARGET_DIR=/opt/rustwide/target" "-e" "CARGO_INCREMENTAL=0" "-e" "RUST_BACKTRACE=full" "-e" "RUSTFLAGS=--cap-lints=warn" "-e" "RUSTDOCFLAGS=--cap-lints=warn" "-w" "/opt/rustwide/workdir" "--user" "0:0" "65213ffa1ab0ba25766c2f73f9f2348c506b52cc7f38372e693aaf25a4c6ee01" "/opt/rustwide/cargo-home/bin/cargo" "+1.100.0-beta.1" "build" "--frozen" "--message-format=json" "--release", kill_on_drop: false }`
[INFO] [stderr] warning: `package.homepage` is redundant with `package.repository`
[INFO] [stderr]    --> Cargo.toml:113:12
[INFO] [stderr]     |
[INFO] [stderr] 113 | homepage = "https://github.com/ramonrsv/f1_data"
[INFO] [stderr]     |            ^^^^^^^^^^^^^^^^^^^^^^^^^^^^^^^^^^^^^
[INFO] [stderr] ...
[INFO] [stderr] 118 | repository = "https://github.com/ramonrsv/f1_data"
[INFO] [stderr]     |              -------------------------------------
[INFO] [stderr]     |
[INFO] [stderr]     = note: `cargo::redundant_homepage` is set to `warn` by default
[INFO] [stderr] help: consider removing `package.homepage`
[INFO] [stderr] warning: `f1_data` (manifest) generated 1 warning
[INFO] [stderr]    Compiling proc-macro2 v1.0.103
[INFO] [stderr]    Compiling quote v1.0.41
[INFO] [stderr]    Compiling libc v0.2.177
[INFO] [stderr]    Compiling serde_core v1.0.228
[INFO] [stderr]    Compiling smallvec v1.15.1
[INFO] [stderr]    Compiling find-msvc-tools v0.1.4
[INFO] [stderr]    Compiling icu_properties_data v2.1.1
[INFO] [stderr]    Compiling zerocopy v0.8.27
[INFO] [stderr]    Compiling getrandom v0.3.4
[INFO] [stderr]    Compiling rustls-pki-types v1.13.0
[INFO] [stderr]    Compiling strsim v0.11.1
[INFO] [stderr]    Compiling serde v1.0.228
[INFO] [stderr]    Compiling httparse v1.10.1
[INFO] [stderr]    Compiling num-traits v0.2.19
[INFO] [stderr]    Compiling bitflags v2.10.0
[INFO] [stderr]    Compiling rustls v0.23.34
[INFO] [stderr]    Compiling log v0.4.28
[INFO] [stderr]    Compiling cc v1.2.43
[INFO] [stderr]    Compiling portable-atomic v1.11.1
[INFO] [stderr]    Compiling http v1.3.1
[INFO] [stderr]    Compiling raw-cpuid v11.6.0
[INFO] [stderr]    Compiling hashbrown v0.14.5
[INFO] [stderr]    Compiling time-core v0.1.6
[INFO] [stderr]    Compiling num-conv v0.1.0
[INFO] [stderr]    Compiling hashbrown v0.15.5
[INFO] [stderr]    Compiling futures-util v0.3.31
[INFO] [stderr]    Compiling time-macros v0.2.24
[INFO] [stderr]    Compiling rustls-pemfile v2.2.0
[INFO] [stderr]    Compiling webpki-roots v1.0.3
[INFO] [stderr]    Compiling flate2 v1.1.5
[INFO] [stderr]    Compiling spinning_top v0.3.0
[INFO] [stderr]    Compiling syn v2.0.108
[INFO] [stderr]    Compiling web-time v1.1.0
[INFO] [stderr]    Compiling nonzero_ext v0.3.0
[INFO] [stderr]    Compiling futures-timer v3.0.3
[INFO] [stderr]    Compiling indexmap v2.12.0
[INFO] [stderr]    Compiling ureq-proto v0.5.2
[INFO] [stderr]    Compiling ring v0.17.14
[INFO] [stderr]    Compiling ordered-float v5.1.0
[INFO] [stderr]    Compiling getrandom v0.2.16
[INFO] [stderr]    Compiling rand_core v0.9.3
[INFO] [stderr]    Compiling parking_lot_core v0.9.12
[INFO] [stderr]    Compiling dashmap v6.1.0
[INFO] [stderr]    Compiling parking_lot v0.12.5
[INFO] [stderr]    Compiling quanta v0.12.6
[INFO] [stderr]    Compiling ppv-lite86 v0.2.21
[INFO] [stderr]    Compiling rand_chacha v0.9.0
[INFO] [stderr]    Compiling deranged v0.5.5
[INFO] [stderr]    Compiling serde_json v1.0.145
[INFO] [stderr]    Compiling rand v0.9.2
[INFO] [stderr]    Compiling governor v0.10.1
[INFO] [stderr]    Compiling synstructure v0.13.2
[INFO] [stderr]    Compiling darling_core v0.21.3
[INFO] [stderr]    Compiling zerovec-derive v0.11.2
[INFO] [stderr]    Compiling displaydoc v0.2.5
[INFO] [stderr]    Compiling serde_derive v1.0.228
[INFO] [stderr]    Compiling enum-as-inner v0.6.1
[INFO] [stderr]    Compiling zerofrom-derive v0.1.6
[INFO] [stderr]    Compiling yoke-derive v0.8.1
[INFO] [stderr]    Compiling zerofrom v0.1.6
[INFO] [stderr]    Compiling yoke v0.8.1
[INFO] [stderr]    Compiling zerovec v0.11.5
[INFO] [stderr]    Compiling zerotrie v0.2.3
[INFO] [stderr]    Compiling tinystr v0.8.2
[INFO] [stderr]    Compiling potential_utf v0.1.4
[INFO] [stderr]    Compiling icu_collections v2.1.1
[INFO] [stderr]    Compiling icu_locale_core v2.1.1
[INFO] [stderr]    Compiling darling_macro v0.21.3
[INFO] [stderr]    Compiling darling v0.21.3
[INFO] [stderr]    Compiling serde_with_macros v3.15.1
[INFO] [stderr]    Compiling serde_with v3.15.1
[INFO] [stderr]    Compiling icu_provider v2.1.1
[INFO] [stderr]    Compiling time v0.3.44
[INFO] [stderr]    Compiling icu_properties v2.1.1
[INFO] [stderr]    Compiling icu_normalizer v2.1.1
[INFO] [stderr]    Compiling idna_adapter v1.2.1
[INFO] [stderr]    Compiling idna v1.1.0
[INFO] [stderr]    Compiling rustls-webpki v0.103.8
[INFO] [stderr]    Compiling url v2.5.7
[INFO] [stderr]    Compiling ureq v3.1.2
[INFO] [stderr]    Compiling f1_data v0.0.2 (/opt/rustwide/workdir)
[INFO] [stderr]     Finished `release` profile [optimized] target(s) in 1m 09s
[INFO] running `Command { std: "docker" "inspect" "65213ffa1ab0ba25766c2f73f9f2348c506b52cc7f38372e693aaf25a4c6ee01", kill_on_drop: false }`
[INFO] running `Command { std: "docker" "exec" "-e" "SOURCE_DIR=/opt/rustwide/workdir" "-e" "CARGO_HOME=/opt/rustwide/cargo-home" "-e" "RUSTUP_HOME=/opt/rustwide/rustup-home" "-e" "CARGO_TARGET_DIR=/opt/rustwide/target" "-e" "CARGO_INCREMENTAL=0" "-e" "RUST_BACKTRACE=full" "-e" "RUSTFLAGS=--cap-lints=warn" "-e" "RUSTDOCFLAGS=--cap-lints=warn" "-w" "/opt/rustwide/workdir" "--user" "0:0" "65213ffa1ab0ba25766c2f73f9f2348c506b52cc7f38372e693aaf25a4c6ee01" "/opt/rustwide/cargo-home/bin/cargo" "+1.100.0-beta.1" "test" "--frozen" "--no-run" "--message-format=json" "--release", kill_on_drop: false }`
[INFO] [stderr] warning: `package.homepage` is redundant with `package.repository`
[INFO] [stderr]    --> Cargo.toml:113:12
[INFO] [stderr]     |
[INFO] [stderr] 113 | homepage = "https://github.com/ramonrsv/f1_data"
[INFO] [stderr]     |            ^^^^^^^^^^^^^^^^^^^^^^^^^^^^^^^^^^^^^
[INFO] [stderr] ...
[INFO] [stderr] 118 | repository = "https://github.com/ramonrsv/f1_data"
[INFO] [stderr]     |              -------------------------------------
[INFO] [stderr]     |
[INFO] [stderr]     = note: `cargo::redundant_homepage` is set to `warn` by default
[INFO] [stderr] help: consider removing `package.homepage`
[INFO] [stderr] warning: `f1_data` (manifest) generated 1 warning
[INFO] [stderr]    Compiling zerocopy v0.8.27
[INFO] [stderr]    Compiling num-traits v0.2.19
[INFO] [stderr]    Compiling zerocopy-derive v0.8.27
[INFO] [stderr]    Compiling plotters-backend v0.3.7
[INFO] [stderr]    Compiling clap_lex v0.7.6
[INFO] [stderr]    Compiling ciborium-io v0.2.2
[INFO] [stderr]    Compiling ureq-proto v0.5.2
[INFO] [stderr]    Compiling rustls v0.23.34
[INFO] [stderr]    Compiling itertools v0.13.0
[INFO] [stderr]    Compiling anyhow v1.0.100
[INFO] [stderr]    Compiling cast v0.3.0
[INFO] [stderr]    Compiling anstream v0.6.21
[INFO] [stderr]    Compiling const_format_proc_macros v0.2.34
[INFO] [stderr]    Compiling tinytemplate v1.2.1
[INFO] [stderr]    Compiling env_filter v0.1.4
[INFO] [stderr]    Compiling diff v0.1.13
[INFO] [stderr]    Compiling jiff v0.2.15
[INFO] [stderr]    Compiling plotters-svg v0.3.7
[INFO] [stderr]    Compiling clap_builder v4.5.51
[INFO] [stderr]    Compiling yansi v1.0.1
[INFO] [stderr]    Compiling anes v0.1.6
[INFO] [stderr]    Compiling oorandom v11.1.5
[INFO] [stderr]    Compiling pretty_assertions v1.4.1
[INFO] [stderr]    Compiling colored v3.0.0
[INFO] [stderr]    Compiling more-asserts v0.3.1
[INFO] [stderr]    Compiling all_asserts v2.3.3
[INFO] [stderr]    Compiling plotters v0.3.7
[INFO] [stderr]    Compiling ordered-float v5.1.0
[INFO] [stderr]    Compiling const_format v0.2.35
[INFO] [stderr]    Compiling criterion-plot v0.6.0
[INFO] [stderr]    Compiling clap v4.5.51
[INFO] [stderr]    Compiling ppv-lite86 v0.2.21
[INFO] [stderr]    Compiling half v2.7.1
[INFO] [stderr]    Compiling rand_chacha v0.9.0
[INFO] [stderr]    Compiling ciborium-ll v0.2.2
[INFO] [stderr]    Compiling ciborium v0.2.2
[INFO] [stderr]    Compiling rand v0.9.2
[INFO] [stderr]    Compiling governor v0.10.1
[INFO] [stderr]    Compiling criterion v0.7.0
[INFO] [stderr]    Compiling env_logger v0.11.8
[INFO] [stderr]    Compiling ureq v3.1.2
[INFO] [stderr]    Compiling f1_data v0.0.2 (/opt/rustwide/workdir)
[INFO] [stderr]     Finished `release` profile [optimized] target(s) in 1m 13s
[INFO] running `Command { std: "docker" "inspect" "65213ffa1ab0ba25766c2f73f9f2348c506b52cc7f38372e693aaf25a4c6ee01", kill_on_drop: false }`
[INFO] running `Command { std: "docker" "exec" "-e" "SOURCE_DIR=/opt/rustwide/workdir" "-e" "CARGO_HOME=/opt/rustwide/cargo-home" "-e" "RUSTUP_HOME=/opt/rustwide/rustup-home" "-e" "CARGO_TARGET_DIR=/opt/rustwide/target" "-e" "CARGO_INCREMENTAL=0" "-e" "RUST_BACKTRACE=full" "-e" "RUSTFLAGS=--cap-lints=warn" "-e" "RUSTDOCFLAGS=--cap-lints=warn" "-w" "/opt/rustwide/workdir" "--user" "0:0" "65213ffa1ab0ba25766c2f73f9f2348c506b52cc7f38372e693aaf25a4c6ee01" "/opt/rustwide/cargo-home/bin/cargo" "+1.100.0-beta.1" "test" "--frozen" "--release", kill_on_drop: false }`
[INFO] [stderr] warning: `package.homepage` is redundant with `package.repository`
[INFO] [stderr]    --> Cargo.toml:113:12
[INFO] [stderr]     |
[INFO] [stderr] 113 | homepage = "https://github.com/ramonrsv/f1_data"
[INFO] [stderr]     |            ^^^^^^^^^^^^^^^^^^^^^^^^^^^^^^^^^^^^^
[INFO] [stderr] ...
[INFO] [stderr] 118 | repository = "https://github.com/ramonrsv/f1_data"
[INFO] [stderr]     |              -------------------------------------
[INFO] [stderr]     |
[INFO] [stderr]     = note: `cargo::redundant_homepage` is set to `warn` by default
[INFO] [stderr] help: consider removing `package.homepage`
[INFO] [stderr] warning: `f1_data` (manifest) generated 1 warning
[INFO] [stderr]     Finished `release` profile [optimized] target(s) in 0.25s
[INFO] [stderr]      Running unittests src/lib.rs (/opt/rustwide/target/release/build/f1_data/8a4a6b337c67a652/out/f1_data-8a4a6b337c67a652)
[INFO] [stdout] 
[INFO] [stdout] running 231 tests
[INFO] [stdout] test jolpica::agent::tests::get_circuit ... ignored
[INFO] [stdout] test jolpica::agent::tests::get_circuit_error_not_found ... ignored
[INFO] [stdout] test jolpica::agent::tests::get_circuits_empty ... ignored
[INFO] [stdout] test jolpica::agent::tests::get_circuits_single_page ... ignored
[INFO] [stdout] test jolpica::agent::tests::get_constructor ... ignored
[INFO] [stdout] test jolpica::agent::tests::get_constructor_error_not_found ... ignored
[INFO] [stdout] test jolpica::agent::tests::get_constructors_empty ... ignored
[INFO] [stdout] test jolpica::agent::tests::get_constructors_multi_page ... ignored
[INFO] [stdout] test jolpica::agent::tests::get_constructors_single_page ... ignored
[INFO] [stdout] test jolpica::agent::tests::get_constructors_single_page_error_multi_page ... ignored
[INFO] [stdout] test jolpica::agent::tests::get_driver ... ignored
[INFO] [stdout] test jolpica::agent::tests::get_driver_error_not_found ... ignored
[INFO] [stdout] test jolpica::agent::tests::get_driver_laps ... ignored
[INFO] [stdout] test jolpica::agent::tests::get_driver_laps_error_not_found ... ignored
[INFO] [stdout] test jolpica::agent::tests::get_drivers_empty ... ignored
[INFO] [stdout] test id::tests::race_id_from_season_and_round ... ok
[INFO] [stdout] test jolpica::agent::tests::get_drivers_multi_page ... ignored
[INFO] [stdout] test jolpica::agent::tests::get_drivers_single_page ... ignored
[INFO] [stdout] test jolpica::agent::tests::get_drivers_single_page_error_multi_page ... ignored
[INFO] [stdout] test jolpica::agent::tests::get_lap_timings ... ignored
[INFO] [stdout] test id::tests::race_id_deserialize ... ok
[INFO] [stdout] test jolpica::agent::tests::get_lap_timings_error_not_found ... ignored
[INFO] [stdout] test jolpica::agent::tests::get_pit_stops ... ignored
[INFO] [stdout] test jolpica::agent::tests::get_pit_stops_error_not_found ... ignored
[INFO] [stdout] test jolpica::agent::tests::get_qualifying_result ... ignored
[INFO] [stdout] test jolpica::agent::tests::get_qualifying_result_error_not_found ... ignored
[INFO] [stdout] test jolpica::agent::tests::get_qualifying_result_error_too_many ... ignored
[INFO] [stdout] test jolpica::agent::tests::get_qualifying_result_for_events ... ignored
[INFO] [stdout] test jolpica::agent::tests::get_qualifying_result_for_events_empty ... ignored
[INFO] [stdout] test jolpica::agent::tests::get_qualifying_result_for_events_error_too_many ... ignored
[INFO] [stdout] test jolpica::agent::tests::get_qualifying_result_for_events_single_page_error_multi_page ... ignored
[INFO] [stdout] test jolpica::agent::tests::get_qualifying_results_empty ... ignored
[INFO] [stdout] test jolpica::agent::tests::get_qualifying_results_for_event ... ignored
[INFO] [stdout] test jolpica::agent::tests::get_qualifying_results_for_event_error_not_found ... ignored
[INFO] [stdout] test jolpica::agent::tests::get_qualifying_results_for_event_error_too_many ... ignored
[INFO] [stdout] test jolpica::agent::tests::get_qualifying_results_multi_page ... ignored
[INFO] [stdout] test jolpica::agent::tests::get_qualifying_results_single_page ... ignored
[INFO] [stdout] test jolpica::agent::tests::get_qualifying_results_single_page_error_multi_page ... ignored
[INFO] [stdout] test jolpica::agent::tests::get_race_result ... ignored
[INFO] [stdout] test jolpica::agent::tests::get_race_result_error_not_found ... ignored
[INFO] [stdout] test jolpica::agent::tests::get_race_result_error_too_many ... ignored
[INFO] [stdout] test jolpica::agent::tests::get_race_result_for_events_empty ... ignored
[INFO] [stdout] test jolpica::agent::tests::get_race_result_for_events_error_too_many ... ignored
[INFO] [stdout] test jolpica::agent::tests::get_race_result_for_events_multi_page ... ignored
[INFO] [stdout] test jolpica::agent::tests::get_race_result_for_events_single_page ... ignored
[INFO] [stdout] test jolpica::agent::tests::get_race_result_for_events_single_page_error_multi_page ... ignored
[INFO] [stdout] test jolpica::agent::tests::get_race_results_empty ... ignored
[INFO] [stdout] test jolpica::agent::tests::get_race_results_for_event ... ignored
[INFO] [stdout] test jolpica::agent::tests::get_race_results_for_event_error_not_found ... ignored
[INFO] [stdout] test jolpica::agent::tests::get_race_results_for_event_error_too_many ... ignored
[INFO] [stdout] test jolpica::agent::tests::get_race_results_multi_page ... ignored
[INFO] [stdout] test jolpica::agent::tests::get_race_results_single_page ... ignored
[INFO] [stdout] test jolpica::agent::tests::get_race_results_single_page_error_multi_page ... ignored
[INFO] [stdout] test jolpica::agent::tests::get_race_schedule ... ignored
[INFO] [stdout] test jolpica::agent::tests::get_race_schedule_error_not_found ... ignored
[INFO] [stdout] test jolpica::agent::tests::get_race_schedules_empty ... ignored
[INFO] [stdout] test jolpica::agent::tests::get_race_schedules_multi_page ... ignored
[INFO] [stdout] test jolpica::agent::tests::get_race_schedules_single_page ... ignored
[INFO] [stdout] test jolpica::agent::tests::get_race_schedules_single_page_error_multi_page ... ignored
[INFO] [stdout] test jolpica::agent::tests::get_response_error_http_retries ... ignored
[INFO] [stdout] test jolpica::agent::tests::get_response_error_wrong_base_url ... ignored
[INFO] [stdout] test jolpica::agent::tests::get_response_multi_page_error ... ignored
[INFO] [stdout] test jolpica::agent::tests::get_response_multi_pages ... ignored
[INFO] [stdout] test jolpica::agent::tests::get_response_page_lap_times_race_2023_4 ... ignored
[INFO] [stdout] test jolpica::agent::tests::get_response_page_multi_page ... ignored
[INFO] [stdout] test jolpica::agent::tests::get_response_pit_stops_race_2023_4 ... ignored
[INFO] [stdout] test jolpica::agent::tests::get_response_single_element ... ignored
[INFO] [stdout] test jolpica::agent::tests::get_response_single_page ... ignored
[INFO] [stdout] test jolpica::agent::tests::get_season ... ignored
[INFO] [stdout] test jolpica::agent::tests::get_season_error_not_found ... ignored
[INFO] [stdout] test jolpica::agent::tests::get_seasons ... ignored
[INFO] [stdout] test jolpica::agent::tests::get_seasons_empty ... ignored
[INFO] [stdout] test jolpica::agent::tests::get_sprint_result ... ignored
[INFO] [stdout] test jolpica::agent::tests::get_sprint_result_error_not_found ... ignored
[INFO] [stdout] test jolpica::agent::tests::get_sprint_result_error_too_many ... ignored
[INFO] [stdout] test jolpica::agent::tests::get_sprint_result_for_events ... ignored
[INFO] [stdout] test jolpica::agent::tests::get_sprint_result_for_events_empty ... ignored
[INFO] [stdout] test jolpica::agent::tests::get_sprint_result_for_events_error_too_many ... ignored
[INFO] [stdout] test jolpica::agent::tests::get_sprint_results ... ignored
[INFO] [stdout] test jolpica::agent::tests::get_sprint_results_empty ... ignored
[INFO] [stdout] test jolpica::agent::tests::get_sprint_results_for_event ... ignored
[INFO] [stdout] test jolpica::agent::tests::get_sprint_results_for_event_error_not_found ... ignored
[INFO] [stdout] test jolpica::agent::tests::get_sprint_results_for_event_error_too_many ... ignored
[INFO] [stdout] test jolpica::agent::tests::get_statuses_empty ... ignored
[INFO] [stdout] test jolpica::agent::tests::get_statuses_multi_page ... ignored
[INFO] [stdout] test jolpica::agent::tests::get_statuses_single_page ... ignored
[INFO] [stdout] test jolpica::agent::tests::get_statuses_single_page_error_multi_page ... ignored
[INFO] [stdout] test jolpica::agent::tests::rate_limiting ... ignored
[INFO] [stdout] test jolpica::concat::tests::concat_responses_races_race_results_get_response_multi_pages ... ignored
[INFO] [stdout] test jolpica::concat::tests::concat_responses_seasons_get_response_multi_pages ... ignored
[INFO] [stdout] test jolpica::concat::tests::concat_responses_error_different_info ... ok
[INFO] [stdout] test jolpica::get::tests::get_response_multi_pages ... ignored
[INFO] [stdout] test jolpica::get::tests::get_response_multi_pages_error_exceeded_max_page_count ... ignored
[INFO] [stdout] test jolpica::get::tests::get_response_multi_pages_rate_limiting ... ignored
[INFO] [stdout] test jolpica::get::tests::get_response_page ... ignored
[INFO] [stdout] test jolpica::get::tests::get_response_page_error_wrong_base_url ... ignored
[INFO] [stdout] test jolpica::get::tests::get_response_page_multi_default ... ignored
[INFO] [stdout] test jolpica::get::tests::get_response_page_multi_page ... ignored
[INFO] [stdout] test jolpica::get::tests::get_response_page_single_max_limit ... ignored
[INFO] [stdout] test jolpica::concat::tests::concat_responses_error_page_verify_contiguous ... ok
[INFO] [stdout] test jolpica::concat::tests::concat_responses_error_page_verify_start_at_first_page ... ok
[INFO] [stdout] test jolpica::resource::tests::resource_jolpica_base_url ... ok
[INFO] [stdout] test jolpica::concat::tests::concat_responses_drivers ... ok
[INFO] [stdout] test jolpica::get::tests::counter_closure ... ok
[INFO] [stdout] test jolpica::resource::tests::resource_lap_times_to_url ... ok
[INFO] [stdout] test jolpica::concat::tests::concat_responses_races_race_results ... ok
[INFO] [stdout] test jolpica::concat::tests::concat_responses_error_empty_list ... ok
[INFO] [stdout] test jolpica::concat::tests::concat_responses_error_page_verify_finish_at_last_page ... ok
[INFO] [stdout] test jolpica::resource::tests::resource_pit_stops_to_url ... ok
[INFO] [stdout] test jolpica::resource::tests::lap_time_filters ... ok
[INFO] [stdout] test jolpica::resource::tests::resource_to_endpoint ... ok
[INFO] [stdout] test jolpica::resource::tests::filters ... ok
[INFO] [stdout] test jolpica::concat::tests::concat_responses_seasons ... ok
[INFO] [stdout] test jolpica::resource::tests::page_construction_panics - should panic ... ok
[INFO] [stdout] test jolpica::resource::tests::page_construction ... ok
[INFO] [stdout] test jolpica::resource::tests::resource_to_url_mixed_filters ... ok
[INFO] [stdout] test jolpica::resource::tests::filters_to_formatted_pairs_lifetime ... ok
[INFO] [stdout] test jolpica::resource::tests::page_next ... ok
[INFO] [stdout] test jolpica::resource::tests::page_from_pagination ... ok
[INFO] [stdout] test jolpica::resource::tests::pit_stop_filters ... ok
[INFO] [stdout] test jolpica::resource::tests::resource_to_url_no_filters ... ok
[INFO] [stdout] test jolpica::resource::tests::resource_to_url_non_resource_filters ... ok
[INFO] [stdout] test jolpica::resource::tests::resource_to_url_resource_filter ... ok
[INFO] [stdout] test jolpica::resource::tests::resource_to_url_round_without_season_filter_panics - should panic ... ok
[INFO] [stdout] test jolpica::resource::tests::resource_to_url_season_round_filters ... ok
[INFO] [stdout] test jolpica::resource::tests::resource_to_url_with_base_and_opt_page ... ok
[INFO] [stdout] test jolpica::resource::tests::resource_to_url_with_page ... ok
[INFO] [stdout] test jolpica::response::tests::circuit_table ... ok
[INFO] [stdout] test jolpica::response::tests::constructor_table ... ok
[INFO] [stdout] test jolpica::response::tests::deserialize_possible_no_number ... ok
[INFO] [stdout] test jolpica::response::tests::driver_full_name ... ok
[INFO] [stdout] test jolpica::response::tests::finishing_status ... ok
[INFO] [stdout] test jolpica::response::tests::pagination_is_single_page ... ok
[INFO] [stdout] test jolpica::response::tests::driver_table ... ok
[INFO] [stdout] test jolpica::response::tests::laps ... ok
[INFO] [stdout] test jolpica::response::tests::lap ... ok
[INFO] [stdout] test jolpica::response::tests::pagination_next_page ... ok
[INFO] [stdout] test jolpica::response::tests::position_deserialize ... ok
[INFO] [stdout] test jolpica::response::tests::pagination_is_last_page ... ok
[INFO] [stdout] test jolpica::response::tests::race_qualifying_result_accessors ... ok
[INFO] [stdout] test jolpica::response::tests::race_as_to_info ... ok
[INFO] [stdout] test jolpica::response::tests::race_from ... ok
[INFO] [stdout] test jolpica::response::tests::race_info_as_hash_key ... ok
[INFO] [stdout] test jolpica::response::tests::pagination_deserialize ... ok
[INFO] [stdout] test jolpica::response::tests::payload_deserialize_helpful_errors ... ok
[INFO] [stdout] test jolpica::response::tests::qualifying_result ... ok
[INFO] [stdout] test jolpica::response::tests::race_map ... ok
[INFO] [stdout] test jolpica::response::tests::position ... ok
[INFO] [stdout] test jolpica::response::tests::pit_stop ... ok
[INFO] [stdout] test jolpica::response::tests::qualifying_results ... ok
[INFO] [stdout] test jolpica::response::tests::pit_stops ... ok
[INFO] [stdout] test jolpica::response::tests::race_race_result_accessors ... ok
[INFO] [stdout] test jolpica::response::tests::race_result ... ok
[INFO] [stdout] test jolpica::response::tests::race_schedule_accessors ... ok
[INFO] [stdout] test jolpica::response::tests::race_sprint_result_accessors ... ok
[INFO] [stdout] test jolpica::response::tests::race_table_schedule ... ok
[INFO] [stdout] test jolpica::response::tests::race_results ... ok
[INFO] [stdout] test jolpica::response::tests::race_try_map ... ok
[INFO] [stdout] test jolpica::response::tests::response_as_driver ... ok
[INFO] [stdout] test jolpica::response::tests::response_as_driver_error_bad_table_variant ... ok
[INFO] [stdout] test jolpica::response::tests::response_as_driver_error_not_found ... ok
[INFO] [stdout] test jolpica::response::tests::response_as_driver_error_too_many ... ok
[INFO] [stdout] test jolpica::response::tests::response_as_drivers ... ok
[INFO] [stdout] test jolpica::response::tests::response_as_drivers_error_bad_table_variant ... ok
[INFO] [stdout] test jolpica::response::tests::response_as_season ... ok
[INFO] [stdout] test jolpica::response::tests::response_as_season_error_bad_table_variant ... ok
[INFO] [stdout] test jolpica::response::tests::response_as_season_error_not_found ... ok
[INFO] [stdout] test jolpica::response::tests::response_as_seasons ... ok
[INFO] [stdout] test jolpica::response::tests::response_as_seasons_error_bad_table_variant ... ok
[INFO] [stdout] test jolpica::response::tests::response_as_season_error_too_many ... ok
[INFO] [stdout] test jolpica::response::tests::response_as_to_info ... ok
[INFO] [stdout] test jolpica::response::tests::response_into_driver ... ok
[INFO] [stdout] test jolpica::response::tests::response_into_driver_error_not_found ... ok
[INFO] [stdout] test jolpica::response::tests::response_into_driver_error_bad_table_variant ... ok
[INFO] [stdout] test jolpica::response::tests::response_into_driver_error_too_many ... ok
[INFO] [stdout] test jolpica::response::tests::response_into_drivers ... ok
[INFO] [stdout] test jolpica::response::tests::response_into_drivers_error_bad_table_variant ... ok
[INFO] [stdout] test jolpica::response::tests::response_into_season ... ok
[INFO] [stdout] test jolpica::response::tests::response_into_season_error_not_found ... ok
[INFO] [stdout] test jolpica::response::tests::response_into_season_error_bad_table_variant ... ok
[INFO] [stdout] test jolpica::response::tests::response_into_season_error_too_many ... ok
[INFO] [stdout] test jolpica::response::tests::response_into_seasons ... ok
[INFO] [stdout] test jolpica::response::tests::response_into_seasons_error_bad_table_variant ... ok
[INFO] [stdout] test jolpica::response::tests::season_table ... ok
[INFO] [stdout] test jolpica::response::tests::sprint_results ... ok
[INFO] [stdout] test jolpica::response::tests::timing ... ok
[INFO] [stdout] test jolpica::tests::known_bugs::tests::deserialize_buggy_race_time_workarounds ... ok
[INFO] [stdout] test jolpica::tests::known_bugs::tests::deserialize_buggy_race_time_workarounds_error_does_not_match_within_60s ... ok
[INFO] [stdout] test jolpica::tests::known_bugs::tests::get_qualifying_result_2023_4_p3 ... ignored
[INFO] [stdout] test jolpica::tests::known_bugs::tests::deserialize_buggy_race_time_workarounds_error_not_using_deserialize_with ... ok
[INFO] [stdout] test jolpica::tests::known_bugs::tests::deserialize_race_time ... ok
[INFO] [stdout] test jolpica::tests::known_bugs::tests::get_qualifying_result_by_qualifying_pos_filter ... ignored
[INFO] [stdout] test jolpica::tests::known_bugs::tests::get_race_result_1998_8_p1 ... ignored
[INFO] [stdout] test jolpica::tests::known_bugs::tests::get_race_result_2020_9_p1 ... ignored
[INFO] [stdout] test jolpica::tests::known_bugs::tests::get_race_result_buggy_time ... ignored
[INFO] [stdout] test jolpica::tests::known_bugs::tests::get_race_result_by_finish_pos_filter_for_non_finishing ... ignored
[INFO] [stdout] test jolpica::tests::known_bugs::tests::get_sprint_result_buggy_time ... ignored
[INFO] [stdout] test jolpica::tests::known_bugs::tests::qualifying_result_2023_4_p3 ... ok
[INFO] [stdout] test jolpica::response::tests::sprint_result ... ok
[INFO] [stdout] test jolpica::tests::known_bugs::tests::race_result_2020_9_p1_error_not_using_deserialize_with ... ok
[INFO] [stdout] test jolpica::tests::known_bugs::tests::race_result_1998_8_p1 ... ok
[INFO] [stdout] test jolpica::tests::known_bugs::tests::race_result_2020_9_p1_workaround ... ok
[INFO] [stdout] test jolpica::tests::known_bugs::tests::race_result_buggy_time ... ok
[INFO] [stdout] test jolpica::tests::known_bugs::tests::sprint_result_buggy_time ... ok
[INFO] [stdout] test jolpica::time::tests::date_time_deserialize ... ok
[INFO] [stdout] test jolpica::time::tests::deserialize_optional_time ... ok
[INFO] [stdout] test jolpica::time::tests::duration_hms_ms ... ok
[INFO] [stdout] test jolpica::time::tests::deserialize_duration ... ok
[INFO] [stdout] test jolpica::time::tests::deserialize_time ... ok
[INFO] [stdout] test jolpica::time::tests::parse_delta ... ok
[INFO] [stdout] test jolpica::time::tests::duration_s_ms ... ok
[INFO] [stdout] test jolpica::time::tests::parse_delta_err ... ok
[INFO] [stdout] test jolpica::time::tests::parse_time ... ok
[INFO] [stdout] test jolpica::time::tests::parse_duration ... ok
[INFO] [stdout] test jolpica::time::tests::parse_subsecond_into_milli_panic ... FAILED
[INFO] [stdout] test jolpica::time::tests::parse_time_err ... ok
[INFO] [stdout] test jolpica::time::tests::duration_millis ... ok
[INFO] [stdout] test jolpica::time::tests::duration_m_s_ms ... ok
[INFO] [stdout] test jolpica::time::tests::qualifying_time ... ok
[INFO] [stdout] test jolpica::time::tests::race_time_deserialize ... ok
[INFO] [stdout] test jolpica::time::tests::race_time_deserialize_assets ... ok
[INFO] [stdout] test jolpica::time::tests::race_time ... ok
[INFO] [stdout] test jolpica::time::tests::qualifying_time_deserialize_err ... ok
[INFO] [stdout] test jolpica::time::tests::qualifying_time_time_panics - should panic ... ok
[INFO] [stdout] test jolpica::time::tests::parse_duration_err ... ok
[INFO] [stdout] test jolpica::time::tests::parse_subsecond_into_milli ... ok
[INFO] [stdout] test jolpica::time::tests::qualifying_time_deserialize ... ok
[INFO] [stdout] test jolpica::time::tests::race_time_validate_assets ... ok
[INFO] [stdout] test jolpica::get::tests::retry_on_http_error ... ok
[INFO] [stdout] test rate_limiter::tests::basic_rate_limiting_and_burst ... ok
[INFO] [stdout] test rate_limiter::tests::multi_threaded_rate_limiting_and_burst ... ok
[INFO] [stderr] error: test failed, to rerun pass `--lib`
[INFO] [stdout] 
[INFO] [stdout] failures:
[INFO] [stdout] 
[INFO] [stdout] ---- jolpica::time::tests::parse_subsecond_into_milli_panic stdout ----
[INFO] [stdout] 
[INFO] [stdout] thread 'jolpica::time::tests::parse_subsecond_into_milli_panic' (2798) panicked at src/jolpica/time.rs:485:13:
[INFO] [stdout] assertion failed: catch_unwind(|| super::parse_subsecond_into_milli(bad_str)).is_err()
[INFO] [stdout] stack backtrace:
[INFO] [stdout]    0:     0x57e2d1553d21 - <<std[617be2ca0a6fd877]::sys::backtrace::BacktraceLock>::print::DisplayBacktrace as core[a373ad73a504971]::fmt::Display>::fmt
[INFO] [stdout]    1:     0x57e2d156b98a - core[a373ad73a504971]::fmt::write
[INFO] [stdout]    2:     0x57e2d155832c - <alloc[2e1b2a31b91974c5]::vec::Vec<u8> as core[a373ad73a504971]::io::write::Write>::write_fmt
[INFO] [stdout]    3:     0x57e2d152ec66 - std[617be2ca0a6fd877]::panicking::default_hook::{closure#0}
[INFO] [stdout]    4:     0x57e2d154bc39 - std[617be2ca0a6fd877]::panicking::default_hook
[INFO] [stdout]    5:     0x57e2d12b7760 - test[aada8e7e76ba119b]::test_main_inner::{closure#0}
[INFO] [stdout]    6:     0x57e2d154bdf2 - std[617be2ca0a6fd877]::panicking::panic_with_hook
[INFO] [stdout]    7:     0x57e2d152ed44 - std[617be2ca0a6fd877]::panicking::panic_handler::{closure#0}
[INFO] [stdout]    8:     0x57e2d1527949 - std[617be2ca0a6fd877]::sys::backtrace::__rust_end_short_backtrace::<std[617be2ca0a6fd877]::panicking::panic_handler::{closure#0}, !>
[INFO] [stdout]    9:     0x57e2d152fb0d - __rustc[ea4f61d10b84890b]::rust_begin_unwind
[INFO] [stdout]   10:     0x57e2d156c16c - core[a373ad73a504971]::panicking::panic_fmt
[INFO] [stdout]   11:     0x57e2d156c132 - core[a373ad73a504971]::panicking::panic
[INFO] [stdout]   12:     0x57e2d124cd48 - f1_data[ca22d4fb486bfc82]::jolpica::time::tests::parse_subsecond_into_milli_panic::{closure#0}
[INFO] [stdout]   13:     0x57e2d12527a9 - <f1_data[ca22d4fb486bfc82]::jolpica::time::tests::parse_subsecond_into_milli_panic::{closure#0} as core[a373ad73a504971]::ops::function::FnOnce<()>>::call_once
[INFO] [stdout]   14:     0x57e2d12aabab - test[aada8e7e76ba119b]::__rust_begin_short_backtrace::<core[a373ad73a504971]::result::Result<(), alloc[2e1b2a31b91974c5]::string::String>, fn() -> core[a373ad73a504971]::result::Result<(), alloc[2e1b2a31b91974c5]::string::String>>
[INFO] [stdout]   15:     0x57e2d12b7d85 - test[aada8e7e76ba119b]::run_test::{closure#0}
[INFO] [stdout]   16:     0x57e2d12b1674 - std[617be2ca0a6fd877]::sys::backtrace::__rust_begin_short_backtrace::<test[aada8e7e76ba119b]::run_test::{closure#1}, ()>
[INFO] [stdout]   17:     0x57e2d12bae12 - <std[617be2ca0a6fd877]::thread::lifecycle::spawn_unchecked<test[aada8e7e76ba119b]::run_test::{closure#1}, ()>::{closure#1} as core[a373ad73a504971]::ops::function::FnOnce<()>>::call_once::{shim:vtable#0}
[INFO] [stdout]   18:     0x57e2d155302f - <std[617be2ca0a6fd877]::sys::thread::unix::Thread>::new::thread_start
[INFO] [stdout]   19:     0x787757694dfa - <unknown>
[INFO] [stdout]   20:     0x7877577283d4 - clone
[INFO] [stdout]   21:                0x0 - <unknown>
[INFO] [stdout] 
[INFO] [stdout] 
[INFO] [stdout] failures:
[INFO] [stdout]     jolpica::time::tests::parse_subsecond_into_milli_panic
[INFO] [stdout] 
[INFO] [stdout] test result: FAILED. 127 passed; 1 failed; 103 ignored; 0 measured; 0 filtered out; finished in 4.08s
[INFO] [stdout] 
[INFO] running `Command { std: "docker" "inspect" "65213ffa1ab0ba25766c2f73f9f2348c506b52cc7f38372e693aaf25a4c6ee01", kill_on_drop: false }`
[INFO] running `Command { std: "docker" "rm" "-f" "65213ffa1ab0ba25766c2f73f9f2348c506b52cc7f38372e693aaf25a4c6ee01", kill_on_drop: false }`
[INFO] [stdout] 65213ffa1ab0ba25766c2f73f9f2348c506b52cc7f38372e693aaf25a4c6ee01
