[INFO] fetching crate f189ctrl 0.1.0...
[INFO] testing f189ctrl-0.1.0 against 1.100.0-beta.1+cargoflags=--release for beta-release-1.100-2
[INFO] extracting crate f189ctrl 0.1.0 into /workspace/builds/worker-3-tc2/source
[INFO] started tweaking crates.io crate f189ctrl 0.1.0
[INFO] finished tweaking crates.io crate f189ctrl 0.1.0
[INFO] tweaked toml for crates.io crate f189ctrl 0.1.0 written to /workspace/builds/worker-3-tc2/source/Cargo.toml
[INFO] validating manifest of crates.io crate f189ctrl 0.1.0 on toolchain 1.100.0-beta.1
[INFO] running `Command { std: CARGO_HOME="/workspace/cargo-home" RUSTUP_HOME="/workspace/rustup-home" "/workspace/cargo-home/bin/cargo" "+1.100.0-beta.1" "metadata" "--manifest-path" "Cargo.toml" "--no-deps", kill_on_drop: false }`
[INFO] crate crates.io crate f189ctrl 0.1.0 already has a lockfile, it will not be regenerated
[INFO] running `Command { std: CARGO_HOME="/workspace/cargo-home" RUSTUP_HOME="/workspace/rustup-home" "/workspace/cargo-home/bin/cargo" "+1.100.0-beta.1" "fetch" "--manifest-path" "Cargo.toml", kill_on_drop: false }`
[INFO] running `Command { std: "docker" "create" "-v" "/var/lib/crater-agent-workspace/builds/worker-3-tc2/source:/opt/rustwide/workdir:ro,Z" "-v" "/var/lib/crater-agent-workspace/builds/worker-3-tc2/target:/opt/rustwide/target:rw,Z" "-v" "/var/lib/crater-agent-workspace/cargo-home:/opt/rustwide/cargo-home:ro,Z" "-v" "/var/lib/crater-agent-workspace/rustup-home:/opt/rustwide/rustup-home:ro,Z" "-m" "1610612736" "--network" "none" "ghcr.io/rust-lang/crates-build-env/linux@sha256:77db811e55d90add9212f6832c23229e3de5f1c1f9905e8cb07319ea15df73ac" "sleep" "infinity", kill_on_drop: false }`
[INFO] [stdout] 25675e99a1f67c62992615083fbc8ae43e24830f8a65c24f4adbe0334ca50295
[INFO] running `Command { std: "docker" "start" "25675e99a1f67c62992615083fbc8ae43e24830f8a65c24f4adbe0334ca50295", kill_on_drop: false }`
[INFO] running `Command { std: "docker" "inspect" "25675e99a1f67c62992615083fbc8ae43e24830f8a65c24f4adbe0334ca50295", kill_on_drop: false }`
[INFO] running `Command { std: "docker" "exec" "-e" "SOURCE_DIR=/opt/rustwide/workdir" "-e" "CARGO_HOME=/opt/rustwide/cargo-home" "-e" "RUSTUP_HOME=/opt/rustwide/rustup-home" "-e" "CARGO_TARGET_DIR=/opt/rustwide/target" "-w" "/opt/rustwide/workdir" "--user" "0:0" "25675e99a1f67c62992615083fbc8ae43e24830f8a65c24f4adbe0334ca50295" "/opt/rustwide/cargo-home/bin/cargo" "+1.100.0-beta.1" "metadata" "--no-deps" "--format-version=1", kill_on_drop: false }`
[INFO] running `Command { std: "docker" "inspect" "25675e99a1f67c62992615083fbc8ae43e24830f8a65c24f4adbe0334ca50295", kill_on_drop: false }`
[INFO] running `Command { std: "docker" "exec" "-e" "SOURCE_DIR=/opt/rustwide/workdir" "-e" "CARGO_HOME=/opt/rustwide/cargo-home" "-e" "RUSTUP_HOME=/opt/rustwide/rustup-home" "-e" "CARGO_TARGET_DIR=/opt/rustwide/target" "-e" "CARGO_INCREMENTAL=0" "-e" "RUST_BACKTRACE=full" "-e" "RUSTFLAGS=--cap-lints=warn" "-e" "RUSTDOCFLAGS=--cap-lints=warn" "-w" "/opt/rustwide/workdir" "--user" "0:0" "25675e99a1f67c62992615083fbc8ae43e24830f8a65c24f4adbe0334ca50295" "/opt/rustwide/cargo-home/bin/cargo" "+1.100.0-beta.1" "build" "--frozen" "--message-format=json" "--release", kill_on_drop: false }`
[INFO] [stderr]    Compiling proc-macro2 v1.0.69
[INFO] [stderr]    Compiling unicode-ident v1.0.12
[INFO] [stderr]    Compiling libc v0.2.149
[INFO] [stderr]    Compiling futures-core v0.3.29
[INFO] [stderr]    Compiling pin-project-lite v0.2.13
[INFO] [stderr]    Compiling scopeguard v1.2.0
[INFO] [stderr]    Compiling serde v1.0.192
[INFO] [stderr]    Compiling futures-task v0.3.29
[INFO] [stderr]    Compiling memchr v2.6.4
[INFO] [stderr]    Compiling futures-channel v0.3.29
[INFO] [stderr]    Compiling parking_lot_core v0.9.9
[INFO] [stderr]    Compiling futures-sink v0.3.29
[INFO] [stderr]    Compiling futures-util v0.3.29
[INFO] [stderr]    Compiling lock_api v0.4.11
[INFO] [stderr]    Compiling slab v0.4.9
[INFO] [stderr]    Compiling memoffset v0.7.1
[INFO] [stderr]    Compiling hashbrown v0.14.2
[INFO] [stderr]    Compiling log v0.4.20
[INFO] [stderr]    Compiling smallvec v1.11.1
[INFO] [stderr]    Compiling strsim v0.10.0
[INFO] [stderr]    Compiling equivalent v1.0.1
[INFO] [stderr]    Compiling num-traits v0.2.17
[INFO] [stderr]    Compiling winnow v0.5.19
[INFO] [stderr]    Compiling utf8parse v0.2.1
[INFO] [stderr]    Compiling toml_datetime v0.6.5
[INFO] [stderr]    Compiling futures-io v0.3.29
[INFO] [stderr]    Compiling anstyle-query v1.0.0
[INFO] [stderr]    Compiling anstyle-parse v0.2.2
[INFO] [stderr]    Compiling once_cell v1.18.0
[INFO] [stderr]    Compiling bitflags v2.0.2
[INFO] [stderr]    Compiling bytes v1.5.0
[INFO] [stderr]    Compiling anstyle v1.0.4
[INFO] [stderr]    Compiling colorchoice v1.0.0
[INFO] [stderr]    Compiling tracing-core v0.1.32
[INFO] [stderr]    Compiling ryu v1.0.15
[INFO] [stderr]    Compiling itoa v1.0.9
[INFO] [stderr]    Compiling clap_lex v0.6.0
[INFO] [stderr]    Compiling serde_json v1.0.108
[INFO] [stderr]    Compiling thiserror v1.0.50
[INFO] [stderr]    Compiling iana-time-zone v0.1.58
[INFO] [stderr]    Compiling byteorder v1.5.0
[INFO] [stderr]    Compiling quote v1.0.33
[INFO] [stderr]    Compiling indexmap v2.1.0
[INFO] [stderr]    Compiling anstream v0.6.4
[INFO] [stderr]    Compiling csv-core v0.1.11
[INFO] [stderr]    Compiling syn v2.0.38
[INFO] [stderr]    Compiling clap_builder v4.4.7
[INFO] [stderr]    Compiling tracing v0.1.40
[INFO] [stderr]    Compiling mio v0.8.9
[INFO] [stderr]    Compiling socket2 v0.5.5
[INFO] [stderr]    Compiling nix v0.26.4
[INFO] [stderr]    Compiling signal-hook-registry v1.4.1
[INFO] [stderr]    Compiling num_cpus v1.16.0
[INFO] [stderr]    Compiling parking_lot v0.12.1
[INFO] [stderr]    Compiling toml_edit v0.20.7
[INFO] [stderr]    Compiling proc-macro-crate v2.0.0
[INFO] [stderr]    Compiling clap v4.4.7
[INFO] [stderr]    Compiling darling_core v0.20.3
[INFO] [stderr]    Compiling serde_derive v1.0.192
[INFO] [stderr]    Compiling futures-macro v0.3.29
[INFO] [stderr]    Compiling tokio-macros v2.1.0
[INFO] [stderr]    Compiling num_enum_derive v0.7.1
[INFO] [stderr]    Compiling thiserror-impl v1.0.50
[INFO] [stderr]    Compiling num_enum v0.7.1
[INFO] [stderr]    Compiling tokio v1.33.0
[INFO] [stderr]    Compiling serialport v4.2.2
[INFO] [stderr]    Compiling mio-serial v5.0.5
[INFO] [stderr]    Compiling darling_macro v0.20.3
[INFO] [stderr]    Compiling darling v0.20.3
[INFO] [stderr]    Compiling serde_with_macros v3.4.0
[INFO] [stderr]    Compiling futures-executor v0.3.29
[INFO] [stderr]    Compiling futures v0.3.29
[INFO] [stderr]    Compiling chrono v0.4.31
[INFO] [stderr]    Compiling csv v1.3.0
[INFO] [stderr]    Compiling tokio-util v0.7.10
[INFO] [stderr]    Compiling tokio-serial v5.4.4
[INFO] [stderr]    Compiling serde_with v3.4.0
[INFO] [stderr]    Compiling f189ctrl v0.1.0 (/opt/rustwide/workdir)
[INFO] [stdout] warning: unused import: `serde_with::serde_as`
[INFO] [stdout]  --> src/measurement.rs:4:5
[INFO] [stdout]   |
[INFO] [stdout] 4 | use serde_with::serde_as;
[INFO] [stdout]   |     ^^^^^^^^^^^^^^^^^^^^
[INFO] [stdout]   |
[INFO] [stdout]   = note: `#[warn(unused_imports)]` (part of `#[warn(unused)]`) on by default
[INFO] [stdout] 
[INFO] [stdout] 
[INFO] [stdout] warning: enum `CurrentView` is never used
[INFO] [stdout]    --> src/measurement.rs:607:6
[INFO] [stdout]     |
[INFO] [stdout] 607 | enum CurrentView {
[INFO] [stdout]     |      ^^^^^^^^^^^
[INFO] [stdout]     |
[INFO] [stdout]     = note: `#[warn(dead_code)]` (part of `#[warn(unused)]`) on by default
[INFO] [stdout] 
[INFO] [stdout] 
[INFO] [stderr]     Finished `release` profile [optimized] target(s) in 52.84s
[INFO] running `Command { std: "docker" "inspect" "25675e99a1f67c62992615083fbc8ae43e24830f8a65c24f4adbe0334ca50295", kill_on_drop: false }`
[INFO] running `Command { std: "docker" "exec" "-e" "SOURCE_DIR=/opt/rustwide/workdir" "-e" "CARGO_HOME=/opt/rustwide/cargo-home" "-e" "RUSTUP_HOME=/opt/rustwide/rustup-home" "-e" "CARGO_TARGET_DIR=/opt/rustwide/target" "-e" "CARGO_INCREMENTAL=0" "-e" "RUST_BACKTRACE=full" "-e" "RUSTFLAGS=--cap-lints=warn" "-e" "RUSTDOCFLAGS=--cap-lints=warn" "-w" "/opt/rustwide/workdir" "--user" "0:0" "25675e99a1f67c62992615083fbc8ae43e24830f8a65c24f4adbe0334ca50295" "/opt/rustwide/cargo-home/bin/cargo" "+1.100.0-beta.1" "test" "--frozen" "--no-run" "--message-format=json" "--release", kill_on_drop: false }`
[INFO] [stdout] warning: unused import: `serde_with::serde_as`
[INFO] [stdout]  --> src/measurement.rs:4:5
[INFO] [stdout]   |
[INFO] [stdout] 4 | use serde_with::serde_as;
[INFO] [stdout]   |     ^^^^^^^^^^^^^^^^^^^^
[INFO] [stdout]   |
[INFO] [stdout]   = note: `#[warn(unused_imports)]` (part of `#[warn(unused)]`) on by default
[INFO] [stdout] 
[INFO] [stdout] 
[INFO] [stdout] warning: enum `CurrentView` is never used
[INFO] [stdout]    --> src/measurement.rs:607:6
[INFO] [stdout]     |
[INFO] [stdout] 607 | enum CurrentView {
[INFO] [stdout]     |      ^^^^^^^^^^^
[INFO] [stdout]     |
[INFO] [stdout]     = note: `#[warn(dead_code)]` (part of `#[warn(unused)]`) on by default
[INFO] [stdout] 
[INFO] [stdout] 
[INFO] [stderr]    Compiling f189ctrl v0.1.0 (/opt/rustwide/workdir)
[INFO] [stdout] warning: unused import: `serde_with::serde_as`
[INFO] [stdout]  --> src/measurement.rs:4:5
[INFO] [stdout]   |
[INFO] [stdout] 4 | use serde_with::serde_as;
[INFO] [stdout]   |     ^^^^^^^^^^^^^^^^^^^^
[INFO] [stdout]   |
[INFO] [stdout]   = note: `#[warn(unused_imports)]` (part of `#[warn(unused)]`) on by default
[INFO] [stdout] 
[INFO] [stdout] 
[INFO] [stdout] warning: enum `CurrentView` is never used
[INFO] [stdout]    --> src/measurement.rs:607:6
[INFO] [stdout]     |
[INFO] [stdout] 607 | enum CurrentView {
[INFO] [stdout]     |      ^^^^^^^^^^^
[INFO] [stdout]     |
[INFO] [stdout]     = note: `#[warn(dead_code)]` (part of `#[warn(unused)]`) on by default
[INFO] [stdout] 
[INFO] [stdout] 
[INFO] [stderr]     Finished `release` profile [optimized] target(s) in 2.92s
[INFO] running `Command { std: "docker" "inspect" "25675e99a1f67c62992615083fbc8ae43e24830f8a65c24f4adbe0334ca50295", kill_on_drop: false }`
[INFO] running `Command { std: "docker" "exec" "-e" "SOURCE_DIR=/opt/rustwide/workdir" "-e" "CARGO_HOME=/opt/rustwide/cargo-home" "-e" "RUSTUP_HOME=/opt/rustwide/rustup-home" "-e" "CARGO_TARGET_DIR=/opt/rustwide/target" "-e" "CARGO_INCREMENTAL=0" "-e" "RUST_BACKTRACE=full" "-e" "RUSTFLAGS=--cap-lints=warn" "-e" "RUSTDOCFLAGS=--cap-lints=warn" "-w" "/opt/rustwide/workdir" "--user" "0:0" "25675e99a1f67c62992615083fbc8ae43e24830f8a65c24f4adbe0334ca50295" "/opt/rustwide/cargo-home/bin/cargo" "+1.100.0-beta.1" "test" "--frozen" "--release", kill_on_drop: false }`
[INFO] [stderr] warning: unused import: `serde_with::serde_as`
[INFO] [stderr]  --> src/measurement.rs:4:5
[INFO] [stderr]   |
[INFO] [stderr] 4 | use serde_with::serde_as;
[INFO] [stderr]   |     ^^^^^^^^^^^^^^^^^^^^
[INFO] [stderr]   |
[INFO] [stderr]   = note: `#[warn(unused_imports)]` (part of `#[warn(unused)]`) on by default
[INFO] [stderr] 
[INFO] [stderr] warning: enum `CurrentView` is never used
[INFO] [stderr]    --> src/measurement.rs:607:6
[INFO] [stderr]     |
[INFO] [stderr] 607 | enum CurrentView {
[INFO] [stderr]     |      ^^^^^^^^^^^
[INFO] [stderr]     |
[INFO] [stderr]     = note: `#[warn(dead_code)]` (part of `#[warn(unused)]`) on by default
[INFO] [stderr] 
[INFO] [stderr] warning: `f189ctrl` (lib) generated 2 warnings (run `cargo fix --lib -p f189ctrl` to apply 1 suggestion)
[INFO] [stderr] warning: `f189ctrl` (lib test) generated 2 warnings (2 duplicates)
[INFO] [stderr]     Finished `release` profile [optimized] target(s) in 0.13s
[INFO] [stderr]      Running unittests src/lib.rs (/opt/rustwide/target/release/build/f189ctrl/3319966e015e2673/out/f189ctrl-3319966e015e2673)
[INFO] [stdout] 
[INFO] [stdout] running 3 tests
[INFO] [stdout] test device::tests::test_get_id ... ok
[INFO] [stdout] test device::tests::test_set_backlight_in_settings_mode ... ok
[INFO] [stderr] error: test failed, to rerun pass `--lib`
[INFO] [stdout] test device::tests::test_set_backlight ... FAILED
[INFO] [stdout] 
[INFO] [stdout] failures:
[INFO] [stdout] 
[INFO] [stdout] ---- device::tests::test_set_backlight stdout ----
[INFO] [stdout] 
[INFO] [stdout] thread 'device::tests::test_set_backlight' (1865) panicked at src/device.rs:335:9:
[INFO] [stdout] assertion failed: device.set_backlight_off(Duration::from_secs(60 * 15)).await.is_ok()
[INFO] [stdout] stack backtrace:
[INFO] [stdout]    0:     0x5aeaa9491231 - <<std[617be2ca0a6fd877]::sys::backtrace::BacktraceLock>::print::DisplayBacktrace as core[a373ad73a504971]::fmt::Display>::fmt
[INFO] [stdout]    1:     0x5aeaa94a54ba - core[a373ad73a504971]::fmt::write
[INFO] [stdout]    2:     0x5aeaa949566c - <alloc[2e1b2a31b91974c5]::vec::Vec<u8> as core[a373ad73a504971]::io::write::Write>::write_fmt
[INFO] [stdout]    3:     0x5aeaa946d136 - std[617be2ca0a6fd877]::panicking::default_hook::{closure#0}
[INFO] [stdout]    4:     0x5aeaa9489739 - std[617be2ca0a6fd877]::panicking::default_hook
[INFO] [stdout]    5:     0x5aeaa93fd190 - test[aada8e7e76ba119b]::test_main_inner::{closure#0}
[INFO] [stdout]    6:     0x5aeaa94898f2 - std[617be2ca0a6fd877]::panicking::panic_with_hook
[INFO] [stdout]    7:     0x5aeaa946d214 - std[617be2ca0a6fd877]::panicking::panic_handler::{closure#0}
[INFO] [stdout]    8:     0x5aeaa9465ec9 - std[617be2ca0a6fd877]::sys::backtrace::__rust_end_short_backtrace::<std[617be2ca0a6fd877]::panicking::panic_handler::{closure#0}, !>
[INFO] [stdout]    9:     0x5aeaa946dded - __rustc[ea4f61d10b84890b]::rust_begin_unwind
[INFO] [stdout]   10:     0x5aeaa94a5c1c - core[a373ad73a504971]::panicking::panic_fmt
[INFO] [stdout]   11:     0x5aeaa94a5be2 - core[a373ad73a504971]::panicking::panic
[INFO] [stdout]   12:     0x5aeaa93ea672 - f189ctrl[7e1e8e576782b095]::device::tests::test_set_backlight::{closure#0}
[INFO] [stdout]   13:     0x5aeaa93e8673 - <tokio[76d442dedb129b85]::runtime::scheduler::current_thread::Context>::enter::<core[a373ad73a504971]::task::poll::Poll<()>, <tokio[76d442dedb129b85]::runtime::scheduler::current_thread::CoreGuard>::block_on<core[a373ad73a504971]::pin::Pin<&mut core[a373ad73a504971]::pin::Pin<&mut dyn core[a373ad73a504971]::future::future::Future<Output = ()>>>>::{closure#0}::{closure#0}>
[INFO] [stdout]   14:     0x5aeaa93ecd72 - <tokio[76d442dedb129b85]::runtime::context::scoped::Scoped<tokio[76d442dedb129b85]::runtime::scheduler::Context>>::set::<<tokio[76d442dedb129b85]::runtime::scheduler::current_thread::CoreGuard>::enter<<tokio[76d442dedb129b85]::runtime::scheduler::current_thread::CoreGuard>::block_on<core[a373ad73a504971]::pin::Pin<&mut core[a373ad73a504971]::pin::Pin<&mut dyn core[a373ad73a504971]::future::future::Future<Output = ()>>>>::{closure#0}, core[a373ad73a504971]::option::Option<()>>::{closure#0}, (alloc[2e1b2a31b91974c5]::boxed::Box<tokio[76d442dedb129b85]::runtime::scheduler::current_thread::Core>, core[a373ad73a504971]::option::Option<()>)>
[INFO] [stdout]   15:     0x5aeaa93e89c7 - <tokio[76d442dedb129b85]::runtime::scheduler::current_thread::CoreGuard>::block_on::<core[a373ad73a504971]::pin::Pin<&mut core[a373ad73a504971]::pin::Pin<&mut dyn core[a373ad73a504971]::future::future::Future<Output = ()>>>>
[INFO] [stdout]   16:     0x5aeaa93ee65a - tokio[76d442dedb129b85]::runtime::context::runtime::enter_runtime::<<tokio[76d442dedb129b85]::runtime::scheduler::current_thread::CurrentThread>::block_on<core[a373ad73a504971]::pin::Pin<&mut dyn core[a373ad73a504971]::future::future::Future<Output = ()>>>::{closure#0}, ()>
[INFO] [stdout]   17:     0x5aeaa93ede3f - <tokio[76d442dedb129b85]::runtime::runtime::Runtime>::block_on::<core[a373ad73a504971]::pin::Pin<&mut dyn core[a373ad73a504971]::future::future::Future<Output = ()>>>
[INFO] [stdout]   18:     0x5aeaa93eab22 - <f189ctrl[7e1e8e576782b095]::device::tests::test_set_backlight::{closure#0} as core[a373ad73a504971]::ops::function::FnOnce<()>>::call_once
[INFO] [stdout]   19:     0x5aeaa93f05db - test[aada8e7e76ba119b]::__rust_begin_short_backtrace::<core[a373ad73a504971]::result::Result<(), alloc[2e1b2a31b91974c5]::string::String>, fn() -> core[a373ad73a504971]::result::Result<(), alloc[2e1b2a31b91974c5]::string::String>>
[INFO] [stdout]   20:     0x5aeaa93fd7b5 - test[aada8e7e76ba119b]::run_test::{closure#0}
[INFO] [stdout]   21:     0x5aeaa93f70a4 - std[617be2ca0a6fd877]::sys::backtrace::__rust_begin_short_backtrace::<test[aada8e7e76ba119b]::run_test::{closure#1}, ()>
[INFO] [stdout]   22:     0x5aeaa9400842 - <std[617be2ca0a6fd877]::thread::lifecycle::spawn_unchecked<test[aada8e7e76ba119b]::run_test::{closure#1}, ()>::{closure#1} as core[a373ad73a504971]::ops::function::FnOnce<()>>::call_once::{shim:vtable#0}
[INFO] [stdout]   23:     0x5aeaa9490a5f - <std[617be2ca0a6fd877]::sys::thread::unix::Thread>::new::thread_start
[INFO] [stdout]   24:     0x771d524a4dfa - <unknown>
[INFO] [stdout]   25:     0x771d525383d4 - clone
[INFO] [stdout]   26:                0x0 - <unknown>
[INFO] [stdout] 
[INFO] [stdout] 
[INFO] [stdout] failures:
[INFO] [stdout]     device::tests::test_set_backlight
[INFO] [stdout] 
[INFO] [stdout] test result: FAILED. 2 passed; 1 failed; 0 ignored; 0 measured; 0 filtered out; finished in 0.00s
[INFO] [stdout] 
[INFO] running `Command { std: "docker" "inspect" "25675e99a1f67c62992615083fbc8ae43e24830f8a65c24f4adbe0334ca50295", kill_on_drop: false }`
[INFO] running `Command { std: "docker" "rm" "-f" "25675e99a1f67c62992615083fbc8ae43e24830f8a65c24f4adbe0334ca50295", kill_on_drop: false }`
[INFO] [stdout] 25675e99a1f67c62992615083fbc8ae43e24830f8a65c24f4adbe0334ca50295
