[INFO] fetching crate f1 0.2.0...
[INFO] testing f1-0.2.0 against 1.99.0-beta.8+cargoflags=--release for beta-release-1.100-2
[INFO] extracting crate f1 0.2.0 into /workspace/builds/worker-0-tc1/source
[INFO] started tweaking crates.io crate f1 0.2.0
[INFO] finished tweaking crates.io crate f1 0.2.0
[INFO] tweaked toml for crates.io crate f1 0.2.0 written to /workspace/builds/worker-0-tc1/source/Cargo.toml
[INFO] validating manifest of crates.io crate f1 0.2.0 on toolchain 1.99.0-beta.8
[INFO] running `Command { std: CARGO_HOME="/workspace/cargo-home" RUSTUP_HOME="/workspace/rustup-home" "/workspace/cargo-home/bin/cargo" "+1.99.0-beta.8" "metadata" "--manifest-path" "Cargo.toml" "--no-deps", kill_on_drop: false }`
[INFO] running `Command { std: CARGO_HOME="/workspace/cargo-home" RUSTUP_HOME="/workspace/rustup-home" "/workspace/cargo-home/bin/cargo" "+1.99.0-beta.8" "generate-lockfile" "--manifest-path" "Cargo.toml", kill_on_drop: false }`
[INFO] [stderr]     Updating crates.io index
[INFO] [stderr]      Locking 182 packages to highest compatible versions
[INFO] [stderr]       Adding reqwest v0.11.27 (available: v0.13.5)
[INFO] [stderr]       Adding thiserror v1.0.69 (available: v2.0.21)
[INFO] [stderr]       Adding tungstenite v0.16.0 (available: v0.30.0)
[INFO] running `Command { std: CARGO_HOME="/workspace/cargo-home" RUSTUP_HOME="/workspace/rustup-home" "/workspace/cargo-home/bin/cargo" "+1.99.0-beta.8" "fetch" "--manifest-path" "Cargo.toml", kill_on_drop: false }`
[INFO] running `Command { std: "docker" "create" "-v" "/var/lib/crater-agent-workspace/builds/worker-0-tc1/source:/opt/rustwide/workdir:ro,Z" "-v" "/var/lib/crater-agent-workspace/builds/worker-0-tc1/target:/opt/rustwide/target:rw,Z" "-v" "/var/lib/crater-agent-workspace/cargo-home:/opt/rustwide/cargo-home:ro,Z" "-v" "/var/lib/crater-agent-workspace/rustup-home:/opt/rustwide/rustup-home:ro,Z" "-m" "1610612736" "--network" "none" "ghcr.io/rust-lang/crates-build-env/linux@sha256:77db811e55d90add9212f6832c23229e3de5f1c1f9905e8cb07319ea15df73ac" "sleep" "infinity", kill_on_drop: false }`
[INFO] [stdout] 1206f0320e1a990c273332c9981659a197b3cbb33a0842098e138bb8abee8432
[INFO] running `Command { std: "docker" "start" "1206f0320e1a990c273332c9981659a197b3cbb33a0842098e138bb8abee8432", kill_on_drop: false }`
[INFO] running `Command { std: "docker" "inspect" "1206f0320e1a990c273332c9981659a197b3cbb33a0842098e138bb8abee8432", kill_on_drop: false }`
[INFO] running `Command { std: "docker" "exec" "-e" "SOURCE_DIR=/opt/rustwide/workdir" "-e" "CARGO_HOME=/opt/rustwide/cargo-home" "-e" "RUSTUP_HOME=/opt/rustwide/rustup-home" "-e" "CARGO_TARGET_DIR=/opt/rustwide/target" "-w" "/opt/rustwide/workdir" "--user" "0:0" "1206f0320e1a990c273332c9981659a197b3cbb33a0842098e138bb8abee8432" "/opt/rustwide/cargo-home/bin/cargo" "+1.99.0-beta.8" "metadata" "--no-deps" "--format-version=1", kill_on_drop: false }`
[INFO] running `Command { std: "docker" "inspect" "1206f0320e1a990c273332c9981659a197b3cbb33a0842098e138bb8abee8432", kill_on_drop: false }`
[INFO] running `Command { std: "docker" "exec" "-e" "SOURCE_DIR=/opt/rustwide/workdir" "-e" "CARGO_HOME=/opt/rustwide/cargo-home" "-e" "RUSTUP_HOME=/opt/rustwide/rustup-home" "-e" "CARGO_TARGET_DIR=/opt/rustwide/target" "-e" "CARGO_INCREMENTAL=0" "-e" "RUST_BACKTRACE=full" "-e" "RUSTFLAGS=--cap-lints=warn" "-e" "RUSTDOCFLAGS=--cap-lints=warn" "-w" "/opt/rustwide/workdir" "--user" "0:0" "1206f0320e1a990c273332c9981659a197b3cbb33a0842098e138bb8abee8432" "/opt/rustwide/cargo-home/bin/cargo" "+1.99.0-beta.8" "build" "--frozen" "--message-format=json" "--release", kill_on_drop: false }`
[INFO] [stderr]    Compiling unicode-ident v1.0.27
[INFO] [stderr]    Compiling libc v0.2.191
[INFO] [stderr]    Compiling cfg-if v1.0.5
[INFO] [stderr]    Compiling find-msvc-tools v0.1.14
[INFO] [stderr]    Compiling pkg-config v0.3.34
[INFO] [stderr]    Compiling litemap v0.8.3
[INFO] [stderr]    Compiling writeable v0.6.4
[INFO] [stderr]    Compiling icu_properties_data v2.3.0
[INFO] [stderr]    Compiling icu_normalizer_data v2.3.0
[INFO] [stderr]    Compiling proc-macro2 v1.0.107
[INFO] [stderr]    Compiling futures-core v0.3.34
[INFO] [stderr]    Compiling cc v1.8.0
[INFO] [stderr]    Compiling generic-array v0.14.9
[INFO] [stderr]    Compiling http v0.2.12
[INFO] [stderr]    Compiling memchr v2.8.3
[INFO] [stderr]    Compiling zerocopy v0.8.63
[INFO] [stderr]    Compiling openssl v0.10.81
[INFO] [stderr]    Compiling smallvec v1.16.3
[INFO] [stderr]    Compiling quote v1.0.47
[INFO] [stderr]    Compiling bitflags v2.13.2
[INFO] [stderr]    Compiling futures-io v0.3.34
[INFO] [stderr]    Compiling syn v3.0.9
[INFO] [stderr]    Compiling syn v2.0.119
[INFO] [stderr]    Compiling log v0.4.34
[INFO] [stderr]    Compiling equivalent v1.0.3
[INFO] [stderr]    Compiling futures-sink v0.3.34
[INFO] [stderr]    Compiling native-tls v0.2.18
[INFO] [stderr]    Compiling typenum v1.20.1
[INFO] [stderr]    Compiling futures-task v0.3.34
[INFO] [stderr]    Compiling indexmap v2.14.2
[INFO] [stderr]    Compiling mio v1.2.4
[INFO] [stderr]    Compiling socket2 v0.6.5
[INFO] [stderr]    Compiling getrandom v0.2.17
[INFO] [stderr]    Compiling openssl-sys v0.9.117
[INFO] [stderr]    Compiling futures-util v0.3.34
[INFO] [stderr]    Compiling want v0.3.2
[INFO] [stderr]    Compiling tokio v1.53.3
[INFO] [stderr]    Compiling encoding_rs v0.8.42
[INFO] [stderr]    Compiling rand_core v0.6.4
[INFO] [stderr]    Compiling socket2 v0.5.10
[INFO] [stderr]    Compiling synstructure v0.14.0
[INFO] [stderr]    Compiling http-body v0.4.6
[INFO] [stderr]    Compiling futures-channel v0.3.34
[INFO] [stderr]    Compiling serde_json v1.0.154
[INFO] [stderr]    Compiling block-buffer v0.9.0
[INFO] [stderr]    Compiling digest v0.9.0
[INFO] [stderr]    Compiling base64 v0.21.7
[INFO] [stderr]    Compiling zerofrom-derive v0.1.8
[INFO] [stderr]    Compiling yoke-derive v0.8.4
[INFO] [stderr]    Compiling zerovec-derive v0.11.6
[INFO] [stderr]    Compiling displaydoc v0.2.7
[INFO] [stderr]    Compiling zerofrom v0.1.8
[INFO] [stderr]    Compiling yoke v0.8.3
[INFO] [stderr]    Compiling serde_derive v1.0.229
[INFO] [stderr]    Compiling openssl-macros v0.1.1
[INFO] [stderr]    Compiling zerotrie v0.2.5
[INFO] [stderr]    Compiling thiserror-impl v1.0.69
[INFO] [stderr]    Compiling zerovec v0.11.8
[INFO] [stderr]    Compiling rustls-pemfile v1.0.4
[INFO] [stderr]    Compiling sha-1 v0.9.8
[INFO] [stderr]    Compiling tinystr v0.8.4
[INFO] [stderr]    Compiling icu_locale_core v2.3.0
[INFO] [stderr]    Compiling potential_utf v0.1.6
[INFO] [stderr]    Compiling thiserror v1.0.69
[INFO] [stderr]    Compiling icu_collections v2.3.0
[INFO] [stderr]    Compiling tokio-util v0.7.20
[INFO] [stderr]    Compiling icu_provider v2.3.1
[INFO] [stderr]    Compiling icu_normalizer v2.3.0
[INFO] [stderr]    Compiling icu_properties v2.3.0
[INFO] [stderr]    Compiling h2 v0.3.27
[INFO] [stderr]    Compiling ppv-lite86 v0.2.21
[INFO] [stderr]    Compiling idna_adapter v1.2.2
[INFO] [stderr]    Compiling idna v1.1.0
[INFO] [stderr]    Compiling rand_chacha v0.3.1
[INFO] [stderr]    Compiling tokio-native-tls v0.3.1
[INFO] [stderr]    Compiling serde v1.0.229
[INFO] [stderr]    Compiling base64 v0.13.1
[INFO] [stderr]    Compiling iana-time-zone v0.1.65
[INFO] [stderr]    Compiling url v2.5.8
[INFO] [stderr]    Compiling rand v0.8.8
[INFO] [stderr]    Compiling sync_wrapper v0.1.2
[INFO] [stderr]    Compiling ipnet v2.12.2
[INFO] [stderr]    Compiling serde_urlencoded v0.7.1
[INFO] [stderr]    Compiling chrono v0.4.45
[INFO] [stderr]    Compiling tungstenite v0.16.0
[INFO] [stderr]    Compiling lazy_static v1.5.1
[INFO] [stderr]    Compiling hyper v0.14.32
[INFO] [stderr]    Compiling hyper-tls v0.5.0
[INFO] [stderr]    Compiling reqwest v0.11.27
[INFO] [stderr]    Compiling f1 v0.2.0 (/opt/rustwide/workdir)
[INFO] [stdout] warning: use of deprecated associated function `chrono::NaiveTime::from_hms_milli`: use `from_hms_milli_opt()` instead
[INFO] [stdout]   --> src/historical/convert.rs:46:38
[INFO] [stdout]    |
[INFO] [stdout] 46 |         let parsed_time = NaiveTime::from_hms_milli(0, minutes, seconds, millis);
[INFO] [stdout]    |                                      ^^^^^^^^^^^^^^
[INFO] [stdout]    |
[INFO] [stdout]    = note: `#[warn(deprecated)]` on by default
[INFO] [stdout] 
[INFO] [stdout] 
[INFO] [stdout] warning: use of deprecated associated function `chrono::NaiveTime::from_hms_milli`: use `from_hms_milli_opt()` instead
[INFO] [stdout]   --> src/historical/convert.rs:87:38
[INFO] [stdout]    |
[INFO] [stdout] 87 |         let parsed_time = NaiveTime::from_hms_milli(0, minutes, seconds, millis);
[INFO] [stdout]    |                                      ^^^^^^^^^^^^^^
[INFO] [stdout] 
[INFO] [stdout] 
[INFO] [stdout] warning: use of deprecated associated function `chrono::NaiveTime::from_hms`: use `from_hms_opt()` instead
[INFO] [stdout]   --> src/lib.rs:80:34
[INFO] [stdout]    |
[INFO] [stdout] 80 |             lap_time: NaiveTime::from_hms(0, 0, 0),
[INFO] [stdout]    |                                  ^^^^^^^^
[INFO] [stdout] 
[INFO] [stdout] 
[INFO] [stderr]     Finished `release` profile [optimized] target(s) in 2m 13s
[INFO] running `Command { std: "docker" "inspect" "1206f0320e1a990c273332c9981659a197b3cbb33a0842098e138bb8abee8432", kill_on_drop: false }`
[INFO] running `Command { std: "docker" "exec" "-e" "SOURCE_DIR=/opt/rustwide/workdir" "-e" "CARGO_HOME=/opt/rustwide/cargo-home" "-e" "RUSTUP_HOME=/opt/rustwide/rustup-home" "-e" "CARGO_TARGET_DIR=/opt/rustwide/target" "-e" "CARGO_INCREMENTAL=0" "-e" "RUST_BACKTRACE=full" "-e" "RUSTFLAGS=--cap-lints=warn" "-e" "RUSTDOCFLAGS=--cap-lints=warn" "-w" "/opt/rustwide/workdir" "--user" "0:0" "1206f0320e1a990c273332c9981659a197b3cbb33a0842098e138bb8abee8432" "/opt/rustwide/cargo-home/bin/cargo" "+1.99.0-beta.8" "test" "--frozen" "--no-run" "--message-format=json" "--release", kill_on_drop: false }`
[INFO] [stdout] warning: use of deprecated associated function `chrono::NaiveTime::from_hms_milli`: use `from_hms_milli_opt()` instead
[INFO] [stdout]   --> src/historical/convert.rs:46:38
[INFO] [stdout]    |
[INFO] [stdout] 46 |         let parsed_time = NaiveTime::from_hms_milli(0, minutes, seconds, millis);
[INFO] [stdout]    |                                      ^^^^^^^^^^^^^^
[INFO] [stdout]    |
[INFO] [stdout]    = note: `#[warn(deprecated)]` on by default
[INFO] [stdout] 
[INFO] [stdout] 
[INFO] [stdout] warning: use of deprecated associated function `chrono::NaiveTime::from_hms_milli`: use `from_hms_milli_opt()` instead
[INFO] [stdout]   --> src/historical/convert.rs:87:38
[INFO] [stdout]    |
[INFO] [stdout] 87 |         let parsed_time = NaiveTime::from_hms_milli(0, minutes, seconds, millis);
[INFO] [stdout]    |                                      ^^^^^^^^^^^^^^
[INFO] [stdout] 
[INFO] [stdout] 
[INFO] [stdout] warning: use of deprecated associated function `chrono::NaiveTime::from_hms`: use `from_hms_opt()` instead
[INFO] [stdout]   --> src/lib.rs:80:34
[INFO] [stdout]    |
[INFO] [stdout] 80 |             lap_time: NaiveTime::from_hms(0, 0, 0),
[INFO] [stdout]    |                                  ^^^^^^^^
[INFO] [stdout] 
[INFO] [stdout] 
[INFO] [stderr]    Compiling f1 v0.2.0 (/opt/rustwide/workdir)
[INFO] [stdout] warning: use of deprecated associated function `chrono::NaiveTime::from_hms_milli`: use `from_hms_milli_opt()` instead
[INFO] [stdout]   --> src/historical/convert.rs:46:38
[INFO] [stdout]    |
[INFO] [stdout] 46 |         let parsed_time = NaiveTime::from_hms_milli(0, minutes, seconds, millis);
[INFO] [stdout]    |                                      ^^^^^^^^^^^^^^
[INFO] [stdout]    |
[INFO] [stdout]    = note: `#[warn(deprecated)]` on by default
[INFO] [stdout] 
[INFO] [stdout] 
[INFO] [stdout] warning: use of deprecated associated function `chrono::NaiveTime::from_hms_milli`: use `from_hms_milli_opt()` instead
[INFO] [stdout]   --> src/historical/convert.rs:87:38
[INFO] [stdout]    |
[INFO] [stdout] 87 |         let parsed_time = NaiveTime::from_hms_milli(0, minutes, seconds, millis);
[INFO] [stdout]    |                                      ^^^^^^^^^^^^^^
[INFO] [stdout] 
[INFO] [stdout] 
[INFO] [stdout] warning: use of deprecated associated function `chrono::NaiveTime::from_hms_milli`: use `from_hms_milli_opt()` instead
[INFO] [stdout]    --> src/historical/mod.rs:107:45
[INFO] [stdout]     |
[INFO] [stdout] 107 |         assert_eq!(max.lap_time, NaiveTime::from_hms_milli(0, 1, 22, 109));
[INFO] [stdout]     |                                             ^^^^^^^^^^^^^^
[INFO] [stdout] 
[INFO] [stdout] 
[INFO] [stdout] warning: use of deprecated associated function `chrono::NaiveTime::from_hms_milli`: use `from_hms_milli_opt()` instead
[INFO] [stdout]    --> src/historical/mod.rs:111:47
[INFO] [stdout]     |
[INFO] [stdout] 111 |         assert_eq!(lewis.lap_time, NaiveTime::from_hms_milli(0, 1, 22, 480));
[INFO] [stdout]     |                                               ^^^^^^^^^^^^^^
[INFO] [stdout] 
[INFO] [stdout] 
[INFO] [stdout] warning: use of deprecated associated function `chrono::NaiveTime::from_hms_milli`: use `from_hms_milli_opt()` instead
[INFO] [stdout]    --> src/historical/mod.rs:115:48
[INFO] [stdout]     |
[INFO] [stdout] 115 |         assert_eq!(alonso.lap_time, NaiveTime::from_hms_milli(0, 1, 23, 460));
[INFO] [stdout]     |                                                ^^^^^^^^^^^^^^
[INFO] [stdout] 
[INFO] [stdout] 
[INFO] [stdout] warning: use of deprecated associated function `chrono::NaiveTime::from_hms_milli`: use `from_hms_milli_opt()` instead
[INFO] [stdout]    --> src/historical/mod.rs:135:45
[INFO] [stdout]     |
[INFO] [stdout] 135 |         assert_eq!(max.lap_time, NaiveTime::from_hms_milli(0, 1, 26, 103));
[INFO] [stdout]     |                                             ^^^^^^^^^^^^^^
[INFO] [stdout] 
[INFO] [stdout] 
[INFO] [stdout] warning: use of deprecated associated function `chrono::NaiveTime::from_hms_milli`: use `from_hms_milli_opt()` instead
[INFO] [stdout]    --> src/historical/mod.rs:139:47
[INFO] [stdout]     |
[INFO] [stdout] 139 |         assert_eq!(lewis.lap_time, NaiveTime::from_hms_milli(0, 1, 26, 615));
[INFO] [stdout]     |                                               ^^^^^^^^^^^^^^
[INFO] [stdout] 
[INFO] [stdout] 
[INFO] [stdout] warning: use of deprecated associated function `chrono::NaiveTime::from_hms_milli`: use `from_hms_milli_opt()` instead
[INFO] [stdout]   --> src/season.rs:44:24
[INFO] [stdout]    |
[INFO] [stdout] 44 |             NaiveTime::from_hms_milli(0, 1, 28, 997)
[INFO] [stdout]    |                        ^^^^^^^^^^^^^^
[INFO] [stdout] 
[INFO] [stdout] 
[INFO] [stdout] warning: use of deprecated associated function `chrono::NaiveTime::from_hms_milli`: use `from_hms_milli_opt()` instead
[INFO] [stdout]   --> src/season.rs:51:24
[INFO] [stdout]    |
[INFO] [stdout] 51 |             NaiveTime::from_hms_milli(0, 1, 30, 659)
[INFO] [stdout]    |                        ^^^^^^^^^^^^^^
[INFO] [stdout] 
[INFO] [stdout] 
[INFO] [stdout] warning: use of deprecated associated function `chrono::NaiveTime::from_hms_milli`: use `from_hms_milli_opt()` instead
[INFO] [stdout]   --> src/season.rs:66:24
[INFO] [stdout]    |
[INFO] [stdout] 66 |             NaiveTime::from_hms_milli(0, 1, 34, 015)
[INFO] [stdout]    |                        ^^^^^^^^^^^^^^
[INFO] [stdout] 
[INFO] [stdout] 
[INFO] [stdout] warning: use of deprecated associated function `chrono::NaiveTime::from_hms_milli`: use `from_hms_milli_opt()` instead
[INFO] [stdout]   --> src/season.rs:73:24
[INFO] [stdout]    |
[INFO] [stdout] 73 |             NaiveTime::from_hms_milli(0, 1, 33, 228)
[INFO] [stdout]    |                        ^^^^^^^^^^^^^^
[INFO] [stdout] 
[INFO] [stdout] 
[INFO] [stdout] warning: use of deprecated associated function `chrono::NaiveTime::from_hms`: use `from_hms_opt()` instead
[INFO] [stdout]   --> src/lib.rs:80:34
[INFO] [stdout]    |
[INFO] [stdout] 80 |             lap_time: NaiveTime::from_hms(0, 0, 0),
[INFO] [stdout]    |                                  ^^^^^^^^
[INFO] [stdout] 
[INFO] [stdout] 
[INFO] [stderr]     Finished `release` profile [optimized] target(s) in 4.85s
[INFO] running `Command { std: "docker" "inspect" "1206f0320e1a990c273332c9981659a197b3cbb33a0842098e138bb8abee8432", kill_on_drop: false }`
[INFO] running `Command { std: "docker" "exec" "-e" "SOURCE_DIR=/opt/rustwide/workdir" "-e" "CARGO_HOME=/opt/rustwide/cargo-home" "-e" "RUSTUP_HOME=/opt/rustwide/rustup-home" "-e" "CARGO_TARGET_DIR=/opt/rustwide/target" "-e" "CARGO_INCREMENTAL=0" "-e" "RUST_BACKTRACE=full" "-e" "RUSTFLAGS=--cap-lints=warn" "-e" "RUSTDOCFLAGS=--cap-lints=warn" "-w" "/opt/rustwide/workdir" "--user" "0:0" "1206f0320e1a990c273332c9981659a197b3cbb33a0842098e138bb8abee8432" "/opt/rustwide/cargo-home/bin/cargo" "+1.99.0-beta.8" "test" "--frozen" "--release", kill_on_drop: false }`
[INFO] [stderr] warning: use of deprecated associated function `chrono::NaiveTime::from_hms_milli`: use `from_hms_milli_opt()` instead
[INFO] [stderr]   --> src/historical/convert.rs:46:38
[INFO] [stderr]    |
[INFO] [stderr] 46 |         let parsed_time = NaiveTime::from_hms_milli(0, minutes, seconds, millis);
[INFO] [stderr]    |                                      ^^^^^^^^^^^^^^
[INFO] [stderr]    |
[INFO] [stderr]    = note: `#[warn(deprecated)]` on by default
[INFO] [stderr] 
[INFO] [stderr] warning: use of deprecated associated function `chrono::NaiveTime::from_hms_milli`: use `from_hms_milli_opt()` instead
[INFO] [stderr]   --> src/historical/convert.rs:87:38
[INFO] [stderr]    |
[INFO] [stderr] 87 |         let parsed_time = NaiveTime::from_hms_milli(0, minutes, seconds, millis);
[INFO] [stderr]    |                                      ^^^^^^^^^^^^^^
[INFO] [stderr] 
[INFO] [stderr] warning: use of deprecated associated function `chrono::NaiveTime::from_hms`: use `from_hms_opt()` instead
[INFO] [stderr]   --> src/lib.rs:80:34
[INFO] [stderr]    |
[INFO] [stderr] 80 |             lap_time: NaiveTime::from_hms(0, 0, 0),
[INFO] [stderr]    |                                  ^^^^^^^^
[INFO] [stderr] 
[INFO] [stderr] warning: use of deprecated associated function `chrono::NaiveTime::from_hms_milli`: use `from_hms_milli_opt()` instead
[INFO] [stderr]    --> src/historical/mod.rs:107:45
[INFO] [stderr]     |
[INFO] [stderr] 107 |         assert_eq!(max.lap_time, NaiveTime::from_hms_milli(0, 1, 22, 109));
[INFO] [stderr]     |                                             ^^^^^^^^^^^^^^
[INFO] [stderr] 
[INFO] [stderr] warning: use of deprecated associated function `chrono::NaiveTime::from_hms_milli`: use `from_hms_milli_opt()` instead
[INFO] [stderr]    --> src/historical/mod.rs:111:47
[INFO] [stderr]     |
[INFO] [stderr] 111 |         assert_eq!(lewis.lap_time, NaiveTime::from_hms_milli(0, 1, 22, 480));
[INFO] [stderr]     |                                               ^^^^^^^^^^^^^^
[INFO] [stderr] 
[INFO] [stderr] warning: use of deprecated associated function `chrono::NaiveTime::from_hms_milli`: use `from_hms_milli_opt()` instead
[INFO] [stderr]    --> src/historical/mod.rs:115:48
[INFO] [stderr]     |
[INFO] [stderr] 115 |         assert_eq!(alonso.lap_time, NaiveTime::from_hms_milli(0, 1, 23, 460));
[INFO] [stderr]     |                                                ^^^^^^^^^^^^^^
[INFO] [stderr] 
[INFO] [stderr] warning: use of deprecated associated function `chrono::NaiveTime::from_hms_milli`: use `from_hms_milli_opt()` instead
[INFO] [stderr]    --> src/historical/mod.rs:135:45
[INFO] [stderr]     |
[INFO] [stderr] 135 |         assert_eq!(max.lap_time, NaiveTime::from_hms_milli(0, 1, 26, 103));
[INFO] [stderr]     |                                             ^^^^^^^^^^^^^^
[INFO] [stderr] 
[INFO] [stderr] warning: use of deprecated associated function `chrono::NaiveTime::from_hms_milli`: use `from_hms_milli_opt()` instead
[INFO] [stderr]    --> src/historical/mod.rs:139:47
[INFO] [stderr]     |
[INFO] [stderr] 139 |         assert_eq!(lewis.lap_time, NaiveTime::from_hms_milli(0, 1, 26, 615));
[INFO] [stderr]     |                                               ^^^^^^^^^^^^^^
[INFO] [stderr] 
[INFO] [stderr] warning: use of deprecated associated function `chrono::NaiveTime::from_hms_milli`: use `from_hms_milli_opt()` instead
[INFO] [stderr]   --> src/season.rs:44:24
[INFO] [stderr]    |
[INFO] [stderr] 44 |             NaiveTime::from_hms_milli(0, 1, 28, 997)
[INFO] [stderr]    |                        ^^^^^^^^^^^^^^
[INFO] [stderr] 
[INFO] [stderr] warning: use of deprecated associated function `chrono::NaiveTime::from_hms_milli`: use `from_hms_milli_opt()` instead
[INFO] [stderr]   --> src/season.rs:51:24
[INFO] [stderr]    |
[INFO] [stderr] 51 |             NaiveTime::from_hms_milli(0, 1, 30, 659)
[INFO] [stderr]    |                        ^^^^^^^^^^^^^^
[INFO] [stderr] 
[INFO] [stderr] warning: use of deprecated associated function `chrono::NaiveTime::from_hms_milli`: use `from_hms_milli_opt()` instead
[INFO] [stderr]   --> src/season.rs:66:24
[INFO] [stderr]    |
[INFO] [stderr] 66 |             NaiveTime::from_hms_milli(0, 1, 34, 015)
[INFO] [stderr]    |                        ^^^^^^^^^^^^^^
[INFO] [stderr] 
[INFO] [stderr] warning: use of deprecated associated function `chrono::NaiveTime::from_hms_milli`: use `from_hms_milli_opt()` instead
[INFO] [stderr]   --> src/season.rs:73:24
[INFO] [stderr]    |
[INFO] [stderr] 73 |             NaiveTime::from_hms_milli(0, 1, 33, 228)
[INFO] [stderr]    |                        ^^^^^^^^^^^^^^
[INFO] [stderr] 
[INFO] [stderr] warning: `f1` (lib) generated 3 warnings
[INFO] [stderr] warning: `f1` (lib test) generated 12 warnings (3 duplicates)
[INFO] [stderr]     Finished `release` profile [optimized] target(s) in 0.21s
[INFO] [stderr]      Running unittests src/lib.rs (/opt/rustwide/target/release/deps/f1-c8c84c90a33d3f34)
[INFO] [stdout] 
[INFO] [stdout] running 11 tests
[INFO] [stdout] test livetiming::tests::test_signalr ... FAILED
[INFO] [stdout] test historical::tests::test_get_2021_season ... FAILED
[INFO] [stdout] test season::tests::test_bahrain_2021_quali ... FAILED
[INFO] [stdout] test historical::tests::test_quali_results ... FAILED
[INFO] [stdout] test tests::test_type_to_string ... ok
[INFO] [stdout] test historical::tests::test_race_results_with_from ... FAILED
[INFO] [stdout] test historical::tests::test_race_results ... FAILED
[INFO] [stdout] test historical::tests::test_get_weekend ... FAILED
[INFO] [stdout] test historical::tests::test_quali_results_with_from ... FAILED
[INFO] [stdout] test season::tests::test_2021_season ... FAILED
[INFO] [stderr] error: test failed, to rerun pass `--lib`
[INFO] [stdout] test season::tests::test_bahrain_2021_race ... FAILED
[INFO] [stdout] 
[INFO] [stdout] failures:
[INFO] [stdout] 
[INFO] [stdout] ---- livetiming::tests::test_signalr stdout ----
[INFO] [stdout] 
[INFO] [stdout] thread 'livetiming::tests::test_signalr' (1645) panicked at src/livetiming.rs:31:51:
[INFO] [stdout] Can't connect: Io(Custom { kind: Uncategorized, error: "failed to lookup address information: Temporary failure in name resolution" })
[INFO] [stdout] stack backtrace:
[INFO] [stdout]    0:     0x5a26c7296751 - <<std[70759c8f55707aa4]::sys::backtrace::BacktraceLock>::print::DisplayBacktrace as core[df12db4294e9bfd3]::fmt::Display>::fmt
[INFO] [stdout]    1:     0x5a26c72adbba - core[df12db4294e9bfd3]::fmt::write
[INFO] [stdout]    2:     0x5a26c729b1fc - <alloc[2182bb758b4b3781]::vec::Vec<u8> as core[df12db4294e9bfd3]::io::write::Write>::write_fmt
[INFO] [stdout]    3:     0x5a26c7271786 - std[70759c8f55707aa4]::panicking::default_hook::{closure#0}
[INFO] [stdout]    4:     0x5a26c728e459 - std[70759c8f55707aa4]::panicking::default_hook
[INFO] [stdout]    5:     0x5a26c71f1f00 - test[9d35eded1c95d3be]::test_main_inner::<test[9d35eded1c95d3be]::test_main_static::{closure#0}>::{closure#0}
[INFO] [stdout]    6:     0x5a26c728e782 - std[70759c8f55707aa4]::panicking::panic_with_hook
[INFO] [stdout]    7:     0x5a26c7271832 - std[70759c8f55707aa4]::panicking::panic_handler::{closure#0}
[INFO] [stdout]    8:     0x5a26c726a4d9 - std[70759c8f55707aa4]::sys::backtrace::__rust_end_short_backtrace::<std[70759c8f55707aa4]::panicking::panic_handler::{closure#0}, !>
[INFO] [stdout]    9:     0x5a26c727261d - __rustc[8fa7c3cbc660c2b3]::rust_begin_unwind
[INFO] [stdout]   10:     0x5a26c72ae31c - core[df12db4294e9bfd3]::panicking::panic_fmt
[INFO] [stdout]   11:     0x5a26c72ae0f2 - core[df12db4294e9bfd3]::result::unwrap_failed
[INFO] [stdout]   12:     0x5a26c70ba08e - f1[d3ec8cad14e4fe4e]::livetiming::tests::test_signalr
[INFO] [stdout]   13:     0x5a26c70d1869 - <f1[d3ec8cad14e4fe4e]::livetiming::tests::test_signalr::{closure#0} as core[df12db4294e9bfd3]::ops::function::FnOnce<()>>::call_once
[INFO] [stdout]   14:     0x5a26c71e51eb - test[9d35eded1c95d3be]::__rust_begin_short_backtrace::<core[df12db4294e9bfd3]::result::Result<(), alloc[2182bb758b4b3781]::string::String>, fn() -> core[df12db4294e9bfd3]::result::Result<(), alloc[2182bb758b4b3781]::string::String>>
[INFO] [stdout]   15:     0x5a26c71f2855 - test[9d35eded1c95d3be]::run_test::{closure#0}
[INFO] [stdout]   16:     0x5a26c71ec114 - std[70759c8f55707aa4]::sys::backtrace::__rust_begin_short_backtrace::<test[9d35eded1c95d3be]::run_test::{closure#1}, ()>
[INFO] [stdout]   17:     0x5a26c71f59b2 - <std[70759c8f55707aa4]::thread::lifecycle::spawn_unchecked<test[9d35eded1c95d3be]::run_test::{closure#1}, ()>::{closure#1} as core[df12db4294e9bfd3]::ops::function::FnOnce<()>>::call_once::{shim:vtable#0}
[INFO] [stdout]   18:     0x5a26c7295ac9 - <std[70759c8f55707aa4]::sys::thread::unix::Thread>::new::thread_start
[INFO] [stdout]   19:     0x7c3c2dc2cdfa - <unknown>
[INFO] [stdout]   20:     0x7c3c2dcc03d4 - clone
[INFO] [stdout]   21:                0x0 - <unknown>
[INFO] [stdout] 
[INFO] [stdout] ---- historical::tests::test_get_2021_season stdout ----
[INFO] [stdout] 
[INFO] [stdout] thread 'historical::tests::test_get_2021_season' (1639) panicked at src/historical/mod.rs:152:41:
[INFO] [stdout] called `Result::unwrap()` on an `Err` value: ApiNotReachable
[INFO] [stdout] stack backtrace:
[INFO] [stdout]    0:     0x5a26c7296751 - <<std[70759c8f55707aa4]::sys::backtrace::BacktraceLock>::print::DisplayBacktrace as core[df12db4294e9bfd3]::fmt::Display>::fmt
[INFO] [stdout]    1:     0x5a26c72adbba - core[df12db4294e9bfd3]::fmt::write
[INFO] [stdout]    2:     0x5a26c729b1fc - <alloc[2182bb758b4b3781]::vec::Vec<u8> as core[df12db4294e9bfd3]::io::write::Write>::write_fmt
[INFO] [stdout]    3:     0x5a26c7271786 - std[70759c8f55707aa4]::panicking::default_hook::{closure#0}
[INFO] [stdout]    4:     0x5a26c728e459 - std[70759c8f55707aa4]::panicking::default_hook
[INFO] [stdout]    5:     0x5a26c71f1f00 - test[9d35eded1c95d3be]::test_main_inner::<test[9d35eded1c95d3be]::test_main_static::{closure#0}>::{closure#0}
[INFO] [stdout]    6:     0x5a26c728e782 - std[70759c8f55707aa4]::panicking::panic_with_hook
[INFO] [stdout]    7:     0x5a26c7271832 - std[70759c8f55707aa4]::panicking::panic_handler::{closure#0}
[INFO] [stdout]    8:     0x5a26c726a4d9 - std[70759c8f55707aa4]::sys::backtrace::__rust_end_short_backtrace::<std[70759c8f55707aa4]::panicking::panic_handler::{closure#0}, !>
[INFO] [stdout]    9:     0x5a26c727261d - __rustc[8fa7c3cbc660c2b3]::rust_begin_unwind
[INFO] [stdout]   10:     0x5a26c72ae31c - core[df12db4294e9bfd3]::panicking::panic_fmt
[INFO] [stdout]   11:     0x5a26c72ae0f2 - core[df12db4294e9bfd3]::result::unwrap_failed
[INFO] [stdout]   12:     0x5a26c70cb621 - f1[d3ec8cad14e4fe4e]::historical::tests::test_get_2021_season
[INFO] [stdout]   13:     0x5a26c70d1809 - <f1[d3ec8cad14e4fe4e]::historical::tests::test_get_2021_season::{closure#0} as core[df12db4294e9bfd3]::ops::function::FnOnce<()>>::call_once
[INFO] [stdout]   14:     0x5a26c71e51eb - test[9d35eded1c95d3be]::__rust_begin_short_backtrace::<core[df12db4294e9bfd3]::result::Result<(), alloc[2182bb758b4b3781]::string::String>, fn() -> core[df12db4294e9bfd3]::result::Result<(), alloc[2182bb758b4b3781]::string::String>>
[INFO] [stdout]   15:     0x5a26c71f2855 - test[9d35eded1c95d3be]::run_test::{closure#0}
[INFO] [stdout]   16:     0x5a26c71ec114 - std[70759c8f55707aa4]::sys::backtrace::__rust_begin_short_backtrace::<test[9d35eded1c95d3be]::run_test::{closure#1}, ()>
[INFO] [stdout]   17:     0x5a26c71f59b2 - <std[70759c8f55707aa4]::thread::lifecycle::spawn_unchecked<test[9d35eded1c95d3be]::run_test::{closure#1}, ()>::{closure#1} as core[df12db4294e9bfd3]::ops::function::FnOnce<()>>::call_once::{shim:vtable#0}
[INFO] [stdout]   18:     0x5a26c7295ac9 - <std[70759c8f55707aa4]::sys::thread::unix::Thread>::new::thread_start
[INFO] [stdout]   19:     0x7c3c2dc2cdfa - <unknown>
[INFO] [stdout]   20:     0x7c3c2dcc03d4 - clone
[INFO] [stdout]   21:                0x0 - <unknown>
[INFO] [stdout] 
[INFO] [stdout] ---- season::tests::test_bahrain_2021_quali stdout ----
[INFO] [stdout] 
[INFO] [stdout] thread 'season::tests::test_bahrain_2021_quali' (1654) panicked at src/season.rs:28:40:
[INFO] [stdout] called `Result::unwrap()` on an `Err` value: ApiNotReachable
[INFO] [stdout] stack backtrace:
[INFO] [stdout]    0:     0x5a26c7296751 - <<std[70759c8f55707aa4]::sys::backtrace::BacktraceLock>::print::DisplayBacktrace as core[df12db4294e9bfd3]::fmt::Display>::fmt
[INFO] [stdout]    1:     0x5a26c72adbba - core[df12db4294e9bfd3]::fmt::write
[INFO] [stdout]    2:     0x5a26c729b1fc - <alloc[2182bb758b4b3781]::vec::Vec<u8> as core[df12db4294e9bfd3]::io::write::Write>::write_fmt
[INFO] [stdout]    3:     0x5a26c7271786 - std[70759c8f55707aa4]::panicking::default_hook::{closure#0}
[INFO] [stdout]    4:     0x5a26c728e459 - std[70759c8f55707aa4]::panicking::default_hook
[INFO] [stdout]    5:     0x5a26c71f1f00 - test[9d35eded1c95d3be]::test_main_inner::<test[9d35eded1c95d3be]::test_main_static::{closure#0}>::{closure#0}
[INFO] [stdout]    6:     0x5a26c728e782 - std[70759c8f55707aa4]::panicking::panic_with_hook
[INFO] [stdout]    7:     0x5a26c7271832 - std[70759c8f55707aa4]::panicking::panic_handler::{closure#0}
[INFO] [stdout]    8:     0x5a26c726a4d9 - std[70759c8f55707aa4]::sys::backtrace::__rust_end_short_backtrace::<std[70759c8f55707aa4]::panicking::panic_handler::{closure#0}, !>
[INFO] [stdout]    9:     0x5a26c727261d - __rustc[8fa7c3cbc660c2b3]::rust_begin_unwind
[INFO] [stdout]   10:     0x5a26c72ae31c - core[df12db4294e9bfd3]::panicking::panic_fmt
[INFO] [stdout]   11:     0x5a26c72ae0f2 - core[df12db4294e9bfd3]::result::unwrap_failed
[INFO] [stdout]   12:     0x5a26c70d22c7 - <f1[d3ec8cad14e4fe4e]::season::tests::test_bahrain_2021_quali::{closure#0} as core[df12db4294e9bfd3]::ops::function::FnOnce<()>>::call_once
[INFO] [stdout]   13:     0x5a26c71e51eb - test[9d35eded1c95d3be]::__rust_begin_short_backtrace::<core[df12db4294e9bfd3]::result::Result<(), alloc[2182bb758b4b3781]::string::String>, fn() -> core[df12db4294e9bfd3]::result::Result<(), alloc[2182bb758b4b3781]::string::String>>
[INFO] [stdout]   14:     0x5a26c71f2855 - test[9d35eded1c95d3be]::run_test::{closure#0}
[INFO] [stdout]   15:     0x5a26c71ec114 - std[70759c8f55707aa4]::sys::backtrace::__rust_begin_short_backtrace::<test[9d35eded1c95d3be]::run_test::{closure#1}, ()>
[INFO] [stdout]   16:     0x5a26c71f59b2 - <std[70759c8f55707aa4]::thread::lifecycle::spawn_unchecked<test[9d35eded1c95d3be]::run_test::{closure#1}, ()>::{closure#1} as core[df12db4294e9bfd3]::ops::function::FnOnce<()>>::call_once::{shim:vtable#0}
[INFO] [stdout]   17:     0x5a26c7295ac9 - <std[70759c8f55707aa4]::sys::thread::unix::Thread>::new::thread_start
[INFO] [stdout]   18:     0x7c3c2dc2cdfa - <unknown>
[INFO] [stdout]   19:     0x7c3c2dcc03d4 - clone
[INFO] [stdout]   20:                0x0 - <unknown>
[INFO] [stdout] 
[INFO] [stdout] ---- historical::tests::test_quali_results stdout ----
[INFO] [stdout] 
[INFO] [stdout] thread 'historical::tests::test_quali_results' (1641) panicked at src/historical/mod.rs:92:52:
[INFO] [stdout] called `Result::unwrap()` on an `Err` value: ApiNotReachable
[INFO] [stdout] stack backtrace:
[INFO] [stdout]    0:     0x5a26c7296751 - <<std[70759c8f55707aa4]::sys::backtrace::BacktraceLock>::print::DisplayBacktrace as core[df12db4294e9bfd3]::fmt::Display>::fmt
[INFO] [stdout]    1:     0x5a26c72adbba - core[df12db4294e9bfd3]::fmt::write
[INFO] [stdout]    2:     0x5a26c729b1fc - <alloc[2182bb758b4b3781]::vec::Vec<u8> as core[df12db4294e9bfd3]::io::write::Write>::write_fmt
[INFO] [stdout]    3:     0x5a26c7271786 - std[70759c8f55707aa4]::panicking::default_hook::{closure#0}
[INFO] [stdout]    4:     0x5a26c728e459 - std[70759c8f55707aa4]::panicking::default_hook
[INFO] [stdout]    5:     0x5a26c71f1f00 - test[9d35eded1c95d3be]::test_main_inner::<test[9d35eded1c95d3be]::test_main_static::{closure#0}>::{closure#0}
[INFO] [stdout]    6:     0x5a26c728e782 - std[70759c8f55707aa4]::panicking::panic_with_hook
[INFO] [stdout]    7:     0x5a26c7271832 - std[70759c8f55707aa4]::panicking::panic_handler::{closure#0}
[INFO] [stdout]    8:     0x5a26c726a4d9 - std[70759c8f55707aa4]::sys::backtrace::__rust_end_short_backtrace::<std[70759c8f55707aa4]::panicking::panic_handler::{closure#0}, !>
[INFO] [stdout]    9:     0x5a26c727261d - __rustc[8fa7c3cbc660c2b3]::rust_begin_unwind
[INFO] [stdout]   10:     0x5a26c72ae31c - core[df12db4294e9bfd3]::panicking::panic_fmt
[INFO] [stdout]   11:     0x5a26c72ae0f2 - core[df12db4294e9bfd3]::result::unwrap_failed
[INFO] [stdout]   12:     0x5a26c70cb15e - f1[d3ec8cad14e4fe4e]::historical::tests::test_quali_results
[INFO] [stdout]   13:     0x5a26c70d17e9 - <f1[d3ec8cad14e4fe4e]::historical::tests::test_quali_results::{closure#0} as core[df12db4294e9bfd3]::ops::function::FnOnce<()>>::call_once
[INFO] [stdout]   14:     0x5a26c71e51eb - test[9d35eded1c95d3be]::__rust_begin_short_backtrace::<core[df12db4294e9bfd3]::result::Result<(), alloc[2182bb758b4b3781]::string::String>, fn() -> core[df12db4294e9bfd3]::result::Result<(), alloc[2182bb758b4b3781]::string::String>>
[INFO] [stdout]   15:     0x5a26c71f2855 - test[9d35eded1c95d3be]::run_test::{closure#0}
[INFO] [stdout]   16:     0x5a26c71ec114 - std[70759c8f55707aa4]::sys::backtrace::__rust_begin_short_backtrace::<test[9d35eded1c95d3be]::run_test::{closure#1}, ()>
[INFO] [stdout]   17:     0x5a26c71f59b2 - <std[70759c8f55707aa4]::thread::lifecycle::spawn_unchecked<test[9d35eded1c95d3be]::run_test::{closure#1}, ()>::{closure#1} as core[df12db4294e9bfd3]::ops::function::FnOnce<()>>::call_once::{shim:vtable#0}
[INFO] [stdout]   18:     0x5a26c7295ac9 - <std[70759c8f55707aa4]::sys::thread::unix::Thread>::new::thread_start
[INFO] [stdout]   19:     0x7c3c2dc2cdfa - <unknown>
[INFO] [stdout]   20:     0x7c3c2dcc03d4 - clone
[INFO] [stdout]   21:                0x0 - <unknown>
[INFO] [stdout] 
[INFO] [stdout] ---- historical::tests::test_race_results_with_from stdout ----
[INFO] [stdout] 
[INFO] [stdout] thread 'historical::tests::test_race_results_with_from' (1644) panicked at src/historical/mod.rs:128:52:
[INFO] [stdout] called `Result::unwrap()` on an `Err` value: ApiNotReachable
[INFO] [stdout] stack backtrace:
[INFO] [stdout]    0:     0x5a26c7296751 - <<std[70759c8f55707aa4]::sys::backtrace::BacktraceLock>::print::DisplayBacktrace as core[df12db4294e9bfd3]::fmt::Display>::fmt
[INFO] [stdout]    1:     0x5a26c72adbba - core[df12db4294e9bfd3]::fmt::write
[INFO] [stdout]    2:     0x5a26c729b1fc - <alloc[2182bb758b4b3781]::vec::Vec<u8> as core[df12db4294e9bfd3]::io::write::Write>::write_fmt
[INFO] [stdout]    3:     0x5a26c7271786 - std[70759c8f55707aa4]::panicking::default_hook::{closure#0}
[INFO] [stdout]    4:     0x5a26c728e459 - std[70759c8f55707aa4]::panicking::default_hook
[INFO] [stdout]    5:     0x5a26c71f1f00 - test[9d35eded1c95d3be]::test_main_inner::<test[9d35eded1c95d3be]::test_main_static::{closure#0}>::{closure#0}
[INFO] [stdout]    6:     0x5a26c728e782 - std[70759c8f55707aa4]::panicking::panic_with_hook
[INFO] [stdout]    7:     0x5a26c7271832 - std[70759c8f55707aa4]::panicking::panic_handler::{closure#0}
[INFO] [stdout]    8:     0x5a26c726a4d9 - std[70759c8f55707aa4]::sys::backtrace::__rust_end_short_backtrace::<std[70759c8f55707aa4]::panicking::panic_handler::{closure#0}, !>
[INFO] [stdout]    9:     0x5a26c727261d - __rustc[8fa7c3cbc660c2b3]::rust_begin_unwind
[INFO] [stdout]   10:     0x5a26c72ae31c - core[df12db4294e9bfd3]::panicking::panic_fmt
[INFO] [stdout]   11:     0x5a26c72ae0f2 - core[df12db4294e9bfd3]::result::unwrap_failed
[INFO] [stdout]   12:     0x5a26c70cb8d9 - f1[d3ec8cad14e4fe4e]::historical::tests::test_race_results_with_from
[INFO] [stdout]   13:     0x5a26c70d1829 - <f1[d3ec8cad14e4fe4e]::historical::tests::test_race_results_with_from::{closure#0} as core[df12db4294e9bfd3]::ops::function::FnOnce<()>>::call_once
[INFO] [stdout]   14:     0x5a26c71e51eb - test[9d35eded1c95d3be]::__rust_begin_short_backtrace::<core[df12db4294e9bfd3]::result::Result<(), alloc[2182bb758b4b3781]::string::String>, fn() -> core[df12db4294e9bfd3]::result::Result<(), alloc[2182bb758b4b3781]::string::String>>
[INFO] [stdout]   15:     0x5a26c71f2855 - test[9d35eded1c95d3be]::run_test::{closure#0}
[INFO] [stdout]   16:     0x5a26c71ec114 - std[70759c8f55707aa4]::sys::backtrace::__rust_begin_short_backtrace::<test[9d35eded1c95d3be]::run_test::{closure#1}, ()>
[INFO] [stdout]   17:     0x5a26c71f59b2 - <std[70759c8f55707aa4]::thread::lifecycle::spawn_unchecked<test[9d35eded1c95d3be]::run_test::{closure#1}, ()>::{closure#1} as core[df12db4294e9bfd3]::ops::function::FnOnce<()>>::call_once::{shim:vtable#0}
[INFO] [stdout]   18:     0x5a26c7295ac9 - <std[70759c8f55707aa4]::sys::thread::unix::Thread>::new::thread_start
[INFO] [stdout]   19:     0x7c3c2dc2cdfa - <unknown>
[INFO] [stdout]   20:     0x7c3c2dcc03d4 - clone
[INFO] [stdout]   21:                0x0 - <unknown>
[INFO] [stdout] 
[INFO] [stdout] ---- historical::tests::test_race_results stdout ----
[INFO] [stdout] 
[INFO] [stdout] thread 'historical::tests::test_race_results' (1643) panicked at src/historical/mod.rs:120:52:
[INFO] [stdout] called `Result::unwrap()` on an `Err` value: ApiNotReachable
[INFO] [stdout] stack backtrace:
[INFO] [stdout]    0:     0x5a26c7296751 - <<std[70759c8f55707aa4]::sys::backtrace::BacktraceLock>::print::DisplayBacktrace as core[df12db4294e9bfd3]::fmt::Display>::fmt
[INFO] [stdout]    1:     0x5a26c72adbba - core[df12db4294e9bfd3]::fmt::write
[INFO] [stdout]    2:     0x5a26c729b1fc - <alloc[2182bb758b4b3781]::vec::Vec<u8> as core[df12db4294e9bfd3]::io::write::Write>::write_fmt
[INFO] [stdout]    3:     0x5a26c7271786 - std[70759c8f55707aa4]::panicking::default_hook::{closure#0}
[INFO] [stdout]    4:     0x5a26c728e459 - std[70759c8f55707aa4]::panicking::default_hook
[INFO] [stdout]    5:     0x5a26c71f1f00 - test[9d35eded1c95d3be]::test_main_inner::<test[9d35eded1c95d3be]::test_main_static::{closure#0}>::{closure#0}
[INFO] [stdout]    6:     0x5a26c728e782 - std[70759c8f55707aa4]::panicking::panic_with_hook
[INFO] [stdout]    7:     0x5a26c7271832 - std[70759c8f55707aa4]::panicking::panic_handler::{closure#0}
[INFO] [stdout]    8:     0x5a26c726a4d9 - std[70759c8f55707aa4]::sys::backtrace::__rust_end_short_backtrace::<std[70759c8f55707aa4]::panicking::panic_handler::{closure#0}, !>
[INFO] [stdout]    9:     0x5a26c727261d - __rustc[8fa7c3cbc660c2b3]::rust_begin_unwind
[INFO] [stdout]   10:     0x5a26c72ae31c - core[df12db4294e9bfd3]::panicking::panic_fmt
[INFO] [stdout]   11:     0x5a26c72ae0f2 - core[df12db4294e9bfd3]::result::unwrap_failed
[INFO] [stdout]   12:     0x5a26c70cac2e - f1[d3ec8cad14e4fe4e]::historical::tests::test_race_results
[INFO] [stdout]   13:     0x5a26c70d17c9 - <f1[d3ec8cad14e4fe4e]::historical::tests::test_race_results::{closure#0} as core[df12db4294e9bfd3]::ops::function::FnOnce<()>>::call_once
[INFO] [stdout]   14:     0x5a26c71e51eb - test[9d35eded1c95d3be]::__rust_begin_short_backtrace::<core[df12db4294e9bfd3]::result::Result<(), alloc[2182bb758b4b3781]::string::String>, fn() -> core[df12db4294e9bfd3]::result::Result<(), alloc[2182bb758b4b3781]::string::String>>
[INFO] [stdout]   15:     0x5a26c71f2855 - test[9d35eded1c95d3be]::run_test::{closure#0}
[INFO] [stdout]   16:     0x5a26c71ec114 - std[70759c8f55707aa4]::sys::backtrace::__rust_begin_short_backtrace::<test[9d35eded1c95d3be]::run_test::{closure#1}, ()>
[INFO] [stdout]   17:     0x5a26c71f59b2 - <std[70759c8f55707aa4]::thread::lifecycle::spawn_unchecked<test[9d35eded1c95d3be]::run_test::{closure#1}, ()>::{closure#1} as core[df12db4294e9bfd3]::ops::function::FnOnce<()>>::call_once::{shim:vtable#0}
[INFO] [stdout]   18:     0x5a26c7295ac9 - <std[70759c8f55707aa4]::sys::thread::unix::Thread>::new::thread_start
[INFO] [stdout]   19:     0x7c3c2dc2cdfa - <unknown>
[INFO] [stdout]   20:     0x7c3c2dcc03d4 - clone
[INFO] [stdout]   21:                0x0 - <unknown>
[INFO] [stdout] 
[INFO] [stdout] ---- historical::tests::test_get_weekend stdout ----
[INFO] [stdout] 
[INFO] [stdout] thread 'historical::tests::test_get_weekend' (1640) panicked at src/historical/mod.rs:144:52:
[INFO] [stdout] called `Result::unwrap()` on an `Err` value: ApiNotReachable
[INFO] [stdout] stack backtrace:
[INFO] [stdout]    0:     0x5a26c7296751 - <<std[70759c8f55707aa4]::sys::backtrace::BacktraceLock>::print::DisplayBacktrace as core[df12db4294e9bfd3]::fmt::Display>::fmt
[INFO] [stdout]    1:     0x5a26c72adbba - core[df12db4294e9bfd3]::fmt::write
[INFO] [stdout]    2:     0x5a26c729b1fc - <alloc[2182bb758b4b3781]::vec::Vec<u8> as core[df12db4294e9bfd3]::io::write::Write>::write_fmt
[INFO] [stdout]    3:     0x5a26c7271786 - std[70759c8f55707aa4]::panicking::default_hook::{closure#0}
[INFO] [stdout]    4:     0x5a26c728e459 - std[70759c8f55707aa4]::panicking::default_hook
[INFO] [stdout]    5:     0x5a26c71f1f00 - test[9d35eded1c95d3be]::test_main_inner::<test[9d35eded1c95d3be]::test_main_static::{closure#0}>::{closure#0}
[INFO] [stdout]    6:     0x5a26c728e782 - std[70759c8f55707aa4]::panicking::panic_with_hook
[INFO] [stdout]    7:     0x5a26c7271832 - std[70759c8f55707aa4]::panicking::panic_handler::{closure#0}
[INFO] [stdout]    8:     0x5a26c726a4d9 - std[70759c8f55707aa4]::sys::backtrace::__rust_end_short_backtrace::<std[70759c8f55707aa4]::panicking::panic_handler::{closure#0}, !>
[INFO] [stdout]    9:     0x5a26c727261d - __rustc[8fa7c3cbc660c2b3]::rust_begin_unwind
[INFO] [stdout]   10:     0x5a26c72ae31c - core[df12db4294e9bfd3]::panicking::panic_fmt
[INFO] [stdout]   11:     0x5a26c72ae0f2 - core[df12db4294e9bfd3]::result::unwrap_failed
[INFO] [stdout]   12:     0x5a26c70ca8a5 - f1[d3ec8cad14e4fe4e]::historical::tests::test_get_weekend
[INFO] [stdout]   13:     0x5a26c70d17a9 - <f1[d3ec8cad14e4fe4e]::historical::tests::test_get_weekend::{closure#0} as core[df12db4294e9bfd3]::ops::function::FnOnce<()>>::call_once
[INFO] [stdout]   14:     0x5a26c71e51eb - test[9d35eded1c95d3be]::__rust_begin_short_backtrace::<core[df12db4294e9bfd3]::result::Result<(), alloc[2182bb758b4b3781]::string::String>, fn() -> core[df12db4294e9bfd3]::result::Result<(), alloc[2182bb758b4b3781]::string::String>>
[INFO] [stdout]   15:     0x5a26c71f2855 - test[9d35eded1c95d3be]::run_test::{closure#0}
[INFO] [stdout]   16:     0x5a26c71ec114 - std[70759c8f55707aa4]::sys::backtrace::__rust_begin_short_backtrace::<test[9d35eded1c95d3be]::run_test::{closure#1}, ()>
[INFO] [stdout]   17:     0x5a26c71f59b2 - <std[70759c8f55707aa4]::thread::lifecycle::spawn_unchecked<test[9d35eded1c95d3be]::run_test::{closure#1}, ()>::{closure#1} as core[df12db4294e9bfd3]::ops::function::FnOnce<()>>::call_once::{shim:vtable#0}
[INFO] [stdout]   18:     0x5a26c7295ac9 - <std[70759c8f55707aa4]::sys::thread::unix::Thread>::new::thread_start
[INFO] [stdout]   19:     0x7c3c2dc2cdfa - <unknown>
[INFO] [stdout]   20:     0x7c3c2dcc03d4 - clone
[INFO] [stdout]   21:                0x0 - <unknown>
[INFO] [stdout] 
[INFO] [stdout] ---- historical::tests::test_quali_results_with_from stdout ----
[INFO] [stdout] 
[INFO] [stdout] thread 'historical::tests::test_quali_results_with_from' (1642) panicked at src/historical/mod.rs:100:52:
[INFO] [stdout] called `Result::unwrap()` on an `Err` value: ApiNotReachable
[INFO] [stdout] stack backtrace:
[INFO] [stdout]    0:     0x5a26c7296751 - <<std[70759c8f55707aa4]::sys::backtrace::BacktraceLock>::print::DisplayBacktrace as core[df12db4294e9bfd3]::fmt::Display>::fmt
[INFO] [stdout]    1:     0x5a26c72adbba - core[df12db4294e9bfd3]::fmt::write
[INFO] [stdout]    2:     0x5a26c729b1fc - <alloc[2182bb758b4b3781]::vec::Vec<u8> as core[df12db4294e9bfd3]::io::write::Write>::write_fmt
[INFO] [stdout]    3:     0x5a26c7271786 - std[70759c8f55707aa4]::panicking::default_hook::{closure#0}
[INFO] [stdout]    4:     0x5a26c728e459 - std[70759c8f55707aa4]::panicking::default_hook
[INFO] [stdout]    5:     0x5a26c71f1f00 - test[9d35eded1c95d3be]::test_main_inner::<test[9d35eded1c95d3be]::test_main_static::{closure#0}>::{closure#0}
[INFO] [stdout]    6:     0x5a26c728e782 - std[70759c8f55707aa4]::panicking::panic_with_hook
[INFO] [stdout]    7:     0x5a26c7271832 - std[70759c8f55707aa4]::panicking::panic_handler::{closure#0}
[INFO] [stdout]    8:     0x5a26c726a4d9 - std[70759c8f55707aa4]::sys::backtrace::__rust_end_short_backtrace::<std[70759c8f55707aa4]::panicking::panic_handler::{closure#0}, !>
[INFO] [stdout]    9:     0x5a26c727261d - __rustc[8fa7c3cbc660c2b3]::rust_begin_unwind
[INFO] [stdout]   10:     0x5a26c72ae31c - core[df12db4294e9bfd3]::panicking::panic_fmt
[INFO] [stdout]   11:     0x5a26c72ae0f2 - core[df12db4294e9bfd3]::result::unwrap_failed
[INFO] [stdout]   12:     0x5a26c70cbc7c - f1[d3ec8cad14e4fe4e]::historical::tests::test_quali_results_with_from
[INFO] [stdout]   13:     0x5a26c70d1849 - <f1[d3ec8cad14e4fe4e]::historical::tests::test_quali_results_with_from::{closure#0} as core[df12db4294e9bfd3]::ops::function::FnOnce<()>>::call_once
[INFO] [stdout]   14:     0x5a26c71e51eb - test[9d35eded1c95d3be]::__rust_begin_short_backtrace::<core[df12db4294e9bfd3]::result::Result<(), alloc[2182bb758b4b3781]::string::String>, fn() -> core[df12db4294e9bfd3]::result::Result<(), alloc[2182bb758b4b3781]::string::String>>
[INFO] [stdout]   15:     0x5a26c71f2855 - test[9d35eded1c95d3be]::run_test::{closure#0}
[INFO] [stdout]   16:     0x5a26c71ec114 - std[70759c8f55707aa4]::sys::backtrace::__rust_begin_short_backtrace::<test[9d35eded1c95d3be]::run_test::{closure#1}, ()>
[INFO] [stdout]   17:     0x5a26c71f59b2 - <std[70759c8f55707aa4]::thread::lifecycle::spawn_unchecked<test[9d35eded1c95d3be]::run_test::{closure#1}, ()>::{closure#1} as core[df12db4294e9bfd3]::ops::function::FnOnce<()>>::call_once::{shim:vtable#0}
[INFO] [stdout]   18:     0x5a26c7295ac9 - <std[70759c8f55707aa4]::sys::thread::unix::Thread>::new::thread_start
[INFO] [stdout]   19:     0x7c3c2dc2cdfa - <unknown>
[INFO] [stdout]   20:     0x7c3c2dcc03d4 - clone
[INFO] [stdout]   21:                0x0 - <unknown>
[INFO] [stdout] 
[INFO] [stdout] ---- season::tests::test_2021_season stdout ----
[INFO] [stdout] 
[INFO] [stdout] thread 'season::tests::test_2021_season' (1646) panicked at src/season.rs:79:40:
[INFO] [stdout] called `Result::unwrap()` on an `Err` value: ApiNotReachable
[INFO] [stdout] stack backtrace:
[INFO] [stdout]    0:     0x5a26c7296751 - <<std[70759c8f55707aa4]::sys::backtrace::BacktraceLock>::print::DisplayBacktrace as core[df12db4294e9bfd3]::fmt::Display>::fmt
[INFO] [stdout]    1:     0x5a26c72adbba - core[df12db4294e9bfd3]::fmt::write
[INFO] [stdout]    2:     0x5a26c729b1fc - <alloc[2182bb758b4b3781]::vec::Vec<u8> as core[df12db4294e9bfd3]::io::write::Write>::write_fmt
[INFO] [stdout]    3:     0x5a26c7271786 - std[70759c8f55707aa4]::panicking::default_hook::{closure#0}
[INFO] [stdout]    4:     0x5a26c728e459 - std[70759c8f55707aa4]::panicking::default_hook
[INFO] [stdout]    5:     0x5a26c71f1f00 - test[9d35eded1c95d3be]::test_main_inner::<test[9d35eded1c95d3be]::test_main_static::{closure#0}>::{closure#0}
[INFO] [stdout]    6:     0x5a26c728e782 - std[70759c8f55707aa4]::panicking::panic_with_hook
[INFO] [stdout]    7:     0x5a26c7271832 - std[70759c8f55707aa4]::panicking::panic_handler::{closure#0}
[INFO] [stdout]    8:     0x5a26c726a4d9 - std[70759c8f55707aa4]::sys::backtrace::__rust_end_short_backtrace::<std[70759c8f55707aa4]::panicking::panic_handler::{closure#0}, !>
[INFO] [stdout]    9:     0x5a26c727261d - __rustc[8fa7c3cbc660c2b3]::rust_begin_unwind
[INFO] [stdout]   10:     0x5a26c72ae31c - core[df12db4294e9bfd3]::panicking::panic_fmt
[INFO] [stdout]   11:     0x5a26c72ae0f2 - core[df12db4294e9bfd3]::result::unwrap_failed
[INFO] [stdout]   12:     0x5a26c70d1aae - <f1[d3ec8cad14e4fe4e]::season::tests::test_2021_season::{closure#0} as core[df12db4294e9bfd3]::ops::function::FnOnce<()>>::call_once
[INFO] [stdout]   13:     0x5a26c71e51eb - test[9d35eded1c95d3be]::__rust_begin_short_backtrace::<core[df12db4294e9bfd3]::result::Result<(), alloc[2182bb758b4b3781]::string::String>, fn() -> core[df12db4294e9bfd3]::result::Result<(), alloc[2182bb758b4b3781]::string::String>>
[INFO] [stdout]   14:     0x5a26c71f2855 - test[9d35eded1c95d3be]::run_test::{closure#0}
[INFO] [stdout]   15:     0x5a26c71ec114 - std[70759c8f55707aa4]::sys::backtrace::__rust_begin_short_backtrace::<test[9d35eded1c95d3be]::run_test::{closure#1}, ()>
[INFO] [stdout]   16:     0x5a26c71f59b2 - <std[70759c8f55707aa4]::thread::lifecycle::spawn_unchecked<test[9d35eded1c95d3be]::run_test::{closure#1}, ()>::{closure#1} as core[df12db4294e9bfd3]::ops::function::FnOnce<()>>::call_once::{shim:vtable#0}
[INFO] [stdout]   17:     0x5a26c7295ac9 - <std[70759c8f55707aa4]::sys::thread::unix::Thread>::new::thread_start
[INFO] [stdout]   18:     0x7c3c2dc2cdfa - <unknown>
[INFO] [stdout]   19:     0x7c3c2dcc03d4 - clone
[INFO] [stdout]   20:                0x0 - <unknown>
[INFO] [stdout] 
[INFO] [stdout] ---- season::tests::test_bahrain_2021_race stdout ----
[INFO] [stdout] 
[INFO] [stdout] thread 'season::tests::test_bahrain_2021_race' (1659) panicked at src/season.rs:57:40:
[INFO] [stdout] called `Result::unwrap()` on an `Err` value: ApiNotReachable
[INFO] [stdout] stack backtrace:
[INFO] [stdout]    0:     0x5a26c7296751 - <<std[70759c8f55707aa4]::sys::backtrace::BacktraceLock>::print::DisplayBacktrace as core[df12db4294e9bfd3]::fmt::Display>::fmt
[INFO] [stdout]    1:     0x5a26c72adbba - core[df12db4294e9bfd3]::fmt::write
[INFO] [stdout]    2:     0x5a26c729b1fc - <alloc[2182bb758b4b3781]::vec::Vec<u8> as core[df12db4294e9bfd3]::io::write::Write>::write_fmt
[INFO] [stdout]    3:     0x5a26c7271786 - std[70759c8f55707aa4]::panicking::default_hook::{closure#0}
[INFO] [stdout]    4:     0x5a26c728e459 - std[70759c8f55707aa4]::panicking::default_hook
[INFO] [stdout]    5:     0x5a26c71f1f00 - test[9d35eded1c95d3be]::test_main_inner::<test[9d35eded1c95d3be]::test_main_static::{closure#0}>::{closure#0}
[INFO] [stdout]    6:     0x5a26c728e782 - std[70759c8f55707aa4]::panicking::panic_with_hook
[INFO] [stdout]    7:     0x5a26c7271832 - std[70759c8f55707aa4]::panicking::panic_handler::{closure#0}
[INFO] [stdout]    8:     0x5a26c726a4d9 - std[70759c8f55707aa4]::sys::backtrace::__rust_end_short_backtrace::<std[70759c8f55707aa4]::panicking::panic_handler::{closure#0}, !>
[INFO] [stdout]    9:     0x5a26c727261d - __rustc[8fa7c3cbc660c2b3]::rust_begin_unwind
[INFO] [stdout]   10:     0x5a26c72ae31c - core[df12db4294e9bfd3]::panicking::panic_fmt
[INFO] [stdout]   11:     0x5a26c72ae0f2 - core[df12db4294e9bfd3]::result::unwrap_failed
[INFO] [stdout]   12:     0x5a26c70d1e0f - <f1[d3ec8cad14e4fe4e]::season::tests::test_bahrain_2021_race::{closure#0} as core[df12db4294e9bfd3]::ops::function::FnOnce<()>>::call_once
[INFO] [stdout]   13:     0x5a26c71e51eb - test[9d35eded1c95d3be]::__rust_begin_short_backtrace::<core[df12db4294e9bfd3]::result::Result<(), alloc[2182bb758b4b3781]::string::String>, fn() -> core[df12db4294e9bfd3]::result::Result<(), alloc[2182bb758b4b3781]::string::String>>
[INFO] [stdout]   14:     0x5a26c71f2855 - test[9d35eded1c95d3be]::run_test::{closure#0}
[INFO] [stdout]   15:     0x5a26c71ec114 - std[70759c8f55707aa4]::sys::backtrace::__rust_begin_short_backtrace::<test[9d35eded1c95d3be]::run_test::{closure#1}, ()>
[INFO] [stdout]   16:     0x5a26c71f59b2 - <std[70759c8f55707aa4]::thread::lifecycle::spawn_unchecked<test[9d35eded1c95d3be]::run_test::{closure#1}, ()>::{closure#1} as core[df12db4294e9bfd3]::ops::function::FnOnce<()>>::call_once::{shim:vtable#0}
[INFO] [stdout]   17:     0x5a26c7295ac9 - <std[70759c8f55707aa4]::sys::thread::unix::Thread>::new::thread_start
[INFO] [stdout]   18:     0x7c3c2dc2cdfa - <unknown>
[INFO] [stdout]   19:     0x7c3c2dcc03d4 - clone
[INFO] [stdout]   20:                0x0 - <unknown>
[INFO] [stdout] 
[INFO] [stdout] 
[INFO] [stdout] failures:
[INFO] [stdout]     historical::tests::test_get_2021_season
[INFO] [stdout]     historical::tests::test_get_weekend
[INFO] [stdout]     historical::tests::test_quali_results
[INFO] [stdout]     historical::tests::test_quali_results_with_from
[INFO] [stdout]     historical::tests::test_race_results
[INFO] [stdout]     historical::tests::test_race_results_with_from
[INFO] [stdout]     livetiming::tests::test_signalr
[INFO] [stdout]     season::tests::test_2021_season
[INFO] [stdout]     season::tests::test_bahrain_2021_quali
[INFO] [stdout]     season::tests::test_bahrain_2021_race
[INFO] [stdout] 
[INFO] [stdout] test result: FAILED. 1 passed; 10 failed; 0 ignored; 0 measured; 0 filtered out; finished in 0.31s
[INFO] [stdout] 
[INFO] running `Command { std: "docker" "inspect" "1206f0320e1a990c273332c9981659a197b3cbb33a0842098e138bb8abee8432", kill_on_drop: false }`
[INFO] running `Command { std: "docker" "rm" "-f" "1206f0320e1a990c273332c9981659a197b3cbb33a0842098e138bb8abee8432", kill_on_drop: false }`
[INFO] [stdout] 1206f0320e1a990c273332c9981659a197b3cbb33a0842098e138bb8abee8432
