[INFO] fetching crate ezu-paint 0.12.0...
[INFO] testing ezu-paint-0.12.0 against 1.100.0-beta.1+cargoflags=--release for beta-release-1.100-2
[INFO] extracting crate ezu-paint 0.12.0 into /workspace/builds/worker-3-tc2/source
[INFO] started tweaking crates.io crate ezu-paint 0.12.0
[INFO] removed 0 missing tests
[INFO] finished tweaking crates.io crate ezu-paint 0.12.0
[INFO] tweaked toml for crates.io crate ezu-paint 0.12.0 written to /workspace/builds/worker-3-tc2/source/Cargo.toml
[INFO] validating manifest of crates.io crate ezu-paint 0.12.0 on toolchain 1.100.0-beta.1
[INFO] running `Command { std: CARGO_HOME="/workspace/cargo-home" RUSTUP_HOME="/workspace/rustup-home" "/workspace/cargo-home/bin/cargo" "+1.100.0-beta.1" "metadata" "--manifest-path" "Cargo.toml" "--no-deps", kill_on_drop: false }`
[INFO] crate crates.io crate ezu-paint 0.12.0 already has a lockfile, it will not be regenerated
[INFO] running `Command { std: CARGO_HOME="/workspace/cargo-home" RUSTUP_HOME="/workspace/rustup-home" "/workspace/cargo-home/bin/cargo" "+1.100.0-beta.1" "fetch" "--manifest-path" "Cargo.toml", kill_on_drop: false }`
[INFO] [stderr] warning: `package.homepage` is redundant with `package.repository`
[INFO] [stderr]    --> Cargo.toml:114:12
[INFO] [stderr]     |
[INFO] [stderr] 114 | homepage = "https://github.com/reearth/ezu"
[INFO] [stderr]     |            ^^^^^^^^^^^^^^^^^^^^^^^^^^^^^^^^
[INFO] [stderr] ...
[INFO] [stderr] 119 | repository = "https://github.com/reearth/ezu"
[INFO] [stderr]     |              --------------------------------
[INFO] [stderr]     |
[INFO] [stderr]     = note: `cargo::redundant_homepage` is set to `warn` by default
[INFO] [stderr] help: consider removing `package.homepage`
[INFO] [stderr] warning: `ezu-paint` (manifest) generated 1 warning
[INFO] running `Command { std: "docker" "create" "-v" "/var/lib/crater-agent-workspace/builds/worker-3-tc2/source:/opt/rustwide/workdir:ro,Z" "-v" "/var/lib/crater-agent-workspace/builds/worker-3-tc2/target:/opt/rustwide/target:rw,Z" "-v" "/var/lib/crater-agent-workspace/cargo-home:/opt/rustwide/cargo-home:ro,Z" "-v" "/var/lib/crater-agent-workspace/rustup-home:/opt/rustwide/rustup-home:ro,Z" "-m" "1610612736" "--network" "none" "ghcr.io/rust-lang/crates-build-env/linux@sha256:77db811e55d90add9212f6832c23229e3de5f1c1f9905e8cb07319ea15df73ac" "sleep" "infinity", kill_on_drop: false }`
[INFO] [stdout] be5f780a2ef5ba3cd9f2d4ceb579366f304f579682cdfc48d8b7b0c64abebe00
[INFO] running `Command { std: "docker" "start" "be5f780a2ef5ba3cd9f2d4ceb579366f304f579682cdfc48d8b7b0c64abebe00", kill_on_drop: false }`
[INFO] running `Command { std: "docker" "inspect" "be5f780a2ef5ba3cd9f2d4ceb579366f304f579682cdfc48d8b7b0c64abebe00", kill_on_drop: false }`
[INFO] running `Command { std: "docker" "exec" "-e" "SOURCE_DIR=/opt/rustwide/workdir" "-e" "CARGO_HOME=/opt/rustwide/cargo-home" "-e" "RUSTUP_HOME=/opt/rustwide/rustup-home" "-e" "CARGO_TARGET_DIR=/opt/rustwide/target" "-w" "/opt/rustwide/workdir" "--user" "0:0" "be5f780a2ef5ba3cd9f2d4ceb579366f304f579682cdfc48d8b7b0c64abebe00" "/opt/rustwide/cargo-home/bin/cargo" "+1.100.0-beta.1" "metadata" "--no-deps" "--format-version=1", kill_on_drop: false }`
[INFO] running `Command { std: "docker" "inspect" "be5f780a2ef5ba3cd9f2d4ceb579366f304f579682cdfc48d8b7b0c64abebe00", kill_on_drop: false }`
[INFO] running `Command { std: "docker" "exec" "-e" "SOURCE_DIR=/opt/rustwide/workdir" "-e" "CARGO_HOME=/opt/rustwide/cargo-home" "-e" "RUSTUP_HOME=/opt/rustwide/rustup-home" "-e" "CARGO_TARGET_DIR=/opt/rustwide/target" "-e" "CARGO_INCREMENTAL=0" "-e" "RUST_BACKTRACE=full" "-e" "RUSTFLAGS=--cap-lints=warn" "-e" "RUSTDOCFLAGS=--cap-lints=warn" "-w" "/opt/rustwide/workdir" "--user" "0:0" "be5f780a2ef5ba3cd9f2d4ceb579366f304f579682cdfc48d8b7b0c64abebe00" "/opt/rustwide/cargo-home/bin/cargo" "+1.100.0-beta.1" "build" "--frozen" "--message-format=json" "--release", kill_on_drop: false }`
[INFO] [stderr] warning: `package.homepage` is redundant with `package.repository`
[INFO] [stderr]    --> Cargo.toml:114:12
[INFO] [stderr]     |
[INFO] [stderr] 114 | homepage = "https://github.com/reearth/ezu"
[INFO] [stderr]     |            ^^^^^^^^^^^^^^^^^^^^^^^^^^^^^^^^
[INFO] [stderr] ...
[INFO] [stderr] 119 | repository = "https://github.com/reearth/ezu"
[INFO] [stderr]     |              --------------------------------
[INFO] [stderr]     |
[INFO] [stderr]     = note: `cargo::redundant_homepage` is set to `warn` by default
[INFO] [stderr] help: consider removing `package.homepage`
[INFO] [stderr] warning: `ezu-paint` (manifest) generated 1 warning
[INFO] [stderr]    Compiling stable_deref_trait v1.2.1
[INFO] [stderr]    Compiling smallvec v1.15.2
[INFO] [stderr]    Compiling serde_json v1.0.151
[INFO] [stderr]    Compiling syn v3.0.3
[INFO] [stderr]    Compiling bytemuck v1.25.2
[INFO] [stderr]    Compiling zerofrom v0.1.8
[INFO] [stderr]    Compiling flate2 v1.1.9
[INFO] [stderr]    Compiling writeable v0.6.3
[INFO] [stderr]    Compiling either v1.17.0
[INFO] [stderr]    Compiling rustix v1.1.4
[INFO] [stderr]    Compiling core_maths v0.1.1
[INFO] [stderr]    Compiling bitflags v2.13.1
[INFO] [stderr]    Compiling litemap v0.8.2
[INFO] [stderr]    Compiling prettyplease v0.2.37
[INFO] [stderr]    Compiling bytes v1.12.1
[INFO] [stderr]    Compiling regex-syntax v0.8.11
[INFO] [stderr]    Compiling robust v1.2.0
[INFO] [stderr]    Compiling linux-raw-sys v0.12.1
[INFO] [stderr]    Compiling ttf-parser v0.25.1
[INFO] [stderr]    Compiling indexmap v2.14.0
[INFO] [stderr]    Compiling yoke v0.8.3
[INFO] [stderr]    Compiling rayon v1.12.0
[INFO] [stderr]    Compiling hashbrown v0.15.5
[INFO] [stderr]    Compiling once_cell v1.21.4
[INFO] [stderr]    Compiling fastrand v2.5.0
[INFO] [stderr]    Compiling tiny-skia-path v0.12.0
[INFO] [stderr]    Compiling zerovec v0.11.6
[INFO] [stderr]    Compiling heapless v0.8.0
[INFO] [stderr]    Compiling png v0.18.1
[INFO] [stderr]    Compiling unicode-properties v0.1.4
[INFO] [stderr]    Compiling prost v0.14.4
[INFO] [stderr]    Compiling ref-cast v1.0.26
[INFO] [stderr]    Compiling unicode-ccc v0.4.0
[INFO] [stderr]    Compiling unicode-script v0.5.8
[INFO] [stderr]    Compiling petgraph v0.8.3
[INFO] [stderr]    Compiling icu_locale_data v2.2.0
[INFO] [stderr]    Compiling unicode-bidi-mirroring v0.4.0
[INFO] [stderr]    Compiling tracing v0.1.44
[INFO] [stderr]    Compiling spade v2.15.1
[INFO] [stderr]    Compiling approx v0.5.1
[INFO] [stderr]    Compiling prost-types v0.14.4
[INFO] [stderr]    Compiling i_float v1.16.0
[INFO] [stderr]    Compiling xxhash-rust v0.8.18
[INFO] [stderr]    Compiling i_tree v0.18.0
[INFO] [stderr]    Compiling icu_collator_data v2.2.0
[INFO] [stderr]    Compiling slotmap v1.1.1
[INFO] [stderr]    Compiling i_shape v1.18.0
[INFO] [stderr]    Compiling i_float v2.0.0
[INFO] [stderr]    Compiling dyn-clone v1.0.20
[INFO] [stderr]    Compiling potential_utf v0.1.5
[INFO] [stderr]    Compiling i_shape v2.0.0
[INFO] [stderr]    Compiling regex-automata v0.4.16
[INFO] [stderr]    Compiling tiny-skia v0.12.0
[INFO] [stderr]    Compiling serde_derive_internals v0.30.0
[INFO] [stderr]    Compiling tempfile v3.27.0
[INFO] [stderr]    Compiling rand v0.10.2
[INFO] [stderr]    Compiling delaunator v1.1.0
[INFO] [stderr]    Compiling earcut v0.4.5
[INFO] [stderr]    Compiling geographiclib-rs v0.2.7
[INFO] [stderr]    Compiling float_next_after v2.0.0
[INFO] [stderr]    Compiling dup-indexer v0.4.5
[INFO] [stderr]    Compiling thiserror-impl v2.0.19
[INFO] [stderr]    Compiling serde_derive v1.0.229
[INFO] [stderr]    Compiling displaydoc v0.2.7
[INFO] [stderr]    Compiling rustybuzz v0.20.1
[INFO] [stderr]    Compiling ref-cast-impl v1.0.26
[INFO] [stderr]    Compiling schemars_derive v1.2.2
[INFO] [stderr]    Compiling sif-itree v0.4.1
[INFO] [stderr]    Compiling zune-core v0.5.1
[INFO] [stderr]    Compiling roxmltree v0.20.0
[INFO] [stderr]    Compiling moxcms v0.8.1
[INFO] [stderr]    Compiling voronoice v0.2.0
[INFO] [stderr]    Compiling memmap2 v0.9.11
[INFO] [stderr]    Compiling zune-jpeg v0.5.15
[INFO] [stderr]    Compiling tinystr v0.8.3
[INFO] [stderr]    Compiling zerotrie v0.2.4
[INFO] [stderr]    Compiling icu_collections v2.2.0
[INFO] [stderr]    Compiling icu_locale_core v2.2.0
[INFO] [stderr]    Compiling i_key_sort v0.10.3
[INFO] [stderr]    Compiling thiserror v2.0.19
[INFO] [stderr]    Compiling regex v1.13.1
[INFO] [stderr]    Compiling hokusai-core v0.3.0
[INFO] [stderr]    Compiling prost-build v0.14.4
[INFO] [stderr]    Compiling i_overlay v4.5.2
[INFO] [stderr]    Compiling i_overlay v6.0.1
[INFO] [stderr]    Compiling hokusai-tile-mem v0.3.0
[INFO] [stderr]    Compiling hokusai-tiny-skia v0.3.0
[INFO] [stderr]    Compiling fontconfig-parser v0.5.8
[INFO] [stderr]    Compiling rand v0.8.7
[INFO] [stderr]    Compiling inventory v0.3.24
[INFO] [stderr]    Compiling fontdb v0.23.0
[INFO] [stderr]    Compiling noise v0.9.0
[INFO] [stderr]    Compiling geozero v0.15.1
[INFO] [stderr]    Compiling icu_provider v2.2.0
[INFO] [stderr]    Compiling ezu-core v0.12.0
[INFO] [stderr]    Compiling icu_locale v2.2.0
[INFO] [stderr]    Compiling icu_properties v2.2.0
[INFO] [stderr]    Compiling icu_normalizer v2.2.0
[INFO] [stderr]    Compiling serde v1.0.229
[INFO] [stderr]    Compiling rstar v0.12.2
[INFO] [stderr]    Compiling schemars v1.2.2
[INFO] [stderr]    Compiling hokusai-brush v0.3.0
[INFO] [stderr]    Compiling image v0.25.10
[INFO] [stderr]    Compiling hokusai v0.3.0
[INFO] [stderr]    Compiling icu_collator v2.2.1
[INFO] [stderr]    Compiling geo-types v0.7.19
[INFO] [stderr]    Compiling maplibre-expr v0.5.4
[INFO] [stderr]    Compiling geojson v0.24.2
[INFO] [stderr]    Compiling geo v0.33.1
[INFO] [stderr]    Compiling ezu-style v0.12.0
[INFO] [stderr]    Compiling ezu-graph v0.12.0
[INFO] [stderr]    Compiling ezu-features v0.12.0
[INFO] [stderr]    Compiling ezu-paint v0.12.0 (/opt/rustwide/workdir)
[INFO] [stderr]     Finished `release` profile [optimized] target(s) in 2m 40s
[INFO] running `Command { std: "docker" "inspect" "be5f780a2ef5ba3cd9f2d4ceb579366f304f579682cdfc48d8b7b0c64abebe00", kill_on_drop: false }`
[INFO] running `Command { std: "docker" "exec" "-e" "SOURCE_DIR=/opt/rustwide/workdir" "-e" "CARGO_HOME=/opt/rustwide/cargo-home" "-e" "RUSTUP_HOME=/opt/rustwide/rustup-home" "-e" "CARGO_TARGET_DIR=/opt/rustwide/target" "-e" "CARGO_INCREMENTAL=0" "-e" "RUST_BACKTRACE=full" "-e" "RUSTFLAGS=--cap-lints=warn" "-e" "RUSTDOCFLAGS=--cap-lints=warn" "-w" "/opt/rustwide/workdir" "--user" "0:0" "be5f780a2ef5ba3cd9f2d4ceb579366f304f579682cdfc48d8b7b0c64abebe00" "/opt/rustwide/cargo-home/bin/cargo" "+1.100.0-beta.1" "test" "--frozen" "--no-run" "--message-format=json" "--release", kill_on_drop: false }`
[INFO] [stderr] warning: `package.homepage` is redundant with `package.repository`
[INFO] [stderr]    --> Cargo.toml:114:12
[INFO] [stderr]     |
[INFO] [stderr] 114 | homepage = "https://github.com/reearth/ezu"
[INFO] [stderr]     |            ^^^^^^^^^^^^^^^^^^^^^^^^^^^^^^^^
[INFO] [stderr] ...
[INFO] [stderr] 119 | repository = "https://github.com/reearth/ezu"
[INFO] [stderr]     |              --------------------------------
[INFO] [stderr]     |
[INFO] [stderr]     = note: `cargo::redundant_homepage` is set to `warn` by default
[INFO] [stderr] help: consider removing `package.homepage`
[INFO] [stderr] warning: `ezu-paint` (manifest) generated 1 warning
[INFO] [stderr]    Compiling either v1.17.0
[INFO] [stderr]    Compiling syn v3.0.3
[INFO] [stderr]    Compiling zerocopy v0.8.55
[INFO] [stderr]    Compiling zerocopy-derive v0.8.55
[INFO] [stderr]    Compiling clap_builder v4.6.5
[INFO] [stderr]    Compiling regex-automata v0.4.16
[INFO] [stderr]    Compiling plotters v0.3.7
[INFO] [stderr]    Compiling rayon v1.12.0
[INFO] [stderr]    Compiling itertools v0.13.0
[INFO] [stderr]    Compiling regex v1.13.1
[INFO] [stderr]    Compiling clap v4.6.5
[INFO] [stderr]    Compiling criterion-plot v0.6.0
[INFO] [stderr]    Compiling i_key_sort v0.10.3
[INFO] [stderr]    Compiling serde_derive_internals v0.30.0
[INFO] [stderr]    Compiling serde_derive v1.0.229
[INFO] [stderr]    Compiling thiserror-impl v2.0.19
[INFO] [stderr]    Compiling displaydoc v0.2.7
[INFO] [stderr]    Compiling ref-cast-impl v1.0.26
[INFO] [stderr]    Compiling tokio-macros v2.7.2
[INFO] [stderr]    Compiling i_overlay v4.5.2
[INFO] [stderr]    Compiling i_overlay v6.0.1
[INFO] [stderr]    Compiling schemars_derive v1.2.2
[INFO] [stderr]    Compiling ref-cast v1.0.26
[INFO] [stderr]    Compiling tinystr v0.8.3
[INFO] [stderr]    Compiling zerotrie v0.2.4
[INFO] [stderr]    Compiling icu_collections v2.2.0
[INFO] [stderr]    Compiling icu_locale_core v2.2.0
[INFO] [stderr]    Compiling tokio v1.53.1
[INFO] [stderr]    Compiling thiserror v2.0.19
[INFO] [stderr]    Compiling hokusai-core v0.3.0
[INFO] [stderr]    Compiling ezu-core v0.12.0
[INFO] [stderr]    Compiling geozero v0.15.1
[INFO] [stderr]    Compiling hokusai-tile-mem v0.3.0
[INFO] [stderr]    Compiling hokusai-tiny-skia v0.3.0
[INFO] [stderr]    Compiling serde v1.0.229
[INFO] [stderr]    Compiling icu_provider v2.2.0
[INFO] [stderr]    Compiling icu_properties v2.2.0
[INFO] [stderr]    Compiling icu_normalizer v2.2.0
[INFO] [stderr]    Compiling half v2.7.1
[INFO] [stderr]    Compiling icu_locale v2.2.0
[INFO] [stderr]    Compiling rstar v0.12.2
[INFO] [stderr]    Compiling schemars v1.2.2
[INFO] [stderr]    Compiling hokusai-brush v0.3.0
[INFO] [stderr]    Compiling ciborium-ll v0.2.2
[INFO] [stderr]    Compiling hokusai v0.3.0
[INFO] [stderr]    Compiling ciborium v0.2.2
[INFO] [stderr]    Compiling geo-types v0.7.19
[INFO] [stderr]    Compiling icu_collator v2.2.1
[INFO] [stderr]    Compiling tinytemplate v1.2.1
[INFO] [stderr]    Compiling ezu-style v0.12.0
[INFO] [stderr]    Compiling geo v0.33.1
[INFO] [stderr]    Compiling geojson v0.24.2
[INFO] [stderr]    Compiling criterion v0.7.0
[INFO] [stderr]    Compiling maplibre-expr v0.5.4
[INFO] [stderr]    Compiling ezu-graph v0.12.0
[INFO] [stderr]    Compiling ezu-features v0.12.0
[INFO] [stderr]    Compiling ezu-paint v0.12.0 (/opt/rustwide/workdir)
[INFO] [stderr]     Finished `release` profile [optimized] target(s) in 2m 32s
[INFO] running `Command { std: "docker" "inspect" "be5f780a2ef5ba3cd9f2d4ceb579366f304f579682cdfc48d8b7b0c64abebe00", kill_on_drop: false }`
[INFO] running `Command { std: "docker" "exec" "-e" "SOURCE_DIR=/opt/rustwide/workdir" "-e" "CARGO_HOME=/opt/rustwide/cargo-home" "-e" "RUSTUP_HOME=/opt/rustwide/rustup-home" "-e" "CARGO_TARGET_DIR=/opt/rustwide/target" "-e" "CARGO_INCREMENTAL=0" "-e" "RUST_BACKTRACE=full" "-e" "RUSTFLAGS=--cap-lints=warn" "-e" "RUSTDOCFLAGS=--cap-lints=warn" "-w" "/opt/rustwide/workdir" "--user" "0:0" "be5f780a2ef5ba3cd9f2d4ceb579366f304f579682cdfc48d8b7b0c64abebe00" "/opt/rustwide/cargo-home/bin/cargo" "+1.100.0-beta.1" "test" "--frozen" "--release", kill_on_drop: false }`
[INFO] [stderr] warning: `package.homepage` is redundant with `package.repository`
[INFO] [stderr]    --> Cargo.toml:114:12
[INFO] [stderr]     |
[INFO] [stderr] 114 | homepage = "https://github.com/reearth/ezu"
[INFO] [stderr]     |            ^^^^^^^^^^^^^^^^^^^^^^^^^^^^^^^^
[INFO] [stderr] ...
[INFO] [stderr] 119 | repository = "https://github.com/reearth/ezu"
[INFO] [stderr]     |              --------------------------------
[INFO] [stderr]     |
[INFO] [stderr]     = note: `cargo::redundant_homepage` is set to `warn` by default
[INFO] [stderr] help: consider removing `package.homepage`
[INFO] [stderr] warning: `ezu-paint` (manifest) generated 1 warning
[INFO] [stderr]     Finished `release` profile [optimized] target(s) in 0.27s
[INFO] [stderr]      Running unittests src/lib.rs (/opt/rustwide/target/release/build/ezu-paint/de2f9e79072744b4/out/ezu_paint-de2f9e79072744b4)
[INFO] [stdout] 
[INFO] [stdout] running 109 tests
[INFO] [stdout] test host::tests::a_feature_source_still_answers_from_the_graph ... ok
[INFO] [stdout] test host::tests::a_raster_takes_the_same_window_as_a_dem ... ok
[INFO] [stdout] test host::raster_decode::tests::stitch_requires_centre ... ok
[INFO] [stdout] test host::tests::font_magic_is_sniffed_for_data_urls ... ok
[INFO] [stdout] test host::geojson::tests::a_url_shaped_data_string_is_not_inline ... ok
[INFO] [stdout] test host::geojson::tests::retain_drops_what_the_host_bound_itself ... ok
[INFO] [stdout] test host::raster_decode::tests::upsample_quarters_an_ancestor ... ok
[INFO] [stdout] test host::tests::a_dem_declaring_no_neighbor_fetch_asks_for_nothing ... ok
[INFO] [stdout] test host::tests::data_url_image_loads_through_the_asset_loader ... ok
[INFO] [stdout] test host::geojson::tests::inline_data_binds_under_the_source_name_twice_over ... ok
[INFO] [stdout] test host::geojson::tests::only_the_neighbours_the_graph_asks_for_are_projected ... ok
[INFO] [stdout] test host::geojson::tests::malformed_geojson_is_an_error_not_an_empty_layer ... ok
[INFO] [stdout] test host::raster_decode::tests::stitch_fills_pad_from_neighbours_and_clamps_missing ... ok
[INFO] [stdout] test host::geojson::tests::neighbours_wrap_in_x_and_stop_at_the_poles ... ok
[INFO] [stdout] test host::tests::a_dem_the_graph_reads_asks_for_the_whole_window ... ok
[INFO] [stdout] test host::tests::glyphs_template_loads_lazily_and_hashes_its_ranges ... FAILED
[INFO] [stdout] test host::tests::a_dem_no_node_reads_asks_for_nothing ... ok
[INFO] [stdout] test host::tests::file_scheme_font_loads_through_the_asset_loader ... FAILED
[INFO] [stdout] test host::tests::a_file_glyphs_source_reads_the_fontstack_directory_as_named ... FAILED
[INFO] [stdout] test host::tests::data_url_percent_decoding_and_media_type ... ok
[INFO] [stdout] test host::tests::neighbor_mvt_binds_under_offset_names ... ok
[INFO] [stdout] test host::tests::system_font_resolves_from_a_seeded_fontdb ... FAILED
[INFO] [stdout] test imaging::blur::tests::a_nodata_hole_does_not_pull_its_neighbours ... ok
[INFO] [stdout] test imaging::blur::tests::an_all_nodata_window_stays_nodata ... ok
[INFO] [stdout] test host::tests::requested_offsets_filter_by_source ... ok
[INFO] [stdout] test imaging::blur::tests::nan_is_left_out_without_a_nodata_value ... ok
[INFO] [stdout] test imaging::blur::tests::an_impulse_spreads_evenly_and_keeps_its_mass ... ok
[INFO] [stdout] test host::tests::system_font_parses_family_weight_and_style ... ok
[INFO] [stdout] test imaging::blur::tests::a_field_impulse_spreads_evenly_and_keeps_its_mass ... ok
[INFO] [stdout] test imaging::morphology::tests::a_square_window_spreads_a_peak ... ok
[INFO] [stdout] test imaging::morphology::tests::an_all_missing_window_stays_missing ... ok
[INFO] [stdout] test imaging::sample::tests::a_missing_tap_is_left_out_and_the_rest_renormalised ... ok
[INFO] [stdout] test imaging::sample::tests::no_present_weight_is_missing ... ok
[INFO] [stdout] test imaging::blur::tests::a_flat_image_stays_flat ... ok
[INFO] [stdout] test imaging::blur::tests::zero_sigma_is_the_identity_on_a_field ... ok
[INFO] [stdout] test imaging::blur::tests::kernel_sums_to_one_and_is_symmetric ... ok
[INFO] [stdout] test imaging::morphology::tests::zero_radius_copies ... ok
[INFO] [stdout] test imaging::blur::tests::a_constant_field_stays_constant ... ok
[INFO] [stdout] test imaging::sample::tests::a_full_field_sample_is_the_plain_blend ... ok
[INFO] [stdout] test imaging::blur::tests::non_positive_sigma_copies ... ok
[INFO] [stdout] test imaging::morphology::tests::missing_samples_are_left_out ... ok
[INFO] [stdout] test imaging::sample::tests::taps_clamp_at_the_edges ... ok
[INFO] [stdout] test host::tests::system_font_rejects_bad_input ... ok
[INFO] [stdout] test imaging::blur::tests::premultiplied_output_stays_premultiplied ... ok
[INFO] [stdout] test imaging::sharpen::tests::missing_neighbours_stand_in_as_the_centre ... ok
[INFO] [stdout] test imaging::sample::tests::the_taps_interpolate ... ok
[INFO] [stdout] test imaging::sharpen::tests::a_step_overshoots_on_both_sides ... ok
[INFO] [stdout] test legend::tests::the_stand_in_line_is_finely_sampled ... ok
[INFO] [stdout] test nodes::geometry::segment_to::tests::a_target_absurdly_far_off_is_dropped ... ok
[INFO] [stdout] test nodes::geometry::segment_to::tests::a_tile_position_round_trips_through_longitude_and_latitude ... ok
[INFO] [stdout] test nodes::geometry::segment_to::tests::missing_or_invalid_fields_give_no_target ... ok
[INFO] [stdout] test imaging::sample::tests::the_weights_do_not_depend_on_the_base_pixel ... ok
[INFO] [stdout] test nodes::geometry::segment_to::tests::the_target_is_read_from_numbers_or_numeric_strings ... ok
[INFO] [stdout] test imaging::sharpen::tests::a_constant_field_is_unchanged ... ok
[INFO] [stdout] test nodes::paint::icon_fit::tests::a_fitted_axis_spans_the_text_plus_its_padding ... ok
[INFO] [stdout] test legend::tests::geometry_selects_what_the_stand_in_carries ... ok
[INFO] [stdout] test legend::tests::properties_become_feature_values ... ok
[INFO] [stdout] test nodes::paint::icon_fit::tests::a_sprite_without_bands_scales_whole ... ok
[INFO] [stdout] test nodes::common::cull_tests::geometry_beyond_the_reach_is_dropped ... ok
[INFO] [stdout] test nodes::common::cull_tests::a_group_survives_on_any_one_of_its_shapes ... ok
[INFO] [stdout] test nodes::common::cull_tests::an_unbounded_reach_keeps_everything ... ok
[INFO] [stdout] test legend::tests::declared_features_are_scaled_and_carry_merged_properties ... ok
[INFO] [stdout] test legend::tests::swatch_positions_become_degrees_that_project_back_to_them ... ok
[INFO] [stdout] test nodes::common::cull_tests::geometry_within_the_reach_is_kept ... ok
[INFO] [stdout] test nodes::raster::blend::tests::normal_over_matches_general_opacity_1 ... ok
[INFO] [stdout] test nodes::raster::blend::tests::blank_over_is_base_exactly ... ok
[INFO] [stdout] test nodes::raster::noise_field::tests::deep_world_coordinates_sample_instead_of_aborting ... ok
[INFO] [stdout] test nodes::raster::noise_field::tests::folding_preserves_the_field_for_axis_aligned_lattices ... ok
[INFO] [stdout] test nodes::paint::text::tests::radial_offset_pushes_away_from_the_point ... ok
[INFO] [stdout] test nodes::raster::noise_field::tests::lattice_kinds_repeat_every_256_units ... ok
[INFO] [stdout] test nodes::paint::text::tests::text_offset_mirrors_per_anchor ... ok
[INFO] [stdout] test nodes::raster::noise_field::tests::coordinates_below_the_bound_are_untouched ... ok
[INFO] [stdout] test nodes::raster::stack::tests::size_mismatch_errors ... ok
[INFO] [stdout] test nodes::paint::icon_fit::tests::an_unfitted_axis_keeps_the_sprite_size_centred_on_the_text ... ok
[INFO] [stdout] test nodes::raster::stack::tests::many_layers_match_blend_chain ... ok
[INFO] [stdout] test nodes::raster::stack::tests::single_layer_is_returned_verbatim ... ok
[INFO] [stdout] test nodes::raster::noise_field::tests::worley_is_a_distance_field ... ok
[INFO] [stdout] test nodes::paint::icon_fit::tests::only_the_stretch_bands_absorb_the_growth ... ok
[INFO] [stdout] test nodes::paint::icon_fit::tests::the_content_box_lands_on_the_target ... ok
[INFO] [stdout] test nodes::raster::noise_field::tests::folded_coordinates_fit_a_32_bit_isize ... ok
[INFO] [stdout] test nodes::raster::stack::tests::sprite_kind_is_propagated ... ok
[INFO] [stdout] test nodes::raster::blend::tests::normal_over_matches_general_opacity_half ... ok
[INFO] [stdout] test nodes::raster::stack::tests::two_layers_match_blend_chain ... ok
[INFO] [stdout] test nodes::paint::text::tests::a_centroid_anchor_sits_at_the_balance_point_not_the_roomiest_spot ... ok
[INFO] [stdout] test nodes::paint::text::tests::a_centroid_outside_its_polygon_falls_back_to_the_pole ... ok
[INFO] [stdout] test nodes::source::features::tests::merge_keeps_different_properties_apart ... ok
[INFO] [stdout] test nodes::raster::terrain_common::tests::a_field_with_nothing_missing_is_unchanged ... ok
[INFO] [stdout] test nodes::raster::terrain_common::tests::missing_neighbours_stand_in_as_the_centre ... ok
[INFO] [stdout] test nodes::paint::text::tests::an_overzoomed_polygon_is_anchored_once_where_its_source_tile_anchors_it ... ok
[INFO] [stdout] test nodes::source::features::tests::a_line_into_a_neighbour_is_not_doubled ... ok
[INFO] [stdout] test nodes::source::features::tests::a_missing_neighbour_leaves_the_centre_buffer ... ok
[INFO] [stdout] test nodes::source::graticule::tests::labels_name_the_hemisphere ... ok
[INFO] [stdout] test nodes::source::features::tests::a_point_on_a_cell_line_is_owned_once ... ok
[INFO] [stdout] test nodes::source::features::tests::equal_properties_share_a_key ... ok
[INFO] [stdout] test render::tests::expr_filter_all_combines_clauses ... ok
[INFO] [stdout] test render::tests::expr_filter_any_and_geometry_type ... ok
[INFO] [stdout] test render::tests::expr_filter_comparison_and_has ... ok
[INFO] [stdout] test nodes::raster::noise_field::tests::cell_values_span_the_range ... ok
[INFO] [stdout] test strokes::culling_tests::the_reach_bounds_the_widest_dab_the_brush_can_draw ... ok
[INFO] [stdout] test nodes::source::features::tests::pieces_split_at_the_seam_without_overlap ... ok
[INFO] [stdout] test nodes::source::features::tests::merge_leaves_one_polygon_and_no_seam_edge ... ok
[INFO] [stdout] test nodes::source::graticule::tests::auto_interval_walks_down_the_ladder ... ok
[INFO] [stdout] test nodes::source::graticule::tests::auto_interval_keeps_a_handful_of_lines_per_tile ... ok
[INFO] [stdout] test strokes::culling_tests::a_smudging_brush_is_not_culled ... ok
[INFO] [stdout] test nodes::raster::stack::tests::blank_layers_are_skipped ... ok
[INFO] [stdout] test nodes::raster::stack::tests::blank_base_promotes_first_opaque_layer ... ok
[INFO] [stdout] test strokes::culling_tests::a_line_just_off_the_edge_still_marks_the_canvas ... ok
[INFO] [stdout] test strokes::culling_tests::a_line_that_cannot_reach_the_canvas_changes_no_pixel ... ok
[INFO] [stdout] test host::tests::system_font_resolves_whatever_the_host_has ... ok
[INFO] [stdout] 
[INFO] [stdout] failures:
[INFO] [stdout] 
[INFO] [stdout] ---- host::tests::glyphs_template_loads_lazily_and_hashes_its_ranges stdout ----
[INFO] [stdout] 
[INFO] [stdout] thread 'host::tests::glyphs_template_loads_lazily_and_hashes_its_ranges' (3545) panicked at src/host/mod.rs:1870:9:
[INFO] [stdout] 0-255.pbf fetches on demand
[INFO] [stdout] stack backtrace:
[INFO] [stdout]    0:     0x5a17beee2c51 - <<std[617be2ca0a6fd877]::sys::backtrace::BacktraceLock>::print::DisplayBacktrace as core[a373ad73a504971]::fmt::Display>::fmt
[INFO] [stdout]    1:     0x5a17beefb6aa - core[a373ad73a504971]::fmt::write
[INFO] [stdout]    2:     0x5a17beee734c - <alloc[2e1b2a31b91974c5]::vec::Vec<u8> as core[a373ad73a504971]::io::write::Write>::write_fmt
[INFO] [stdout]    3:     0x5a17beebb796 - std[617be2ca0a6fd877]::panicking::default_hook::{closure#0}
[INFO] [stdout]    4:     0x5a17beed92e9 - std[617be2ca0a6fd877]::panicking::default_hook
[INFO] [stdout]    5:     0x5a17beb33e00 - test[aada8e7e76ba119b]::test_main_inner::{closure#0}
[INFO] [stdout]    6:     0x5a17beed9612 - std[617be2ca0a6fd877]::panicking::panic_with_hook
[INFO] [stdout]    7:     0x5a17beebb874 - std[617be2ca0a6fd877]::panicking::panic_handler::{closure#0}
[INFO] [stdout]    8:     0x5a17beeb41d9 - std[617be2ca0a6fd877]::sys::backtrace::__rust_end_short_backtrace::<std[617be2ca0a6fd877]::panicking::panic_handler::{closure#0}, !>
[INFO] [stdout]    9:     0x5a17beebc44d - __rustc[ea4f61d10b84890b]::rust_begin_unwind
[INFO] [stdout]   10:     0x5a17beefbe0c - core[a373ad73a504971]::panicking::panic_fmt
[INFO] [stdout]   11:     0x5a17be95b5a1 - <ezu_paint[d75710f0d1a44a9]::host::tests::glyphs_template_loads_lazily_and_hashes_its_ranges::{closure#0} as core[a373ad73a504971]::ops::function::FnOnce<()>>::call_once
[INFO] [stdout]   12:     0x5a17beb2724b - test[aada8e7e76ba119b]::__rust_begin_short_backtrace::<core[a373ad73a504971]::result::Result<(), alloc[2e1b2a31b91974c5]::string::String>, fn() -> core[a373ad73a504971]::result::Result<(), alloc[2e1b2a31b91974c5]::string::String>>
[INFO] [stdout]   13:     0x5a17beb34425 - test[aada8e7e76ba119b]::run_test::{closure#0}
[INFO] [stdout]   14:     0x5a17beb2dd14 - std[617be2ca0a6fd877]::sys::backtrace::__rust_begin_short_backtrace::<test[aada8e7e76ba119b]::run_test::{closure#1}, ()>
[INFO] [stdout]   15:     0x5a17beb374b2 - <std[617be2ca0a6fd877]::thread::lifecycle::spawn_unchecked<test[aada8e7e76ba119b]::run_test::{closure#1}, ()>::{closure#1} as core[a373ad73a504971]::ops::function::FnOnce<()>>::call_once::{shim:vtable#0}
[INFO] [stdout]   16:     0x5a17beee1d3f - <std[617be2ca0a6fd877]::sys::thread::unix::Thread>::new::thread_start
[INFO] [stdout]   17:     0x75160eed6dfa - <unknown>
[INFO] [stdout]   18:     0x75160ef6a3d4 - clone
[INFO] [stdout]   19:                0x0 - <unknown>
[INFO] [stdout] 
[INFO] [stdout] ---- host::tests::file_scheme_font_loads_through_the_asset_loader stdout ----
[INFO] [stdout] 
[INFO] [stdout] thread 'host::tests::file_scheme_font_loads_through_the_asset_loader' (3543) panicked at src/host/mod.rs:1838:33:
[INFO] [stdout] font loads: NotFound("file:/opt/rustwide/workdir/../ezu-core/tests/fonts/NotoSans-Regular.latin.ttf")
[INFO] [stdout] stack backtrace:
[INFO] [stdout]    0:     0x5a17beee2c51 - <<std[617be2ca0a6fd877]::sys::backtrace::BacktraceLock>::print::DisplayBacktrace as core[a373ad73a504971]::fmt::Display>::fmt
[INFO] [stdout]    1:     0x5a17beefb6aa - core[a373ad73a504971]::fmt::write
[INFO] [stdout]    2:     0x5a17beee734c - <alloc[2e1b2a31b91974c5]::vec::Vec<u8> as core[a373ad73a504971]::io::write::Write>::write_fmt
[INFO] [stdout]    3:     0x5a17beebb796 - std[617be2ca0a6fd877]::panicking::default_hook::{closure#0}
[INFO] [stdout]    4:     0x5a17beed92e9 - std[617be2ca0a6fd877]::panicking::default_hook
[INFO] [stdout]    5:     0x5a17beb33e00 - test[aada8e7e76ba119b]::test_main_inner::{closure#0}
[INFO] [stdout]    6:     0x5a17beed9612 - std[617be2ca0a6fd877]::panicking::panic_with_hook
[INFO] [stdout]    7:     0x5a17beebb842 - std[617be2ca0a6fd877]::panicking::panic_handler::{closure#0}
[INFO] [stdout]    8:     0x5a17beeb41d9 - std[617be2ca0a6fd877]::sys::backtrace::__rust_end_short_backtrace::<std[617be2ca0a6fd877]::panicking::panic_handler::{closure#0}, !>
[INFO] [stdout]    9:     0x5a17beebc44d - __rustc[ea4f61d10b84890b]::rust_begin_unwind
[INFO] [stdout]   10:     0x5a17beefbe0c - core[a373ad73a504971]::panicking::panic_fmt
[INFO] [stdout]   11:     0x5a17beefbbe2 - core[a373ad73a504971]::result::unwrap_failed
[INFO] [stdout]   12:     0x5a17be95aa0c - <ezu_paint[d75710f0d1a44a9]::host::tests::file_scheme_font_loads_through_the_asset_loader::{closure#0} as core[a373ad73a504971]::ops::function::FnOnce<()>>::call_once
[INFO] [stdout]   13:     0x5a17beb2724b - test[aada8e7e76ba119b]::__rust_begin_short_backtrace::<core[a373ad73a504971]::result::Result<(), alloc[2e1b2a31b91974c5]::string::String>, fn() -> core[a373ad73a504971]::result::Result<(), alloc[2e1b2a31b91974c5]::string::String>>
[INFO] [stdout]   14:     0x5a17beb34425 - test[aada8e7e76ba119b]::run_test::{closure#0}
[INFO] [stdout]   15:     0x5a17beb2dd14 - std[617be2ca0a6fd877]::sys::backtrace::__rust_begin_short_backtrace::<test[aada8e7e76ba119b]::run_test::{closure#1}, ()>
[INFO] [stdout]   16:     0x5a17beb374b2 - <std[617be2ca0a6fd877]::thread::lifecycle::spawn_unchecked<test[aada8e7e76ba119b]::run_test::{closure#1}, ()>::{closure#1} as core[a373ad73a504971]::ops::function::FnOnce<()>>::call_once::{shim:vtable#0}
[INFO] [stdout]   17:     0x5a17beee1d3f - <std[617be2ca0a6fd877]::sys::thread::unix::Thread>::new::thread_start
[INFO] [stdout]   18:     0x75160eed6dfa - <unknown>
[INFO] [stdout]   19:     0x75160ef6a3d4 - clone
[INFO] [stdout]   20:                0x0 - <unknown>
[INFO] [stdout] 
[INFO] [stdout] ---- host::tests::a_file_glyphs_source_reads_the_fontstack_directory_as_named stdout ----
[INFO] [stdout] 
[INFO] [stdout] thread 'host::tests::a_file_glyphs_source_reads_the_fontstack_directory_as_named' (3539) panicked at src/host/mod.rs:1893:62:
[INFO] [stdout] called `Result::unwrap()` on an `Err` value: Os { code: 2, kind: NotFound, message: "No such file or directory" }
[INFO] [stdout] stack backtrace:
[INFO] [stdout]    0:     0x5a17beee2c51 - <<std[617be2ca0a6fd877]::sys::backtrace::BacktraceLock>::print::DisplayBacktrace as core[a373ad73a504971]::fmt::Display>::fmt
[INFO] [stdout]    1:     0x5a17beefb6aa - core[a373ad73a504971]::fmt::write
[INFO] [stdout]    2:     0x5a17beee734c - <alloc[2e1b2a31b91974c5]::vec::Vec<u8> as core[a373ad73a504971]::io::write::Write>::write_fmt
[INFO] [stdout]    3:     0x5a17beebb796 - std[617be2ca0a6fd877]::panicking::default_hook::{closure#0}
[INFO] [stdout]    4:     0x5a17beed92e9 - std[617be2ca0a6fd877]::panicking::default_hook
[INFO] [stdout]    5:     0x5a17beb33e00 - test[aada8e7e76ba119b]::test_main_inner::{closure#0}
[INFO] [stdout]    6:     0x5a17beed9612 - std[617be2ca0a6fd877]::panicking::panic_with_hook
[INFO] [stdout]    7:     0x5a17beebb842 - std[617be2ca0a6fd877]::panicking::panic_handler::{closure#0}
[INFO] [stdout]    8:     0x5a17beeb41d9 - std[617be2ca0a6fd877]::sys::backtrace::__rust_end_short_backtrace::<std[617be2ca0a6fd877]::panicking::panic_handler::{closure#0}, !>
[INFO] [stdout]    9:     0x5a17beebc44d - __rustc[ea4f61d10b84890b]::rust_begin_unwind
[INFO] [stdout]   10:     0x5a17beefbe0c - core[a373ad73a504971]::panicking::panic_fmt
[INFO] [stdout]   11:     0x5a17beefbbe2 - core[a373ad73a504971]::result::unwrap_failed
[INFO] [stdout]   12:     0x5a17be95bec4 - <ezu_paint[d75710f0d1a44a9]::host::tests::a_file_glyphs_source_reads_the_fontstack_directory_as_named::{closure#0} as core[a373ad73a504971]::ops::function::FnOnce<()>>::call_once
[INFO] [stdout]   13:     0x5a17beb2724b - test[aada8e7e76ba119b]::__rust_begin_short_backtrace::<core[a373ad73a504971]::result::Result<(), alloc[2e1b2a31b91974c5]::string::String>, fn() -> core[a373ad73a504971]::result::Result<(), alloc[2e1b2a31b91974c5]::string::String>>
[INFO] [stdout]   14:     0x5a17beb34425 - test[aada8e7e76ba119b]::run_test::{closure#0}
[INFO] [stdout]   15:     0x5a17beb2dd14 - std[617be2ca0a6fd877]::sys::backtrace::__rust_begin_short_backtrace::<test[aada8e7e76ba119b]::run_test::{closure#1}, ()>
[INFO] [stdout]   16:     0x5a17beb374b2 - <std[617be2ca0a6fd877]::thread::lifecycle::spawn_unchecked<test[aada8e7e76ba119b]::run_test::{closure#1}, ()>::{closure#1} as core[a373ad73a504971]::ops::function::FnOnce<()>>::call_once::{shim:vtable#0}
[INFO] [stdout]   17:     0x5a17beee1d3f - <std[617be2ca0a6fd877]::sys::thread::unix::Thread>::new::thread_start
[INFO] [stdout]   18:     0x75160eed6dfa - <unknown>
[INFO] [stdout]   19:     0x75160ef6a3d4 - clone
[INFO] [stdout]   20:                0x0 - <unknown>
[INFO] [stdout] 
[INFO] [stdout] ---- host::tests::system_font_resolves_from_a_seeded_fontdb stdout ----
[INFO] [stdout] 
[INFO] [stdout] thread 'host::tests::system_font_resolves_from_a_seeded_fontdb' (3550) panicked at src/host/mod.rs:1986:42:
[INFO] [stdout] fixture font readable: Os { code: 2, kind: NotFound, message: "No such file or directory" }
[INFO] [stdout] stack backtrace:
[INFO] [stdout]    0:     0x5a17beee2c51 - <<std[617be2ca0a6fd877]::sys::backtrace::BacktraceLock>::print::DisplayBacktrace as core[a373ad73a504971]::fmt::Display>::fmt
[INFO] [stdout]    1:     0x5a17beefb6aa - core[a373ad73a504971]::fmt::write
[INFO] [stdout]    2:     0x5a17beee734c - <alloc[2e1b2a31b91974c5]::vec::Vec<u8> as core[a373ad73a504971]::io::write::Write>::write_fmt
[INFO] [stdout]    3:     0x5a17beebb796 - std[617be2ca0a6fd877]::panicking::default_hook::{closure#0}
[INFO] [stdout]    4:     0x5a17beed92e9 - std[617be2ca0a6fd877]::panicking::default_hook
[INFO] [stdout]    5:     0x5a17beb33e00 - test[aada8e7e76ba119b]::test_main_inner::{closure#0}
[INFO] [stdout]    6:     0x5a17beed9612 - std[617be2ca0a6fd877]::panicking::panic_with_hook
[INFO] [stdout]    7:     0x5a17beebb842 - std[617be2ca0a6fd877]::panicking::panic_handler::{closure#0}
[INFO] [stdout]    8:     0x5a17beeb41d9 - std[617be2ca0a6fd877]::sys::backtrace::__rust_end_short_backtrace::<std[617be2ca0a6fd877]::panicking::panic_handler::{closure#0}, !>
[INFO] [stdout]    9:     0x5a17beebc44d - __rustc[ea4f61d10b84890b]::rust_begin_unwind
[INFO] [stdout]   10:     0x5a17beefbe0c - core[a373ad73a504971]::panicking::panic_fmt
[INFO] [stdout]   11:     0x5a17beefbbe2 - core[a373ad73a504971]::result::unwrap_failed
[INFO] [stdout]   12:     0x5a17be9587d2 - <ezu_paint[d75710f0d1a44a9]::host::tests::system_font_resolves_from_a_seeded_fontdb::{closure#0} as core[a373ad73a504971]::ops::function::FnOnce<()>>::call_once
[INFO] [stdout]   13:     0x5a17beb2724b - test[aada8e7e76ba119b]::__rust_begin_short_backtrace::<core[a373ad73a504971]::result::Result<(), alloc[2e1b2a31b91974c5]::string::String>, fn() -> core[a373ad73a504971]::result::Result<(), alloc[2e1b2a31b91974c5]::string::String>>
[INFO] [stdout]   14:     0x5a17beb34425 - test[aada8e7e76ba119b]::run_test::{closure#0}
[INFO] [stdout]   15:     0x5a17beb2dd14 - std[617be2ca0a6fd877]::sys::backtrace::__rust_begin_short_backtrace::<test[aada8e7e76ba119b]::run_test::{closure#1}, ()>
[INFO] [stdout]   16:     0x5a17beb374b2 - <std[617be2ca0a6fd877]::thread::lifecycle::spawn_unchecked<test[aada8e7e76ba119b]::run_test::{closure#1}, ()>::{closure#1} as core[a373ad73a504971]::ops::function::FnOnce<()>>::call_once::{shim:vtable#0}
[INFO] [stdout]   17:     0x5a17beee1d3f - <std[617be2ca0a6fd877]::sys::thread::unix::Thread>::new::thread_start
[INFO] [stdout]   18:     0x75160eed6dfa - <unknown>
[INFO] [stdout]   19:     0x75160ef6a3d4 - clone
[INFO] [stdout]   20:                0x0 - <unknown>
[INFO] [stdout] 
[INFO] [stdout] 
[INFO] [stdout] failures:
[INFO] [stdout]     host::tests::a_file_glyphs_source_reads_the_fontstack_directory_as_named
[INFO] [stdout]     host::tests::file_scheme_font_loads_through_the_asset_loader
[INFO] [stdout]     host::tests::glyphs_template_loads_lazily_and_hashes_its_ranges
[INFO] [stdout]     host::tests::system_font_resolves_from_a_seeded_fontdb
[INFO] [stdout] 
[INFO] [stdout] test result: FAILED. 105 passed; 4 failed; 0 ignored; 0 measured; 0 filtered out; finished in 0.22s
[INFO] [stdout] 
[INFO] [stderr] error: test failed, to rerun pass `--lib`
[INFO] running `Command { std: "docker" "inspect" "be5f780a2ef5ba3cd9f2d4ceb579366f304f579682cdfc48d8b7b0c64abebe00", kill_on_drop: false }`
[INFO] running `Command { std: "docker" "rm" "-f" "be5f780a2ef5ba3cd9f2d4ceb579366f304f579682cdfc48d8b7b0c64abebe00", kill_on_drop: false }`
[INFO] [stdout] be5f780a2ef5ba3cd9f2d4ceb579366f304f579682cdfc48d8b7b0c64abebe00
