[INFO] fetching crate ez_jni_macros 0.7.1...
[INFO] testing ez_jni_macros-0.7.1 against 1.100.0-beta.1+cargoflags=--release for beta-release-1.100-2
[INFO] extracting crate ez_jni_macros 0.7.1 into /workspace/builds/worker-3-tc2/source
[INFO] started tweaking crates.io crate ez_jni_macros 0.7.1
[INFO] finished tweaking crates.io crate ez_jni_macros 0.7.1
[INFO] tweaked toml for crates.io crate ez_jni_macros 0.7.1 written to /workspace/builds/worker-3-tc2/source/Cargo.toml
[INFO] validating manifest of crates.io crate ez_jni_macros 0.7.1 on toolchain 1.100.0-beta.1
[INFO] running `Command { std: CARGO_HOME="/workspace/cargo-home" RUSTUP_HOME="/workspace/rustup-home" "/workspace/cargo-home/bin/cargo" "+1.100.0-beta.1" "metadata" "--manifest-path" "Cargo.toml" "--no-deps", kill_on_drop: false }`
[INFO] crate crates.io crate ez_jni_macros 0.7.1 already has a lockfile, it will not be regenerated
[INFO] running `Command { std: CARGO_HOME="/workspace/cargo-home" RUSTUP_HOME="/workspace/rustup-home" "/workspace/cargo-home/bin/cargo" "+1.100.0-beta.1" "fetch" "--manifest-path" "Cargo.toml", kill_on_drop: false }`
[INFO] running `Command { std: "docker" "create" "-v" "/var/lib/crater-agent-workspace/builds/worker-3-tc2/source:/opt/rustwide/workdir:ro,Z" "-v" "/var/lib/crater-agent-workspace/builds/worker-3-tc2/target:/opt/rustwide/target:rw,Z" "-v" "/var/lib/crater-agent-workspace/cargo-home:/opt/rustwide/cargo-home:ro,Z" "-v" "/var/lib/crater-agent-workspace/rustup-home:/opt/rustwide/rustup-home:ro,Z" "-m" "1610612736" "--network" "none" "ghcr.io/rust-lang/crates-build-env/linux@sha256:77db811e55d90add9212f6832c23229e3de5f1c1f9905e8cb07319ea15df73ac" "sleep" "infinity", kill_on_drop: false }`
[INFO] [stdout] c7b4746fa182200bdeeb05e717ec49db1a5fa018942891ff9b647a9ed41ea04b
[INFO] running `Command { std: "docker" "start" "c7b4746fa182200bdeeb05e717ec49db1a5fa018942891ff9b647a9ed41ea04b", kill_on_drop: false }`
[INFO] running `Command { std: "docker" "inspect" "c7b4746fa182200bdeeb05e717ec49db1a5fa018942891ff9b647a9ed41ea04b", kill_on_drop: false }`
[INFO] running `Command { std: "docker" "exec" "-e" "SOURCE_DIR=/opt/rustwide/workdir" "-e" "CARGO_HOME=/opt/rustwide/cargo-home" "-e" "RUSTUP_HOME=/opt/rustwide/rustup-home" "-e" "CARGO_TARGET_DIR=/opt/rustwide/target" "-w" "/opt/rustwide/workdir" "--user" "0:0" "c7b4746fa182200bdeeb05e717ec49db1a5fa018942891ff9b647a9ed41ea04b" "/opt/rustwide/cargo-home/bin/cargo" "+1.100.0-beta.1" "metadata" "--no-deps" "--format-version=1", kill_on_drop: false }`
[INFO] running `Command { std: "docker" "inspect" "c7b4746fa182200bdeeb05e717ec49db1a5fa018942891ff9b647a9ed41ea04b", kill_on_drop: false }`
[INFO] running `Command { std: "docker" "exec" "-e" "SOURCE_DIR=/opt/rustwide/workdir" "-e" "CARGO_HOME=/opt/rustwide/cargo-home" "-e" "RUSTUP_HOME=/opt/rustwide/rustup-home" "-e" "CARGO_TARGET_DIR=/opt/rustwide/target" "-e" "CARGO_INCREMENTAL=0" "-e" "RUST_BACKTRACE=full" "-e" "RUSTFLAGS=--cap-lints=warn" "-e" "RUSTDOCFLAGS=--cap-lints=warn" "-w" "/opt/rustwide/workdir" "--user" "0:0" "c7b4746fa182200bdeeb05e717ec49db1a5fa018942891ff9b647a9ed41ea04b" "/opt/rustwide/cargo-home/bin/cargo" "+1.100.0-beta.1" "build" "--frozen" "--message-format=json" "--release", kill_on_drop: false }`
[INFO] [stderr]    Compiling proc-macro2 v1.0.94
[INFO] [stderr]    Compiling unicode-ident v1.0.12
[INFO] [stderr]    Compiling thiserror v1.0.63
[INFO] [stderr]    Compiling lazy_static v1.5.0
[INFO] [stderr]    Compiling memchr v2.7.4
[INFO] [stderr]    Compiling glob v0.3.1
[INFO] [stderr]    Compiling bytes v1.7.1
[INFO] [stderr]    Compiling jni-sys v0.3.0
[INFO] [stderr]    Compiling unicode-segmentation v1.12.0
[INFO] [stderr]    Compiling cesu8 v1.1.0
[INFO] [stderr]    Compiling either v1.13.0
[INFO] [stderr]    Compiling ez_jni_general_utils v0.1.1
[INFO] [stderr]    Compiling libloading v0.7.4
[INFO] [stderr]    Compiling java-locator v0.1.7
[INFO] [stderr]    Compiling itertools v0.13.0
[INFO] [stderr]    Compiling convert_case v0.6.0
[INFO] [stderr]    Compiling combine v4.6.7
[INFO] [stderr]    Compiling quote v1.0.37
[INFO] [stderr]    Compiling syn v2.0.100
[INFO] [stderr]    Compiling thiserror-impl v1.0.63
[INFO] [stderr]    Compiling jni v0.21.1
[INFO] [stderr]    Compiling ez_jni_macros v0.7.1 (/opt/rustwide/workdir)
[INFO] [stderr] warning: unused dependency `jni`
[INFO] [stderr]   --> Cargo.toml:10:15
[INFO] [stderr]    |
[INFO] [stderr] 10 | [dependencies.jni]
[INFO] [stderr]    |               ^^^^
[INFO] [stderr]    |
[INFO] [stderr]    = note: `cargo::unused_dependencies` is set to `warn` by default
[INFO] [stderr] help: consider removing the dependency on `jni`
[INFO] [stderr] warning: `ez_jni_macros` (manifest) generated 1 warning
[INFO] [stderr]     Finished `release` profile [optimized] target(s) in 21.52s
[INFO] running `Command { std: "docker" "inspect" "c7b4746fa182200bdeeb05e717ec49db1a5fa018942891ff9b647a9ed41ea04b", kill_on_drop: false }`
[INFO] running `Command { std: "docker" "exec" "-e" "SOURCE_DIR=/opt/rustwide/workdir" "-e" "CARGO_HOME=/opt/rustwide/cargo-home" "-e" "RUSTUP_HOME=/opt/rustwide/rustup-home" "-e" "CARGO_TARGET_DIR=/opt/rustwide/target" "-e" "CARGO_INCREMENTAL=0" "-e" "RUST_BACKTRACE=full" "-e" "RUSTFLAGS=--cap-lints=warn" "-e" "RUSTDOCFLAGS=--cap-lints=warn" "-w" "/opt/rustwide/workdir" "--user" "0:0" "c7b4746fa182200bdeeb05e717ec49db1a5fa018942891ff9b647a9ed41ea04b" "/opt/rustwide/cargo-home/bin/cargo" "+1.100.0-beta.1" "test" "--frozen" "--no-run" "--message-format=json" "--release", kill_on_drop: false }`
[INFO] [stderr]    Compiling ez_jni_macros v0.7.1 (/opt/rustwide/workdir)
[INFO] [stderr] warning: unused dependency `jni`
[INFO] [stderr]   --> Cargo.toml:10:15
[INFO] [stderr]    |
[INFO] [stderr] 10 | [dependencies.jni]
[INFO] [stderr]    |               ^^^^
[INFO] [stderr]    |
[INFO] [stderr]    = note: `cargo::unused_dependencies` is set to `warn` by default
[INFO] [stderr] help: consider removing the dependency on `jni`
[INFO] [stderr] warning: unused dependency `jni`
[INFO] [stderr]   --> Cargo.toml:28:19
[INFO] [stderr]    |
[INFO] [stderr] 28 | [dev-dependencies.jni]
[INFO] [stderr]    |                   ^^^^
[INFO] [stderr]    |
[INFO] [stderr] help: consider removing the dependency on `jni`
[INFO] [stderr] warning: `ez_jni_macros` (manifest) generated 2 warnings
[INFO] [stderr]     Finished `release` profile [optimized] target(s) in 1.98s
[INFO] running `Command { std: "docker" "inspect" "c7b4746fa182200bdeeb05e717ec49db1a5fa018942891ff9b647a9ed41ea04b", kill_on_drop: false }`
[INFO] running `Command { std: "docker" "exec" "-e" "SOURCE_DIR=/opt/rustwide/workdir" "-e" "CARGO_HOME=/opt/rustwide/cargo-home" "-e" "RUSTUP_HOME=/opt/rustwide/rustup-home" "-e" "CARGO_TARGET_DIR=/opt/rustwide/target" "-e" "CARGO_INCREMENTAL=0" "-e" "RUST_BACKTRACE=full" "-e" "RUSTFLAGS=--cap-lints=warn" "-e" "RUSTDOCFLAGS=--cap-lints=warn" "-w" "/opt/rustwide/workdir" "--user" "0:0" "c7b4746fa182200bdeeb05e717ec49db1a5fa018942891ff9b647a9ed41ea04b" "/opt/rustwide/cargo-home/bin/cargo" "+1.100.0-beta.1" "test" "--frozen" "--release", kill_on_drop: false }`
[INFO] [stderr] warning: unused dependency `jni`
[INFO] [stderr]   --> Cargo.toml:10:15
[INFO] [stderr]    |
[INFO] [stderr] 10 | [dependencies.jni]
[INFO] [stderr]    |               ^^^^
[INFO] [stderr]    |
[INFO] [stderr]    = note: `cargo::unused_dependencies` is set to `warn` by default
[INFO] [stderr] help: consider removing the dependency on `jni`
[INFO] [stderr] warning: unused dependency `jni`
[INFO] [stderr]   --> Cargo.toml:28:19
[INFO] [stderr]    |
[INFO] [stderr] 28 | [dev-dependencies.jni]
[INFO] [stderr]    |                   ^^^^
[INFO] [stderr]    |
[INFO] [stderr] help: consider removing the dependency on `jni`
[INFO] [stderr] warning: `ez_jni_macros` (manifest) generated 2 warnings
[INFO] [stderr]     Finished `release` profile [optimized] target(s) in 0.04s
[INFO] [stderr]      Running unittests src/lib.rs (/opt/rustwide/target/release/build/ez_jni_macros/83d30bcb2b081b7c/out/ez_jni_macros-83d30bcb2b081b7c)
[INFO] [stdout] 
[INFO] [stdout] running 1 test
[INFO] [stderr]    Doc-tests ez_jni_macros
[INFO] [stdout] test types::tests::class_path ... ok
[INFO] [stdout] 
[INFO] [stdout] test result: ok. 1 passed; 0 failed; 0 ignored; 0 measured; 0 filtered out; finished in 0.00s
[INFO] [stdout] 
[INFO] [stdout] 
[INFO] [stdout] running 18 tests
[INFO] [stdout] test src/call.rs - call::CallType::Static (line 261) ... ignored
[INFO] [stdout] test src/call.rs - call::Env (line 703) ... ignored
[INFO] [stdout] test src/lib.rs - call (line 119) ... ignored
[INFO] [stdout] test src/lib.rs - call (line 125) ... ignored
[INFO] [stdout] test src/lib.rs - call (line 132) ... ignored
[INFO] [stdout] test src/lib.rs - call (line 141) ... ignored
[INFO] [stdout] test src/lib.rs - call (line 170) ... ignored
[INFO] [stdout] test src/lib.rs - call (line 204) ... ignored
[INFO] [stdout] test src/lib.rs - class (line 295) ... ignored
[INFO] [stdout] test src/lib.rs - new (line 238) ... ignored
[INFO] [stdout] test src/lib.rs - new (line 250) ... ignored
[INFO] [stdout] test src/lib.rs - singleton (line 318) ... ignored
[INFO] [stdout] test src/object.rs - object::AttributeProps::parse_attr_with (line 130) ... ignored
[INFO] [stdout] test src/object.rs - object::construct_variants (line 526) ... ignored
[INFO] [stdout] test src/types.rs - types::ArrayType::convert_rust_to_java::create_obj_array (line 519) ... ignored
[INFO] [stdout] test src/lib.rs - compile_java_class (line 436) ... FAILED
[INFO] [stdout] test src/lib.rs - jni_fn (line 59) ... FAILED
[INFO] [stdout] test src/lib.rs - jni_fn (line 70) ... FAILED
[INFO] [stdout] 
[INFO] [stdout] failures:
[INFO] [stdout] 
[INFO] [stdout] ---- src/lib.rs - compile_java_class (line 436) stdout ----
[INFO] [stdout] error[E0433]: cannot find module or crate `ez_jni` in this scope
[INFO] [stdout]    --> src/lib.rs:437:27
[INFO] [stdout]     |
[INFO] [stdout] 437 | static BYTE_CODE: &[u8] = ez_jni::compile_java_class!("./src/", "me/marti/ezjni/RustPanic");
[INFO] [stdout]     |                           ^^^^^^ use of unresolved module or unlinked crate `ez_jni`
[INFO] [stdout] 
[INFO] [stdout] error: aborting due to 1 previous error
[INFO] [stdout] 
[INFO] [stdout] For more information about this error, try `rustc --explain E0433`.
[INFO] [stdout] Couldn't compile the test.
[INFO] [stdout] ---- src/lib.rs - jni_fn (line 59) stdout ----
[INFO] [stdout] error[E0433]: cannot find `ez_jni` in the list of imported crates
[INFO] [stdout]   --> src/lib.rs:65:9
[INFO] [stdout]    |
[INFO] [stdout] 65 |         3
[INFO] [stdout]    |         ^ could not find `ez_jni` in the list of imported crates
[INFO] [stdout] 
[INFO] [stdout] error[E0433]: cannot find `ez_jni` in the list of imported crates
[INFO] [stdout]   --> src/lib.rs:64:42
[INFO] [stdout]    |
[INFO] [stdout] 64 |     pub static fn hello_world<'local>(s: String) -> int {
[INFO] [stdout]    |                                          ^^^^^^ could not find `ez_jni` in the list of imported crates
[INFO] [stdout] 
[INFO] [stdout] error: aborting due to 2 previous errors
[INFO] [stdout] 
[INFO] [stdout] For more information about this error, try `rustc --explain E0433`.
[INFO] [stdout] Couldn't compile the test.
[INFO] [stdout] ---- src/lib.rs - jni_fn (line 70) stdout ----
[INFO] [stdout] error[E0432]: unresolved import `ez_jni`
[INFO] [stdout]   --> src/lib.rs:72:5
[INFO] [stdout]    |
[INFO] [stdout] 72 | use ez_jni::FromObject;
[INFO] [stdout]    |     ^^^^^^ use of unresolved module or unlinked crate `ez_jni`
[INFO] [stdout]    |
[INFO] [stdout]    = help: if you wanted to use a crate named `ez_jni`, use `cargo add ez_jni` to add it to your `Cargo.toml`
[INFO] [stdout] 
[INFO] [stdout] error[E0433]: cannot find module or crate `ez_jni` in this scope
[INFO] [stdout]   --> src/lib.rs:82:5
[INFO] [stdout]    |
[INFO] [stdout] 82 |     ez_jni::__throw::run_with_jnienv(env, move |env| {
[INFO] [stdout]    |     ^^^^^^ use of unresolved module or unlinked crate `ez_jni`
[INFO] [stdout]    |
[INFO] [stdout]    = help: if you wanted to use a crate named `ez_jni`, use `cargo add ez_jni` to add it to your `Cargo.toml`
[INFO] [stdout] 
[INFO] [stdout] error: aborting due to 2 previous errors
[INFO] [stdout] 
[INFO] [stdout] Some errors have detailed explanations: E0432, E0433.
[INFO] [stdout] For more information about an error, try `rustc --explain E0432`.
[INFO] [stdout] Couldn't compile the test.
[INFO] [stdout] 
[INFO] [stdout] failures:
[INFO] [stdout]     src/lib.rs - compile_java_class (line 436)
[INFO] [stdout]     src/lib.rs - jni_fn (line 59)
[INFO] [stdout]     src/lib.rs - jni_fn (line 70)
[INFO] [stdout] 
[INFO] [stdout] test result: FAILED. 0 passed; 3 failed; 15 ignored; 0 measured; 0 filtered out; finished in 0.14s
[INFO] [stdout] 
[INFO] [stdout] all doctests ran in 0.26s; merged doctests compilation took 0.12s
[INFO] [stderr] error: doctest failed, to rerun pass `--doc`
[INFO] running `Command { std: "docker" "inspect" "c7b4746fa182200bdeeb05e717ec49db1a5fa018942891ff9b647a9ed41ea04b", kill_on_drop: false }`
[INFO] running `Command { std: "docker" "rm" "-f" "c7b4746fa182200bdeeb05e717ec49db1a5fa018942891ff9b647a9ed41ea04b", kill_on_drop: false }`
[INFO] [stdout] c7b4746fa182200bdeeb05e717ec49db1a5fa018942891ff9b647a9ed41ea04b
