[INFO] fetching crate eyepiece 0.8.1...
[INFO] testing eyepiece-0.8.1 against 1.100.0-beta.1+cargoflags=--release for beta-release-1.100-2
[INFO] extracting crate eyepiece 0.8.1 into /workspace/builds/worker-7-tc2/source
[INFO] started tweaking crates.io crate eyepiece 0.8.1
[INFO] finished tweaking crates.io crate eyepiece 0.8.1
[INFO] tweaked toml for crates.io crate eyepiece 0.8.1 written to /workspace/builds/worker-7-tc2/source/Cargo.toml
[INFO] validating manifest of crates.io crate eyepiece 0.8.1 on toolchain 1.100.0-beta.1
[INFO] running `Command { std: CARGO_HOME="/workspace/cargo-home" RUSTUP_HOME="/workspace/rustup-home" "/workspace/cargo-home/bin/cargo" "+1.100.0-beta.1" "metadata" "--manifest-path" "Cargo.toml" "--no-deps", kill_on_drop: false }`
[INFO] crate crates.io crate eyepiece 0.8.1 already has a lockfile, it will not be regenerated
[INFO] running `Command { std: CARGO_HOME="/workspace/cargo-home" RUSTUP_HOME="/workspace/rustup-home" "/workspace/cargo-home/bin/cargo" "+1.100.0-beta.1" "fetch" "--manifest-path" "Cargo.toml", kill_on_drop: false }`
[INFO] running `Command { std: "docker" "create" "-v" "/var/lib/crater-agent-workspace/builds/worker-7-tc2/source:/opt/rustwide/workdir:ro,Z" "-v" "/var/lib/crater-agent-workspace/builds/worker-7-tc2/target:/opt/rustwide/target:rw,Z" "-v" "/var/lib/crater-agent-workspace/cargo-home:/opt/rustwide/cargo-home:ro,Z" "-v" "/var/lib/crater-agent-workspace/rustup-home:/opt/rustwide/rustup-home:ro,Z" "-m" "1610612736" "--network" "none" "ghcr.io/rust-lang/crates-build-env/linux@sha256:77db811e55d90add9212f6832c23229e3de5f1c1f9905e8cb07319ea15df73ac" "sleep" "infinity", kill_on_drop: false }`
[INFO] [stdout] 3fe569c9c521f26cb66f47199d2ef138d19e83fc347bb7ac0e9ff28af9c625d5
[INFO] running `Command { std: "docker" "start" "3fe569c9c521f26cb66f47199d2ef138d19e83fc347bb7ac0e9ff28af9c625d5", kill_on_drop: false }`
[INFO] running `Command { std: "docker" "inspect" "3fe569c9c521f26cb66f47199d2ef138d19e83fc347bb7ac0e9ff28af9c625d5", kill_on_drop: false }`
[INFO] running `Command { std: "docker" "exec" "-e" "SOURCE_DIR=/opt/rustwide/workdir" "-e" "CARGO_HOME=/opt/rustwide/cargo-home" "-e" "RUSTUP_HOME=/opt/rustwide/rustup-home" "-e" "CARGO_TARGET_DIR=/opt/rustwide/target" "-w" "/opt/rustwide/workdir" "--user" "0:0" "3fe569c9c521f26cb66f47199d2ef138d19e83fc347bb7ac0e9ff28af9c625d5" "/opt/rustwide/cargo-home/bin/cargo" "+1.100.0-beta.1" "metadata" "--no-deps" "--format-version=1", kill_on_drop: false }`
[INFO] running `Command { std: "docker" "inspect" "3fe569c9c521f26cb66f47199d2ef138d19e83fc347bb7ac0e9ff28af9c625d5", kill_on_drop: false }`
[INFO] running `Command { std: "docker" "exec" "-e" "SOURCE_DIR=/opt/rustwide/workdir" "-e" "CARGO_HOME=/opt/rustwide/cargo-home" "-e" "RUSTUP_HOME=/opt/rustwide/rustup-home" "-e" "CARGO_TARGET_DIR=/opt/rustwide/target" "-e" "CARGO_INCREMENTAL=0" "-e" "RUST_BACKTRACE=full" "-e" "RUSTFLAGS=--cap-lints=warn" "-e" "RUSTDOCFLAGS=--cap-lints=warn" "-w" "/opt/rustwide/workdir" "--user" "0:0" "3fe569c9c521f26cb66f47199d2ef138d19e83fc347bb7ac0e9ff28af9c625d5" "/opt/rustwide/cargo-home/bin/cargo" "+1.100.0-beta.1" "build" "--frozen" "--message-format=json" "--release", kill_on_drop: false }`
[INFO] [stderr]    Compiling autocfg v1.1.0
[INFO] [stderr]    Compiling libc v0.2.147
[INFO] [stderr]    Compiling proc-macro2 v1.0.63
[INFO] [stderr]    Compiling unicode-ident v1.0.10
[INFO] [stderr]    Compiling quote v1.0.29
[INFO] [stderr]    Compiling libm v0.2.7
[INFO] [stderr]    Compiling crossbeam-utils v0.8.16
[INFO] [stderr]    Compiling scopeguard v1.1.0
[INFO] [stderr]    Compiling simd-adler32 v0.3.5
[INFO] [stderr]    Compiling rayon-core v1.11.0
[INFO] [stderr]    Compiling crc32fast v1.3.2
[INFO] [stderr]    Compiling miniz_oxide v0.7.1
[INFO] [stderr]    Compiling futures-core v0.3.28
[INFO] [stderr]    Compiling num-traits v0.2.15
[INFO] [stderr]    Compiling memoffset v0.9.0
[INFO] [stderr]    Compiling crossbeam-epoch v0.9.15
[INFO] [stderr]    Compiling num-integer v0.1.45
[INFO] [stderr]    Compiling lock_api v0.4.10
[INFO] [stderr]    Compiling either v1.8.1
[INFO] [stderr]    Compiling serde v1.0.167
[INFO] [stderr]    Compiling crossbeam-channel v0.5.8
[INFO] [stderr]    Compiling syn v2.0.23
[INFO] [stderr]    Compiling crossbeam-deque v0.8.3
[INFO] [stderr]    Compiling spin v0.9.8
[INFO] [stderr]    Compiling getrandom v0.2.10
[INFO] [stderr]    Compiling num_cpus v1.16.0
[INFO] [stderr]    Compiling rand_core v0.6.4
[INFO] [stderr]    Compiling nanorand v0.7.0
[INFO] [stderr]    Compiling flate2 v1.0.26
[INFO] [stderr]    Compiling num-rational v0.4.1
[INFO] [stderr]    Compiling num-bigint v0.4.3
[INFO] [stderr]    Compiling version_check v0.9.4
[INFO] [stderr]    Compiling ppv-lite86 v0.2.17
[INFO] [stderr]    Compiling portable-atomic v1.3.3
[INFO] [stderr]    Compiling weezl v0.1.7
[INFO] [stderr]    Compiling futures-sink v0.3.28
[INFO] [stderr]    Compiling thiserror v1.0.43
[INFO] [stderr]    Compiling rustfft v6.1.0
[INFO] [stderr]    Compiling zune-inflate v0.2.54
[INFO] [stderr]    Compiling rand_chacha v0.3.1
[INFO] [stderr]    Compiling fdeflate v0.3.0
[INFO] [stderr]    Compiling lebe v0.5.2
[INFO] [stderr]    Compiling rayon v1.7.0
[INFO] [stderr]    Compiling byteorder v1.4.3
[INFO] [stderr]    Compiling bytemuck v1.13.1
[INFO] [stderr]    Compiling smallvec v1.11.0
[INFO] [stderr]    Compiling anyhow v1.0.71
[INFO] [stderr]    Compiling unicode-width v0.1.10
[INFO] [stderr]    Compiling bit_field v0.10.2
[INFO] [stderr]    Compiling colorous v1.0.11
[INFO] [stderr]    Compiling half v2.2.1
[INFO] [stderr]    Compiling lazy_static v1.4.0
[INFO] [stderr]    Compiling console v0.15.7
[INFO] [stderr]    Compiling qoi v0.4.1
[INFO] [stderr]    Compiling png v0.17.9
[INFO] [stderr]    Compiling transpose v0.2.2
[INFO] [stderr]    Compiling gif v0.12.0
[INFO] [stderr]    Compiling rand v0.8.5
[INFO] [stderr]    Compiling primal-check v0.3.3
[INFO] [stderr]    Compiling num-complex v0.4.3
[INFO] [stderr]    Compiling iter-read v0.3.1
[INFO] [stderr]    Compiling jpeg-decoder v0.3.0
[INFO] [stderr]    Compiling indicatif v0.17.5
[INFO] [stderr]    Compiling rand_distr v0.4.3
[INFO] [stderr]    Compiling pin-project-internal v1.1.2
[INFO] [stderr]    Compiling serde_derive v1.0.167
[INFO] [stderr]    Compiling thiserror-impl v1.0.43
[INFO] [stderr]    Compiling tiff v0.8.1
[INFO] [stderr]    Compiling geotrans v0.2.2
[INFO] [stderr]    Compiling pin-project v1.1.2
[INFO] [stderr]    Compiling flume v0.10.14
[INFO] [stderr]    Compiling exr v1.7.0
[INFO] [stderr]    Compiling rand_seeder v0.2.3
[INFO] [stderr]    Compiling log v0.4.19
[INFO] [stderr]    Compiling image v0.24.6
[INFO] [stderr]    Compiling skyangle v0.2.2
[INFO] [stderr]    Compiling serde-pickle v1.1.1
[INFO] [stderr]    Compiling eyepiece v0.8.1 (/opt/rustwide/workdir)
[INFO] [stdout] warning: use of deprecated constant `std::f64::EPSILON`: replaced by the `EPSILON` associated constant on `f64`
[INFO] [stdout]   --> src/bessel_knu.rs:68:19
[INFO] [stdout]    |
[INFO] [stdout] 68 |     (d, std::f64::EPSILON * e + cs.c[cs.order as usize].abs())
[INFO] [stdout]    |                   ^^^^^^^
[INFO] [stdout]    |
[INFO] [stdout]    = note: `#[warn(deprecated)]` on by default
[INFO] [stdout] 
[INFO] [stdout] 
[INFO] [stdout] warning: use of deprecated constant `std::f64::EPSILON`: replaced by the `EPSILON` associated constant on `f64`
[INFO] [stdout]    --> src/bessel_knu.rs:103:45
[INFO] [stdout]     |
[INFO] [stdout] 103 |     let sinrat = if pi_nu.abs() < std::f64::EPSILON {
[INFO] [stdout]     |                                             ^^^^^^^
[INFO] [stdout] 
[INFO] [stdout] 
[INFO] [stdout] warning: use of deprecated constant `std::f64::EPSILON`: replaced by the `EPSILON` associated constant on `f64`
[INFO] [stdout]    --> src/bessel_knu.rs:108:46
[INFO] [stdout]     |
[INFO] [stdout] 108 |     let sinhrat = if sigma.abs() < std::f64::EPSILON {
[INFO] [stdout]     |                                              ^^^^^^^
[INFO] [stdout] 
[INFO] [stdout] 
[INFO] [stdout] warning: use of deprecated constant `std::f64::EPSILON`: replaced by the `EPSILON` associated constant on `f64`
[INFO] [stdout]    --> src/bessel_knu.rs:137:54
[INFO] [stdout]     |
[INFO] [stdout] 137 |         if del0.abs() < 0.5 * sum0.abs() * std::f64::EPSILON {
[INFO] [stdout]     |                                                      ^^^^^^^
[INFO] [stdout] 
[INFO] [stdout] 
[INFO] [stdout] warning: use of deprecated constant `std::f64::EPSILON`: replaced by the `EPSILON` associated constant on `f64`
[INFO] [stdout]    --> src/bessel_knu.rs:183:41
[INFO] [stdout]     |
[INFO] [stdout] 183 |         if (dels / s).abs() < std::f64::EPSILON {
[INFO] [stdout]     |                                         ^^^^^^^
[INFO] [stdout] 
[INFO] [stdout] 
[INFO] [stdout] warning: use of deprecated constant `std::f64::MAX`: replaced by the `MAX` associated constant on `f64`
[INFO] [stdout]    --> src/bessel_knu.rs:220:35
[INFO] [stdout]     |
[INFO] [stdout] 220 |         if k_nu.abs() > std::f64::MAX.sqrt() {
[INFO] [stdout]     |                                   ^^^
[INFO] [stdout] 
[INFO] [stdout] 
[INFO] [stderr] warning: unused dependency `anyhow`
[INFO] [stderr]  --> Cargo.toml:5:15
[INFO] [stderr]   |
[INFO] [stderr] 5 | [dependencies.anyhow]
[INFO] [stderr]   |               ^^^^^^^
[INFO] [stderr]   |
[INFO] [stderr]   = note: `cargo::unused_dependencies` is set to `warn` by default
[INFO] [stderr] help: consider removing the dependency on `anyhow`
[INFO] [stderr] warning: `eyepiece` (manifest) generated 1 warning
[INFO] [stderr]     Finished `release` profile [optimized] target(s) in 2m 18s
[INFO] running `Command { std: "docker" "inspect" "3fe569c9c521f26cb66f47199d2ef138d19e83fc347bb7ac0e9ff28af9c625d5", kill_on_drop: false }`
[INFO] running `Command { std: "docker" "exec" "-e" "SOURCE_DIR=/opt/rustwide/workdir" "-e" "CARGO_HOME=/opt/rustwide/cargo-home" "-e" "RUSTUP_HOME=/opt/rustwide/rustup-home" "-e" "CARGO_TARGET_DIR=/opt/rustwide/target" "-e" "CARGO_INCREMENTAL=0" "-e" "RUST_BACKTRACE=full" "-e" "RUSTFLAGS=--cap-lints=warn" "-e" "RUSTDOCFLAGS=--cap-lints=warn" "-w" "/opt/rustwide/workdir" "--user" "0:0" "3fe569c9c521f26cb66f47199d2ef138d19e83fc347bb7ac0e9ff28af9c625d5" "/opt/rustwide/cargo-home/bin/cargo" "+1.100.0-beta.1" "test" "--frozen" "--no-run" "--message-format=json" "--release", kill_on_drop: false }`
[INFO] [stderr]    Compiling rustix v0.38.3
[INFO] [stderr]    Compiling memchr v2.5.0
[INFO] [stderr]    Compiling bitflags v2.3.3
[INFO] [stderr]    Compiling linux-raw-sys v0.4.3
[INFO] [stderr]    Compiling indexmap v1.9.3
[INFO] [stderr]    Compiling serde_json v1.0.100
[INFO] [stderr]    Compiling utf8parse v0.2.1
[INFO] [stderr]    Compiling regex-syntax v0.7.3
[INFO] [stderr]    Compiling anstyle-parse v0.2.1
[INFO] [stderr]    Compiling hashbrown v0.12.3
[INFO] [stderr]    Compiling half v1.8.2
[INFO] [stderr]    Compiling ciborium-io v0.2.1
[INFO] [stderr]    Compiling itoa v1.0.8
[INFO] [stderr]    Compiling ryu v1.0.14
[INFO] [stderr]    Compiling anstyle v1.0.1
[INFO] [stderr]    Compiling colorchoice v1.0.0
[INFO] [stderr]    Compiling plotters-backend v0.3.5
[INFO] [stderr]    Compiling os_str_bytes v6.5.1
[INFO] [stderr]    Compiling anstyle-query v1.0.0
[INFO] [stderr]    Compiling ciborium-ll v0.2.1
[INFO] [stderr]    Compiling aho-corasick v1.0.2
[INFO] [stderr]    Compiling clap_lex v0.2.4
[INFO] [stderr]    Compiling plotters-svg v0.3.5
[INFO] [stderr]    Compiling itertools v0.10.5
[INFO] [stderr]    Compiling is-terminal v0.4.9
[INFO] [stderr]    Compiling anstream v0.3.2
[INFO] [stderr]    Compiling textwrap v0.16.0
[INFO] [stderr]    Compiling cast v0.3.0
[INFO] [stderr]    Compiling strsim v0.10.0
[INFO] [stderr]    Compiling clap_lex v0.5.0
[INFO] [stderr]    Compiling walkdir v2.3.3
[INFO] [stderr]    Compiling clap_builder v4.3.11
[INFO] [stderr]    Compiling regex-automata v0.3.2
[INFO] [stderr]    Compiling clap v3.2.25
[INFO] [stderr]    Compiling clap_derive v4.3.2
[INFO] [stderr]    Compiling criterion-plot v0.5.0
[INFO] [stderr]    Compiling tinytemplate v1.2.1
[INFO] [stderr]    Compiling plotters v0.3.5
[INFO] [stderr]    Compiling ciborium v0.2.1
[INFO] [stderr]    Compiling atty v0.2.14
[INFO] [stderr]    Compiling termcolor v1.2.0
[INFO] [stderr]    Compiling anes v0.1.6
[INFO] [stderr]    Compiling humantime v2.1.0
[INFO] [stderr]    Compiling regex v1.9.1
[INFO] [stderr]    Compiling oorandom v11.1.3
[INFO] [stderr]    Compiling once_cell v1.18.0
[INFO] [stdout] warning: use of deprecated constant `std::f64::EPSILON`: replaced by the `EPSILON` associated constant on `f64`
[INFO] [stdout]   --> src/bessel_knu.rs:68:19
[INFO] [stdout]    |
[INFO] [stdout] 68 |     (d, std::f64::EPSILON * e + cs.c[cs.order as usize].abs())
[INFO] [stdout]    |                   ^^^^^^^
[INFO] [stdout]    |
[INFO] [stdout]    = note: `#[warn(deprecated)]` on by default
[INFO] [stdout] 
[INFO] [stdout] 
[INFO] [stdout] warning: use of deprecated constant `std::f64::EPSILON`: replaced by the `EPSILON` associated constant on `f64`
[INFO] [stdout]    --> src/bessel_knu.rs:103:45
[INFO] [stdout]     |
[INFO] [stdout] 103 |     let sinrat = if pi_nu.abs() < std::f64::EPSILON {
[INFO] [stdout]     |                                             ^^^^^^^
[INFO] [stdout] 
[INFO] [stdout] 
[INFO] [stdout] warning: use of deprecated constant `std::f64::EPSILON`: replaced by the `EPSILON` associated constant on `f64`
[INFO] [stdout]    --> src/bessel_knu.rs:108:46
[INFO] [stdout]     |
[INFO] [stdout] 108 |     let sinhrat = if sigma.abs() < std::f64::EPSILON {
[INFO] [stdout]     |                                              ^^^^^^^
[INFO] [stdout] 
[INFO] [stdout] 
[INFO] [stdout] warning: use of deprecated constant `std::f64::EPSILON`: replaced by the `EPSILON` associated constant on `f64`
[INFO] [stdout]    --> src/bessel_knu.rs:137:54
[INFO] [stdout]     |
[INFO] [stdout] 137 |         if del0.abs() < 0.5 * sum0.abs() * std::f64::EPSILON {
[INFO] [stdout]     |                                                      ^^^^^^^
[INFO] [stdout] 
[INFO] [stdout] 
[INFO] [stdout] warning: use of deprecated constant `std::f64::EPSILON`: replaced by the `EPSILON` associated constant on `f64`
[INFO] [stdout]    --> src/bessel_knu.rs:183:41
[INFO] [stdout]     |
[INFO] [stdout] 183 |         if (dels / s).abs() < std::f64::EPSILON {
[INFO] [stdout]     |                                         ^^^^^^^
[INFO] [stdout] 
[INFO] [stdout] 
[INFO] [stdout] warning: use of deprecated constant `std::f64::MAX`: replaced by the `MAX` associated constant on `f64`
[INFO] [stdout]    --> src/bessel_knu.rs:220:35
[INFO] [stdout]     |
[INFO] [stdout] 220 |         if k_nu.abs() > std::f64::MAX.sqrt() {
[INFO] [stdout]     |                                   ^^^
[INFO] [stdout] 
[INFO] [stdout] 
[INFO] [stderr]    Compiling env_logger v0.10.0
[INFO] [stderr]    Compiling criterion v0.4.0
[INFO] [stderr]    Compiling clap v4.3.11
[INFO] [stderr]    Compiling eyepiece v0.8.1 (/opt/rustwide/workdir)
[INFO] [stdout] warning: use of deprecated constant `std::f64::EPSILON`: replaced by the `EPSILON` associated constant on `f64`
[INFO] [stdout]   --> src/bessel_knu.rs:68:19
[INFO] [stdout]    |
[INFO] [stdout] 68 |     (d, std::f64::EPSILON * e + cs.c[cs.order as usize].abs())
[INFO] [stdout]    |                   ^^^^^^^
[INFO] [stdout]    |
[INFO] [stdout]    = note: `#[warn(deprecated)]` on by default
[INFO] [stdout] 
[INFO] [stdout] 
[INFO] [stdout] warning: use of deprecated constant `std::f64::EPSILON`: replaced by the `EPSILON` associated constant on `f64`
[INFO] [stdout]    --> src/bessel_knu.rs:103:45
[INFO] [stdout]     |
[INFO] [stdout] 103 |     let sinrat = if pi_nu.abs() < std::f64::EPSILON {
[INFO] [stdout]     |                                             ^^^^^^^
[INFO] [stdout] 
[INFO] [stdout] 
[INFO] [stdout] warning: use of deprecated constant `std::f64::EPSILON`: replaced by the `EPSILON` associated constant on `f64`
[INFO] [stdout]    --> src/bessel_knu.rs:108:46
[INFO] [stdout]     |
[INFO] [stdout] 108 |     let sinhrat = if sigma.abs() < std::f64::EPSILON {
[INFO] [stdout]     |                                              ^^^^^^^
[INFO] [stdout] 
[INFO] [stdout] 
[INFO] [stdout] warning: use of deprecated constant `std::f64::EPSILON`: replaced by the `EPSILON` associated constant on `f64`
[INFO] [stdout]    --> src/bessel_knu.rs:137:54
[INFO] [stdout]     |
[INFO] [stdout] 137 |         if del0.abs() < 0.5 * sum0.abs() * std::f64::EPSILON {
[INFO] [stdout]     |                                                      ^^^^^^^
[INFO] [stdout] 
[INFO] [stdout] 
[INFO] [stdout] warning: use of deprecated constant `std::f64::EPSILON`: replaced by the `EPSILON` associated constant on `f64`
[INFO] [stdout]    --> src/bessel_knu.rs:183:41
[INFO] [stdout]     |
[INFO] [stdout] 183 |         if (dels / s).abs() < std::f64::EPSILON {
[INFO] [stdout]     |                                         ^^^^^^^
[INFO] [stdout] 
[INFO] [stdout] 
[INFO] [stdout] warning: use of deprecated constant `std::f64::MAX`: replaced by the `MAX` associated constant on `f64`
[INFO] [stdout]    --> src/bessel_knu.rs:220:35
[INFO] [stdout]     |
[INFO] [stdout] 220 |         if k_nu.abs() > std::f64::MAX.sqrt() {
[INFO] [stdout]     |                                   ^^^
[INFO] [stdout] 
[INFO] [stdout] 
[INFO] [stderr] warning: unused dependency `anyhow`
[INFO] [stderr]  --> Cargo.toml:5:15
[INFO] [stderr]   |
[INFO] [stderr] 5 | [dependencies.anyhow]
[INFO] [stderr]   |               ^^^^^^^
[INFO] [stderr]   |
[INFO] [stderr]   = note: `cargo::unused_dependencies` is set to `warn` by default
[INFO] [stderr] help: consider removing the dependency on `anyhow`
[INFO] [stderr] help: to still use for development builds, move to `dev-dependencies`
[INFO] [stderr] warning: `eyepiece` (manifest) generated 1 warning
[INFO] [stderr]     Finished `release` profile [optimized] target(s) in 2m 10s
[INFO] running `Command { std: "docker" "inspect" "3fe569c9c521f26cb66f47199d2ef138d19e83fc347bb7ac0e9ff28af9c625d5", kill_on_drop: false }`
[INFO] running `Command { std: "docker" "exec" "-e" "SOURCE_DIR=/opt/rustwide/workdir" "-e" "CARGO_HOME=/opt/rustwide/cargo-home" "-e" "RUSTUP_HOME=/opt/rustwide/rustup-home" "-e" "CARGO_TARGET_DIR=/opt/rustwide/target" "-e" "CARGO_INCREMENTAL=0" "-e" "RUST_BACKTRACE=full" "-e" "RUSTFLAGS=--cap-lints=warn" "-e" "RUSTDOCFLAGS=--cap-lints=warn" "-w" "/opt/rustwide/workdir" "--user" "0:0" "3fe569c9c521f26cb66f47199d2ef138d19e83fc347bb7ac0e9ff28af9c625d5" "/opt/rustwide/cargo-home/bin/cargo" "+1.100.0-beta.1" "test" "--frozen" "--release", kill_on_drop: false }`
[INFO] [stderr] warning: use of deprecated constant `std::f64::EPSILON`: replaced by the `EPSILON` associated constant on `f64`
[INFO] [stderr]   --> src/bessel_knu.rs:68:19
[INFO] [stderr]    |
[INFO] [stderr] 68 |     (d, std::f64::EPSILON * e + cs.c[cs.order as usize].abs())
[INFO] [stderr]    |                   ^^^^^^^
[INFO] [stderr]    |
[INFO] [stderr]    = note: `#[warn(deprecated)]` on by default
[INFO] [stderr] 
[INFO] [stderr] warning: use of deprecated constant `std::f64::EPSILON`: replaced by the `EPSILON` associated constant on `f64`
[INFO] [stderr]    --> src/bessel_knu.rs:103:45
[INFO] [stderr]     |
[INFO] [stderr] 103 |     let sinrat = if pi_nu.abs() < std::f64::EPSILON {
[INFO] [stderr]     |                                             ^^^^^^^
[INFO] [stderr] 
[INFO] [stderr] warning: use of deprecated constant `std::f64::EPSILON`: replaced by the `EPSILON` associated constant on `f64`
[INFO] [stderr]    --> src/bessel_knu.rs:108:46
[INFO] [stderr]     |
[INFO] [stderr] 108 |     let sinhrat = if sigma.abs() < std::f64::EPSILON {
[INFO] [stderr]     |                                              ^^^^^^^
[INFO] [stderr] 
[INFO] [stderr] warning: use of deprecated constant `std::f64::EPSILON`: replaced by the `EPSILON` associated constant on `f64`
[INFO] [stderr]    --> src/bessel_knu.rs:137:54
[INFO] [stderr]     |
[INFO] [stderr] 137 |         if del0.abs() < 0.5 * sum0.abs() * std::f64::EPSILON {
[INFO] [stderr]     |                                                      ^^^^^^^
[INFO] [stderr] 
[INFO] [stderr] warning: use of deprecated constant `std::f64::EPSILON`: replaced by the `EPSILON` associated constant on `f64`
[INFO] [stderr]    --> src/bessel_knu.rs:183:41
[INFO] [stderr]     |
[INFO] [stderr] 183 |         if (dels / s).abs() < std::f64::EPSILON {
[INFO] [stderr]     |                                         ^^^^^^^
[INFO] [stderr] 
[INFO] [stderr] warning: use of deprecated constant `std::f64::MAX`: replaced by the `MAX` associated constant on `f64`
[INFO] [stderr]    --> src/bessel_knu.rs:220:35
[INFO] [stderr]     |
[INFO] [stderr] 220 |         if k_nu.abs() > std::f64::MAX.sqrt() {
[INFO] [stderr]     |                                   ^^^
[INFO] [stderr] 
[INFO] [stderr] warning: `eyepiece` (lib) generated 6 warnings
[INFO] [stderr] warning: `eyepiece` (lib test) generated 6 warnings (6 duplicates)
[INFO] [stderr] warning: unused dependency `anyhow`
[INFO] [stderr]  --> Cargo.toml:5:15
[INFO] [stderr]   |
[INFO] [stderr] 5 | [dependencies.anyhow]
[INFO] [stderr]   |               ^^^^^^^
[INFO] [stderr]   |
[INFO] [stderr]   = note: `cargo::unused_dependencies` is set to `warn` by default
[INFO] [stderr] help: consider removing the dependency on `anyhow`
[INFO] [stderr] help: to still use for development builds, move to `dev-dependencies`
[INFO] [stderr] warning: `eyepiece` (manifest) generated 1 warning
[INFO] [stderr]     Finished `release` profile [optimized] target(s) in 0.34s
[INFO] [stderr]      Running unittests src/lib.rs (/opt/rustwide/target/release/build/eyepiece/5898bffc84bcd857/out/eyepiece-5898bffc84bcd857)
[INFO] [stdout] 
[INFO] [stdout] running 11 tests
[INFO] [stdout] test optust::tests::spectrum ... ok
[INFO] [stdout] test optust::tests::covariance ... ok
[INFO] [stdout] test optust::tests::variance ... ok
[INFO] [stdout] test bessel_knu::tests::it_works ... ok
[INFO] [stdout] test zpdft::tests::zero_padding ... ok
[INFO] [stdout] test zpdft::tests::resizing ... ok
[INFO] [stdout] test optust::tests::gammaf ... ok
[INFO] [stdout] test zpdft::tests::cropping ... ok
[INFO] [stdout] test field::field::tests::ser_diffraction ... FAILED
[INFO] [stdout] test field::field::tests::ser_seeing ... FAILED
[INFO] [stdout] test field::field::tests::ser_ao ... FAILED
[INFO] [stdout] 
[INFO] [stdout] failures:
[INFO] [stdout] 
[INFO] [stdout] ---- field::field::tests::ser_diffraction stdout ----
[INFO] [stdout] Field in V band
[INFO] [stdout]  . pixel scale: 23.635mas
[INFO] [stdout]  . field-of-view: 2.387arcsec
[INFO] [stdout]  . HST: 2.4m diameter (0.3m diameter obscuration), 4.235m^2 collection area
[INFO] [stdout]  . diffraction limited
[INFO] [stdout]  . star #: 1
[INFO] [stdout]  . star magnitudes: [0.0,0.0]
[INFO] [stdout]  . exposure time: 1s
[INFO] [stdout] 
[INFO] [stdout] 
[INFO] [stdout] thread 'field::field::tests::ser_diffraction' (2829) panicked at src/field/field.rs:322:39:
[INFO] [stdout] called `Result::unwrap()` on an `Err` value: IoError(Os { code: 30, kind: ReadOnlyFilesystem, message: "Read-only file system" })
[INFO] [stdout] stack backtrace:
[INFO] [stdout]    0:     0x62c95e2eb611 - <<std[617be2ca0a6fd877]::sys::backtrace::BacktraceLock>::print::DisplayBacktrace as core[a373ad73a504971]::fmt::Display>::fmt
[INFO] [stdout]    1:     0x62c95e3010ba - core[a373ad73a504971]::fmt::write
[INFO] [stdout]    2:     0x62c95e2efbfc - <alloc[2e1b2a31b91974c5]::vec::Vec<u8> as core[a373ad73a504971]::io::write::Write>::write_fmt
[INFO] [stdout]    3:     0x62c95e2c7a16 - std[617be2ca0a6fd877]::panicking::default_hook::{closure#0}
[INFO] [stdout]    4:     0x62c95e2e3ca9 - std[617be2ca0a6fd877]::panicking::default_hook
[INFO] [stdout]    5:     0x62c95e26ab30 - test[aada8e7e76ba119b]::test_main_inner::{closure#0}
[INFO] [stdout]    6:     0x62c95e2e3e62 - std[617be2ca0a6fd877]::panicking::panic_with_hook
[INFO] [stdout]    7:     0x62c95e2c7ac2 - std[617be2ca0a6fd877]::panicking::panic_handler::{closure#0}
[INFO] [stdout]    8:     0x62c95e2c07a9 - std[617be2ca0a6fd877]::sys::backtrace::__rust_end_short_backtrace::<std[617be2ca0a6fd877]::panicking::panic_handler::{closure#0}, !>
[INFO] [stdout]    9:     0x62c95e2c86cd - __rustc[ea4f61d10b84890b]::rust_begin_unwind
[INFO] [stdout]   10:     0x62c95e3017ec - core[a373ad73a504971]::panicking::panic_fmt
[INFO] [stdout]   11:     0x62c95e3015c2 - core[a373ad73a504971]::result::unwrap_failed
[INFO] [stdout]   12:     0x62c95e22e554 - <eyepiece[2866402cb2ed8d06]::field::field::tests::ser_diffraction::{closure#0} as core[a373ad73a504971]::ops::function::FnOnce<()>>::call_once
[INFO] [stdout]   13:     0x62c95e25df7b - test[aada8e7e76ba119b]::__rust_begin_short_backtrace::<core[a373ad73a504971]::result::Result<(), alloc[2e1b2a31b91974c5]::string::String>, fn() -> core[a373ad73a504971]::result::Result<(), alloc[2e1b2a31b91974c5]::string::String>>
[INFO] [stdout]   14:     0x62c95e26b155 - test[aada8e7e76ba119b]::run_test::{closure#0}
[INFO] [stdout]   15:     0x62c95e264a44 - std[617be2ca0a6fd877]::sys::backtrace::__rust_begin_short_backtrace::<test[aada8e7e76ba119b]::run_test::{closure#1}, ()>
[INFO] [stdout]   16:     0x62c95e26e1e2 - <std[617be2ca0a6fd877]::thread::lifecycle::spawn_unchecked<test[aada8e7e76ba119b]::run_test::{closure#1}, ()>::{closure#1} as core[a373ad73a504971]::ops::function::FnOnce<()>>::call_once::{shim:vtable#0}
[INFO] [stdout]   17:     0x62c95e2eae6f - <std[617be2ca0a6fd877]::sys::thread::unix::Thread>::new::thread_start
[INFO] [stdout]   18:     0x725bb8cd6dfa - <unknown>
[INFO] [stdout]   19:     0x725bb8d6a3d4 - clone
[INFO] [stdout]   20:                0x0 - <unknown>
[INFO] [stdout] 
[INFO] [stdout] ---- field::field::tests::ser_seeing stdout ----
[INFO] [stdout] Field in V band
[INFO] [stdout]  . pixel scale: 23.635mas
[INFO] [stdout]  . field-of-view: 2.387arcsec
[INFO] [stdout]  . HST: 2.4m diameter (0.3m diameter obscuration), 4.235m^2 collection area
[INFO] [stdout]  . seeing limited:
[INFO] [stdout]  . Fried parameter: 17.939cm
[INFO] [stdout]  . outer scale: 25.000m
[INFO] [stdout]  . with adaptive optics correction
[INFO] [stdout]  . Strehl ratio: 0.750
[INFO] [stdout]  . star #: 1
[INFO] [stdout]  . star magnitudes: [0.0,0.0]
[INFO] [stdout]  . exposure time: 1s
[INFO] [stdout] 
[INFO] [stdout] 
[INFO] [stdout] thread 'field::field::tests::ser_seeing' (2830) panicked at src/field/field.rs:329:34:
[INFO] [stdout] called `Result::unwrap()` on an `Err` value: IoError(Os { code: 30, kind: ReadOnlyFilesystem, message: "Read-only file system" })
[INFO] [stdout] stack backtrace:
[INFO] [stdout]    0:     0x62c95e2eb611 - <<std[617be2ca0a6fd877]::sys::backtrace::BacktraceLock>::print::DisplayBacktrace as core[a373ad73a504971]::fmt::Display>::fmt
[INFO] [stdout]    1:     0x62c95e3010ba - core[a373ad73a504971]::fmt::write
[INFO] [stdout]    2:     0x62c95e2efbfc - <alloc[2e1b2a31b91974c5]::vec::Vec<u8> as core[a373ad73a504971]::io::write::Write>::write_fmt
[INFO] [stdout]    3:     0x62c95e2c7a16 - std[617be2ca0a6fd877]::panicking::default_hook::{closure#0}
[INFO] [stdout]    4:     0x62c95e2e3ca9 - std[617be2ca0a6fd877]::panicking::default_hook
[INFO] [stdout]    5:     0x62c95e26ab30 - test[aada8e7e76ba119b]::test_main_inner::{closure#0}
[INFO] [stdout]    6:     0x62c95e2e3e62 - std[617be2ca0a6fd877]::panicking::panic_with_hook
[INFO] [stdout]    7:     0x62c95e2c7ac2 - std[617be2ca0a6fd877]::panicking::panic_handler::{closure#0}
[INFO] [stdout]    8:     0x62c95e2c07a9 - std[617be2ca0a6fd877]::sys::backtrace::__rust_end_short_backtrace::<std[617be2ca0a6fd877]::panicking::panic_handler::{closure#0}, !>
[INFO] [stdout]    9:     0x62c95e2c86cd - __rustc[ea4f61d10b84890b]::rust_begin_unwind
[INFO] [stdout]   10:     0x62c95e3017ec - core[a373ad73a504971]::panicking::panic_fmt
[INFO] [stdout]   11:     0x62c95e3015c2 - core[a373ad73a504971]::result::unwrap_failed
[INFO] [stdout]   12:     0x62c95e22e434 - <eyepiece[2866402cb2ed8d06]::field::field::tests::ser_seeing::{closure#0} as core[a373ad73a504971]::ops::function::FnOnce<()>>::call_once
[INFO] [stdout]   13:     0x62c95e25df7b - test[aada8e7e76ba119b]::__rust_begin_short_backtrace::<core[a373ad73a504971]::result::Result<(), alloc[2e1b2a31b91974c5]::string::String>, fn() -> core[a373ad73a504971]::result::Result<(), alloc[2e1b2a31b91974c5]::string::String>>
[INFO] [stdout]   14:     0x62c95e26b155 - test[aada8e7e76ba119b]::run_test::{closure#0}
[INFO] [stdout]   15:     0x62c95e264a44 - std[617be2ca0a6fd877]::sys::backtrace::__rust_begin_short_backtrace::<test[aada8e7e76ba119b]::run_test::{closure#1}, ()>
[INFO] [stdout]   16:     0x62c95e26e1e2 - <std[617be2ca0a6fd877]::thread::lifecycle::spawn_unchecked<test[aada8e7e76ba119b]::run_test::{closure#1}, ()>::{closure#1} as core[a373ad73a504971]::ops::function::FnOnce<()>>::call_once::{shim:vtable#0}
[INFO] [stdout]   17:     0x62c95e2eae6f - <std[617be2ca0a6fd877]::sys::thread::unix::Thread>::new::thread_start
[INFO] [stdout]   18:     0x725bb8cd6dfa - <unknown>
[INFO] [stdout]   19:     0x725bb8d6a3d4 - clone
[INFO] [stdout]   20:                0x0 - <unknown>
[INFO] [stdout] 
[INFO] [stdout] ---- field::field::tests::ser_ao stdout ----
[INFO] [stdout] Field in V band
[INFO] [stdout]  . pixel scale: 23.635mas
[INFO] [stdout]  . field-of-view: 2.387arcsec
[INFO] [stdout]  . HST: 2.4m diameter (0.3m diameter obscuration), 4.235m^2 collection area
[INFO] [stdout]  . seeing limited:
[INFO] [stdout]  . Fried parameter: 17.939cm
[INFO] [stdout]  . outer scale: 25.000m
[INFO] [stdout]  . with adaptive optics correction
[INFO] [stdout]  . Strehl ratio: 0.750
[INFO] [stdout]  . star #: 1
[INFO] [stdout]  . star magnitudes: [0.0,0.0]
[INFO] [stdout]  . exposure time: 1s
[INFO] [stdout] 
[INFO] [stdout] 
[INFO] [stdout] thread 'field::field::tests::ser_ao' (2828) panicked at src/field/field.rs:336:30:
[INFO] [stdout] called `Result::unwrap()` on an `Err` value: IoError(Os { code: 30, kind: ReadOnlyFilesystem, message: "Read-only file system" })
[INFO] [stdout] stack backtrace:
[INFO] [stdout]    0:     0x62c95e2eb611 - <<std[617be2ca0a6fd877]::sys::backtrace::BacktraceLock>::print::DisplayBacktrace as core[a373ad73a504971]::fmt::Display>::fmt
[INFO] [stdout]    1:     0x62c95e3010ba - core[a373ad73a504971]::fmt::write
[INFO] [stdout]    2:     0x62c95e2efbfc - <alloc[2e1b2a31b91974c5]::vec::Vec<u8> as core[a373ad73a504971]::io::write::Write>::write_fmt
[INFO] [stdout]    3:     0x62c95e2c7a16 - std[617be2ca0a6fd877]::panicking::default_hook::{closure#0}
[INFO] [stdout]    4:     0x62c95e2e3ca9 - std[617be2ca0a6fd877]::panicking::default_hook
[INFO] [stdout]    5:     0x62c95e26ab30 - test[aada8e7e76ba119b]::test_main_inner::{closure#0}
[INFO] [stdout]    6:     0x62c95e2e3e62 - std[617be2ca0a6fd877]::panicking::panic_with_hook
[INFO] [stdout]    7:     0x62c95e2c7ac2 - std[617be2ca0a6fd877]::panicking::panic_handler::{closure#0}
[INFO] [stdout]    8:     0x62c95e2c07a9 - std[617be2ca0a6fd877]::sys::backtrace::__rust_end_short_backtrace::<std[617be2ca0a6fd877]::panicking::panic_handler::{closure#0}, !>
[INFO] [stdout]    9:     0x62c95e2c86cd - __rustc[ea4f61d10b84890b]::rust_begin_unwind
[INFO] [stdout]   10:     0x62c95e3017ec - core[a373ad73a504971]::panicking::panic_fmt
[INFO] [stdout]   11:     0x62c95e3015c2 - core[a373ad73a504971]::result::unwrap_failed
[INFO] [stdout]   12:     0x62c95e22e674 - <eyepiece[2866402cb2ed8d06]::field::field::tests::ser_ao::{closure#0} as core[a373ad73a504971]::ops::function::FnOnce<()>>::call_once
[INFO] [stdout]   13:     0x62c95e25df7b - test[aada8e7e76ba119b]::__rust_begin_short_backtrace::<core[a373ad73a504971]::result::Result<(), alloc[2e1b2a31b91974c5]::string::String>, fn() -> core[a373ad73a504971]::result::Result<(), alloc[2e1b2a31b91974c5]::string::String>>
[INFO] [stdout]   14:     0x62c95e26b155 - test[aada8e7e76ba119b]::run_test::{closure#0}
[INFO] [stdout]   15:     0x62c95e264a44 - std[617be2ca0a6fd877]::sys::backtrace::__rust_begin_short_backtrace::<test[aada8e7e76ba119b]::run_test::{closure#1}, ()>
[INFO] [stdout]   16:     0x62c95e26e1e2 - <std[617be2ca0a6fd877]::thread::lifecycle::spawn_unchecked<test[aada8e7e76ba119b]::run_test::{closure#1}, ()>::{closure#1} as core[a373ad73a504971]::ops::function::FnOnce<()>>::call_once::{shim:vtable#0}
[INFO] [stdout]   17:     0x62c95e2eae6f - <std[617be2ca0a6fd877]::sys::thread::unix::Thread>::new::thread_start
[INFO] [stdout]   18:     0x725bb8cd6dfa - <unknown>
[INFO] [stdout]   19:     0x725bb8d6a3d4 - clone
[INFO] [stdout]   20:                0x0 - <unknown>
[INFO] [stdout] 
[INFO] [stdout] 
[INFO] [stdout] failures:
[INFO] [stdout]     field::field::tests::ser_ao
[INFO] [stdout]     field::field::tests::ser_diffraction
[INFO] [stdout]     field::field::tests::ser_seeing
[INFO] [stdout] 
[INFO] [stdout] test result: FAILED. 8 passed; 3 failed; 0 ignored; 0 measured; 0 filtered out; finished in 3.35s
[INFO] [stdout] 
[INFO] [stderr] error: test failed, to rerun pass `--lib`
[INFO] running `Command { std: "docker" "inspect" "3fe569c9c521f26cb66f47199d2ef138d19e83fc347bb7ac0e9ff28af9c625d5", kill_on_drop: false }`
[INFO] running `Command { std: "docker" "rm" "-f" "3fe569c9c521f26cb66f47199d2ef138d19e83fc347bb7ac0e9ff28af9c625d5", kill_on_drop: false }`
[INFO] [stdout] 3fe569c9c521f26cb66f47199d2ef138d19e83fc347bb7ac0e9ff28af9c625d5
