[INFO] fetching crate externref-macro 0.3.0...
[INFO] testing externref-macro-0.3.0 against 1.99.0-beta.8+cargoflags=--release for beta-release-1.100-2
[INFO] extracting crate externref-macro 0.3.0 into /workspace/builds/worker-5-tc1/source
[INFO] started tweaking crates.io crate externref-macro 0.3.0
[INFO] removed 0 missing tests
[INFO] finished tweaking crates.io crate externref-macro 0.3.0
[INFO] tweaked toml for crates.io crate externref-macro 0.3.0 written to /workspace/builds/worker-5-tc1/source/Cargo.toml
[INFO] validating manifest of crates.io crate externref-macro 0.3.0 on toolchain 1.99.0-beta.8
[INFO] running `Command { std: CARGO_HOME="/workspace/cargo-home" RUSTUP_HOME="/workspace/rustup-home" "/workspace/cargo-home/bin/cargo" "+1.99.0-beta.8" "metadata" "--manifest-path" "Cargo.toml" "--no-deps", kill_on_drop: false }`
[INFO] crate crates.io crate externref-macro 0.3.0 already has a lockfile, it will not be regenerated
[INFO] running `Command { std: CARGO_HOME="/workspace/cargo-home" RUSTUP_HOME="/workspace/rustup-home" "/workspace/cargo-home/bin/cargo" "+1.99.0-beta.8" "fetch" "--manifest-path" "Cargo.toml", kill_on_drop: false }`
[INFO] [stderr]  Downloading crates ...
[INFO] [stderr]   Downloaded toml_datetime v1.0.0+spec-1.1.0
[INFO] [stderr]   Downloaded trybuild v1.0.118
[INFO] [stderr]   Downloaded version-sync v0.9.5
[INFO] [stderr]   Downloaded toml v1.0.0+spec-1.1.0
[INFO] running `Command { std: "docker" "create" "-v" "/var/lib/crater-agent-workspace/builds/worker-5-tc1/source:/opt/rustwide/workdir:ro,Z" "-v" "/var/lib/crater-agent-workspace/builds/worker-5-tc1/target:/opt/rustwide/target:rw,Z" "-v" "/var/lib/crater-agent-workspace/cargo-home:/opt/rustwide/cargo-home:ro,Z" "-v" "/var/lib/crater-agent-workspace/rustup-home:/opt/rustwide/rustup-home:ro,Z" "-m" "1610612736" "--network" "none" "ghcr.io/rust-lang/crates-build-env/linux@sha256:77db811e55d90add9212f6832c23229e3de5f1c1f9905e8cb07319ea15df73ac" "sleep" "infinity", kill_on_drop: false }`
[INFO] [stdout] ae088925fb8da2d7ea851e074449c6076bd29b82bcd5f2d26f78d944028392a8
[INFO] running `Command { std: "docker" "start" "ae088925fb8da2d7ea851e074449c6076bd29b82bcd5f2d26f78d944028392a8", kill_on_drop: false }`
[INFO] running `Command { std: "docker" "inspect" "ae088925fb8da2d7ea851e074449c6076bd29b82bcd5f2d26f78d944028392a8", kill_on_drop: false }`
[INFO] running `Command { std: "docker" "exec" "-e" "SOURCE_DIR=/opt/rustwide/workdir" "-e" "CARGO_HOME=/opt/rustwide/cargo-home" "-e" "RUSTUP_HOME=/opt/rustwide/rustup-home" "-e" "CARGO_TARGET_DIR=/opt/rustwide/target" "-w" "/opt/rustwide/workdir" "--user" "0:0" "ae088925fb8da2d7ea851e074449c6076bd29b82bcd5f2d26f78d944028392a8" "/opt/rustwide/cargo-home/bin/cargo" "+1.99.0-beta.8" "metadata" "--no-deps" "--format-version=1", kill_on_drop: false }`
[INFO] running `Command { std: "docker" "inspect" "ae088925fb8da2d7ea851e074449c6076bd29b82bcd5f2d26f78d944028392a8", kill_on_drop: false }`
[INFO] running `Command { std: "docker" "exec" "-e" "SOURCE_DIR=/opt/rustwide/workdir" "-e" "CARGO_HOME=/opt/rustwide/cargo-home" "-e" "RUSTUP_HOME=/opt/rustwide/rustup-home" "-e" "CARGO_TARGET_DIR=/opt/rustwide/target" "-e" "CARGO_INCREMENTAL=0" "-e" "RUST_BACKTRACE=full" "-e" "RUSTFLAGS=--cap-lints=warn" "-e" "RUSTDOCFLAGS=--cap-lints=warn" "-w" "/opt/rustwide/workdir" "--user" "0:0" "ae088925fb8da2d7ea851e074449c6076bd29b82bcd5f2d26f78d944028392a8" "/opt/rustwide/cargo-home/bin/cargo" "+1.99.0-beta.8" "build" "--frozen" "--message-format=json" "--release", kill_on_drop: false }`
[INFO] [stderr]    Compiling unicode-ident v1.0.23
[INFO] [stderr]    Compiling proc-macro2 v1.0.106
[INFO] [stderr]    Compiling quote v1.0.46
[INFO] [stderr]    Compiling syn v2.0.119
[INFO] [stderr]    Compiling externref-macro v0.3.0 (/opt/rustwide/workdir)
[INFO] [stderr]     Finished `release` profile [optimized] target(s) in 9.38s
[INFO] running `Command { std: "docker" "inspect" "ae088925fb8da2d7ea851e074449c6076bd29b82bcd5f2d26f78d944028392a8", kill_on_drop: false }`
[INFO] running `Command { std: "docker" "exec" "-e" "SOURCE_DIR=/opt/rustwide/workdir" "-e" "CARGO_HOME=/opt/rustwide/cargo-home" "-e" "RUSTUP_HOME=/opt/rustwide/rustup-home" "-e" "CARGO_TARGET_DIR=/opt/rustwide/target" "-e" "CARGO_INCREMENTAL=0" "-e" "RUST_BACKTRACE=full" "-e" "RUSTFLAGS=--cap-lints=warn" "-e" "RUSTDOCFLAGS=--cap-lints=warn" "-w" "/opt/rustwide/workdir" "--user" "0:0" "ae088925fb8da2d7ea851e074449c6076bd29b82bcd5f2d26f78d944028392a8" "/opt/rustwide/cargo-home/bin/cargo" "+1.99.0-beta.8" "test" "--frozen" "--no-run" "--message-format=json" "--release", kill_on_drop: false }`
[INFO] [stderr]    Compiling proc-macro2 v1.0.106
[INFO] [stderr]    Compiling zmij v1.0.20
[INFO] [stderr]    Compiling target-triple v1.0.0
[INFO] [stderr]    Compiling pulldown-cmark v0.9.6
[INFO] [stderr]    Compiling serde v1.0.228
[INFO] [stderr]    Compiling smallvec v1.15.1
[INFO] [stderr]    Compiling icu_properties_data v2.1.2
[INFO] [stderr]    Compiling memchr v2.8.0
[INFO] [stderr]    Compiling unicode-ident v1.0.23
[INFO] [stderr]    Compiling quote v1.0.46
[INFO] [stderr]    Compiling regex-syntax v0.8.9
[INFO] [stderr]    Compiling winnow v0.7.14
[INFO] [stderr]    Compiling percent-encoding v2.3.2
[INFO] [stderr]    Compiling winnow v0.5.40
[INFO] [stderr]    Compiling toml_datetime v1.0.0+spec-1.1.0
[INFO] [stderr]    Compiling serde_spanned v1.0.4
[INFO] [stderr]    Compiling form_urlencoded v1.2.2
[INFO] [stderr]    Compiling serde_json v1.0.149
[INFO] [stderr]    Compiling toml_writer v1.0.6+spec-1.1.0
[INFO] [stderr]    Compiling semver v1.0.27
[INFO] [stderr]    Compiling glob v0.3.3
[INFO] [stderr]    Compiling toml_datetime v0.6.11
[INFO] [stderr]    Compiling syn v2.0.119
[INFO] [stderr]    Compiling serde_spanned v0.6.9
[INFO] [stderr]    Compiling toml_edit v0.19.15
[INFO] [stderr]    Compiling regex-automata v0.4.14
[INFO] [stderr]    Compiling toml_parser v1.0.7+spec-1.1.0
[INFO] [stderr]    Compiling toml v1.0.0+spec-1.1.0
[INFO] [stderr]    Compiling toml v0.7.8
[INFO] [stderr]    Compiling regex v1.12.3
[INFO] [stderr]    Compiling synstructure v0.13.2
[INFO] [stderr]    Compiling zerofrom-derive v0.1.6
[INFO] [stderr]    Compiling yoke-derive v0.8.1
[INFO] [stderr]    Compiling zerovec-derive v0.11.2
[INFO] [stderr]    Compiling displaydoc v0.2.5
[INFO] [stderr]    Compiling serde_derive v1.0.228
[INFO] [stderr]    Compiling externref-macro v0.3.0 (/opt/rustwide/workdir)
[INFO] [stderr]    Compiling zerofrom v0.1.6
[INFO] [stderr]    Compiling yoke v0.8.1
[INFO] [stderr]    Compiling zerotrie v0.2.3
[INFO] [stderr]    Compiling zerovec v0.11.5
[INFO] [stderr]    Compiling tinystr v0.8.2
[INFO] [stderr]    Compiling potential_utf v0.1.4
[INFO] [stderr]    Compiling icu_locale_core v2.1.1
[INFO] [stderr]    Compiling icu_collections v2.1.1
[INFO] [stderr]    Compiling icu_provider v2.1.1
[INFO] [stderr]    Compiling trybuild v1.0.118
[INFO] [stderr]    Compiling icu_properties v2.1.2
[INFO] [stderr]    Compiling icu_normalizer v2.1.1
[INFO] [stderr]    Compiling idna_adapter v1.2.1
[INFO] [stderr]    Compiling idna v1.1.0
[INFO] [stderr]    Compiling url v2.5.8
[INFO] [stderr]    Compiling version-sync v0.9.5
[INFO] [stderr]     Finished `release` profile [optimized] target(s) in 1m 12s
[INFO] running `Command { std: "docker" "inspect" "ae088925fb8da2d7ea851e074449c6076bd29b82bcd5f2d26f78d944028392a8", kill_on_drop: false }`
[INFO] running `Command { std: "docker" "exec" "-e" "SOURCE_DIR=/opt/rustwide/workdir" "-e" "CARGO_HOME=/opt/rustwide/cargo-home" "-e" "RUSTUP_HOME=/opt/rustwide/rustup-home" "-e" "CARGO_TARGET_DIR=/opt/rustwide/target" "-e" "CARGO_INCREMENTAL=0" "-e" "RUST_BACKTRACE=full" "-e" "RUSTFLAGS=--cap-lints=warn" "-e" "RUSTDOCFLAGS=--cap-lints=warn" "-w" "/opt/rustwide/workdir" "--user" "0:0" "ae088925fb8da2d7ea851e074449c6076bd29b82bcd5f2d26f78d944028392a8" "/opt/rustwide/cargo-home/bin/cargo" "+1.99.0-beta.8" "test" "--frozen" "--release", kill_on_drop: false }`
[INFO] [stderr]     Finished `release` profile [optimized] target(s) in 0.15s
[INFO] [stderr]      Running unittests src/lib.rs (/opt/rustwide/target/release/deps/externref_macro-e8ec3da3d759bd49)
[INFO] [stdout] 
[INFO] [stdout] running 7 tests
[INFO] [stdout] test externref::tests::transforming_export ... ok
[INFO] [stdout] test externref::tests::wrapper_for_import ... ok
[INFO] [stdout] test externref::tests::foreign_mod_transformation ... ok
[INFO] [stdout] test externref::tests::declaring_signature_for_export ... ok
[INFO] [stdout] test externref::tests::stub_for_function ... ok
[INFO] [stdout] test externref::tests::transforming_export_with_resource_attrs ... ok
[INFO] [stdout] test externref::tests::wrappers_with_stubs ... ok
[INFO] [stdout] 
[INFO] [stdout] test result: ok. 7 passed; 0 failed; 0 ignored; 0 measured; 0 filtered out; finished in 0.02s
[INFO] [stdout] 
[INFO] [stderr]      Running tests/integration.rs (/opt/rustwide/target/release/deps/integration-38671059b50a07f3)
[INFO] [stdout] 
[INFO] [stdout] running 1 test
[INFO] [stderr]    Compiling quote v1.0.46
[INFO] [stderr]    Compiling proc-macro2 v1.0.106
[INFO] [stderr]    Compiling unicode-ident v1.0.23
[INFO] [stderr]     Checking stable_deref_trait v1.2.1
[INFO] [stderr]    Compiling serde_core v1.0.228
[INFO] [stderr]     Checking litemap v0.8.1
[INFO] [stderr]     Checking writeable v0.6.2
[INFO] [stderr]    Compiling icu_normalizer_data v2.1.1
[INFO] [stderr]    Compiling serde v1.0.228
[INFO] [stderr]    Compiling icu_properties_data v2.1.2
[INFO] [stderr]     Checking smallvec v1.15.1
[INFO] [stderr]     Checking hashbrown v0.17.1
[INFO] [stderr]     Checking equivalent v1.0.2
[INFO] [stderr]     Checking regex-syntax v0.8.9
[INFO] [stderr]     Checking winnow v0.5.40
[INFO] [stderr]     Checking percent-encoding v2.3.2
[INFO] [stderr]     Checking utf8_iter v1.0.4
[INFO] [stderr]    Compiling pulldown-cmark v0.9.6
[INFO] [stderr]     Checking unicase v2.9.0
[INFO] [stderr]     Checking memchr v2.8.0
[INFO] [stderr]     Checking bitflags v2.10.0
[INFO] [stderr]     Checking semver v1.0.27
[INFO] [stderr]     Checking form_urlencoded v1.2.2
[INFO] [stderr]     Checking indexmap v2.14.0
[INFO] [stderr]    Compiling syn v2.0.119
[INFO] [stderr]     Checking regex-automata v0.4.14
[INFO] [stderr]     Checking regex v1.12.3
[INFO] [stderr]     Checking toml_datetime v0.6.11
[INFO] [stderr]     Checking serde_spanned v0.6.9
[INFO] [stderr]     Checking toml_edit v0.19.15
[INFO] [stderr]     Checking toml v0.7.8
[INFO] [stderr]    Compiling synstructure v0.13.2
[INFO] [stderr]    Compiling zerofrom-derive v0.1.6
[INFO] [stderr]    Compiling yoke-derive v0.8.1
[INFO] [stderr]    Compiling zerovec-derive v0.11.2
[INFO] [stderr]    Compiling displaydoc v0.2.5
[INFO] [stderr]    Compiling externref-macro v0.3.0 (/opt/rustwide/workdir)
[INFO] [stderr]     Checking zerofrom v0.1.6
[INFO] [stderr]     Checking yoke v0.8.1
[INFO] [stderr]     Checking zerotrie v0.2.3
[INFO] [stderr]     Checking zerovec v0.11.5
[INFO] [stderr]     Checking tinystr v0.8.2
[INFO] [stderr]     Checking potential_utf v0.1.4
[INFO] [stderr]     Checking icu_collections v2.1.1
[INFO] [stderr]     Checking icu_locale_core v2.1.1
[INFO] [stderr]     Checking icu_provider v2.1.1
[INFO] [stderr]     Checking icu_normalizer v2.1.1
[INFO] [stderr]     Checking icu_properties v2.1.2
[INFO] [stderr]     Checking idna_adapter v1.2.1
[INFO] [stderr]     Checking idna v1.1.0
[INFO] [stderr]     Checking url v2.5.8
[INFO] [stderr]     Checking version-sync v0.9.5
[INFO] [stderr]     Checking externref-macro-tests v0.0.0 (/opt/rustwide/target/tests/trybuild/externref-macro)
[INFO] [stderr]     Finished `dev` profile [unoptimized + debuginfo] target(s) in 18.42s
[INFO] [stderr] 
[INFO] [stderr] 
[INFO] [stderr] test tests/ui/bogus_stubs_condition.rs ... mismatch
[INFO] [stderr] 
[INFO] [stderr] EXPECTED:
[INFO] [stderr] ┈┈┈┈┈┈┈┈┈┈┈┈┈┈┈┈┈┈┈┈┈┈┈┈┈┈┈┈┈┈┈┈┈┈┈┈┈┈┈┈┈┈┈┈┈┈┈┈┈┈┈┈┈┈┈┈┈┈┈┈
[INFO] [stderr] error[E0539]: malformed `cfg` attribute input
[INFO] [stderr]  --> tests/ui/bogus_stubs_condition.rs:3:1
[INFO] [stderr]   |
[INFO] [stderr] 3 | #[externref(stubs("what"))]
[INFO] [stderr]   | ^^^^^^^^^^^^^^^^^^------^^^
[INFO] [stderr]   |                   |
[INFO] [stderr]   |                   expected a valid identifier here
[INFO] [stderr]   |
[INFO] [stderr]   = note: for more information, visit <https://doc.rust-lang.org/reference/conditional-compilation.html#the-cfg-attribute>
[INFO] [stderr]   = note: this error originates in the attribute macro `externref` (in Nightly builds, run with -Z macro-backtrace for more info)
[INFO] [stderr] help: must be of the form
[INFO] [stderr]   |
[INFO] [stderr] 3 - #[externref(stubs("what"))]
[INFO] [stderr] 3 + cfg(predicate)
[INFO] [stderr]   |
[INFO] [stderr] 
[INFO] [stderr] error[E0428]: the name `unused` is defined multiple times
[INFO] [stderr]  --> tests/ui/bogus_stubs_condition.rs:6:5
[INFO] [stderr]   |
[INFO] [stderr] 3 | #[externref(stubs("what"))]
[INFO] [stderr]   | --------------------------- previous definition of the value `unused` here
[INFO] [stderr] ...
[INFO] [stderr] 6 |     pub fn unused(ptr: *const u8, len: usize);
[INFO] [stderr]   |     ^^^^^^^^^^^^^^^^^^^^^^^^^^^^^^^^^^^^^^^^^^ `unused` redefined here
[INFO] [stderr]   |
[INFO] [stderr]   = note: `unused` must be defined only once in the value namespace of this module
[INFO] [stderr] ┈┈┈┈┈┈┈┈┈┈┈┈┈┈┈┈┈┈┈┈┈┈┈┈┈┈┈┈┈┈┈┈┈┈┈┈┈┈┈┈┈┈┈┈┈┈┈┈┈┈┈┈┈┈┈┈┈┈┈┈
[INFO] [stderr] 
[INFO] [stderr] ACTUAL OUTPUT:
[INFO] [stderr] ┈┈┈┈┈┈┈┈┈┈┈┈┈┈┈┈┈┈┈┈┈┈┈┈┈┈┈┈┈┈┈┈┈┈┈┈┈┈┈┈┈┈┈┈┈┈┈┈┈┈┈┈┈┈┈┈┈┈┈┈
[INFO] [stderr] error[E0565]: malformed `cfg` attribute input
[INFO] [stderr]  --> tests/ui/bogus_stubs_condition.rs:3:1
[INFO] [stderr]   |
[INFO] [stderr] 3 | #[externref(stubs("what"))]
[INFO] [stderr]   | ^^^^^^^^^^^^^^^^^^------^^^
[INFO] [stderr]   |                   |
[INFO] [stderr]   |                   expected a valid identifier here
[INFO] [stderr]   |
[INFO] [stderr]   = note: for more information, visit <https://doc.rust-lang.org/reference/conditional-compilation.html#the-cfg-attribute>
[INFO] [stderr]   = note: this error originates in the attribute macro `externref` (in Nightly builds, run with -Z macro-backtrace for more info)
[INFO] [stderr] help: must be of the form
[INFO] [stderr]   |
[INFO] [stderr] 3 - #[externref(stubs("what"))]
[INFO] [stderr] 3 + cfg(predicate)
[INFO] [stderr]   |
[INFO] [stderr] 
[INFO] [stderr] error[E0428]: the name `unused` is defined multiple times
[INFO] [stderr]  --> tests/ui/bogus_stubs_condition.rs:6:5
[INFO] [stderr]   |
[INFO] [stderr] 3 | #[externref(stubs("what"))]
[INFO] [stderr]   | --------------------------- previous definition of the value `unused` here
[INFO] [stderr] ...
[INFO] [stderr] 6 |     pub fn unused(ptr: *const u8, len: usize);
[INFO] [stderr]   |     ^^^^^^^^^^^^^^^^^^^^^^^^^^^^^^^^^^^^^^^^^^ `unused` redefined here
[INFO] [stderr]   |
[INFO] [stderr]   = note: `unused` must be defined only once in the value namespace of this module
[INFO] [stderr] ┈┈┈┈┈┈┈┈┈┈┈┈┈┈┈┈┈┈┈┈┈┈┈┈┈┈┈┈┈┈┈┈┈┈┈┈┈┈┈┈┈┈┈┈┈┈┈┈┈┈┈┈┈┈┈┈┈┈┈┈
[INFO] [stderr] note: If the actual output is the correct output you can bless it by rerunning
[INFO] [stderr]       your test with the environment variable TRYBUILD=overwrite
[INFO] [stderr] 
[INFO] [stderr] test tests/ui/export_with_stubs.rs ... ok
[INFO] [stderr] test tests/ui/fn_with_bogus_export_name.rs ... mismatch
[INFO] [stderr] 
[INFO] [stderr] EXPECTED:
[INFO] [stderr] ┈┈┈┈┈┈┈┈┈┈┈┈┈┈┈┈┈┈┈┈┈┈┈┈┈┈┈┈┈┈┈┈┈┈┈┈┈┈┈┈┈┈┈┈┈┈┈┈┈┈┈┈┈┈┈┈┈┈┈┈
[INFO] [stderr] error[E0539]: malformed `export_name` attribute input
[INFO] [stderr]  --> tests/ui/fn_with_bogus_export_name.rs:4:1
[INFO] [stderr]   |
[INFO] [stderr] 4 | #[unsafe(export_name("what"))]
[INFO] [stderr]   | ^^^^^^^^^^^^^^^^^^^^^^^^^^^^^^
[INFO] [stderr]   |
[INFO] [stderr] help: must be of the form
[INFO] [stderr]   |
[INFO] [stderr] 4 - #[unsafe(export_name("what"))]
[INFO] [stderr] 4 + #[unsafe(export_name = "name")]
[INFO] [stderr]   |
[INFO] [stderr] 
[INFO] [stderr] error[E0539]: malformed `export_name` attribute input
[INFO] [stderr]   --> tests/ui/fn_with_bogus_export_name.rs:10:1
[INFO] [stderr]    |
[INFO] [stderr] 10 | #[unsafe(export_name = 10)]
[INFO] [stderr]    | ^^^^^^^^^^^^^^^^^^^^^^^--^^
[INFO] [stderr]    |                        |
[INFO] [stderr]    |                        expected a string literal here
[INFO] [stderr]    |
[INFO] [stderr] help: must be of the form
[INFO] [stderr]    |
[INFO] [stderr] 10 - #[unsafe(export_name = 10)]
[INFO] [stderr] 10 + #[unsafe(export_name = "name")]
[INFO] [stderr]    |
[INFO] [stderr] ┈┈┈┈┈┈┈┈┈┈┈┈┈┈┈┈┈┈┈┈┈┈┈┈┈┈┈┈┈┈┈┈┈┈┈┈┈┈┈┈┈┈┈┈┈┈┈┈┈┈┈┈┈┈┈┈┈┈┈┈
[INFO] [stderr] 
[INFO] [stderr] ACTUAL OUTPUT:
[INFO] [stderr] ┈┈┈┈┈┈┈┈┈┈┈┈┈┈┈┈┈┈┈┈┈┈┈┈┈┈┈┈┈┈┈┈┈┈┈┈┈┈┈┈┈┈┈┈┈┈┈┈┈┈┈┈┈┈┈┈┈┈┈┈
[INFO] [stderr] error[E0539]: malformed `export_name` attribute input
[INFO] [stderr]  --> tests/ui/fn_with_bogus_export_name.rs:4:3
[INFO] [stderr]   |
[INFO] [stderr] 4 | #[unsafe(export_name("what"))]
[INFO] [stderr]   |   ^^^^^^^^^^^^^^^^^^^^^^^^^^^
[INFO] [stderr]   |
[INFO] [stderr] help: must be of the form
[INFO] [stderr]   |
[INFO] [stderr] 4 - #[unsafe(export_name("what"))]
[INFO] [stderr] 4 + #[unsafe(export_name = "name")]
[INFO] [stderr]   |
[INFO] [stderr] 
[INFO] [stderr] error[E0539]: malformed `export_name` attribute input
[INFO] [stderr]   --> tests/ui/fn_with_bogus_export_name.rs:10:3
[INFO] [stderr]    |
[INFO] [stderr] 10 | #[unsafe(export_name = 10)]
[INFO] [stderr]    |   ^^^^^^^^^^^^^^^^^^^^^--^
[INFO] [stderr]    |                        |
[INFO] [stderr]    |                        expected a string literal here
[INFO] [stderr]    |
[INFO] [stderr] help: must be of the form
[INFO] [stderr]    |
[INFO] [stderr] 10 - #[unsafe(export_name = 10)]
[INFO] [stderr] 10 + #[unsafe(export_name = "name")]
[INFO] [stderr]    |
[INFO] [stderr] ┈┈┈┈┈┈┈┈┈┈┈┈┈┈┈┈┈┈┈┈┈┈┈┈┈┈┈┈┈┈┈┈┈┈┈┈┈┈┈┈┈┈┈┈┈┈┈┈┈┈┈┈┈┈┈┈┈┈┈┈
[INFO] [stderr] note: If the actual output is the correct output you can bless it by rerunning
[INFO] [stderr]       your test with the environment variable TRYBUILD=overwrite
[INFO] [stderr] 
[INFO] [stderr] test tests/ui/invalid_resource_syntax.rs ... ok
[INFO] [stderr] test tests/ui/item_with_bogus_abi.rs ... ok
[INFO] [stderr] test tests/ui/item_without_abi.rs ... ok
[INFO] [stderr] test tests/ui/module_with_bogus_link_name.rs ... mismatch
[INFO] [stderr] 
[INFO] [stderr] EXPECTED:
[INFO] [stderr] ┈┈┈┈┈┈┈┈┈┈┈┈┈┈┈┈┈┈┈┈┈┈┈┈┈┈┈┈┈┈┈┈┈┈┈┈┈┈┈┈┈┈┈┈┈┈┈┈┈┈┈┈┈┈┈┈┈┈┈┈
[INFO] [stderr] error: expected `=`
[INFO] [stderr]  --> tests/ui/module_with_bogus_link_name.rs:6:16
[INFO] [stderr]   |
[INFO] [stderr] 6 |     #[link_name("huh")]
[INFO] [stderr]   |                ^
[INFO] [stderr] 
[INFO] [stderr] error[E0539]: malformed `link_name` attribute input
[INFO] [stderr]   --> tests/ui/module_with_bogus_link_name.rs:13:5
[INFO] [stderr]    |
[INFO] [stderr] 13 |     #[link_name = 3]
[INFO] [stderr]    |     ^^^^^^^^^^^^^^-^
[INFO] [stderr]    |                   |
[INFO] [stderr]    |                   expected a string literal here
[INFO] [stderr]    |
[INFO] [stderr]    = note: for more information, visit <https://doc.rust-lang.org/reference/items/external-blocks.html#the-link_name-attribute>
[INFO] [stderr] help: must be of the form
[INFO] [stderr]    |
[INFO] [stderr] 13 -     #[link_name = 3]
[INFO] [stderr] 13 +     #[link_name = "name"]
[INFO] [stderr]    |
[INFO] [stderr] ┈┈┈┈┈┈┈┈┈┈┈┈┈┈┈┈┈┈┈┈┈┈┈┈┈┈┈┈┈┈┈┈┈┈┈┈┈┈┈┈┈┈┈┈┈┈┈┈┈┈┈┈┈┈┈┈┈┈┈┈
[INFO] [stderr] 
[INFO] [stderr] ACTUAL OUTPUT:
[INFO] [stderr] ┈┈┈┈┈┈┈┈┈┈┈┈┈┈┈┈┈┈┈┈┈┈┈┈┈┈┈┈┈┈┈┈┈┈┈┈┈┈┈┈┈┈┈┈┈┈┈┈┈┈┈┈┈┈┈┈┈┈┈┈
[INFO] [stderr] error: expected `=`
[INFO] [stderr]  --> tests/ui/module_with_bogus_link_name.rs:6:16
[INFO] [stderr]   |
[INFO] [stderr] 6 |     #[link_name("huh")]
[INFO] [stderr]   |                ^
[INFO] [stderr] 
[INFO] [stderr] error[E0539]: malformed `link_name` attribute input
[INFO] [stderr]   --> tests/ui/module_with_bogus_link_name.rs:13:7
[INFO] [stderr]    |
[INFO] [stderr] 13 |     #[link_name = 3]
[INFO] [stderr]    |       ^^^^^^^^^^^^-
[INFO] [stderr]    |                   |
[INFO] [stderr]    |                   expected a string literal here
[INFO] [stderr]    |
[INFO] [stderr]    = note: for more information, visit <https://doc.rust-lang.org/reference/items/external-blocks.html#the-link_name-attribute>
[INFO] [stderr] help: must be of the form
[INFO] [stderr]    |
[INFO] [stderr] 13 -     #[link_name = 3]
[INFO] [stderr] 13 +     #[link_name = "name"]
[INFO] [stderr]    |
[INFO] [stderr] ┈┈┈┈┈┈┈┈┈┈┈┈┈┈┈┈┈┈┈┈┈┈┈┈┈┈┈┈┈┈┈┈┈┈┈┈┈┈┈┈┈┈┈┈┈┈┈┈┈┈┈┈┈┈┈┈┈┈┈┈
[INFO] [stderr] note: If the actual output is the correct output you can bless it by rerunning
[INFO] [stderr]       your test with the environment variable TRYBUILD=overwrite
[INFO] [stderr] 
[INFO] [stderr] test tests/ui/module_with_bogus_name.rs ... ok
[INFO] [stderr] test tests/ui/module_without_name.rs ... ok
[INFO] [stderr] test tests/ui/resource_on_function_with_default_return_type.rs ... ok
[INFO] [stderr] test tests/ui/resource_on_invalid_arg.rs ... ok
[INFO] [stderr] test tests/ui/unsupported_item.rs ... ok
[INFO] [stderr] test tests/ui/variadic_fn.rs ... ok
[INFO] [stderr] 
[INFO] [stderr] 
[INFO] [stdout] test ui ... FAILED
[INFO] [stdout] 
[INFO] [stdout] failures:
[INFO] [stdout] 
[INFO] [stdout] ---- ui stdout ----
[INFO] [stdout] 
[INFO] [stdout] thread 'ui' (1772) panicked at /opt/rustwide/cargo-home/registry/src/index.crates.io-1949cf8c6b5b557f/trybuild-1.0.118/src/run.rs:102:13:
[INFO] [stdout] 3 of 13 tests failed
[INFO] [stdout] stack backtrace:
[INFO] [stdout]    0:     0x55d83386e1a1 - <<std[70759c8f55707aa4]::sys::backtrace::BacktraceLock>::print::DisplayBacktrace as core[df12db4294e9bfd3]::fmt::Display>::fmt
[INFO] [stdout]    1:     0x55d83388482a - core[df12db4294e9bfd3]::fmt::write
[INFO] [stdout]    2:     0x55d833872c6c - <alloc[2182bb758b4b3781]::vec::Vec<u8> as core[df12db4294e9bfd3]::io::write::Write>::write_fmt
[INFO] [stdout]    3:     0x55d833847686 - std[70759c8f55707aa4]::panicking::default_hook::{closure#0}
[INFO] [stdout]    4:     0x55d833865819 - std[70759c8f55707aa4]::panicking::default_hook
[INFO] [stdout]    5:     0x55d8337feaf0 - test[9d35eded1c95d3be]::test_main_inner::<test[9d35eded1c95d3be]::test_main_static::{closure#0}>::{closure#0}
[INFO] [stdout]    6:     0x55d8338659d2 - std[70759c8f55707aa4]::panicking::panic_with_hook
[INFO] [stdout]    7:     0x55d833847732 - std[70759c8f55707aa4]::panicking::panic_handler::{closure#0}
[INFO] [stdout]    8:     0x55d83383fff9 - std[70759c8f55707aa4]::sys::backtrace::__rust_end_short_backtrace::<std[70759c8f55707aa4]::panicking::panic_handler::{closure#0}, !>
[INFO] [stdout]    9:     0x55d83384832d - __rustc[8fa7c3cbc660c2b3]::rust_begin_unwind
[INFO] [stdout]   10:     0x55d833884f9c - core[df12db4294e9bfd3]::panicking::panic_fmt
[INFO] [stdout]   11:     0x55d83374edb3 - <trybuild[48efe81c6b6d1a93]::Runner>::run
[INFO] [stdout]   12:     0x55d8337521b0 - <trybuild[48efe81c6b6d1a93]::TestCases as core[df12db4294e9bfd3]::ops::drop::Drop>::drop
[INFO] [stdout]   13:     0x55d833748c08 - integration[9d7d1d95a3b95a2e]::ui
[INFO] [stdout]   14:     0x55d833748e09 - <integration[9d7d1d95a3b95a2e]::ui::{closure#0} as core[df12db4294e9bfd3]::ops::function::FnOnce<()>>::call_once
[INFO] [stdout]   15:     0x55d8337f1ddb - test[9d35eded1c95d3be]::__rust_begin_short_backtrace::<core[df12db4294e9bfd3]::result::Result<(), alloc[2182bb758b4b3781]::string::String>, fn() -> core[df12db4294e9bfd3]::result::Result<(), alloc[2182bb758b4b3781]::string::String>>
[INFO] [stdout]   16:     0x55d8337ff445 - test[9d35eded1c95d3be]::run_test::{closure#0}
[INFO] [stdout]   17:     0x55d8337f8d04 - std[70759c8f55707aa4]::sys::backtrace::__rust_begin_short_backtrace::<test[9d35eded1c95d3be]::run_test::{closure#1}, ()>
[INFO] [stdout]   18:     0x55d8338025a2 - <std[70759c8f55707aa4]::thread::lifecycle::spawn_unchecked<test[9d35eded1c95d3be]::run_test::{closure#1}, ()>::{closure#1} as core[df12db4294e9bfd3]::ops::function::FnOnce<()>>::call_once::{shim:vtable#0}
[INFO] [stdout]   19:     0x55d83386d459 - <std[70759c8f55707aa4]::sys::thread::unix::Thread>::new::thread_start
[INFO] [stdout]   20:     0x786cf3374dfa - <unknown>
[INFO] [stdout]   21:     0x786cf34083d4 - clone
[INFO] [stdout]   22:                0x0 - <unknown>
[INFO] [stdout] 
[INFO] [stdout] 
[INFO] [stdout] failures:
[INFO] [stdout]     ui
[INFO] [stdout] 
[INFO] [stdout] test result: FAILED. 0 passed; 1 failed; 0 ignored; 0 measured; 0 filtered out; finished in 29.79s
[INFO] [stdout] 
[INFO] [stderr] error: test failed, to rerun pass `--test integration`
[INFO] running `Command { std: "docker" "inspect" "ae088925fb8da2d7ea851e074449c6076bd29b82bcd5f2d26f78d944028392a8", kill_on_drop: false }`
[INFO] running `Command { std: "docker" "rm" "-f" "ae088925fb8da2d7ea851e074449c6076bd29b82bcd5f2d26f78d944028392a8", kill_on_drop: false }`
[INFO] [stdout] ae088925fb8da2d7ea851e074449c6076bd29b82bcd5f2d26f78d944028392a8
