[INFO] fetching crate externref-cli 0.3.0...
[INFO] testing externref-cli-0.3.0 against 1.100.0-beta.1+cargoflags=--release for beta-release-1.100-2
[INFO] extracting crate externref-cli 0.3.0 into /workspace/builds/worker-7-tc2/source
[INFO] started tweaking crates.io crate externref-cli 0.3.0
[INFO] removed 0 missing tests
[INFO] finished tweaking crates.io crate externref-cli 0.3.0
[INFO] tweaked toml for crates.io crate externref-cli 0.3.0 written to /workspace/builds/worker-7-tc2/source/Cargo.toml
[INFO] validating manifest of crates.io crate externref-cli 0.3.0 on toolchain 1.100.0-beta.1
[INFO] running `Command { std: CARGO_HOME="/workspace/cargo-home" RUSTUP_HOME="/workspace/rustup-home" "/workspace/cargo-home/bin/cargo" "+1.100.0-beta.1" "metadata" "--manifest-path" "Cargo.toml" "--no-deps", kill_on_drop: false }`
[INFO] crate crates.io crate externref-cli 0.3.0 already has a lockfile, it will not be regenerated
[INFO] running `Command { std: CARGO_HOME="/workspace/cargo-home" RUSTUP_HOME="/workspace/rustup-home" "/workspace/cargo-home/bin/cargo" "+1.100.0-beta.1" "fetch" "--manifest-path" "Cargo.toml", kill_on_drop: false }`
[INFO] [stderr]     Blocking waiting for file lock on package cache
[INFO] [stderr]     Blocking waiting for file lock on package cache
[INFO] running `Command { std: "docker" "create" "-v" "/var/lib/crater-agent-workspace/builds/worker-7-tc2/source:/opt/rustwide/workdir:ro,Z" "-v" "/var/lib/crater-agent-workspace/builds/worker-7-tc2/target:/opt/rustwide/target:rw,Z" "-v" "/var/lib/crater-agent-workspace/cargo-home:/opt/rustwide/cargo-home:ro,Z" "-v" "/var/lib/crater-agent-workspace/rustup-home:/opt/rustwide/rustup-home:ro,Z" "-m" "1610612736" "--network" "none" "ghcr.io/rust-lang/crates-build-env/linux@sha256:77db811e55d90add9212f6832c23229e3de5f1c1f9905e8cb07319ea15df73ac" "sleep" "infinity", kill_on_drop: false }`
[INFO] [stdout] d98538eb9222ae0c1ec370f3e323027cd0b1d0edd347f0622f653a2c36dd55e6
[INFO] running `Command { std: "docker" "start" "d98538eb9222ae0c1ec370f3e323027cd0b1d0edd347f0622f653a2c36dd55e6", kill_on_drop: false }`
[INFO] running `Command { std: "docker" "inspect" "d98538eb9222ae0c1ec370f3e323027cd0b1d0edd347f0622f653a2c36dd55e6", kill_on_drop: false }`
[INFO] running `Command { std: "docker" "exec" "-e" "SOURCE_DIR=/opt/rustwide/workdir" "-e" "CARGO_HOME=/opt/rustwide/cargo-home" "-e" "RUSTUP_HOME=/opt/rustwide/rustup-home" "-e" "CARGO_TARGET_DIR=/opt/rustwide/target" "-w" "/opt/rustwide/workdir" "--user" "0:0" "d98538eb9222ae0c1ec370f3e323027cd0b1d0edd347f0622f653a2c36dd55e6" "/opt/rustwide/cargo-home/bin/cargo" "+1.100.0-beta.1" "metadata" "--no-deps" "--format-version=1", kill_on_drop: false }`
[INFO] running `Command { std: "docker" "inspect" "d98538eb9222ae0c1ec370f3e323027cd0b1d0edd347f0622f653a2c36dd55e6", kill_on_drop: false }`
[INFO] running `Command { std: "docker" "exec" "-e" "SOURCE_DIR=/opt/rustwide/workdir" "-e" "CARGO_HOME=/opt/rustwide/cargo-home" "-e" "RUSTUP_HOME=/opt/rustwide/rustup-home" "-e" "CARGO_TARGET_DIR=/opt/rustwide/target" "-e" "CARGO_INCREMENTAL=0" "-e" "RUST_BACKTRACE=full" "-e" "RUSTFLAGS=--cap-lints=warn" "-e" "RUSTDOCFLAGS=--cap-lints=warn" "-w" "/opt/rustwide/workdir" "--user" "0:0" "d98538eb9222ae0c1ec370f3e323027cd0b1d0edd347f0622f653a2c36dd55e6" "/opt/rustwide/cargo-home/bin/cargo" "+1.100.0-beta.1" "build" "--frozen" "--message-format=json" "--release", kill_on_drop: false }`
[INFO] [stderr]    Compiling unicode-ident v1.0.23
[INFO] [stderr]    Compiling quote v1.0.46
[INFO] [stderr]    Compiling serde_core v1.0.228
[INFO] [stderr]    Compiling bitflags v2.10.0
[INFO] [stderr]    Compiling hashbrown v0.17.1
[INFO] [stderr]    Compiling rustix v1.1.4
[INFO] [stderr]    Compiling serde v1.0.228
[INFO] [stderr]    Compiling linux-raw-sys v0.12.1
[INFO] [stderr]    Compiling log v0.4.29
[INFO] [stderr]    Compiling stable_deref_trait v1.2.1
[INFO] [stderr]    Compiling semver v1.0.27
[INFO] [stderr]    Compiling leb128fmt v0.1.0
[INFO] [stderr]    Compiling regex-syntax v0.8.9
[INFO] [stderr]    Compiling pin-project-lite v0.2.16
[INFO] [stderr]    Compiling fallible-iterator v0.3.0
[INFO] [stderr]    Compiling colorchoice v1.0.4
[INFO] [stderr]    Compiling anstream v1.0.0
[INFO] [stderr]    Compiling proc-macro2 v1.0.106
[INFO] [stderr]    Compiling leb128 v0.2.5
[INFO] [stderr]    Compiling clap_lex v1.0.0
[INFO] [stderr]    Compiling id-arena v2.3.0
[INFO] [stderr]    Compiling wasm-encoder v0.245.1
[INFO] [stderr]    Compiling tracing-log v0.2.0
[INFO] [stderr]    Compiling thread_local v1.1.9
[INFO] [stderr]    Compiling nu-ansi-term v0.50.3
[INFO] [stderr]    Compiling smallvec v1.15.1
[INFO] [stderr]    Compiling syn v2.0.119
[INFO] [stderr]    Compiling terminal_size v0.4.4
[INFO] [stderr]    Compiling clap_builder v4.6.2
[INFO] [stderr]    Compiling regex-automata v0.4.14
[INFO] [stderr]    Compiling indexmap v2.14.0
[INFO] [stderr]    Compiling hashbrown v0.16.1
[INFO] [stderr]    Compiling gimli v0.32.3
[INFO] [stderr]    Compiling wasmparser v0.245.1
[INFO] [stderr]    Compiling tracing-attributes v0.1.31
[INFO] [stderr]    Compiling walrus-macro v0.26.0
[INFO] [stderr]    Compiling clap_derive v4.6.1
[INFO] [stderr]    Compiling matchers v0.2.0
[INFO] [stderr]    Compiling tracing v0.1.44
[INFO] [stderr]    Compiling tracing-subscriber v0.3.23
[INFO] [stderr]    Compiling clap v4.6.2
[INFO] [stderr]    Compiling walrus v0.26.4
[INFO] [stderr]    Compiling externref v0.3.0
[INFO] [stderr]    Compiling externref-cli v0.3.0 (/opt/rustwide/workdir)
[INFO] [stderr]     Finished `release` profile [optimized] target(s) in 1m 10s
[INFO] running `Command { std: "docker" "inspect" "d98538eb9222ae0c1ec370f3e323027cd0b1d0edd347f0622f653a2c36dd55e6", kill_on_drop: false }`
[INFO] running `Command { std: "docker" "exec" "-e" "SOURCE_DIR=/opt/rustwide/workdir" "-e" "CARGO_HOME=/opt/rustwide/cargo-home" "-e" "RUSTUP_HOME=/opt/rustwide/rustup-home" "-e" "CARGO_TARGET_DIR=/opt/rustwide/target" "-e" "CARGO_INCREMENTAL=0" "-e" "RUST_BACKTRACE=full" "-e" "RUSTFLAGS=--cap-lints=warn" "-e" "RUSTDOCFLAGS=--cap-lints=warn" "-w" "/opt/rustwide/workdir" "--user" "0:0" "d98538eb9222ae0c1ec370f3e323027cd0b1d0edd347f0622f653a2c36dd55e6" "/opt/rustwide/cargo-home/bin/cargo" "+1.100.0-beta.1" "test" "--frozen" "--no-run" "--message-format=json" "--release", kill_on_drop: false }`
[INFO] [stderr]    Compiling serde_core v1.0.228
[INFO] [stderr]    Compiling libc v0.2.186
[INFO] [stderr]    Compiling serde v1.0.228
[INFO] [stderr]    Compiling strsim v0.11.1
[INFO] [stderr]    Compiling ident_case v1.0.1
[INFO] [stderr]    Compiling fnv v1.0.7
[INFO] [stderr]    Compiling ucd-trie v0.1.7
[INFO] [stderr]    Compiling autocfg v1.5.0
[INFO] [stderr]    Compiling memchr v2.8.0
[INFO] [stderr]    Compiling zmij v1.0.20
[INFO] [stderr]    Compiling serde_derive v1.0.228
[INFO] [stderr]    Compiling thiserror-impl v1.0.69
[INFO] [stderr]    Compiling serde_json v1.0.149
[INFO] [stderr]    Compiling thiserror v2.0.18
[INFO] [stderr]    Compiling thiserror-impl v2.0.18
[INFO] [stderr]    Compiling yansi v1.0.1
[INFO] [stderr]    Compiling num-modular v0.6.1
[INFO] [stderr]    Compiling darling_core v0.20.11
[INFO] [stderr]    Compiling diff v0.1.13
[INFO] [stderr]    Compiling pest v2.8.6
[INFO] [stderr]    Compiling shell-words v1.1.1
[INFO] [stderr]    Compiling compile-fmt v0.1.0
[INFO] [stderr]    Compiling memoffset v0.6.5
[INFO] [stderr]    Compiling pretty_assertions v1.4.1
[INFO] [stderr]    Compiling downcast-rs v1.2.1
[INFO] [stderr]    Compiling test-casing-macro v0.2.0
[INFO] [stderr]    Compiling quick-xml v0.41.0
[INFO] [stderr]    Compiling bytecount v0.6.9
[INFO] [stderr]    Compiling styled-str v0.5.0
[INFO] [stderr]    Compiling num-order v1.2.0
[INFO] [stderr]    Compiling thiserror v1.0.69
[INFO] [stderr]    Compiling test-casing v0.2.0
[INFO] [stderr]    Compiling termios v0.2.2
[INFO] [stderr]    Compiling serial-core v0.4.0
[INFO] [stderr]    Compiling ioctl-rs v0.1.6
[INFO] [stderr]    Compiling filedescriptor v0.8.3
[INFO] [stderr]    Compiling nix v0.25.1
[INFO] [stderr]    Compiling os_pipe v1.2.3
[INFO] [stderr]    Compiling serial-unix v0.4.0
[INFO] [stderr]    Compiling serial v0.4.0
[INFO] [stderr]    Compiling darling_macro v0.20.11
[INFO] [stderr]    Compiling darling v0.20.11
[INFO] [stderr]    Compiling derive_builder_core v0.20.2
[INFO] [stderr]    Compiling pest_meta v2.8.6
[INFO] [stderr]    Compiling indexmap v2.14.0
[INFO] [stderr]    Compiling hashbrown v0.16.1
[INFO] [stderr]    Compiling pest_generator v2.8.6
[INFO] [stderr]    Compiling derive_builder_macro v0.20.2
[INFO] [stderr]    Compiling derive_builder v0.20.2
[INFO] [stderr]    Compiling gimli v0.32.3
[INFO] [stderr]    Compiling wasmparser v0.245.1
[INFO] [stderr]    Compiling pest_derive v2.8.6
[INFO] [stderr]    Compiling handlebars v6.4.3
[INFO] [stderr]    Compiling portable-pty v0.8.1
[INFO] [stderr]    Compiling term-transcript v0.5.0
[INFO] [stderr]    Compiling walrus v0.26.4
[INFO] [stderr]    Compiling externref v0.3.0
[INFO] [stderr]    Compiling externref-cli v0.3.0 (/opt/rustwide/workdir)
[INFO] [stderr]     Finished `release` profile [optimized] target(s) in 1m 10s
[INFO] running `Command { std: "docker" "inspect" "d98538eb9222ae0c1ec370f3e323027cd0b1d0edd347f0622f653a2c36dd55e6", kill_on_drop: false }`
[INFO] running `Command { std: "docker" "exec" "-e" "SOURCE_DIR=/opt/rustwide/workdir" "-e" "CARGO_HOME=/opt/rustwide/cargo-home" "-e" "RUSTUP_HOME=/opt/rustwide/rustup-home" "-e" "CARGO_TARGET_DIR=/opt/rustwide/target" "-e" "CARGO_INCREMENTAL=0" "-e" "RUST_BACKTRACE=full" "-e" "RUSTFLAGS=--cap-lints=warn" "-e" "RUSTDOCFLAGS=--cap-lints=warn" "-w" "/opt/rustwide/workdir" "--user" "0:0" "d98538eb9222ae0c1ec370f3e323027cd0b1d0edd347f0622f653a2c36dd55e6" "/opt/rustwide/cargo-home/bin/cargo" "+1.100.0-beta.1" "test" "--frozen" "--release", kill_on_drop: false }`
[INFO] [stderr]     Finished `release` profile [optimized] target(s) in 0.15s
[INFO] [stderr]      Running unittests src/main.rs (/opt/rustwide/target/release/build/externref-cli/ebfced6e1b93fe5c/out/externref-ebfced6e1b93fe5c)
[INFO] [stdout] 
[INFO] [stderr]      Running tests/integration.rs (/opt/rustwide/target/release/build/externref-cli/a203735d386caecc/out/integration-a203735d386caecc)
[INFO] [stdout] running 0 tests
[INFO] [stdout] 
[INFO] [stdout] test result: ok. 0 passed; 0 failed; 0 ignored; 0 measured; 0 filtered out; finished in 0.00s
[INFO] [stdout] 
[INFO] [stdout] 
[INFO] [stdout] running 3 tests
[INFO] [stdout] test error_specifying_drop_fn ... ok
[INFO] [stdout] test error_processing_module ... FAILED
[INFO] [stdout] test cli_with_tracing ... ok
[INFO] [stdout] 
[INFO] [stdout] failures:
[INFO] [stdout] 
[INFO] [stdout] ---- error_processing_module stdout ----
[INFO] [stdout]   [-] Input: externref --drop-fn test::drop -o /dev/null tests/integration.rs
[INFO] [stdout] Diff < left / right > :
[INFO] [stdout]     Error: failed processing module
[INFO] [stdout]     
[INFO] [stdout]     Caused by:
[INFO] [stdout]         0: failed reading WASM module: magic header not detected: bad magic number - expected=[
[INFO] [stdout]                0x0,
[INFO] [stdout]                0x61,
[INFO] [stdout]                0x73,
[INFO] [stdout]                0x6d,
[INFO] [stdout]            ] actual=[
[INFO] [stdout]                0x2f,
[INFO] [stdout]                0x2f,
[INFO] [stdout]                0x21,
[INFO] [stdout]                0x20,
[INFO] [stdout]            ] (at offset 0x0)
[INFO] [stdout]         1: magic header not detected: bad magic number - expected=[
[INFO] [stdout]                0x0,
[INFO] [stdout]                0x61,
[INFO] [stdout]                0x73,
[INFO] [stdout]                0x6d,
[INFO] [stdout]            ] actual=[
[INFO] [stdout]                0x2f,
[INFO] [stdout]                0x2f,
[INFO] [stdout]                0x21,
[INFO] [stdout]                0x20,
[INFO] [stdout]            ] (at offset 0x0)
[INFO] [stdout] >   
[INFO] [stdout] >   Stack backtrace:
[INFO] [stdout] >      0: <externref::processor::error::Error as anyhow::context::ext::StdError>::ext_context::<&str>
[INFO] [stdout] >      1: externref::main
[INFO] [stdout] >      2: std::sys::backtrace::__rust_begin_short_backtrace::<fn() -> core::result::Result<(), anyhow::Error>, core::result::Result<(), anyhow::Error>>
[INFO] [stdout] >      3: std::rt::lang_start::<core::result::Result<(), anyhow::Error>>::{closure#0}
[INFO] [stdout] >      4: std::rt::lang_start_internal
[INFO] [stdout] >      5: main
[INFO] [stderr] error: test failed, to rerun pass `--test integration`
[INFO] [stdout] >      6: <unknown>
[INFO] [stdout] >      7: __libc_start_main
[INFO] [stdout] >      8: _start
[INFO] [stdout]  
[INFO] [stdout] 
[INFO] [stdout] thread 'error_processing_module' (2284) panicked at /opt/rustwide/cargo-home/registry/src/index.crates.io-1949cf8c6b5b557f/term-transcript-0.5.0/src/test/config_impl.rs:239:13:
[INFO] [stdout] Cannot create file for new snapshot `tests/snapshots/error-processing.new.svg`: Read-only file system (os error 30)
[INFO] [stdout] stack backtrace:
[INFO] [stdout]    0:     0x5567a5fbbea1 - <<std[617be2ca0a6fd877]::sys::backtrace::BacktraceLock>::print::DisplayBacktrace as core[a373ad73a504971]::fmt::Display>::fmt
[INFO] [stdout]    1:     0x5567a5fd2a6a - core[a373ad73a504971]::fmt::write
[INFO] [stdout]    2:     0x5567a5fc182c - <alloc[2e1b2a31b91974c5]::vec::Vec<u8> as core[a373ad73a504971]::io::write::Write>::write_fmt
[INFO] [stdout]    3:     0x5567a5f96ab6 - std[617be2ca0a6fd877]::panicking::default_hook::{closure#0}
[INFO] [stdout]    4:     0x5567a5fb40c9 - std[617be2ca0a6fd877]::panicking::default_hook
[INFO] [stdout]    5:     0x5567a5e9c020 - test[aada8e7e76ba119b]::test_main_inner::{closure#0}
[INFO] [stdout]    6:     0x5567a5fb43f2 - std[617be2ca0a6fd877]::panicking::panic_with_hook
[INFO] [stdout]    7:     0x5567a5f96b62 - std[617be2ca0a6fd877]::panicking::panic_handler::{closure#0}
[INFO] [stdout]    8:     0x5567a5f8f249 - std[617be2ca0a6fd877]::sys::backtrace::__rust_end_short_backtrace::<std[617be2ca0a6fd877]::panicking::panic_handler::{closure#0}, !>
[INFO] [stdout]    9:     0x5567a5f9787d - __rustc[ea4f61d10b84890b]::rust_begin_unwind
[INFO] [stdout]   10:     0x5567a5fd31cc - core[a373ad73a504971]::panicking::panic_fmt
[INFO] [stdout]   11:     0x5567a5e88849 - <term_transcript[af63305c61d470aa]::test::TestConfig<term_transcript[af63305c61d470aa]::shell::ShellOptions<term_transcript[af63305c61d470aa]::pty::PtyCommand>, for<'a> fn(&'a mut term_transcript[af63305c61d470aa]::types::Transcript)>>::write_new_snapshot::{closure#0}
[INFO] [stdout]   12:     0x5567a5e88ef4 - <term_transcript[af63305c61d470aa]::test::TestConfig<term_transcript[af63305c61d470aa]::shell::ShellOptions<term_transcript[af63305c61d470aa]::pty::PtyCommand>, for<'a> fn(&'a mut term_transcript[af63305c61d470aa]::types::Transcript)>>::write_new_snapshot
[INFO] [stdout]   13:     0x5567a5e876dd - <term_transcript[af63305c61d470aa]::test::TestConfig<term_transcript[af63305c61d470aa]::shell::ShellOptions<term_transcript[af63305c61d470aa]::pty::PtyCommand>, for<'a> fn(&'a mut term_transcript[af63305c61d470aa]::types::Transcript)>>::test::<&str, &str, [&str; 1usize]>
[INFO] [stdout]   14:     0x5567a5e81bc5 - <integration[7b1cc4763f9a6ca5]::error_processing_module::{closure#0} as core[a373ad73a504971]::ops::function::FnOnce<()>>::call_once
[INFO] [stdout]   15:     0x5567a5e8f46b - test[aada8e7e76ba119b]::__rust_begin_short_backtrace::<core[a373ad73a504971]::result::Result<(), alloc[2e1b2a31b91974c5]::string::String>, fn() -> core[a373ad73a504971]::result::Result<(), alloc[2e1b2a31b91974c5]::string::String>>
[INFO] [stdout]   16:     0x5567a5e9c645 - test[aada8e7e76ba119b]::run_test::{closure#0}
[INFO] [stdout]   17:     0x5567a5e95f34 - std[617be2ca0a6fd877]::sys::backtrace::__rust_begin_short_backtrace::<test[aada8e7e76ba119b]::run_test::{closure#1}, ()>
[INFO] [stdout]   18:     0x5567a5e9f6d2 - <std[617be2ca0a6fd877]::thread::lifecycle::spawn_unchecked<test[aada8e7e76ba119b]::run_test::{closure#1}, ()>::{closure#1} as core[a373ad73a504971]::ops::function::FnOnce<()>>::call_once::{shim:vtable#0}
[INFO] [stdout]   19:     0x5567a5fbb6ef - <std[617be2ca0a6fd877]::sys::thread::unix::Thread>::new::thread_start
[INFO] [stdout]   20:     0x70baa5b84dfa - <unknown>
[INFO] [stdout]   21:     0x70baa5c183d4 - clone
[INFO] [stdout]   22:                0x0 - <unknown>
[INFO] [stdout] 
[INFO] [stdout] 
[INFO] [stdout] failures:
[INFO] [stdout]     error_processing_module
[INFO] [stdout] 
[INFO] [stdout] test result: FAILED. 2 passed; 1 failed; 0 ignored; 0 measured; 0 filtered out; finished in 3.32s
[INFO] [stdout] 
[INFO] running `Command { std: "docker" "inspect" "d98538eb9222ae0c1ec370f3e323027cd0b1d0edd347f0622f653a2c36dd55e6", kill_on_drop: false }`
[INFO] running `Command { std: "docker" "rm" "-f" "d98538eb9222ae0c1ec370f3e323027cd0b1d0edd347f0622f653a2c36dd55e6", kill_on_drop: false }`
[INFO] [stdout] d98538eb9222ae0c1ec370f3e323027cd0b1d0edd347f0622f653a2c36dd55e6
