[INFO] fetching crate external-ip 7.0.0...
[INFO] testing external-ip-7.0.0 against 1.99.0-beta.8+cargoflags=--release for beta-release-1.100-2
[INFO] extracting crate external-ip 7.0.0 into /workspace/builds/worker-1-tc1/source
[INFO] started tweaking crates.io crate external-ip 7.0.0
[INFO] removed 0 missing tests
[INFO] finished tweaking crates.io crate external-ip 7.0.0
[INFO] tweaked toml for crates.io crate external-ip 7.0.0 written to /workspace/builds/worker-1-tc1/source/Cargo.toml
[INFO] validating manifest of crates.io crate external-ip 7.0.0 on toolchain 1.99.0-beta.8
[INFO] running `Command { std: CARGO_HOME="/workspace/cargo-home" RUSTUP_HOME="/workspace/rustup-home" "/workspace/cargo-home/bin/cargo" "+1.99.0-beta.8" "metadata" "--manifest-path" "Cargo.toml" "--no-deps", kill_on_drop: false }`
[INFO] crate crates.io crate external-ip 7.0.0 already has a lockfile, it will not be regenerated
[INFO] running `Command { std: CARGO_HOME="/workspace/cargo-home" RUSTUP_HOME="/workspace/rustup-home" "/workspace/cargo-home/bin/cargo" "+1.99.0-beta.8" "fetch" "--manifest-path" "Cargo.toml", kill_on_drop: false }`
[INFO] [stderr]     Updating crates.io index
[INFO] [stderr]  Downloading crates ...
[INFO] [stderr]   Downloaded tokio-stream v0.1.18
[INFO] [stderr]   Downloaded tokio-macros v2.7.0
[INFO] [stderr]   Downloaded tokio-test v0.4.5
[INFO] [stderr]   Downloaded wildmatch v1.1.0
[INFO] [stderr]   Downloaded tagptr v0.2.0
[INFO] [stderr]   Downloaded futures-io v0.3.32
[INFO] [stderr]   Downloaded zerofrom v0.1.7
[INFO] [stderr]   Downloaded ndk-context v0.1.1
[INFO] [stderr]   Downloaded downcast v0.11.0
[INFO] [stderr]   Downloaded xmltree v0.10.3
[INFO] [stderr]   Downloaded ipnet v2.12.0
[INFO] [stderr]   Downloaded mockall v0.14.0
[INFO] [stderr]   Downloaded fragile v2.1.0
[INFO] [stderr]   Downloaded igd v0.12.1
[INFO] [stderr]   Downloaded resolv-conf v0.7.6
[INFO] [stderr]   Downloaded ipconfig v0.3.4
[INFO] [stderr]   Downloaded data-encoding v2.11.0
[INFO] [stderr]   Downloaded chacha20 v0.10.0
[INFO] [stderr]   Downloaded reqwest v0.13.3
[INFO] [stderr]   Downloaded tinyvec v1.11.0
[INFO] [stderr]   Downloaded mockall_derive v0.14.0
[INFO] [stderr]   Downloaded xml-rs v0.8.28
[INFO] [stderr]   Downloaded uuid v1.23.1
[INFO] [stderr]   Downloaded attohttpc v0.16.3
[INFO] [stderr]   Downloaded prefix-trie v0.8.2
[INFO] [stderr]   Downloaded widestring v1.2.1
[INFO] [stderr]   Downloaded rand v0.10.1
[INFO] [stderr]   Downloaded hickory-net v0.26.0
[INFO] [stderr]   Downloaded hickory-resolver v0.26.0
[INFO] [stderr]   Downloaded iri-string v0.7.12
[INFO] [stderr]   Downloaded h2 v0.4.13
[INFO] [stderr]   Downloaded aws-lc-rs v1.16.3
[INFO] [stderr]   Downloaded moka v0.12.15
[INFO] [stderr]   Downloaded quinn-proto v0.11.14
[INFO] [stderr]   Downloaded simd_cesu8 v1.1.1
[INFO] [stderr]   Downloaded hickory-proto v0.26.0
[INFO] [stderr]   Downloaded tokio v1.52.1
[INFO] [stderr]   Downloaded aws-lc-sys v0.40.0
[INFO] running `Command { std: "docker" "create" "-v" "/var/lib/crater-agent-workspace/builds/worker-1-tc1/source:/opt/rustwide/workdir:ro,Z" "-v" "/var/lib/crater-agent-workspace/builds/worker-1-tc1/target:/opt/rustwide/target:rw,Z" "-v" "/var/lib/crater-agent-workspace/cargo-home:/opt/rustwide/cargo-home:ro,Z" "-v" "/var/lib/crater-agent-workspace/rustup-home:/opt/rustwide/rustup-home:ro,Z" "-m" "1610612736" "--network" "none" "ghcr.io/rust-lang/crates-build-env/linux@sha256:77db811e55d90add9212f6832c23229e3de5f1c1f9905e8cb07319ea15df73ac" "sleep" "infinity", kill_on_drop: false }`
[INFO] [stdout] 47e40922170212cdddb99cfff7f3cdd24d8b77115b5029000f833fdf9aa15db4
[INFO] running `Command { std: "docker" "start" "47e40922170212cdddb99cfff7f3cdd24d8b77115b5029000f833fdf9aa15db4", kill_on_drop: false }`
[INFO] running `Command { std: "docker" "inspect" "47e40922170212cdddb99cfff7f3cdd24d8b77115b5029000f833fdf9aa15db4", kill_on_drop: false }`
[INFO] running `Command { std: "docker" "exec" "-e" "SOURCE_DIR=/opt/rustwide/workdir" "-e" "CARGO_HOME=/opt/rustwide/cargo-home" "-e" "RUSTUP_HOME=/opt/rustwide/rustup-home" "-e" "CARGO_TARGET_DIR=/opt/rustwide/target" "-w" "/opt/rustwide/workdir" "--user" "0:0" "47e40922170212cdddb99cfff7f3cdd24d8b77115b5029000f833fdf9aa15db4" "/opt/rustwide/cargo-home/bin/cargo" "+1.99.0-beta.8" "metadata" "--no-deps" "--format-version=1", kill_on_drop: false }`
[INFO] running `Command { std: "docker" "inspect" "47e40922170212cdddb99cfff7f3cdd24d8b77115b5029000f833fdf9aa15db4", kill_on_drop: false }`
[INFO] running `Command { std: "docker" "exec" "-e" "SOURCE_DIR=/opt/rustwide/workdir" "-e" "CARGO_HOME=/opt/rustwide/cargo-home" "-e" "RUSTUP_HOME=/opt/rustwide/rustup-home" "-e" "CARGO_TARGET_DIR=/opt/rustwide/target" "-e" "CARGO_INCREMENTAL=0" "-e" "RUST_BACKTRACE=full" "-e" "RUSTFLAGS=--cap-lints=warn" "-e" "RUSTDOCFLAGS=--cap-lints=warn" "-w" "/opt/rustwide/workdir" "--user" "0:0" "47e40922170212cdddb99cfff7f3cdd24d8b77115b5029000f833fdf9aa15db4" "/opt/rustwide/cargo-home/bin/cargo" "+1.99.0-beta.8" "build" "--frozen" "--message-format=json" "--release", kill_on_drop: false }`
[INFO] [stderr]    Compiling proc-macro2 v1.0.106
[INFO] [stderr]    Compiling quote v1.0.45
[INFO] [stderr]    Compiling unicode-ident v1.0.24
[INFO] [stderr]    Compiling libc v0.2.186
[INFO] [stderr]    Compiling stable_deref_trait v1.2.1
[INFO] [stderr]    Compiling pin-project-lite v0.2.17
[INFO] [stderr]    Compiling bytes v1.11.1
[INFO] [stderr]    Compiling cfg-if v1.0.4
[INFO] [stderr]    Compiling portable-atomic v1.13.1
[INFO] [stderr]    Compiling smallvec v1.15.1
[INFO] [stderr]    Compiling futures-core v0.3.32
[INFO] [stderr]    Compiling critical-section v1.2.0
[INFO] [stderr]    Compiling futures-sink v0.3.32
[INFO] [stderr]    Compiling shlex v1.3.0
[INFO] [stderr]    Compiling find-msvc-tools v0.1.9
[INFO] [stderr]    Compiling writeable v0.6.3
[INFO] [stderr]    Compiling litemap v0.8.2
[INFO] [stderr]    Compiling itoa v1.0.18
[INFO] [stderr]    Compiling dunce v1.0.5
[INFO] [stderr]    Compiling utf8_iter v1.0.4
[INFO] [stderr]    Compiling fs_extra v1.3.0
[INFO] [stderr]    Compiling slab v0.4.12
[INFO] [stderr]    Compiling icu_properties_data v2.2.0
[INFO] [stderr]    Compiling icu_normalizer_data v2.2.0
[INFO] [stderr]    Compiling futures-channel v0.3.32
[INFO] [stderr]    Compiling serde_core v1.0.228
[INFO] [stderr]    Compiling memchr v2.8.0
[INFO] [stderr]    Compiling serde v1.0.228
[INFO] [stderr]    Compiling futures-io v0.3.32
[INFO] [stderr]    Compiling futures-task v0.3.32
[INFO] [stderr]    Compiling percent-encoding v2.3.2
[INFO] [stderr]    Compiling zeroize v1.8.2
[INFO] [stderr]    Compiling aws-lc-rs v1.16.3
[INFO] [stderr]    Compiling equivalent v1.0.2
[INFO] [stderr]    Compiling http v1.4.0
[INFO] [stderr]    Compiling fnv v1.0.7
[INFO] [stderr]    Compiling getrandom v0.4.2
[INFO] [stderr]    Compiling rand_core v0.10.1
[INFO] [stderr]    Compiling rustls-pki-types v1.14.1
[INFO] [stderr]    Compiling form_urlencoded v1.2.2
[INFO] [stderr]    Compiling autocfg v1.5.0
[INFO] [stderr]    Compiling zerocopy v0.8.48
[INFO] [stderr]    Compiling rustls v0.23.40
[INFO] [stderr]    Compiling httparse v1.10.1
[INFO] [stderr]    Compiling crossbeam-utils v0.8.21
[INFO] [stderr]    Compiling untrusted v0.9.0
[INFO] [stderr]    Compiling hashbrown v0.17.0
[INFO] [stderr]    Compiling atomic-waker v1.1.2
[INFO] [stderr]    Compiling tower-service v0.3.3
[INFO] [stderr]    Compiling subtle v2.6.1
[INFO] [stderr]    Compiling cpufeatures v0.3.0
[INFO] [stderr]    Compiling parking_lot_core v0.9.12
[INFO] [stderr]    Compiling try-lock v0.2.5
[INFO] [stderr]    Compiling thiserror v2.0.18
[INFO] [stderr]    Compiling want v0.3.1
[INFO] [stderr]    Compiling num-traits v0.2.19
[INFO] [stderr]    Compiling syn v2.0.117
[INFO] [stderr]    Compiling chacha20 v0.10.0
[INFO] [stderr]    Compiling scopeguard v1.2.0
[INFO] [stderr]    Compiling tinyvec_macros v0.1.1
[INFO] [stderr]    Compiling log v0.4.29
[INFO] [stderr]    Compiling either v1.15.0
[INFO] [stderr]    Compiling once_cell v1.21.4
[INFO] [stderr]    Compiling tinyvec v1.11.0
[INFO] [stderr]    Compiling jobserver v0.1.34
[INFO] [stderr]    Compiling lock_api v0.4.14
[INFO] [stderr]    Compiling tracing-core v0.1.36
[INFO] [stderr]    Compiling sync_wrapper v1.0.2
[INFO] [stderr]    Compiling http-body v1.0.1
[INFO] [stderr]    Compiling openssl-probe v0.2.1
[INFO] [stderr]    Compiling tower-layer v0.3.3
[INFO] [stderr]    Compiling data-encoding v2.11.0
[INFO] [stderr]    Compiling cc v1.2.61
[INFO] [stderr]    Compiling base64 v0.22.1
[INFO] [stderr]    Compiling indexmap v2.14.0
[INFO] [stderr]    Compiling crossbeam-channel v0.5.15
[INFO] [stderr]    Compiling socket2 v0.6.3
[INFO] [stderr]    Compiling mio v1.2.0
[INFO] [stderr]    Compiling getrandom v0.2.17
[INFO] [stderr]    Compiling tracing v0.1.44
[INFO] [stderr]    Compiling rand_core v0.6.4
[INFO] [stderr]    Compiling rand v0.10.1
[INFO] [stderr]    Compiling parking_lot v0.12.5
[INFO] [stderr]    Compiling uuid v1.23.1
[INFO] [stderr]    Compiling cmake v0.1.58
[INFO] [stderr]    Compiling crossbeam-epoch v0.9.18
[INFO] [stderr]    Compiling rustls-native-certs v0.8.3
[INFO] [stderr]    Compiling http v0.2.12
[INFO] [stderr]    Compiling wildmatch v1.1.0
[INFO] [stderr]    Compiling iri-string v0.7.12
[INFO] [stderr]    Compiling tagptr v0.2.0
[INFO] [stderr]    Compiling xml-rs v0.8.28
[INFO] [stderr]    Compiling bitflags v2.11.1
[INFO] [stderr]    Compiling moka v0.12.15
[INFO] [stderr]    Compiling http-body-util v0.1.3
[INFO] [stderr]    Compiling encoding_rs v0.8.35
[INFO] [stderr]    Compiling mime v0.3.17
[INFO] [stderr]    Compiling resolv-conf v0.7.6
[INFO] [stderr]    Compiling aws-lc-sys v0.40.0
[INFO] [stderr]    Compiling xmltree v0.10.3
[INFO] [stderr]    Compiling synstructure v0.13.2
[INFO] [stderr]    Compiling ppv-lite86 v0.2.21
[INFO] [stderr]    Compiling rand_chacha v0.3.1
[INFO] [stderr]    Compiling zerofrom-derive v0.1.7
[INFO] [stderr]    Compiling yoke-derive v0.8.2
[INFO] [stderr]    Compiling zerovec-derive v0.11.3
[INFO] [stderr]    Compiling displaydoc v0.2.5
[INFO] [stderr]    Compiling tokio-macros v2.7.0
[INFO] [stderr]    Compiling futures-macro v0.3.32
[INFO] [stderr]    Compiling serde_derive v1.0.228
[INFO] [stderr]    Compiling thiserror-impl v2.0.18
[INFO] [stderr]    Compiling async-trait v0.1.89
[INFO] [stderr]    Compiling rand v0.8.6
[INFO] [stderr]    Compiling tokio v1.52.1
[INFO] [stderr]    Compiling zerofrom v0.1.7
[INFO] [stderr]    Compiling yoke v0.8.2
[INFO] [stderr]    Compiling futures-util v0.3.32
[INFO] [stderr]    Compiling zerovec v0.11.6
[INFO] [stderr]    Compiling zerotrie v0.2.4
[INFO] [stderr]    Compiling tinystr v0.8.3
[INFO] [stderr]    Compiling potential_utf v0.1.5
[INFO] [stderr]    Compiling icu_locale_core v2.2.0
[INFO] [stderr]    Compiling icu_collections v2.2.0
[INFO] [stderr]    Compiling icu_provider v2.2.0
[INFO] [stderr]    Compiling icu_properties v2.2.0
[INFO] [stderr]    Compiling icu_normalizer v2.2.0
[INFO] [stderr]    Compiling ipnet v2.12.0
[INFO] [stderr]    Compiling prefix-trie v0.8.2
[INFO] [stderr]    Compiling futures-executor v0.3.32
[INFO] [stderr]    Compiling futures v0.3.32
[INFO] [stderr]    Compiling idna_adapter v1.2.2
[INFO] [stderr]    Compiling idna v1.1.0
[INFO] [stderr]    Compiling url v2.5.8
[INFO] [stderr]    Compiling tokio-util v0.7.18
[INFO] [stderr]    Compiling tower v0.5.3
[INFO] [stderr]    Compiling hickory-proto v0.26.0
[INFO] [stderr]    Compiling attohttpc v0.16.3
[INFO] [stderr]    Compiling igd v0.12.1
[INFO] [stderr]    Compiling h2 v0.4.13
[INFO] [stderr]    Compiling tower-http v0.6.8
[INFO] [stderr]    Compiling hickory-net v0.26.0
[INFO] [stderr]    Compiling hickory-resolver v0.26.0
[INFO] [stderr]    Compiling hyper v1.9.0
[INFO] [stderr]    Compiling hyper-util v0.1.20
[INFO] [stderr]    Compiling rustls-webpki v0.103.13
[INFO] [stderr]    Compiling tokio-rustls v0.26.4
[INFO] [stderr]    Compiling rustls-platform-verifier v0.7.0
[INFO] [stderr]    Compiling hyper-rustls v0.27.9
[INFO] [stderr]    Compiling reqwest v0.13.3
[INFO] [stderr]    Compiling external-ip v7.0.0 (/opt/rustwide/workdir)
[INFO] [stderr]     Finished `release` profile [optimized] target(s) in 2m 38s
[INFO] running `Command { std: "docker" "inspect" "47e40922170212cdddb99cfff7f3cdd24d8b77115b5029000f833fdf9aa15db4", kill_on_drop: false }`
[INFO] running `Command { std: "docker" "exec" "-e" "SOURCE_DIR=/opt/rustwide/workdir" "-e" "CARGO_HOME=/opt/rustwide/cargo-home" "-e" "RUSTUP_HOME=/opt/rustwide/rustup-home" "-e" "CARGO_TARGET_DIR=/opt/rustwide/target" "-e" "CARGO_INCREMENTAL=0" "-e" "RUST_BACKTRACE=full" "-e" "RUSTFLAGS=--cap-lints=warn" "-e" "RUSTDOCFLAGS=--cap-lints=warn" "-w" "/opt/rustwide/workdir" "--user" "0:0" "47e40922170212cdddb99cfff7f3cdd24d8b77115b5029000f833fdf9aa15db4" "/opt/rustwide/cargo-home/bin/cargo" "+1.99.0-beta.8" "test" "--frozen" "--no-run" "--message-format=json" "--release", kill_on_drop: false }`
[INFO] [stderr]    Compiling tokio v1.52.1
[INFO] [stderr]    Compiling predicates-core v1.0.10
[INFO] [stderr]    Compiling mockall_derive v0.14.0
[INFO] [stderr]    Compiling cfg-if v1.0.4
[INFO] [stderr]    Compiling anstyle v1.0.14
[INFO] [stderr]    Compiling mockall v0.14.0
[INFO] [stderr]    Compiling termtree v0.5.1
[INFO] [stderr]    Compiling fragile v2.1.0
[INFO] [stderr]    Compiling downcast v0.11.0
[INFO] [stderr]    Compiling predicates v3.1.4
[INFO] [stderr]    Compiling predicates-tree v1.0.13
[INFO] [stderr]    Compiling tokio-util v0.7.18
[INFO] [stderr]    Compiling tokio-rustls v0.26.4
[INFO] [stderr]    Compiling tower v0.5.3
[INFO] [stderr]    Compiling hickory-net v0.26.0
[INFO] [stderr]    Compiling tokio-stream v0.1.18
[INFO] [stderr]    Compiling tower-http v0.6.8
[INFO] [stderr]    Compiling tokio-test v0.4.5
[INFO] [stderr]    Compiling h2 v0.4.13
[INFO] [stderr]    Compiling hickory-resolver v0.26.0
[INFO] [stderr]    Compiling hyper v1.9.0
[INFO] [stderr]    Compiling hyper-util v0.1.20
[INFO] [stderr]    Compiling hyper-rustls v0.27.9
[INFO] [stderr]    Compiling reqwest v0.13.3
[INFO] [stderr]    Compiling external-ip v7.0.0 (/opt/rustwide/workdir)
[INFO] [stderr]     Finished `release` profile [optimized] target(s) in 49.55s
[INFO] running `Command { std: "docker" "inspect" "47e40922170212cdddb99cfff7f3cdd24d8b77115b5029000f833fdf9aa15db4", kill_on_drop: false }`
[INFO] running `Command { std: "docker" "exec" "-e" "SOURCE_DIR=/opt/rustwide/workdir" "-e" "CARGO_HOME=/opt/rustwide/cargo-home" "-e" "RUSTUP_HOME=/opt/rustwide/rustup-home" "-e" "CARGO_TARGET_DIR=/opt/rustwide/target" "-e" "CARGO_INCREMENTAL=0" "-e" "RUST_BACKTRACE=full" "-e" "RUSTFLAGS=--cap-lints=warn" "-e" "RUSTDOCFLAGS=--cap-lints=warn" "-w" "/opt/rustwide/workdir" "--user" "0:0" "47e40922170212cdddb99cfff7f3cdd24d8b77115b5029000f833fdf9aa15db4" "/opt/rustwide/cargo-home/bin/cargo" "+1.99.0-beta.8" "test" "--frozen" "--release", kill_on_drop: false }`
[INFO] [stderr]     Finished `release` profile [optimized] target(s) in 0.22s
[INFO] [stderr]      Running unittests src/lib.rs (/opt/rustwide/target/release/deps/external_ip-add0ca00cc14c97a)
[INFO] [stdout] 
[INFO] [stdout] running 8 tests
[INFO] [stderr]      Running tests/all_sources.rs (/opt/rustwide/target/release/deps/all_sources-07cc59cc2beeac1e)
[INFO] [stdout] test consensus::tests::test_all_success_multiple_with_fails ... ok
[INFO] [stdout] test consensus::tests::test_first_success_with_first_success ... ok
[INFO] [stdout] test consensus::tests::test_only_failures ... ok
[INFO] [stdout] test consensus::tests::test_success ... ok
[INFO] [stdout] test consensus::tests::test_all_success_multiple_same ... ok
[INFO] [stdout] test consensus::tests::test_all_success_multiple_same_diff ... ok
[INFO] [stdout] test consensus::tests::test_add_sources_multiple_times ... ok
[INFO] [stdout] test consensus::tests::test_first_success_multiple_with_fails ... ok
[INFO] [stdout] 
[INFO] [stdout] test result: ok. 8 passed; 0 failed; 0 ignored; 0 measured; 0 filtered out; finished in 0.01s
[INFO] [stdout] 
[INFO] [stdout] 
[INFO] [stdout] running 1 test
[INFO] [stderr] error: test failed, to rerun pass `--test all_sources`
[INFO] [stdout] test all_get_ip ... FAILED
[INFO] [stdout] 
[INFO] [stdout] failures:
[INFO] [stdout] 
[INFO] [stdout] ---- all_get_ip stdout ----
[INFO] [stdout] 
[INFO] [stdout] thread 'all_get_ip' (4660) panicked at tests/all_sources.rs:11:5:
[INFO] [stdout] assertion `left != right` failed
[INFO] [stdout]   left: None
[INFO] [stdout]  right: None
[INFO] [stdout] stack backtrace:
[INFO] [stdout]    0:     0x563633bdb181 - <<std[70759c8f55707aa4]::sys::backtrace::BacktraceLock>::print::DisplayBacktrace as core[df12db4294e9bfd3]::fmt::Display>::fmt
[INFO] [stdout]    1:     0x563633bf2d0a - core[df12db4294e9bfd3]::fmt::write
[INFO] [stdout]    2:     0x563633be013c - <alloc[2182bb758b4b3781]::vec::Vec<u8> as core[df12db4294e9bfd3]::io::write::Write>::write_fmt
[INFO] [stdout]    3:     0x563633bb51c6 - std[70759c8f55707aa4]::panicking::default_hook::{closure#0}
[INFO] [stdout]    4:     0x563633bd2c79 - std[70759c8f55707aa4]::panicking::default_hook
[INFO] [stdout]    5:     0x563633b4abb0 - test[9d35eded1c95d3be]::test_main_inner::<test[9d35eded1c95d3be]::test_main_static::{closure#0}>::{closure#0}
[INFO] [stdout]    6:     0x563633bd2fa2 - std[70759c8f55707aa4]::panicking::panic_with_hook
[INFO] [stdout]    7:     0x563633bb5272 - std[70759c8f55707aa4]::panicking::panic_handler::{closure#0}
[INFO] [stdout]    8:     0x563633bade79 - std[70759c8f55707aa4]::sys::backtrace::__rust_end_short_backtrace::<std[70759c8f55707aa4]::panicking::panic_handler::{closure#0}, !>
[INFO] [stdout]    9:     0x563633bb605d - __rustc[8fa7c3cbc660c2b3]::rust_begin_unwind
[INFO] [stdout]   10:     0x563633bf346c - core[df12db4294e9bfd3]::panicking::panic_fmt
[INFO] [stdout]   11:     0x563633bf3383 - core[df12db4294e9bfd3]::panicking::assert_failed_inner
[INFO] [stdout]   12:     0x563633608ad7 - core[df12db4294e9bfd3]::panicking::assert_failed::<core[df12db4294e9bfd3]::option::Option<core[df12db4294e9bfd3]::net::ip_addr::IpAddr>, core[df12db4294e9bfd3]::option::Option<core[df12db4294e9bfd3]::net::ip_addr::IpAddr>>
[INFO] [stdout]   13:     0x56363360bfc3 - <all_sources[c6be0457c4df4dcb]::all_get_ip::{closure#0} as core[df12db4294e9bfd3]::ops::function::FnOnce<()>>::call_once
[INFO] [stdout]   14:     0x563633b3de9b - test[9d35eded1c95d3be]::__rust_begin_short_backtrace::<core[df12db4294e9bfd3]::result::Result<(), alloc[2182bb758b4b3781]::string::String>, fn() -> core[df12db4294e9bfd3]::result::Result<(), alloc[2182bb758b4b3781]::string::String>>
[INFO] [stdout]   15:     0x563633b4b505 - test[9d35eded1c95d3be]::run_test::{closure#0}
[INFO] [stdout]   16:     0x563633b44dc4 - std[70759c8f55707aa4]::sys::backtrace::__rust_begin_short_backtrace::<test[9d35eded1c95d3be]::run_test::{closure#1}, ()>
[INFO] [stdout]   17:     0x563633b4e662 - <std[70759c8f55707aa4]::thread::lifecycle::spawn_unchecked<test[9d35eded1c95d3be]::run_test::{closure#1}, ()>::{closure#1} as core[df12db4294e9bfd3]::ops::function::FnOnce<()>>::call_once::{shim:vtable#0}
[INFO] [stdout]   18:     0x563633bda539 - <std[70759c8f55707aa4]::sys::thread::unix::Thread>::new::thread_start
[INFO] [stdout]   19:     0x7cef13a1fdfa - <unknown>
[INFO] [stdout]   20:     0x7cef13ab33d4 - clone
[INFO] [stdout]   21:                0x0 - <unknown>
[INFO] [stdout] 
[INFO] [stdout] 
[INFO] [stdout] failures:
[INFO] [stdout]     all_get_ip
[INFO] [stdout] 
[INFO] [stdout] test result: FAILED. 0 passed; 1 failed; 0 ignored; 0 measured; 0 filtered out; finished in 0.29s
[INFO] [stdout] 
[INFO] running `Command { std: "docker" "inspect" "47e40922170212cdddb99cfff7f3cdd24d8b77115b5029000f833fdf9aa15db4", kill_on_drop: false }`
[INFO] running `Command { std: "docker" "rm" "-f" "47e40922170212cdddb99cfff7f3cdd24d8b77115b5029000f833fdf9aa15db4", kill_on_drop: false }`
[INFO] [stdout] 47e40922170212cdddb99cfff7f3cdd24d8b77115b5029000f833fdf9aa15db4
