[INFO] fetching crate extendr-macros 0.8.2...
[INFO] testing extendr-macros-0.8.2 against 1.99.0-beta.8+cargoflags=--release for beta-release-1.100-2
[INFO] extracting crate extendr-macros 0.8.2 into /workspace/builds/worker-4-tc1/source
[INFO] started tweaking crates.io crate extendr-macros 0.8.2
[INFO] removed 0 missing tests
[INFO] finished tweaking crates.io crate extendr-macros 0.8.2
[INFO] tweaked toml for crates.io crate extendr-macros 0.8.2 written to /workspace/builds/worker-4-tc1/source/Cargo.toml
[INFO] validating manifest of crates.io crate extendr-macros 0.8.2 on toolchain 1.99.0-beta.8
[INFO] running `Command { std: CARGO_HOME="/workspace/cargo-home" RUSTUP_HOME="/workspace/rustup-home" "/workspace/cargo-home/bin/cargo" "+1.99.0-beta.8" "metadata" "--manifest-path" "Cargo.toml" "--no-deps", kill_on_drop: false }`
[INFO] crate crates.io crate extendr-macros 0.8.2 already has a lockfile, it will not be regenerated
[INFO] running `Command { std: CARGO_HOME="/workspace/cargo-home" RUSTUP_HOME="/workspace/rustup-home" "/workspace/cargo-home/bin/cargo" "+1.99.0-beta.8" "fetch" "--manifest-path" "Cargo.toml", kill_on_drop: false }`
[INFO] [stderr]     Updating crates.io index
[INFO] [stderr]  Downloading crates ...
[INFO] [stderr]   Downloaded toml v1.0.3+spec-1.1.0
[INFO] [stderr]   Downloaded extendr-ffi v0.8.2
[INFO] running `Command { std: "docker" "create" "-v" "/var/lib/crater-agent-workspace/builds/worker-4-tc1/source:/opt/rustwide/workdir:ro,Z" "-v" "/var/lib/crater-agent-workspace/builds/worker-4-tc1/target:/opt/rustwide/target:rw,Z" "-v" "/var/lib/crater-agent-workspace/cargo-home:/opt/rustwide/cargo-home:ro,Z" "-v" "/var/lib/crater-agent-workspace/rustup-home:/opt/rustwide/rustup-home:ro,Z" "-m" "1610612736" "--network" "none" "ghcr.io/rust-lang/crates-build-env/linux@sha256:77db811e55d90add9212f6832c23229e3de5f1c1f9905e8cb07319ea15df73ac" "sleep" "infinity", kill_on_drop: false }`
[INFO] [stdout] 5a865877dbdc7b0e7c8b90ff010e5fa88cc9f70c92f92fc86b255b3ac725561c
[INFO] running `Command { std: "docker" "start" "5a865877dbdc7b0e7c8b90ff010e5fa88cc9f70c92f92fc86b255b3ac725561c", kill_on_drop: false }`
[INFO] running `Command { std: "docker" "inspect" "5a865877dbdc7b0e7c8b90ff010e5fa88cc9f70c92f92fc86b255b3ac725561c", kill_on_drop: false }`
[INFO] running `Command { std: "docker" "exec" "-e" "SOURCE_DIR=/opt/rustwide/workdir" "-e" "CARGO_HOME=/opt/rustwide/cargo-home" "-e" "RUSTUP_HOME=/opt/rustwide/rustup-home" "-e" "CARGO_TARGET_DIR=/opt/rustwide/target" "-w" "/opt/rustwide/workdir" "--user" "0:0" "5a865877dbdc7b0e7c8b90ff010e5fa88cc9f70c92f92fc86b255b3ac725561c" "/opt/rustwide/cargo-home/bin/cargo" "+1.99.0-beta.8" "metadata" "--no-deps" "--format-version=1", kill_on_drop: false }`
[INFO] running `Command { std: "docker" "inspect" "5a865877dbdc7b0e7c8b90ff010e5fa88cc9f70c92f92fc86b255b3ac725561c", kill_on_drop: false }`
[INFO] running `Command { std: "docker" "exec" "-e" "SOURCE_DIR=/opt/rustwide/workdir" "-e" "CARGO_HOME=/opt/rustwide/cargo-home" "-e" "RUSTUP_HOME=/opt/rustwide/rustup-home" "-e" "CARGO_TARGET_DIR=/opt/rustwide/target" "-e" "CARGO_INCREMENTAL=0" "-e" "RUST_BACKTRACE=full" "-e" "RUSTFLAGS=--cap-lints=warn" "-e" "RUSTDOCFLAGS=--cap-lints=warn" "-w" "/opt/rustwide/workdir" "--user" "0:0" "5a865877dbdc7b0e7c8b90ff010e5fa88cc9f70c92f92fc86b255b3ac725561c" "/opt/rustwide/cargo-home/bin/cargo" "+1.99.0-beta.8" "build" "--frozen" "--message-format=json" "--release", kill_on_drop: false }`
[INFO] [stderr]    Compiling proc-macro2 v1.0.106
[INFO] [stderr]    Compiling quote v1.0.44
[INFO] [stderr]    Compiling syn v2.0.117
[INFO] [stderr]    Compiling extendr-macros v0.8.2 (/opt/rustwide/workdir)
[INFO] [stderr]     Finished `release` profile [optimized] target(s) in 13.18s
[INFO] running `Command { std: "docker" "inspect" "5a865877dbdc7b0e7c8b90ff010e5fa88cc9f70c92f92fc86b255b3ac725561c", kill_on_drop: false }`
[INFO] running `Command { std: "docker" "exec" "-e" "SOURCE_DIR=/opt/rustwide/workdir" "-e" "CARGO_HOME=/opt/rustwide/cargo-home" "-e" "RUSTUP_HOME=/opt/rustwide/rustup-home" "-e" "CARGO_TARGET_DIR=/opt/rustwide/target" "-e" "CARGO_INCREMENTAL=0" "-e" "RUST_BACKTRACE=full" "-e" "RUSTFLAGS=--cap-lints=warn" "-e" "RUSTDOCFLAGS=--cap-lints=warn" "-w" "/opt/rustwide/workdir" "--user" "0:0" "5a865877dbdc7b0e7c8b90ff010e5fa88cc9f70c92f92fc86b255b3ac725561c" "/opt/rustwide/cargo-home/bin/cargo" "+1.99.0-beta.8" "test" "--frozen" "--no-run" "--message-format=json" "--release", kill_on_drop: false }`
[INFO] [stderr]    Compiling serde v1.0.228
[INFO] [stderr]    Compiling serde_core v1.0.228
[INFO] [stderr]    Compiling serde_json v1.0.115
[INFO] [stderr]    Compiling extendr-ffi v0.8.2
[INFO] [stderr]    Compiling winnow v0.7.14
[INFO] [stderr]    Compiling proc-macro2 v1.0.106
[INFO] [stderr]    Compiling toml_writer v1.0.6+spec-1.1.0
[INFO] [stderr]    Compiling ryu v1.0.17
[INFO] [stderr]    Compiling itoa v1.0.11
[INFO] [stderr]    Compiling unicode-ident v1.0.12
[INFO] [stderr]    Compiling target-triple v1.0.0
[INFO] [stderr]    Compiling quote v1.0.44
[INFO] [stderr]    Compiling toml_datetime v1.0.0+spec-1.1.0
[INFO] [stderr]    Compiling serde_spanned v1.0.4
[INFO] [stderr]    Compiling serde_derive v1.0.228
[INFO] [stderr]    Compiling glob v0.3.1
[INFO] [stderr]    Compiling termcolor v1.4.1
[INFO] [stderr]    Compiling extendr-macros v0.8.2 (/opt/rustwide/workdir)
[INFO] [stderr]    Compiling syn v2.0.117
[INFO] [stderr]    Compiling toml_parser v1.0.9+spec-1.1.0
[INFO] [stderr]    Compiling toml v1.0.3+spec-1.1.0
[INFO] [stderr]    Compiling trybuild v1.0.116
[INFO] [stderr]     Finished `release` profile [optimized] target(s) in 42.48s
[INFO] running `Command { std: "docker" "inspect" "5a865877dbdc7b0e7c8b90ff010e5fa88cc9f70c92f92fc86b255b3ac725561c", kill_on_drop: false }`
[INFO] running `Command { std: "docker" "exec" "-e" "SOURCE_DIR=/opt/rustwide/workdir" "-e" "CARGO_HOME=/opt/rustwide/cargo-home" "-e" "RUSTUP_HOME=/opt/rustwide/rustup-home" "-e" "CARGO_TARGET_DIR=/opt/rustwide/target" "-e" "CARGO_INCREMENTAL=0" "-e" "RUST_BACKTRACE=full" "-e" "RUSTFLAGS=--cap-lints=warn" "-e" "RUSTDOCFLAGS=--cap-lints=warn" "-w" "/opt/rustwide/workdir" "--user" "0:0" "5a865877dbdc7b0e7c8b90ff010e5fa88cc9f70c92f92fc86b255b3ac725561c" "/opt/rustwide/cargo-home/bin/cargo" "+1.99.0-beta.8" "test" "--frozen" "--release", kill_on_drop: false }`
[INFO] [stderr]     Finished `release` profile [optimized] target(s) in 0.08s
[INFO] [stderr]      Running unittests src/lib.rs (/opt/rustwide/target/release/deps/extendr_macros-79a3c50648d9b526)
[INFO] [stdout] 
[INFO] [stdout] running 1 test
[INFO] [stdout] test R::test::test_r_macro ... ok
[INFO] [stdout] 
[INFO] [stdout] test result: ok. 1 passed; 0 failed; 0 ignored; 0 measured; 0 filtered out; finished in 0.00s
[INFO] [stdout] 
[INFO] [stderr]      Running tests/trybuild.rs (/opt/rustwide/target/release/deps/trybuild-72b86cd68cc0cc57)
[INFO] [stdout] 
[INFO] [stdout] running 1 test
[INFO] [stderr]    Compiling proc-macro2 v1.0.106
[INFO] [stderr]    Compiling quote v1.0.44
[INFO] [stderr]    Compiling unicode-ident v1.0.12
[INFO] [stderr]    Compiling extendr-ffi v0.8.2
[INFO] [stderr]     Checking syn v2.0.117
[INFO] [stderr]    Compiling extendr-macros v0.8.2 (/opt/rustwide/workdir)
[INFO] [stderr]     Checking extendr-macros-tests v0.0.0 (/opt/rustwide/target/tests/trybuild/extendr-macros)
[INFO] [stderr]     Finished `dev` profile [unoptimized + debuginfo] target(s) in 9.39s
[INFO] [stderr] 
[INFO] [stderr] 
[INFO] [stdout] test test_macro_failures ... FAILED
[INFO] [stderr] test tests/cases/case-extendr-macro.rs ... ok
[INFO] [stdout] 
[INFO] [stderr] test tests/extendr_impl/extendr_impl_fail.rs ... mismatch
[INFO] [stdout] failures:
[INFO] [stderr] 
[INFO] [stdout] 
[INFO] [stderr] EXPECTED:
[INFO] [stdout] ---- test_macro_failures stdout ----
[INFO] [stderr] ┈┈┈┈┈┈┈┈┈┈┈┈┈┈┈┈┈┈┈┈┈┈┈┈┈┈┈┈┈┈┈┈┈┈┈┈┈┈┈┈┈┈┈┈┈┈┈┈┈┈┈┈┈┈┈┈┈┈┈┈
[INFO] [stdout] 
[INFO] [stderr] error: expected &self or &mut self
[INFO] [stdout] thread 'test_macro_failures' (1001) panicked at /opt/rustwide/cargo-home/registry/src/index.crates.io-1949cf8c6b5b557f/trybuild-1.0.116/src/run.rs:102:13:
[INFO] [stderr]   --> tests/extendr_impl/extendr_impl_fail.rs:10:23
[INFO] [stdout] 1 of 2 tests failed
[INFO] [stderr]    |
[INFO] [stdout] stack backtrace:
[INFO] [stderr] 10 |     fn take_ownership(self) {}
[INFO] [stdout]    0:     0x61a408889e91 - <<std[70759c8f55707aa4]::sys::backtrace::BacktraceLock>::print::DisplayBacktrace as core[df12db4294e9bfd3]::fmt::Display>::fmt
[INFO] [stderr]    |                       ^^^^
[INFO] [stdout]    1:     0x61a40889fd0a - core[df12db4294e9bfd3]::fmt::write
[INFO] [stderr] 
[INFO] [stdout]    2:     0x61a40888e95c - <alloc[2182bb758b4b3781]::vec::Vec<u8> as core[df12db4294e9bfd3]::io::write::Write>::write_fmt
[INFO] [stderr] error: expected &self or &mut self
[INFO] [stdout]    3:     0x61a4088634f6 - std[70759c8f55707aa4]::panicking::default_hook::{closure#0}
[INFO] [stderr]   --> tests/extendr_impl/extendr_impl_fail.rs:17:23
[INFO] [stdout]    4:     0x61a408881689 - std[70759c8f55707aa4]::panicking::default_hook
[INFO] [stderr]    |
[INFO] [stdout]    5:     0x61a40881a960 - test[9d35eded1c95d3be]::test_main_inner::<test[9d35eded1c95d3be]::test_main_static::{closure#0}>::{closure#0}
[INFO] [stderr] 17 |     fn take_ownership(self: Self) {}
[INFO] [stdout]    6:     0x61a408881842 - std[70759c8f55707aa4]::panicking::panic_with_hook
[INFO] [stderr]    |                       ^^^^^^^^^^
[INFO] [stdout]    7:     0x61a4088635a2 - std[70759c8f55707aa4]::panicking::panic_handler::{closure#0}
[INFO] [stderr] 
[INFO] [stdout]    8:     0x61a40885be69 - std[70759c8f55707aa4]::sys::backtrace::__rust_end_short_backtrace::<std[70759c8f55707aa4]::panicking::panic_handler::{closure#0}, !>
[INFO] [stderr] error: expected &self or &mut self
[INFO] [stdout]    9:     0x61a40886419d - __rustc[8fa7c3cbc660c2b3]::rust_begin_unwind
[INFO] [stderr]   --> tests/extendr_impl/extendr_impl_fail.rs:24:23
[INFO] [stdout]   10:     0x61a4088a047c - core[df12db4294e9bfd3]::panicking::panic_fmt
[INFO] [stderr]    |
[INFO] [stdout]   11:     0x61a40876a6c8 - <trybuild[44c761988b8d7277]::Runner>::run
[INFO] [stderr] 24 |     fn take_ownership(self: Foo3) {}
[INFO] [stdout]   12:     0x61a40876e1d0 - <trybuild[44c761988b8d7277]::TestCases as core[df12db4294e9bfd3]::ops::drop::Drop>::drop
[INFO] [stderr]    |                       ^^^^^^^^^^
[INFO] [stdout]   13:     0x61a4087653aa - <trybuild[f9db9bb13f06e39f]::test_macro_failures::{closure#0} as core[df12db4294e9bfd3]::ops::function::FnOnce<()>>::call_once
[INFO] [stderr] 
[INFO] [stdout]   14:     0x61a40880dc4b - test[9d35eded1c95d3be]::__rust_begin_short_backtrace::<core[df12db4294e9bfd3]::result::Result<(), alloc[2182bb758b4b3781]::string::String>, fn() -> core[df12db4294e9bfd3]::result::Result<(), alloc[2182bb758b4b3781]::string::String>>
[INFO] [stderr] error: expected &self or &mut self
[INFO] [stdout]   15:     0x61a40881b2b5 - test[9d35eded1c95d3be]::run_test::{closure#0}
[INFO] [stderr]   --> tests/extendr_impl/extendr_impl_fail.rs:30:25
[INFO] [stdout]   16:     0x61a408814b74 - std[70759c8f55707aa4]::sys::backtrace::__rust_begin_short_backtrace::<test[9d35eded1c95d3be]::run_test::{closure#1}, ()>
[INFO] [stderr]    |
[INFO] [stdout]   17:     0x61a40881e412 - <std[70759c8f55707aa4]::thread::lifecycle::spawn_unchecked<test[9d35eded1c95d3be]::run_test::{closure#1}, ()>::{closure#1} as core[df12db4294e9bfd3]::ops::function::FnOnce<()>>::call_once::{shim:vtable#0}
[INFO] [stderr] 30 |     fn return_ownership(self) -> Self {}
[INFO] [stdout]   18:     0x61a408889149 - <std[70759c8f55707aa4]::sys::thread::unix::Thread>::new::thread_start
[INFO] [stderr]    |                         ^^^^
[INFO] [stdout]   19:     0x7a1785b88dfa - <unknown>
[INFO] [stderr] 
[INFO] [stdout]   20:     0x7a1785c1c3d4 - clone
[INFO] [stderr] error: expected &self or &mut self
[INFO] [stdout]   21:                0x0 - <unknown>
[INFO] [stderr]   --> tests/extendr_impl/extendr_impl_fail.rs:37:23
[INFO] [stdout] 
[INFO] [stderr]    |
[INFO] [stdout] 
[INFO] [stderr] 37 |     fn take_ownership(self: Self) -> Foo5 {}
[INFO] [stdout] failures:
[INFO] [stderr]    |                       ^^^^^^^^^^
[INFO] [stdout]     test_macro_failures
[INFO] [stderr] ┈┈┈┈┈┈┈┈┈┈┈┈┈┈┈┈┈┈┈┈┈┈┈┈┈┈┈┈┈┈┈┈┈┈┈┈┈┈┈┈┈┈┈┈┈┈┈┈┈┈┈┈┈┈┈┈┈┈┈┈
[INFO] [stdout] 
[INFO] [stderr] 
[INFO] [stdout] test result: FAILED. 0 passed; 1 failed; 0 ignored; 0 measured; 0 filtered out; finished in 13.67s
[INFO] [stderr] ACTUAL OUTPUT:
[INFO] [stdout] 
[INFO] [stderr] ┈┈┈┈┈┈┈┈┈┈┈┈┈┈┈┈┈┈┈┈┈┈┈┈┈┈┈┈┈┈┈┈┈┈┈┈┈┈┈┈┈┈┈┈┈┈┈┈┈┈┈┈┈┈┈┈┈┈┈┈
[INFO] [stderr] error[E0433]: cannot find module or crate `extendr_api` in this scope
[INFO] [stderr]  --> tests/extendr_impl/extendr_impl_fail.rs:4:5
[INFO] [stderr]   |
[INFO] [stderr] 4 | use extendr_api::prelude::*;
[INFO] [stderr]   |     ^^^^^^^^^^^ use of unresolved module or unlinked crate `extendr_api`
[INFO] [stderr]   |
[INFO] [stderr] help: there is a crate or module with a similar name
[INFO] [stderr]   |
[INFO] [stderr] 4 - use extendr_api::prelude::*;
[INFO] [stderr] 4 + use extendr_ffi::prelude::*;
[INFO] [stderr]   |
[INFO] [stderr] 
[INFO] [stderr] error: cannot find attribute `extendr` in this scope
[INFO] [stderr]   --> tests/extendr_impl/extendr_impl_fail.rs:35:3
[INFO] [stderr]    |
[INFO] [stderr] 35 | #[extendr]
[INFO] [stderr]    |   ^^^^^^^
[INFO] [stderr] 
[INFO] [stderr] error: cannot find attribute `extendr` in this scope
[INFO] [stderr]   --> tests/extendr_impl/extendr_impl_fail.rs:28:3
[INFO] [stderr]    |
[INFO] [stderr] 28 | #[extendr]
[INFO] [stderr]    |   ^^^^^^^
[INFO] [stderr] 
[INFO] [stderr] error: cannot find attribute `extendr` in this scope
[INFO] [stderr]   --> tests/extendr_impl/extendr_impl_fail.rs:22:3
[INFO] [stderr]    |
[INFO] [stderr] 22 | #[extendr]
[INFO] [stderr]    |   ^^^^^^^
[INFO] [stderr] 
[INFO] [stderr] error: cannot find attribute `extendr` in this scope
[INFO] [stderr]   --> tests/extendr_impl/extendr_impl_fail.rs:15:3
[INFO] [stderr]    |
[INFO] [stderr] 15 | #[extendr]
[INFO] [stderr]    |   ^^^^^^^
[INFO] [stderr] 
[INFO] [stderr] error: cannot find attribute `extendr` in this scope
[INFO] [stderr]  --> tests/extendr_impl/extendr_impl_fail.rs:8:3
[INFO] [stderr]   |
[INFO] [stderr] 8 | #[extendr]
[INFO] [stderr]   |   ^^^^^^^
[INFO] [stderr] 
[INFO] [stderr] error[E0308]: mismatched types
[INFO] [stderr]   --> tests/extendr_impl/extendr_impl_fail.rs:30:34
[INFO] [stderr]    |
[INFO] [stderr] 30 |     fn return_ownership(self) -> Self {}
[INFO] [stderr]    |        ----------------          ^^^^ expected `Foo4`, found `()`
[INFO] [stderr]    |        |
[INFO] [stderr]    |        implicitly returns `()` as its body has no tail or `return` expression
[INFO] [stderr]    |
[INFO] [stderr] help: consider returning the local binding `self`
[INFO] [stderr]    |
[INFO] [stderr] 30 |     fn return_ownership(self) -> Self { self }
[INFO] [stderr]    |                                         ++++
[INFO] [stderr] 
[INFO] [stderr] error[E0308]: mismatched types
[INFO] [stderr]   --> tests/extendr_impl/extendr_impl_fail.rs:37:38
[INFO] [stderr]    |
[INFO] [stderr] 37 |     fn take_ownership(self: Self) -> Foo5 {}
[INFO] [stderr]    |        --------------                ^^^^ expected `Foo5`, found `()`
[INFO] [stderr]    |        |
[INFO] [stderr]    |        implicitly returns `()` as its body has no tail or `return` expression
[INFO] [stderr]    |
[INFO] [stderr] help: consider returning the local binding `self`
[INFO] [stderr]    |
[INFO] [stderr] 37 |     fn take_ownership(self: Self) -> Foo5 { self }
[INFO] [stderr]    |                                             ++++
[INFO] [stderr] ┈┈┈┈┈┈┈┈┈┈┈┈┈┈┈┈┈┈┈┈┈┈┈┈┈┈┈┈┈┈┈┈┈┈┈┈┈┈┈┈┈┈┈┈┈┈┈┈┈┈┈┈┈┈┈┈┈┈┈┈
[INFO] [stderr] note: If the actual output is the correct output you can bless it by rerunning
[INFO] [stderr]       your test with the environment variable TRYBUILD=overwrite
[INFO] [stderr] 
[INFO] [stderr] 
[INFO] [stderr] 
[INFO] [stderr] error: test failed, to rerun pass `--test trybuild`
[INFO] running `Command { std: "docker" "inspect" "5a865877dbdc7b0e7c8b90ff010e5fa88cc9f70c92f92fc86b255b3ac725561c", kill_on_drop: false }`
[INFO] running `Command { std: "docker" "rm" "-f" "5a865877dbdc7b0e7c8b90ff010e5fa88cc9f70c92f92fc86b255b3ac725561c", kill_on_drop: false }`
[INFO] [stdout] 5a865877dbdc7b0e7c8b90ff010e5fa88cc9f70c92f92fc86b255b3ac725561c
