[INFO] fetching crate extendable-data 0.1.5...
[INFO] testing extendable-data-0.1.5 against 1.100.0-beta.1+cargoflags=--release for beta-release-1.100-2
[INFO] extracting crate extendable-data 0.1.5 into /workspace/builds/worker-7-tc2/source
[INFO] started tweaking crates.io crate extendable-data 0.1.5
[INFO] finished tweaking crates.io crate extendable-data 0.1.5
[INFO] tweaked toml for crates.io crate extendable-data 0.1.5 written to /workspace/builds/worker-7-tc2/source/Cargo.toml
[INFO] validating manifest of crates.io crate extendable-data 0.1.5 on toolchain 1.100.0-beta.1
[INFO] running `Command { std: CARGO_HOME="/workspace/cargo-home" RUSTUP_HOME="/workspace/rustup-home" "/workspace/cargo-home/bin/cargo" "+1.100.0-beta.1" "metadata" "--manifest-path" "Cargo.toml" "--no-deps", kill_on_drop: false }`
[INFO] running `Command { std: CARGO_HOME="/workspace/cargo-home" RUSTUP_HOME="/workspace/rustup-home" "/workspace/cargo-home/bin/cargo" "+1.100.0-beta.1" "generate-lockfile" "--manifest-path" "Cargo.toml", kill_on_drop: false }`
[INFO] [stderr]     Updating crates.io index
[INFO] [stderr]      Locking 12 packages to highest compatible versions
[INFO] [stderr]       Adding syn v2.0.119 (available: v3.0.9)
[INFO] running `Command { std: CARGO_HOME="/workspace/cargo-home" RUSTUP_HOME="/workspace/rustup-home" "/workspace/cargo-home/bin/cargo" "+1.100.0-beta.1" "fetch" "--manifest-path" "Cargo.toml", kill_on_drop: false }`
[INFO] running `Command { std: "docker" "create" "-v" "/var/lib/crater-agent-workspace/builds/worker-7-tc2/source:/opt/rustwide/workdir:ro,Z" "-v" "/var/lib/crater-agent-workspace/builds/worker-7-tc2/target:/opt/rustwide/target:rw,Z" "-v" "/var/lib/crater-agent-workspace/cargo-home:/opt/rustwide/cargo-home:ro,Z" "-v" "/var/lib/crater-agent-workspace/rustup-home:/opt/rustwide/rustup-home:ro,Z" "-m" "1610612736" "--network" "none" "ghcr.io/rust-lang/crates-build-env/linux@sha256:77db811e55d90add9212f6832c23229e3de5f1c1f9905e8cb07319ea15df73ac" "sleep" "infinity", kill_on_drop: false }`
[INFO] [stdout] 4cd2dbc6b84f1f90db1f236deeb18eeb8d822a213bd1d67a47f529d58854e644
[INFO] running `Command { std: "docker" "start" "4cd2dbc6b84f1f90db1f236deeb18eeb8d822a213bd1d67a47f529d58854e644", kill_on_drop: false }`
[INFO] running `Command { std: "docker" "inspect" "4cd2dbc6b84f1f90db1f236deeb18eeb8d822a213bd1d67a47f529d58854e644", kill_on_drop: false }`
[INFO] running `Command { std: "docker" "exec" "-e" "SOURCE_DIR=/opt/rustwide/workdir" "-e" "CARGO_HOME=/opt/rustwide/cargo-home" "-e" "RUSTUP_HOME=/opt/rustwide/rustup-home" "-e" "CARGO_TARGET_DIR=/opt/rustwide/target" "-w" "/opt/rustwide/workdir" "--user" "0:0" "4cd2dbc6b84f1f90db1f236deeb18eeb8d822a213bd1d67a47f529d58854e644" "/opt/rustwide/cargo-home/bin/cargo" "+1.100.0-beta.1" "metadata" "--no-deps" "--format-version=1", kill_on_drop: false }`
[INFO] running `Command { std: "docker" "inspect" "4cd2dbc6b84f1f90db1f236deeb18eeb8d822a213bd1d67a47f529d58854e644", kill_on_drop: false }`
[INFO] running `Command { std: "docker" "exec" "-e" "SOURCE_DIR=/opt/rustwide/workdir" "-e" "CARGO_HOME=/opt/rustwide/cargo-home" "-e" "RUSTUP_HOME=/opt/rustwide/rustup-home" "-e" "CARGO_TARGET_DIR=/opt/rustwide/target" "-e" "CARGO_INCREMENTAL=0" "-e" "RUST_BACKTRACE=full" "-e" "RUSTFLAGS=--cap-lints=warn" "-e" "RUSTDOCFLAGS=--cap-lints=warn" "-w" "/opt/rustwide/workdir" "--user" "0:0" "4cd2dbc6b84f1f90db1f236deeb18eeb8d822a213bd1d67a47f529d58854e644" "/opt/rustwide/cargo-home/bin/cargo" "+1.100.0-beta.1" "build" "--frozen" "--message-format=json" "--release", kill_on_drop: false }`
[INFO] [stderr]    Compiling proc-macro2 v1.0.107
[INFO] [stderr]    Compiling unicode-ident v1.0.27
[INFO] [stderr]    Compiling quote v1.0.47
[INFO] [stderr]    Compiling extendable-data-helpers v0.1.5
[INFO] [stderr]    Compiling syn v2.0.119
[INFO] [stderr]    Compiling extendable-data v0.1.5 (/opt/rustwide/workdir)
[INFO] [stderr]     Finished `release` profile [optimized] target(s) in 21.67s
[INFO] running `Command { std: "docker" "inspect" "4cd2dbc6b84f1f90db1f236deeb18eeb8d822a213bd1d67a47f529d58854e644", kill_on_drop: false }`
[INFO] running `Command { std: "docker" "exec" "-e" "SOURCE_DIR=/opt/rustwide/workdir" "-e" "CARGO_HOME=/opt/rustwide/cargo-home" "-e" "RUSTUP_HOME=/opt/rustwide/rustup-home" "-e" "CARGO_TARGET_DIR=/opt/rustwide/target" "-e" "CARGO_INCREMENTAL=0" "-e" "RUST_BACKTRACE=full" "-e" "RUSTFLAGS=--cap-lints=warn" "-e" "RUSTDOCFLAGS=--cap-lints=warn" "-w" "/opt/rustwide/workdir" "--user" "0:0" "4cd2dbc6b84f1f90db1f236deeb18eeb8d822a213bd1d67a47f529d58854e644" "/opt/rustwide/cargo-home/bin/cargo" "+1.100.0-beta.1" "test" "--frozen" "--no-run" "--message-format=json" "--release", kill_on_drop: false }`
[INFO] [stderr]    Compiling thiserror v2.0.21
[INFO] [stderr]    Compiling yansi v1.0.1
[INFO] [stderr]    Compiling diff v0.1.13
[INFO] [stderr]    Compiling syn v3.0.9
[INFO] [stderr]    Compiling syn v2.0.119
[INFO] [stderr]    Compiling pretty_assertions v1.4.1
[INFO] [stderr]    Compiling thiserror-impl v2.0.21
[INFO] [stderr]    Compiling extendable-data v0.1.5 (/opt/rustwide/workdir)
[INFO] [stderr]    Compiling assert-tokenstreams-eq v0.1.1
[INFO] [stderr]     Finished `release` profile [optimized] target(s) in 26.21s
[INFO] running `Command { std: "docker" "inspect" "4cd2dbc6b84f1f90db1f236deeb18eeb8d822a213bd1d67a47f529d58854e644", kill_on_drop: false }`
[INFO] running `Command { std: "docker" "exec" "-e" "SOURCE_DIR=/opt/rustwide/workdir" "-e" "CARGO_HOME=/opt/rustwide/cargo-home" "-e" "RUSTUP_HOME=/opt/rustwide/rustup-home" "-e" "CARGO_TARGET_DIR=/opt/rustwide/target" "-e" "CARGO_INCREMENTAL=0" "-e" "RUST_BACKTRACE=full" "-e" "RUSTFLAGS=--cap-lints=warn" "-e" "RUSTDOCFLAGS=--cap-lints=warn" "-w" "/opt/rustwide/workdir" "--user" "0:0" "4cd2dbc6b84f1f90db1f236deeb18eeb8d822a213bd1d67a47f529d58854e644" "/opt/rustwide/cargo-home/bin/cargo" "+1.100.0-beta.1" "test" "--frozen" "--release", kill_on_drop: false }`
[INFO] [stdout] 
[INFO] [stderr]     Finished `release` profile [optimized] target(s) in 0.04s
[INFO] [stdout] running 14 tests
[INFO] [stderr]      Running unittests src/lib.rs (/opt/rustwide/target/release/build/extendable-data/cf77249ad613c57a/out/extendable_data-cf77249ad613c57a)
[INFO] [stdout] test tests::test_combine_unnamed_structs ... ok
[INFO] [stdout] test tests::test_combine_enums ... ok
[INFO] [stdout] test tests::test_combine_visibility ... ok
[INFO] [stdout] test tests::test_combine_named_structs ... ok
[INFO] [stdout] test tests::test_filter ... ok
[INFO] [stdout] test tests::test_namespace_confict_overwrite ... ok
[INFO] [stdout] test tests::test_namespace_conflict_merge ... ok
[INFO] [stdout] test tests::test_combine_generics ... ok
[INFO] [stdout] test tests::test_combine_unit_structs ... ok
[INFO] [stdout] test tests::test_combine_attributes ... ok
[INFO] [stdout] test tests::test_namespace_conflict_struct ... ok
[INFO] [stdout] test tests::test_invalid_combine ... FAILED
[INFO] [stdout] test tests::test_invalid_combine_structs ... FAILED
[INFO] [stdout] test tests::test_invalid_args ... FAILED
[INFO] [stdout] 
[INFO] [stdout] failures:
[INFO] [stdout] 
[INFO] [stdout] ---- tests::test_invalid_combine stdout ----
[INFO] [stdout] 
[INFO] [stdout] thread 'tests::test_invalid_combine' (471) panicked at /opt/rustwide/cargo-home/registry/src/index.crates.io-1949cf8c6b5b557f/assert-tokenstreams-eq-0.1.1/src/lib.rs:38:19:
[INFO] [stdout] Error formatting first token stream: Input is not valid Rust code.
[INFO] [stdout] error: 'rustfmt' is not installed for the toolchain '1.100.0-beta.1-x86_64-unknown-linux-gnu'.
[INFO] [stdout] help: run `rustup component add --toolchain 1.100.0-beta.1-x86_64-unknown-linux-gnu rustfmt` to install it
[INFO] [stdout] 
[INFO] [stdout] stack backtrace:
[INFO] [stdout]    0:     0x605a54348341 - <<std[617be2ca0a6fd877]::sys::backtrace::BacktraceLock>::print::DisplayBacktrace as core[a373ad73a504971]::fmt::Display>::fmt
[INFO] [stdout]    1:     0x605a5435c7aa - core[a373ad73a504971]::fmt::write
[INFO] [stdout]    2:     0x605a5434c61c - <alloc[2e1b2a31b91974c5]::vec::Vec<u8> as core[a373ad73a504971]::io::write::Write>::write_fmt
[INFO] [stdout]    3:     0x605a54324146 - std[617be2ca0a6fd877]::panicking::default_hook::{closure#0}
[INFO] [stdout]    4:     0x605a54340819 - std[617be2ca0a6fd877]::panicking::default_hook
[INFO] [stdout]    5:     0x605a5424a4f0 - test[aada8e7e76ba119b]::test_main_inner::{closure#0}
[INFO] [stdout]    6:     0x605a54340b42 - std[617be2ca0a6fd877]::panicking::panic_with_hook
[INFO] [stdout]    7:     0x605a543241f2 - std[617be2ca0a6fd877]::panicking::panic_handler::{closure#0}
[INFO] [stdout]    8:     0x605a5431cf09 - std[617be2ca0a6fd877]::sys::backtrace::__rust_end_short_backtrace::<std[617be2ca0a6fd877]::panicking::panic_handler::{closure#0}, !>
[INFO] [stdout]    9:     0x605a54324dfd - __rustc[ea4f61d10b84890b]::rust_begin_unwind
[INFO] [stdout]   10:     0x605a5435cf8c - core[a373ad73a504971]::panicking::panic_fmt
[INFO] [stdout]   11:     0x605a542389e1 - assert_tokenstreams_eq[87fd01293168b912]::compare_tokenstreams::<proc_macro2[ec8a5b372ab7b4d7]::TokenStream, proc_macro2[ec8a5b372ab7b4d7]::TokenStream>
[INFO] [stdout]   12:     0x605a5421c45a - extendable_data[36d172868d34b45e]::tests::assert_compiler_error
[INFO] [stdout]   13:     0x605a5421d535 - <extendable_data[36d172868d34b45e]::tests::test_invalid_combine::{closure#0} as core[a373ad73a504971]::ops::function::FnOnce<()>>::call_once
[INFO] [stdout]   14:     0x605a5423d93b - test[aada8e7e76ba119b]::__rust_begin_short_backtrace::<core[a373ad73a504971]::result::Result<(), alloc[2e1b2a31b91974c5]::string::String>, fn() -> core[a373ad73a504971]::result::Result<(), alloc[2e1b2a31b91974c5]::string::String>>
[INFO] [stdout]   15:     0x605a5424ab15 - test[aada8e7e76ba119b]::run_test::{closure#0}
[INFO] [stdout]   16:     0x605a54244404 - std[617be2ca0a6fd877]::sys::backtrace::__rust_begin_short_backtrace::<test[aada8e7e76ba119b]::run_test::{closure#1}, ()>
[INFO] [stdout]   17:     0x605a5424dba2 - <std[617be2ca0a6fd877]::thread::lifecycle::spawn_unchecked<test[aada8e7e76ba119b]::run_test::{closure#1}, ()>::{closure#1} as core[a373ad73a504971]::ops::function::FnOnce<()>>::call_once::{shim:vtable#0}
[INFO] [stdout]   18:     0x605a54347b8f - <std[617be2ca0a6fd877]::sys::thread::unix::Thread>::new::thread_start
[INFO] [stdout]   19:     0x73b339bf5dfa - <unknown>
[INFO] [stdout]   20:     0x73b339c893d4 - clone
[INFO] [stdout]   21:                0x0 - <unknown>
[INFO] [stdout] 
[INFO] [stdout] ---- tests::test_invalid_combine_structs stdout ----
[INFO] [stdout] 
[INFO] [stdout] thread 'tests::test_invalid_combine_structs' (472) panicked at /opt/rustwide/cargo-home/registry/src/index.crates.io-1949cf8c6b5b557f/assert-tokenstreams-eq-0.1.1/src/lib.rs:38:19:
[INFO] [stdout] Error formatting first token stream: Input is not valid Rust code.
[INFO] [stdout] error: 'rustfmt' is not installed for the toolchain '1.100.0-beta.1-x86_64-unknown-linux-gnu'.
[INFO] [stdout] help: run `rustup component add --toolchain 1.100.0-beta.1-x86_64-unknown-linux-gnu rustfmt` to install it
[INFO] [stdout] 
[INFO] [stdout] stack backtrace:
[INFO] [stdout]    0:     0x605a54348341 - <<std[617be2ca0a6fd877]::sys::backtrace::BacktraceLock>::print::DisplayBacktrace as core[a373ad73a504971]::fmt::Display>::fmt
[INFO] [stdout]    1:     0x605a5435c7aa - core[a373ad73a504971]::fmt::write
[INFO] [stdout]    2:     0x605a5434c61c - <alloc[2e1b2a31b91974c5]::vec::Vec<u8> as core[a373ad73a504971]::io::write::Write>::write_fmt
[INFO] [stdout]    3:     0x605a54324146 - std[617be2ca0a6fd877]::panicking::default_hook::{closure#0}
[INFO] [stdout]    4:     0x605a54340819 - std[617be2ca0a6fd877]::panicking::default_hook
[INFO] [stdout]    5:     0x605a5424a4f0 - test[aada8e7e76ba119b]::test_main_inner::{closure#0}
[INFO] [stdout]    6:     0x605a54340b42 - std[617be2ca0a6fd877]::panicking::panic_with_hook
[INFO] [stdout]    7:     0x605a543241f2 - std[617be2ca0a6fd877]::panicking::panic_handler::{closure#0}
[INFO] [stdout]    8:     0x605a5431cf09 - std[617be2ca0a6fd877]::sys::backtrace::__rust_end_short_backtrace::<std[617be2ca0a6fd877]::panicking::panic_handler::{closure#0}, !>
[INFO] [stdout]    9:     0x605a54324dfd - __rustc[ea4f61d10b84890b]::rust_begin_unwind
[INFO] [stdout]   10:     0x605a5435cf8c - core[a373ad73a504971]::panicking::panic_fmt
[INFO] [stdout]   11:     0x605a542389e1 - assert_tokenstreams_eq[87fd01293168b912]::compare_tokenstreams::<proc_macro2[ec8a5b372ab7b4d7]::TokenStream, proc_macro2[ec8a5b372ab7b4d7]::TokenStream>
[INFO] [stdout]   12:     0x605a5421c45a - extendable_data[36d172868d34b45e]::tests::assert_compiler_error
[INFO] [stdout]   13:     0x605a5422040b - <extendable_data[36d172868d34b45e]::tests::test_invalid_combine_structs::{closure#0} as core[a373ad73a504971]::ops::function::FnOnce<()>>::call_once
[INFO] [stdout]   14:     0x605a5423d93b - test[aada8e7e76ba119b]::__rust_begin_short_backtrace::<core[a373ad73a504971]::result::Result<(), alloc[2e1b2a31b91974c5]::string::String>, fn() -> core[a373ad73a504971]::result::Result<(), alloc[2e1b2a31b91974c5]::string::String>>
[INFO] [stdout]   15:     0x605a5424ab15 - test[aada8e7e76ba119b]::run_test::{closure#0}
[INFO] [stdout]   16:     0x605a54244404 - std[617be2ca0a6fd877]::sys::backtrace::__rust_begin_short_backtrace::<test[aada8e7e76ba119b]::run_test::{closure#1}, ()>
[INFO] [stdout]   17:     0x605a5424dba2 - <std[617be2ca0a6fd877]::thread::lifecycle::spawn_unchecked<test[aada8e7e76ba119b]::run_test::{closure#1}, ()>::{closure#1} as core[a373ad73a504971]::ops::function::FnOnce<()>>::call_once::{shim:vtable#0}
[INFO] [stdout]   18:     0x605a54347b8f - <std[617be2ca0a6fd877]::sys::thread::unix::Thread>::new::thread_start
[INFO] [stdout]   19:     0x73b339bf5dfa - <unknown>
[INFO] [stdout]   20:     0x73b339c893d4 - clone
[INFO] [stdout]   21:                0x0 - <unknown>
[INFO] [stdout] 
[INFO] [stdout] ---- tests::test_invalid_args stdout ----
[INFO] [stdout] 
[INFO] [stdout] thread 'tests::test_invalid_args' (470) panicked at /opt/rustwide/cargo-home/registry/src/index.crates.io-1949cf8c6b5b557f/assert-tokenstreams-eq-0.1.1/src/lib.rs:38:19:
[INFO] [stdout] Error formatting first token stream: Input is not valid Rust code.
[INFO] [stdout] error: 'rustfmt' is not installed for the toolchain '1.100.0-beta.1-x86_64-unknown-linux-gnu'.
[INFO] [stdout] help: run `rustup component add --toolchain 1.100.0-beta.1-x86_64-unknown-linux-gnu rustfmt` to install it
[INFO] [stdout] 
[INFO] [stdout] stack backtrace:
[INFO] [stdout]    0:     0x605a54348341 - <<std[617be2ca0a6fd877]::sys::backtrace::BacktraceLock>::print::DisplayBacktrace as core[a373ad73a504971]::fmt::Display>::fmt
[INFO] [stdout]    1:     0x605a5435c7aa - core[a373ad73a504971]::fmt::write
[INFO] [stdout]    2:     0x605a5434c61c - <alloc[2e1b2a31b91974c5]::vec::Vec<u8> as core[a373ad73a504971]::io::write::Write>::write_fmt
[INFO] [stdout]    3:     0x605a54324146 - std[617be2ca0a6fd877]::panicking::default_hook::{closure#0}
[INFO] [stdout]    4:     0x605a54340819 - std[617be2ca0a6fd877]::panicking::default_hook
[INFO] [stdout]    5:     0x605a5424a4f0 - test[aada8e7e76ba119b]::test_main_inner::{closure#0}
[INFO] [stdout]    6:     0x605a54340b42 - std[617be2ca0a6fd877]::panicking::panic_with_hook
[INFO] [stdout]    7:     0x605a543241f2 - std[617be2ca0a6fd877]::panicking::panic_handler::{closure#0}
[INFO] [stdout]    8:     0x605a5431cf09 - std[617be2ca0a6fd877]::sys::backtrace::__rust_end_short_backtrace::<std[617be2ca0a6fd877]::panicking::panic_handler::{closure#0}, !>
[INFO] [stdout]    9:     0x605a54324dfd - __rustc[ea4f61d10b84890b]::rust_begin_unwind
[INFO] [stdout]   10:     0x605a5435cf8c - core[a373ad73a504971]::panicking::panic_fmt
[INFO] [stdout]   11:     0x605a542389e1 - assert_tokenstreams_eq[87fd01293168b912]::compare_tokenstreams::<proc_macro2[ec8a5b372ab7b4d7]::TokenStream, proc_macro2[ec8a5b372ab7b4d7]::TokenStream>
[INFO] [stdout]   12:     0x605a5421c45a - extendable_data[36d172868d34b45e]::tests::assert_compiler_error
[INFO] [stdout]   13:     0x605a5421cc1f - <extendable_data[36d172868d34b45e]::tests::test_invalid_args::{closure#0} as core[a373ad73a504971]::ops::function::FnOnce<()>>::call_once
[INFO] [stdout]   14:     0x605a5423d93b - test[aada8e7e76ba119b]::__rust_begin_short_backtrace::<core[a373ad73a504971]::result::Result<(), alloc[2e1b2a31b91974c5]::string::String>, fn() -> core[a373ad73a504971]::result::Result<(), alloc[2e1b2a31b91974c5]::string::String>>
[INFO] [stdout]   15:     0x605a5424ab15 - test[aada8e7e76ba119b]::run_test::{closure#0}
[INFO] [stdout]   16:     0x605a54244404 - std[617be2ca0a6fd877]::sys::backtrace::__rust_begin_short_backtrace::<test[aada8e7e76ba119b]::run_test::{closure#1}, ()>
[INFO] [stdout]   17:     0x605a5424dba2 - <std[617be2ca0a6fd877]::thread::lifecycle::spawn_unchecked<test[aada8e7e76ba119b]::run_test::{closure#1}, ()>::{closure#1} as core[a373ad73a504971]::ops::function::FnOnce<()>>::call_once::{shim:vtable#0}
[INFO] [stdout]   18:     0x605a54347b8f - <std[617be2ca0a6fd877]::sys::thread::unix::Thread>::new::thread_start
[INFO] [stdout]   19:     0x73b339bf5dfa - <unknown>
[INFO] [stdout]   20:     0x73b339c893d4 - clone
[INFO] [stdout]   21:                0x0 - <unknown>
[INFO] [stdout] 
[INFO] [stdout] 
[INFO] [stdout] failures:
[INFO] [stdout]     tests::test_invalid_args
[INFO] [stdout]     tests::test_invalid_combine
[INFO] [stdout]     tests::test_invalid_combine_structs
[INFO] [stdout] 
[INFO] [stdout] test result: FAILED. 11 passed; 3 failed; 0 ignored; 0 measured; 0 filtered out; finished in 0.52s
[INFO] [stdout] 
[INFO] [stderr] error: test failed, to rerun pass `--lib`
[INFO] running `Command { std: "docker" "inspect" "4cd2dbc6b84f1f90db1f236deeb18eeb8d822a213bd1d67a47f529d58854e644", kill_on_drop: false }`
[INFO] running `Command { std: "docker" "rm" "-f" "4cd2dbc6b84f1f90db1f236deeb18eeb8d822a213bd1d67a47f529d58854e644", kill_on_drop: false }`
[INFO] [stdout] 4cd2dbc6b84f1f90db1f236deeb18eeb8d822a213bd1d67a47f529d58854e644
