[INFO] fetching crate exposed 0.0.1-beta...
[INFO] testing exposed-0.0.1-beta against 1.100.0-beta.1+cargoflags=--release for beta-release-1.100-2
[INFO] extracting crate exposed 0.0.1-beta into /workspace/builds/worker-3-tc2/source
[INFO] started tweaking crates.io crate exposed 0.0.1-beta
[INFO] finished tweaking crates.io crate exposed 0.0.1-beta
[INFO] tweaked toml for crates.io crate exposed 0.0.1-beta written to /workspace/builds/worker-3-tc2/source/Cargo.toml
[INFO] validating manifest of crates.io crate exposed 0.0.1-beta on toolchain 1.100.0-beta.1
[INFO] running `Command { std: CARGO_HOME="/workspace/cargo-home" RUSTUP_HOME="/workspace/rustup-home" "/workspace/cargo-home/bin/cargo" "+1.100.0-beta.1" "metadata" "--manifest-path" "Cargo.toml" "--no-deps", kill_on_drop: false }`
[INFO] running `Command { std: CARGO_HOME="/workspace/cargo-home" RUSTUP_HOME="/workspace/rustup-home" "/workspace/cargo-home/bin/cargo" "+1.100.0-beta.1" "generate-lockfile" "--manifest-path" "Cargo.toml", kill_on_drop: false }`
[INFO] [stderr]     Updating crates.io index
[INFO] [stderr]      Locking 23 packages to highest compatible versions
[INFO] [stderr]       Adding ndk-sys v0.5.0+25.2.9519653 (available: v0.6.0+11769913)
[INFO] [stderr]       Adding windows-sys v0.52.0 (available: v0.61.2)
[INFO] running `Command { std: CARGO_HOME="/workspace/cargo-home" RUSTUP_HOME="/workspace/rustup-home" "/workspace/cargo-home/bin/cargo" "+1.100.0-beta.1" "fetch" "--manifest-path" "Cargo.toml", kill_on_drop: false }`
[INFO] running `Command { std: "docker" "create" "-v" "/var/lib/crater-agent-workspace/builds/worker-3-tc2/source:/opt/rustwide/workdir:ro,Z" "-v" "/var/lib/crater-agent-workspace/builds/worker-3-tc2/target:/opt/rustwide/target:rw,Z" "-v" "/var/lib/crater-agent-workspace/cargo-home:/opt/rustwide/cargo-home:ro,Z" "-v" "/var/lib/crater-agent-workspace/rustup-home:/opt/rustwide/rustup-home:ro,Z" "-m" "1610612736" "--network" "none" "ghcr.io/rust-lang/crates-build-env/linux@sha256:77db811e55d90add9212f6832c23229e3de5f1c1f9905e8cb07319ea15df73ac" "sleep" "infinity", kill_on_drop: false }`
[INFO] [stdout] eb2e224c9b05a2591c9580467b5df81616bbf7f82723a894cfb602d2f0b6965b
[INFO] running `Command { std: "docker" "start" "eb2e224c9b05a2591c9580467b5df81616bbf7f82723a894cfb602d2f0b6965b", kill_on_drop: false }`
[INFO] running `Command { std: "docker" "inspect" "eb2e224c9b05a2591c9580467b5df81616bbf7f82723a894cfb602d2f0b6965b", kill_on_drop: false }`
[INFO] running `Command { std: "docker" "exec" "-e" "SOURCE_DIR=/opt/rustwide/workdir" "-e" "CARGO_HOME=/opt/rustwide/cargo-home" "-e" "RUSTUP_HOME=/opt/rustwide/rustup-home" "-e" "CARGO_TARGET_DIR=/opt/rustwide/target" "-w" "/opt/rustwide/workdir" "--user" "0:0" "eb2e224c9b05a2591c9580467b5df81616bbf7f82723a894cfb602d2f0b6965b" "/opt/rustwide/cargo-home/bin/cargo" "+1.100.0-beta.1" "metadata" "--no-deps" "--format-version=1", kill_on_drop: false }`
[INFO] running `Command { std: "docker" "inspect" "eb2e224c9b05a2591c9580467b5df81616bbf7f82723a894cfb602d2f0b6965b", kill_on_drop: false }`
[INFO] running `Command { std: "docker" "exec" "-e" "SOURCE_DIR=/opt/rustwide/workdir" "-e" "CARGO_HOME=/opt/rustwide/cargo-home" "-e" "RUSTUP_HOME=/opt/rustwide/rustup-home" "-e" "CARGO_TARGET_DIR=/opt/rustwide/target" "-e" "CARGO_INCREMENTAL=0" "-e" "RUST_BACKTRACE=full" "-e" "RUSTFLAGS=--cap-lints=warn" "-e" "RUSTDOCFLAGS=--cap-lints=warn" "-w" "/opt/rustwide/workdir" "--user" "0:0" "eb2e224c9b05a2591c9580467b5df81616bbf7f82723a894cfb602d2f0b6965b" "/opt/rustwide/cargo-home/bin/cargo" "+1.100.0-beta.1" "build" "--frozen" "--message-format=json" "--release", kill_on_drop: false }`
[INFO] [stderr]    Compiling x11 v2.21.0
[INFO] [stderr]    Compiling exposed v0.0.1-beta (/opt/rustwide/workdir)
[INFO] [stderr]    Compiling unsafe-utilities v0.1.0
[INFO] [stderr]    Compiling exposed-macro v0.1.0
[INFO] [stdout] warning: trailing semicolon in macro used in expression position
[INFO] [stdout]    --> src/window/_x11/event_handler.rs:109:39
[INFO] [stdout]     |
[INFO] [stdout] 109 | ...                   Err(e) => log_warn!("Exposed", "Failed to get char event {e}"),
[INFO] [stdout]     |                                 ^^^^^^^^^^^^^^^^^^^^^^^^^^^^^^^^^^^^^^^^^^^^^^^^^^^^
[INFO] [stdout]     |
[INFO] [stdout]     = warning: this was previously accepted by the compiler but is being phased out; it will become a hard error in a future release!
[INFO] [stdout]     = note: for more information, see issue #79813 <https://github.com/rust-lang/rust/issues/79813>
[INFO] [stdout]     = note: `#[warn(semicolon_in_expressions_from_non_local_macros)]` (part of `#[warn(future_incompatible)]`) on by default
[INFO] [stdout]     = note: this warning originates in the macro `log_warn` (in Nightly builds, run with -Z macro-backtrace for more info)
[INFO] [stdout] 
[INFO] [stdout] 
[INFO] [stdout] warning: trailing semicolon in macro used in expression position
[INFO] [stdout]   --> src/destroy.rs:46:13
[INFO] [stdout]    |
[INFO] [stdout] 46 |             log_error!("Destroy", "{e}")
[INFO] [stdout]    |             ^^^^^^^^^^^^^^^^^^^^^^^^^^^^
[INFO] [stdout]    |
[INFO] [stdout]    = note: macro invocations at the end of a block are treated as expressions
[INFO] [stdout]    = note: to ignore the value produced by the macro, add a semicolon after the invocation of `log_error`
[INFO] [stdout]    = warning: this was previously accepted by the compiler but is being phased out; it will become a hard error in a future release!
[INFO] [stdout]    = note: for more information, see issue #79813 <https://github.com/rust-lang/rust/issues/79813>
[INFO] [stdout]    = note: this warning originates in the macro `log_error` (in Nightly builds, run with -Z macro-backtrace for more info)
[INFO] [stdout] 
[INFO] [stdout] 
[INFO] [stdout] warning: creating a shared reference to mutable static
[INFO] [stdout]    --> src/window/_x11/event_handler.rs:214:12
[INFO] [stdout]     |
[INFO] [stdout] 214 |         if ONCE.fetch_add(1, Ordering::SeqCst) == 0 {
[INFO] [stdout]     |            ^^^^^^^^^^^^^^^^^^^^^^^^^^^^^^^^^^^ shared reference to mutable static
[INFO] [stdout]     |
[INFO] [stdout]     = note: shared references to mutable statics are dangerous; it's undefined behavior if the static is mutated or if a mutable reference is created for it while the shared reference lives
[INFO] [stdout]     = note: for more information, see <https://doc.rust-lang.org/edition-guide/rust-2024/static-mut-references.html>
[INFO] [stdout]     = note: `#[warn(static_mut_refs)]` (part of `#[warn(rust_2024_compatibility)]`) on by default
[INFO] [stdout] help: this type already provides "interior mutability", so its binding doesn't need to be declared as mutable when borrowed with a shared reference
[INFO] [stdout]     |
[INFO] [stdout] 212 -         static mut ONCE: AtomicUsize = AtomicUsize::new(0);
[INFO] [stdout] 212 +         static ONCE: AtomicUsize = AtomicUsize::new(0);
[INFO] [stdout]     |
[INFO] [stdout] 
[INFO] [stdout] 
[INFO] [stderr]     Finished `release` profile [optimized] target(s) in 2.14s
[INFO] [stderr] warning: the following packages contain code that will be rejected by a future version of Rust: exposed v0.0.1-beta (/opt/rustwide/workdir)
[INFO] [stderr] note: to see what the problems were, use the option `--future-incompat-report`, or run `cargo report future-incompatibilities --id 3`
[INFO] running `Command { std: "docker" "inspect" "eb2e224c9b05a2591c9580467b5df81616bbf7f82723a894cfb602d2f0b6965b", kill_on_drop: false }`
[INFO] running `Command { std: "docker" "exec" "-e" "SOURCE_DIR=/opt/rustwide/workdir" "-e" "CARGO_HOME=/opt/rustwide/cargo-home" "-e" "RUSTUP_HOME=/opt/rustwide/rustup-home" "-e" "CARGO_TARGET_DIR=/opt/rustwide/target" "-e" "CARGO_INCREMENTAL=0" "-e" "RUST_BACKTRACE=full" "-e" "RUSTFLAGS=--cap-lints=warn" "-e" "RUSTDOCFLAGS=--cap-lints=warn" "-w" "/opt/rustwide/workdir" "--user" "0:0" "eb2e224c9b05a2591c9580467b5df81616bbf7f82723a894cfb602d2f0b6965b" "/opt/rustwide/cargo-home/bin/cargo" "+1.100.0-beta.1" "test" "--frozen" "--no-run" "--message-format=json" "--release", kill_on_drop: false }`
[INFO] [stderr]    Compiling exposed v0.0.1-beta (/opt/rustwide/workdir)
[INFO] [stdout] warning: trailing semicolon in macro used in expression position
[INFO] [stdout]    --> src/window/_x11/event_handler.rs:109:39
[INFO] [stdout]     |
[INFO] [stdout] 109 | ...                   Err(e) => log_warn!("Exposed", "Failed to get char event {e}"),
[INFO] [stdout]     |                                 ^^^^^^^^^^^^^^^^^^^^^^^^^^^^^^^^^^^^^^^^^^^^^^^^^^^^
[INFO] [stdout]     |
[INFO] [stdout]     = warning: this was previously accepted by the compiler but is being phased out; it will become a hard error in a future release!
[INFO] [stdout]     = note: for more information, see issue #79813 <https://github.com/rust-lang/rust/issues/79813>
[INFO] [stdout]     = note: `#[warn(semicolon_in_expressions_from_non_local_macros)]` (part of `#[warn(future_incompatible)]`) on by default
[INFO] [stdout]     = note: this warning originates in the macro `log_warn` (in Nightly builds, run with -Z macro-backtrace for more info)
[INFO] [stdout] 
[INFO] [stdout] 
[INFO] [stdout] warning: trailing semicolon in macro used in expression position
[INFO] [stdout]   --> src/destroy.rs:46:13
[INFO] [stdout]    |
[INFO] [stdout] 46 |             log_error!("Destroy", "{e}")
[INFO] [stdout]    |             ^^^^^^^^^^^^^^^^^^^^^^^^^^^^
[INFO] [stdout]    |
[INFO] [stdout]    = note: macro invocations at the end of a block are treated as expressions
[INFO] [stdout]    = note: to ignore the value produced by the macro, add a semicolon after the invocation of `log_error`
[INFO] [stdout]    = warning: this was previously accepted by the compiler but is being phased out; it will become a hard error in a future release!
[INFO] [stdout]    = note: for more information, see issue #79813 <https://github.com/rust-lang/rust/issues/79813>
[INFO] [stdout]    = note: this warning originates in the macro `log_error` (in Nightly builds, run with -Z macro-backtrace for more info)
[INFO] [stdout] 
[INFO] [stdout] 
[INFO] [stdout] warning: creating a shared reference to mutable static
[INFO] [stdout]    --> src/window/_x11/event_handler.rs:214:12
[INFO] [stdout]     |
[INFO] [stdout] 214 |         if ONCE.fetch_add(1, Ordering::SeqCst) == 0 {
[INFO] [stdout]     |            ^^^^^^^^^^^^^^^^^^^^^^^^^^^^^^^^^^^ shared reference to mutable static
[INFO] [stdout]     |
[INFO] [stdout]     = note: shared references to mutable statics are dangerous; it's undefined behavior if the static is mutated or if a mutable reference is created for it while the shared reference lives
[INFO] [stdout]     = note: for more information, see <https://doc.rust-lang.org/edition-guide/rust-2024/static-mut-references.html>
[INFO] [stdout]     = note: `#[warn(static_mut_refs)]` (part of `#[warn(rust_2024_compatibility)]`) on by default
[INFO] [stdout] help: this type already provides "interior mutability", so its binding doesn't need to be declared as mutable when borrowed with a shared reference
[INFO] [stdout]     |
[INFO] [stdout] 212 -         static mut ONCE: AtomicUsize = AtomicUsize::new(0);
[INFO] [stdout] 212 +         static ONCE: AtomicUsize = AtomicUsize::new(0);
[INFO] [stdout]     |
[INFO] [stdout] 
[INFO] [stdout] 
[INFO] [stdout] warning: trailing semicolon in macro used in expression position
[INFO] [stdout]    --> src/window/_x11/event_handler.rs:109:39
[INFO] [stdout]     |
[INFO] [stdout] 109 | ...                   Err(e) => log_warn!("Exposed", "Failed to get char event {e}"),
[INFO] [stdout]     |                                 ^^^^^^^^^^^^^^^^^^^^^^^^^^^^^^^^^^^^^^^^^^^^^^^^^^^^
[INFO] [stdout]     |
[INFO] [stdout]     = warning: this was previously accepted by the compiler but is being phased out; it will become a hard error in a future release!
[INFO] [stdout]     = note: for more information, see issue #79813 <https://github.com/rust-lang/rust/issues/79813>
[INFO] [stdout]     = note: `#[warn(semicolon_in_expressions_from_non_local_macros)]` (part of `#[warn(future_incompatible)]`) on by default
[INFO] [stdout]     = note: this warning originates in the macro `log_warn` (in Nightly builds, run with -Z macro-backtrace for more info)
[INFO] [stdout] 
[INFO] [stdout] 
[INFO] [stdout] warning: trailing semicolon in macro used in expression position
[INFO] [stdout]   --> src/destroy.rs:46:13
[INFO] [stdout]    |
[INFO] [stdout] 46 |             log_error!("Destroy", "{e}")
[INFO] [stdout]    |             ^^^^^^^^^^^^^^^^^^^^^^^^^^^^
[INFO] [stdout]    |
[INFO] [stdout]    = note: macro invocations at the end of a block are treated as expressions
[INFO] [stdout]    = note: to ignore the value produced by the macro, add a semicolon after the invocation of `log_error`
[INFO] [stdout]    = warning: this was previously accepted by the compiler but is being phased out; it will become a hard error in a future release!
[INFO] [stdout]    = note: for more information, see issue #79813 <https://github.com/rust-lang/rust/issues/79813>
[INFO] [stdout]    = note: this warning originates in the macro `log_error` (in Nightly builds, run with -Z macro-backtrace for more info)
[INFO] [stdout] 
[INFO] [stdout] 
[INFO] [stdout] warning: creating a shared reference to mutable static
[INFO] [stdout]    --> src/window/_x11/event_handler.rs:214:12
[INFO] [stdout]     |
[INFO] [stdout] 214 |         if ONCE.fetch_add(1, Ordering::SeqCst) == 0 {
[INFO] [stdout]     |            ^^^^^^^^^^^^^^^^^^^^^^^^^^^^^^^^^^^ shared reference to mutable static
[INFO] [stdout]     |
[INFO] [stdout]     = note: shared references to mutable statics are dangerous; it's undefined behavior if the static is mutated or if a mutable reference is created for it while the shared reference lives
[INFO] [stdout]     = note: for more information, see <https://doc.rust-lang.org/edition-guide/rust-2024/static-mut-references.html>
[INFO] [stdout]     = note: `#[warn(static_mut_refs)]` (part of `#[warn(rust_2024_compatibility)]`) on by default
[INFO] [stdout] help: this type already provides "interior mutability", so its binding doesn't need to be declared as mutable when borrowed with a shared reference
[INFO] [stdout]     |
[INFO] [stdout] 212 -         static mut ONCE: AtomicUsize = AtomicUsize::new(0);
[INFO] [stdout] 212 +         static ONCE: AtomicUsize = AtomicUsize::new(0);
[INFO] [stdout]     |
[INFO] [stdout] 
[INFO] [stdout] 
[INFO] [stderr]     Finished `release` profile [optimized] target(s) in 0.44s
[INFO] [stderr] warning: the following packages contain code that will be rejected by a future version of Rust: exposed v0.0.1-beta (/opt/rustwide/workdir)
[INFO] [stderr] note: to see what the problems were, use the option `--future-incompat-report`, or run `cargo report future-incompatibilities --id 4`
[INFO] running `Command { std: "docker" "inspect" "eb2e224c9b05a2591c9580467b5df81616bbf7f82723a894cfb602d2f0b6965b", kill_on_drop: false }`
[INFO] running `Command { std: "docker" "exec" "-e" "SOURCE_DIR=/opt/rustwide/workdir" "-e" "CARGO_HOME=/opt/rustwide/cargo-home" "-e" "RUSTUP_HOME=/opt/rustwide/rustup-home" "-e" "CARGO_TARGET_DIR=/opt/rustwide/target" "-e" "CARGO_INCREMENTAL=0" "-e" "RUST_BACKTRACE=full" "-e" "RUSTFLAGS=--cap-lints=warn" "-e" "RUSTDOCFLAGS=--cap-lints=warn" "-w" "/opt/rustwide/workdir" "--user" "0:0" "eb2e224c9b05a2591c9580467b5df81616bbf7f82723a894cfb602d2f0b6965b" "/opt/rustwide/cargo-home/bin/cargo" "+1.100.0-beta.1" "test" "--frozen" "--release", kill_on_drop: false }`
[INFO] [stderr] warning: trailing semicolon in macro used in expression position
[INFO] [stderr]    --> src/window/_x11/event_handler.rs:109:39
[INFO] [stderr]     |
[INFO] [stderr] 109 | ...                   Err(e) => log_warn!("Exposed", "Failed to get char event {e}"),
[INFO] [stderr]     |                                 ^^^^^^^^^^^^^^^^^^^^^^^^^^^^^^^^^^^^^^^^^^^^^^^^^^^^
[INFO] [stderr]     |
[INFO] [stderr]     = warning: this was previously accepted by the compiler but is being phased out; it will become a hard error in a future release!
[INFO] [stderr]     = note: for more information, see issue #79813 <https://github.com/rust-lang/rust/issues/79813>
[INFO] [stderr]     = note: `#[warn(semicolon_in_expressions_from_non_local_macros)]` (part of `#[warn(future_incompatible)]`) on by default
[INFO] [stderr]     = note: this warning originates in the macro `log_warn` (in Nightly builds, run with -Z macro-backtrace for more info)
[INFO] [stderr] 
[INFO] [stderr] warning: trailing semicolon in macro used in expression position
[INFO] [stderr]   --> src/destroy.rs:46:13
[INFO] [stderr]    |
[INFO] [stderr] 46 |             log_error!("Destroy", "{e}")
[INFO] [stderr]    |             ^^^^^^^^^^^^^^^^^^^^^^^^^^^^
[INFO] [stderr]    |
[INFO] [stderr]    = note: macro invocations at the end of a block are treated as expressions
[INFO] [stderr]    = note: to ignore the value produced by the macro, add a semicolon after the invocation of `log_error`
[INFO] [stderr]    = warning: this was previously accepted by the compiler but is being phased out; it will become a hard error in a future release!
[INFO] [stderr]    = note: for more information, see issue #79813 <https://github.com/rust-lang/rust/issues/79813>
[INFO] [stderr]    = note: this warning originates in the macro `log_error` (in Nightly builds, run with -Z macro-backtrace for more info)
[INFO] [stderr] 
[INFO] [stderr] warning: creating a shared reference to mutable static
[INFO] [stderr]    --> src/window/_x11/event_handler.rs:214:12
[INFO] [stderr]     |
[INFO] [stderr] 214 |         if ONCE.fetch_add(1, Ordering::SeqCst) == 0 {
[INFO] [stderr]     |            ^^^^^^^^^^^^^^^^^^^^^^^^^^^^^^^^^^^ shared reference to mutable static
[INFO] [stderr]     |
[INFO] [stderr]     = note: shared references to mutable statics are dangerous; it's undefined behavior if the static is mutated or if a mutable reference is created for it while the shared reference lives
[INFO] [stderr]     = note: for more information, see <https://doc.rust-lang.org/edition-guide/rust-2024/static-mut-references.html>
[INFO] [stderr]     = note: `#[warn(static_mut_refs)]` (part of `#[warn(rust_2024_compatibility)]`) on by default
[INFO] [stderr] help: this type already provides "interior mutability", so its binding doesn't need to be declared as mutable when borrowed with a shared reference
[INFO] [stderr]     |
[INFO] [stderr] 212 -         static mut ONCE: AtomicUsize = AtomicUsize::new(0);
[INFO] [stderr] 212 +         static ONCE: AtomicUsize = AtomicUsize::new(0);
[INFO] [stderr]     |
[INFO] [stderr] 
[INFO] [stderr] warning: `exposed` (lib) generated 3 warnings
[INFO] [stderr] warning: `exposed` (lib test) generated 3 warnings (3 duplicates)
[INFO] [stderr]     Finished `release` profile [optimized] target(s) in 0.04s
[INFO] [stderr] warning: the following packages contain code that will be rejected by a future version of Rust: exposed v0.0.1-beta (/opt/rustwide/workdir)
[INFO] [stderr] note: to see what the problems were, use the option `--future-incompat-report`, or run `cargo report future-incompatibilities --id 4`
[INFO] [stderr]      Running unittests src/lib.rs (/opt/rustwide/target/release/build/exposed/5166047762f57e5b/out/exposed-5166047762f57e5b)
[INFO] [stderr]    Doc-tests exposed
[INFO] [stdout] 
[INFO] [stdout] running 0 tests
[INFO] [stdout] 
[INFO] [stdout] test result: ok. 0 passed; 0 failed; 0 ignored; 0 measured; 0 filtered out; finished in 0.00s
[INFO] [stdout] 
[INFO] [stdout] 
[INFO] [stdout] running 1 test
[INFO] [stdout] test src/window/keys.rs - window::keys::Key (line 136) - compile ... FAILED
[INFO] [stdout] 
[INFO] [stdout] failures:
[INFO] [stdout] 
[INFO] [stdout] ---- src/window/keys.rs - window::keys::Key (line 136) stdout ----
[INFO] [stdout] error[E0433]: cannot find module or crate `windows_sys` in this scope
[INFO] [stdout]    --> src/window/keys.rs:137:5
[INFO] [stdout]     |
[INFO] [stdout] 137 | use windows_sys::Win32::UI::Input::KeyboardAndMouse::VK_ESCAPE;
[INFO] [stdout]     |     ^^^^^^^^^^^ use of unresolved module or unlinked crate `windows_sys`
[INFO] [stdout]     |
[INFO] [stdout]     = help: if you wanted to use a crate named `windows_sys`, use `cargo add windows_sys` to add it to your `Cargo.toml`
[INFO] [stdout] 
[INFO] [stdout] error[E0432]: unresolved import `ndk_sys`
[INFO] [stdout]    --> src/window/keys.rs:141:5
[INFO] [stdout]     |
[INFO] [stdout] 141 | use ndk_sys::AKEYCODE_ESCAPE;
[INFO] [stdout]     |     ^^^^^^^ use of unresolved module or unlinked crate `ndk_sys`
[INFO] [stdout]     |
[INFO] [stdout]     = help: if you wanted to use a crate named `ndk_sys`, use `cargo add ndk_sys` to add it to your `Cargo.toml`
[INFO] [stdout] 
[INFO] [stdout] error[E0425]: cannot find function, tuple struct or tuple variant `Key` in this scope
[INFO] [stdout]    --> src/window/keys.rs:138:11
[INFO] [stdout]     |
[INFO] [stdout] 138 | let key = Key(VK_ESCAPE as u64);
[INFO] [stdout]     |           ^^^ not found in this scope
[INFO] [stdout] 
[INFO] [stdout] error[E0433]: cannot find type `KEY` in this scope
[INFO] [stdout]    --> src/window/keys.rs:139:16
[INFO] [stdout]     |
[INFO] [stdout] 139 | assert!(key == KEY::ESCAPE);
[INFO] [stdout]     |                ^^^ use of undeclared type `KEY`
[INFO] [stdout] 
[INFO] [stdout] error[E0425]: cannot find function, tuple struct or tuple variant `Key` in this scope
[INFO] [stdout]    --> src/window/keys.rs:142:11
[INFO] [stdout]     |
[INFO] [stdout] 142 | let key = Key(AKEYCODE_ESCAPE as u64);
[INFO] [stdout]     |           ^^^ not found in this scope
[INFO] [stdout]     |
[INFO] [stdout] help: a local variable with a similar name exists (notice the capitalization)
[INFO] [stdout]     |
[INFO] [stdout] 142 - let key = Key(AKEYCODE_ESCAPE as u64);
[INFO] [stdout] 142 + let key = key(AKEYCODE_ESCAPE as u64);
[INFO] [stdout]     |
[INFO] [stdout] 
[INFO] [stdout] error[E0433]: cannot find type `KEY` in this scope
[INFO] [stdout]    --> src/window/keys.rs:143:16
[INFO] [stdout]     |
[INFO] [stdout] 143 | assert!(key == KEY::ESCAPE);
[INFO] [stdout]     |                ^^^ use of undeclared type `KEY`
[INFO] [stdout] 
[INFO] [stdout] error: aborting due to 6 previous errors
[INFO] [stdout] 
[INFO] [stdout] Some errors have detailed explanations: E0425, E0432, E0433.
[INFO] [stdout] For more information about an error, try `rustc --explain E0425`.
[INFO] [stdout] Couldn't compile the test.
[INFO] [stdout] 
[INFO] [stdout] failures:
[INFO] [stdout]     src/window/keys.rs - window::keys::Key (line 136)
[INFO] [stdout] 
[INFO] [stdout] test result: FAILED. 0 passed; 1 failed; 0 ignored; 0 measured; 0 filtered out; finished in 0.12s
[INFO] [stdout] 
[INFO] [stderr] error: doctest failed, to rerun pass `--doc`
[INFO] running `Command { std: "docker" "inspect" "eb2e224c9b05a2591c9580467b5df81616bbf7f82723a894cfb602d2f0b6965b", kill_on_drop: false }`
[INFO] running `Command { std: "docker" "rm" "-f" "eb2e224c9b05a2591c9580467b5df81616bbf7f82723a894cfb602d2f0b6965b", kill_on_drop: false }`
[INFO] [stdout] eb2e224c9b05a2591c9580467b5df81616bbf7f82723a894cfb602d2f0b6965b
