[INFO] fetching crate explainsql-tui 0.3.0...
[INFO] testing explainsql-tui-0.3.0 against 1.99.0-beta.8+cargoflags=--release for beta-release-1.100-2
[INFO] extracting crate explainsql-tui 0.3.0 into /workspace/builds/worker-7-tc1/source
[INFO] started tweaking crates.io crate explainsql-tui 0.3.0
[INFO] finished tweaking crates.io crate explainsql-tui 0.3.0
[INFO] tweaked toml for crates.io crate explainsql-tui 0.3.0 written to /workspace/builds/worker-7-tc1/source/Cargo.toml
[INFO] validating manifest of crates.io crate explainsql-tui 0.3.0 on toolchain 1.99.0-beta.8
[INFO] running `Command { std: CARGO_HOME="/workspace/cargo-home" RUSTUP_HOME="/workspace/rustup-home" "/workspace/cargo-home/bin/cargo" "+1.99.0-beta.8" "metadata" "--manifest-path" "Cargo.toml" "--no-deps", kill_on_drop: false }`
[INFO] crate crates.io crate explainsql-tui 0.3.0 already has a lockfile, it will not be regenerated
[INFO] running `Command { std: CARGO_HOME="/workspace/cargo-home" RUSTUP_HOME="/workspace/rustup-home" "/workspace/cargo-home/bin/cargo" "+1.99.0-beta.8" "fetch" "--manifest-path" "Cargo.toml", kill_on_drop: false }`
[INFO] [stderr]     Updating crates.io index
[INFO] [stderr]  Downloading crates ...
[INFO] [stderr]   Downloaded explainsql-core v0.3.0
[INFO] running `Command { std: "docker" "create" "-v" "/var/lib/crater-agent-workspace/builds/worker-7-tc1/source:/opt/rustwide/workdir:ro,Z" "-v" "/var/lib/crater-agent-workspace/builds/worker-7-tc1/target:/opt/rustwide/target:rw,Z" "-v" "/var/lib/crater-agent-workspace/cargo-home:/opt/rustwide/cargo-home:ro,Z" "-v" "/var/lib/crater-agent-workspace/rustup-home:/opt/rustwide/rustup-home:ro,Z" "-m" "1610612736" "--network" "none" "ghcr.io/rust-lang/crates-build-env/linux@sha256:77db811e55d90add9212f6832c23229e3de5f1c1f9905e8cb07319ea15df73ac" "sleep" "infinity", kill_on_drop: false }`
[INFO] [stdout] ce8675f62567b82d7cbb16aee20031254041c25c48c9ace68039346b54f2cc8b
[INFO] running `Command { std: "docker" "start" "ce8675f62567b82d7cbb16aee20031254041c25c48c9ace68039346b54f2cc8b", kill_on_drop: false }`
[INFO] running `Command { std: "docker" "inspect" "ce8675f62567b82d7cbb16aee20031254041c25c48c9ace68039346b54f2cc8b", kill_on_drop: false }`
[INFO] running `Command { std: "docker" "exec" "-e" "SOURCE_DIR=/opt/rustwide/workdir" "-e" "CARGO_HOME=/opt/rustwide/cargo-home" "-e" "RUSTUP_HOME=/opt/rustwide/rustup-home" "-e" "CARGO_TARGET_DIR=/opt/rustwide/target" "-w" "/opt/rustwide/workdir" "--user" "0:0" "ce8675f62567b82d7cbb16aee20031254041c25c48c9ace68039346b54f2cc8b" "/opt/rustwide/cargo-home/bin/cargo" "+1.99.0-beta.8" "metadata" "--no-deps" "--format-version=1", kill_on_drop: false }`
[INFO] running `Command { std: "docker" "inspect" "ce8675f62567b82d7cbb16aee20031254041c25c48c9ace68039346b54f2cc8b", kill_on_drop: false }`
[INFO] running `Command { std: "docker" "exec" "-e" "SOURCE_DIR=/opt/rustwide/workdir" "-e" "CARGO_HOME=/opt/rustwide/cargo-home" "-e" "RUSTUP_HOME=/opt/rustwide/rustup-home" "-e" "CARGO_TARGET_DIR=/opt/rustwide/target" "-e" "CARGO_INCREMENTAL=0" "-e" "RUST_BACKTRACE=full" "-e" "RUSTFLAGS=--cap-lints=warn" "-e" "RUSTDOCFLAGS=--cap-lints=warn" "-w" "/opt/rustwide/workdir" "--user" "0:0" "ce8675f62567b82d7cbb16aee20031254041c25c48c9ace68039346b54f2cc8b" "/opt/rustwide/cargo-home/bin/cargo" "+1.99.0-beta.8" "build" "--frozen" "--message-format=json" "--release", kill_on_drop: false }`
[INFO] [stderr]    Compiling libc v0.2.190
[INFO] [stderr]    Compiling syn v2.0.119
[INFO] [stderr]    Compiling smallvec v1.16.2
[INFO] [stderr]    Compiling rustix v0.38.44
[INFO] [stderr]    Compiling syn v3.0.6
[INFO] [stderr]    Compiling serde_json v1.0.151
[INFO] [stderr]    Compiling either v1.18.0
[INFO] [stderr]    Compiling instability v0.3.10
[INFO] [stderr]    Compiling castaway v0.2.4
[INFO] [stderr]    Compiling unicode-width v0.1.14
[INFO] [stderr]    Compiling compact_str v0.8.2
[INFO] [stderr]    Compiling itertools v0.13.0
[INFO] [stderr]    Compiling cassowary v0.3.0
[INFO] [stderr]    Compiling errno v0.3.14
[INFO] [stderr]    Compiling parking_lot_core v0.9.12
[INFO] [stderr]    Compiling signal-hook-registry v1.4.8
[INFO] [stderr]    Compiling mio v1.2.4
[INFO] [stderr]    Compiling signal-hook v0.3.18
[INFO] [stderr]    Compiling parking_lot v0.12.5
[INFO] [stderr]    Compiling signal-hook-mio v0.2.5
[INFO] [stderr]    Compiling unicode-truncate v1.1.0
[INFO] [stderr]    Compiling crossterm v0.28.1
[INFO] [stderr]    Compiling serde_derive v1.0.229
[INFO] [stderr]    Compiling darling_core v0.20.11
[INFO] [stderr]    Compiling strum_macros v0.26.4
[INFO] [stderr]    Compiling strum v0.26.3
[INFO] [stderr]    Compiling darling_macro v0.20.11
[INFO] [stderr]    Compiling serde v1.0.229
[INFO] [stderr]    Compiling darling v0.20.11
[INFO] [stderr]    Compiling ratatui v0.29.0
[INFO] [stderr]    Compiling explainsql-core v0.3.0
[INFO] [stderr]    Compiling explainsql-tui v0.3.0 (/opt/rustwide/workdir)
[INFO] [stderr]     Finished `release` profile [optimized] target(s) in 1m 44s
[INFO] running `Command { std: "docker" "inspect" "ce8675f62567b82d7cbb16aee20031254041c25c48c9ace68039346b54f2cc8b", kill_on_drop: false }`
[INFO] running `Command { std: "docker" "exec" "-e" "SOURCE_DIR=/opt/rustwide/workdir" "-e" "CARGO_HOME=/opt/rustwide/cargo-home" "-e" "RUSTUP_HOME=/opt/rustwide/rustup-home" "-e" "CARGO_TARGET_DIR=/opt/rustwide/target" "-e" "CARGO_INCREMENTAL=0" "-e" "RUST_BACKTRACE=full" "-e" "RUSTFLAGS=--cap-lints=warn" "-e" "RUSTDOCFLAGS=--cap-lints=warn" "-w" "/opt/rustwide/workdir" "--user" "0:0" "ce8675f62567b82d7cbb16aee20031254041c25c48c9ace68039346b54f2cc8b" "/opt/rustwide/cargo-home/bin/cargo" "+1.99.0-beta.8" "test" "--frozen" "--no-run" "--message-format=json" "--release", kill_on_drop: false }`
[INFO] [stderr]    Compiling getrandom v0.4.3
[INFO] [stderr]    Compiling console v0.16.6
[INFO] [stderr]    Compiling similar v2.7.0
[INFO] [stderr]    Compiling tempfile v3.27.0
[INFO] [stderr]    Compiling insta v1.49.0
[INFO] [stderr]    Compiling explainsql-tui v0.3.0 (/opt/rustwide/workdir)
[INFO] [stderr]     Finished `release` profile [optimized] target(s) in 24.03s
[INFO] running `Command { std: "docker" "inspect" "ce8675f62567b82d7cbb16aee20031254041c25c48c9ace68039346b54f2cc8b", kill_on_drop: false }`
[INFO] running `Command { std: "docker" "exec" "-e" "SOURCE_DIR=/opt/rustwide/workdir" "-e" "CARGO_HOME=/opt/rustwide/cargo-home" "-e" "RUSTUP_HOME=/opt/rustwide/rustup-home" "-e" "CARGO_TARGET_DIR=/opt/rustwide/target" "-e" "CARGO_INCREMENTAL=0" "-e" "RUST_BACKTRACE=full" "-e" "RUSTFLAGS=--cap-lints=warn" "-e" "RUSTDOCFLAGS=--cap-lints=warn" "-w" "/opt/rustwide/workdir" "--user" "0:0" "ce8675f62567b82d7cbb16aee20031254041c25c48c9ace68039346b54f2cc8b" "/opt/rustwide/cargo-home/bin/cargo" "+1.99.0-beta.8" "test" "--frozen" "--release", kill_on_drop: false }`
[INFO] [stderr]     Finished `release` profile [optimized] target(s) in 0.13s
[INFO] [stderr]      Running unittests src/lib.rs (/opt/rustwide/target/release/deps/explainsql_tui-cd1e2cb050b0b9de)
[INFO] [stdout] 
[INFO] [stdout] running 14 tests
[INFO] [stdout] test app::tests::goes_from_a_finding_to_its_node ... ok
[INFO] [stdout] test app::tests::keeps_the_selection_on_screen ... ok
[INFO] [stdout] test app::tests::searches_and_jumps ... ok
[INFO] [stdout] test icicle::tests::widths_follow_time_and_cost ... ok
[INFO] [stdout] test app::tests::asks_the_planner_why ... ok
[INFO] [stdout] test icicle::tests::folds_what_is_too_narrow ... ok
[INFO] [stdout] test app::tests::moves_folds_and_unfolds ... ok
[INFO] [stdout] test tests::compares_a_run_with_the_previous_one ... ok
[INFO] [stdout] test tests::encodes_base64 ... ok
[INFO] [stdout] test tests::receives_answers ... ok
[INFO] [stdout] test app::tests::groups_similar_siblings ... ok
[INFO] [stdout] test app::tests::tests_a_suggestion_after_asking ... ok
[INFO] [stdout] test icicle::tests::every_corpus_plan_nests_and_counts_every_node ... FAILED
[INFO] [stdout] test top::tests::picks_what_can_be_planned ... ok
[INFO] [stdout] 
[INFO] [stdout] failures:
[INFO] [stdout] 
[INFO] [stdout] ---- icicle::tests::every_corpus_plan_nests_and_counts_every_node stdout ----
[INFO] [stdout] 
[INFO] [stdout] thread 'icicle::tests::every_corpus_plan_nests_and_counts_every_node' (871) panicked at src/icicle.rs:208:48:
[INFO] [stdout] called `Result::unwrap()` on an `Err` value: Os { code: 2, kind: NotFound, message: "No such file or directory" }
[INFO] [stdout] stack backtrace:
[INFO] [stdout]    0:     0x63fe53cea801 - <<std[70759c8f55707aa4]::sys::backtrace::BacktraceLock>::print::DisplayBacktrace as core[df12db4294e9bfd3]::fmt::Display>::fmt
[INFO] [stdout]    1:     0x63fe53d0130a - core[df12db4294e9bfd3]::fmt::write
[INFO] [stdout]    2:     0x63fe53ceef6c - <alloc[2182bb758b4b3781]::vec::Vec<u8> as core[df12db4294e9bfd3]::io::write::Write>::write_fmt
[INFO] [stdout]    3:     0x63fe53cc64e6 - std[70759c8f55707aa4]::panicking::default_hook::{closure#0}
[INFO] [stdout]    4:     0x63fe53ce29e9 - std[70759c8f55707aa4]::panicking::default_hook
[INFO] [stdout]    5:     0x63fe53bc2320 - test[9d35eded1c95d3be]::test_main_inner::<test[9d35eded1c95d3be]::test_main_static::{closure#0}>::{closure#0}
[INFO] [stdout]    6:     0x63fe53ce2ba2 - std[70759c8f55707aa4]::panicking::panic_with_hook
[INFO] [stdout]    7:     0x63fe53cc6592 - std[70759c8f55707aa4]::panicking::panic_handler::{closure#0}
[INFO] [stdout]    8:     0x63fe53cbf0e9 - std[70759c8f55707aa4]::sys::backtrace::__rust_end_short_backtrace::<std[70759c8f55707aa4]::panicking::panic_handler::{closure#0}, !>
[INFO] [stdout]    9:     0x63fe53cc718d - __rustc[8fa7c3cbc660c2b3]::rust_begin_unwind
[INFO] [stdout]   10:     0x63fe53d01a3c - core[df12db4294e9bfd3]::panicking::panic_fmt
[INFO] [stdout]   11:     0x63fe53d01812 - core[df12db4294e9bfd3]::result::unwrap_failed
[INFO] [stdout]   12:     0x63fe53bb3aa4 - explainsql_tui[d2b455cf626744ef]::icicle::tests::every_corpus_plan_nests_and_counts_every_node
[INFO] [stdout]   13:     0x63fe53bb09e9 - <explainsql_tui[d2b455cf626744ef]::icicle::tests::every_corpus_plan_nests_and_counts_every_node::{closure#0} as core[df12db4294e9bfd3]::ops::function::FnOnce<()>>::call_once
[INFO] [stdout]   14:     0x63fe53bb560b - test[9d35eded1c95d3be]::__rust_begin_short_backtrace::<core[df12db4294e9bfd3]::result::Result<(), alloc[2182bb758b4b3781]::string::String>, fn() -> core[df12db4294e9bfd3]::result::Result<(), alloc[2182bb758b4b3781]::string::String>>
[INFO] [stdout]   15:     0x63fe53bc2c75 - test[9d35eded1c95d3be]::run_test::{closure#0}
[INFO] [stdout]   16:     0x63fe53bbc534 - std[70759c8f55707aa4]::sys::backtrace::__rust_begin_short_backtrace::<test[9d35eded1c95d3be]::run_test::{closure#1}, ()>
[INFO] [stdout]   17:     0x63fe53bc5dd2 - <std[70759c8f55707aa4]::thread::lifecycle::spawn_unchecked<test[9d35eded1c95d3be]::run_test::{closure#1}, ()>::{closure#1} as core[df12db4294e9bfd3]::ops::function::FnOnce<()>>::call_once::{shim:vtable#0}
[INFO] [stdout]   18:     0x63fe53ce9d69 - <std[70759c8f55707aa4]::sys::thread::unix::Thread>::new::thread_start
[INFO] [stdout]   19:     0x78f776f44dfa - <unknown>
[INFO] [stdout]   20:     0x78f776fd83d4 - clone
[INFO] [stdout]   21:                0x0 - <unknown>
[INFO] [stdout] 
[INFO] [stdout] 
[INFO] [stdout] failures:
[INFO] [stdout]     icicle::tests::every_corpus_plan_nests_and_counts_every_node
[INFO] [stdout] 
[INFO] [stdout] test result: FAILED. 13 passed; 1 failed; 0 ignored; 0 measured; 0 filtered out; finished in 0.00s
[INFO] [stdout] 
[INFO] [stderr] error: test failed, to rerun pass `--lib`
[INFO] running `Command { std: "docker" "inspect" "ce8675f62567b82d7cbb16aee20031254041c25c48c9ace68039346b54f2cc8b", kill_on_drop: false }`
[INFO] running `Command { std: "docker" "rm" "-f" "ce8675f62567b82d7cbb16aee20031254041c25c48c9ace68039346b54f2cc8b", kill_on_drop: false }`
[INFO] [stdout] ce8675f62567b82d7cbb16aee20031254041c25c48c9ace68039346b54f2cc8b
