[INFO] fetching crate explainsql-core 0.3.0...
[INFO] testing explainsql-core-0.3.0 against 1.99.0-beta.8+cargoflags=--release for beta-release-1.100-2
[INFO] extracting crate explainsql-core 0.3.0 into /workspace/builds/worker-2-tc1/source
[INFO] started tweaking crates.io crate explainsql-core 0.3.0
[INFO] finished tweaking crates.io crate explainsql-core 0.3.0
[INFO] tweaked toml for crates.io crate explainsql-core 0.3.0 written to /workspace/builds/worker-2-tc1/source/Cargo.toml
[INFO] validating manifest of crates.io crate explainsql-core 0.3.0 on toolchain 1.99.0-beta.8
[INFO] running `Command { std: CARGO_HOME="/workspace/cargo-home" RUSTUP_HOME="/workspace/rustup-home" "/workspace/cargo-home/bin/cargo" "+1.99.0-beta.8" "metadata" "--manifest-path" "Cargo.toml" "--no-deps", kill_on_drop: false }`
[INFO] crate crates.io crate explainsql-core 0.3.0 already has a lockfile, it will not be regenerated
[INFO] running `Command { std: CARGO_HOME="/workspace/cargo-home" RUSTUP_HOME="/workspace/rustup-home" "/workspace/cargo-home/bin/cargo" "+1.99.0-beta.8" "fetch" "--manifest-path" "Cargo.toml", kill_on_drop: false }`
[INFO] running `Command { std: "docker" "create" "-v" "/var/lib/crater-agent-workspace/builds/worker-2-tc1/source:/opt/rustwide/workdir:ro,Z" "-v" "/var/lib/crater-agent-workspace/builds/worker-2-tc1/target:/opt/rustwide/target:rw,Z" "-v" "/var/lib/crater-agent-workspace/cargo-home:/opt/rustwide/cargo-home:ro,Z" "-v" "/var/lib/crater-agent-workspace/rustup-home:/opt/rustwide/rustup-home:ro,Z" "-m" "1610612736" "--network" "none" "ghcr.io/rust-lang/crates-build-env/linux@sha256:77db811e55d90add9212f6832c23229e3de5f1c1f9905e8cb07319ea15df73ac" "sleep" "infinity", kill_on_drop: false }`
[INFO] [stdout] 69cb05f0f16de0b31705312c75070b88faa2d06c287a9c65359ed97e58bde675
[INFO] running `Command { std: "docker" "start" "69cb05f0f16de0b31705312c75070b88faa2d06c287a9c65359ed97e58bde675", kill_on_drop: false }`
[INFO] running `Command { std: "docker" "inspect" "69cb05f0f16de0b31705312c75070b88faa2d06c287a9c65359ed97e58bde675", kill_on_drop: false }`
[INFO] running `Command { std: "docker" "exec" "-e" "SOURCE_DIR=/opt/rustwide/workdir" "-e" "CARGO_HOME=/opt/rustwide/cargo-home" "-e" "RUSTUP_HOME=/opt/rustwide/rustup-home" "-e" "CARGO_TARGET_DIR=/opt/rustwide/target" "-w" "/opt/rustwide/workdir" "--user" "0:0" "69cb05f0f16de0b31705312c75070b88faa2d06c287a9c65359ed97e58bde675" "/opt/rustwide/cargo-home/bin/cargo" "+1.99.0-beta.8" "metadata" "--no-deps" "--format-version=1", kill_on_drop: false }`
[INFO] running `Command { std: "docker" "inspect" "69cb05f0f16de0b31705312c75070b88faa2d06c287a9c65359ed97e58bde675", kill_on_drop: false }`
[INFO] running `Command { std: "docker" "exec" "-e" "SOURCE_DIR=/opt/rustwide/workdir" "-e" "CARGO_HOME=/opt/rustwide/cargo-home" "-e" "RUSTUP_HOME=/opt/rustwide/rustup-home" "-e" "CARGO_TARGET_DIR=/opt/rustwide/target" "-e" "CARGO_INCREMENTAL=0" "-e" "RUST_BACKTRACE=full" "-e" "RUSTFLAGS=--cap-lints=warn" "-e" "RUSTDOCFLAGS=--cap-lints=warn" "-w" "/opt/rustwide/workdir" "--user" "0:0" "69cb05f0f16de0b31705312c75070b88faa2d06c287a9c65359ed97e58bde675" "/opt/rustwide/cargo-home/bin/cargo" "+1.99.0-beta.8" "build" "--frozen" "--message-format=json" "--release", kill_on_drop: false }`
[INFO] [stderr]    Compiling proc-macro2 v1.0.107
[INFO] [stderr]    Compiling quote v1.0.47
[INFO] [stderr]    Compiling serde_json v1.0.151
[INFO] [stderr]    Compiling syn v3.0.6
[INFO] [stderr]    Compiling serde_derive v1.0.229
[INFO] [stderr]    Compiling serde v1.0.229
[INFO] [stderr]    Compiling explainsql-core v0.3.0 (/opt/rustwide/workdir)
[INFO] [stderr]     Finished `release` profile [optimized] target(s) in 1m 08s
[INFO] running `Command { std: "docker" "inspect" "69cb05f0f16de0b31705312c75070b88faa2d06c287a9c65359ed97e58bde675", kill_on_drop: false }`
[INFO] running `Command { std: "docker" "exec" "-e" "SOURCE_DIR=/opt/rustwide/workdir" "-e" "CARGO_HOME=/opt/rustwide/cargo-home" "-e" "RUSTUP_HOME=/opt/rustwide/rustup-home" "-e" "CARGO_TARGET_DIR=/opt/rustwide/target" "-e" "CARGO_INCREMENTAL=0" "-e" "RUST_BACKTRACE=full" "-e" "RUSTFLAGS=--cap-lints=warn" "-e" "RUSTDOCFLAGS=--cap-lints=warn" "-w" "/opt/rustwide/workdir" "--user" "0:0" "69cb05f0f16de0b31705312c75070b88faa2d06c287a9c65359ed97e58bde675" "/opt/rustwide/cargo-home/bin/cargo" "+1.99.0-beta.8" "test" "--frozen" "--no-run" "--message-format=json" "--release", kill_on_drop: false }`
[INFO] [stderr]    Compiling libc v0.2.190
[INFO] [stderr]    Compiling similar v2.7.0
[INFO] [stderr]    Compiling getrandom v0.4.3
[INFO] [stderr]    Compiling console v0.16.6
[INFO] [stderr]    Compiling tempfile v3.27.0
[INFO] [stderr]    Compiling insta v1.49.0
[INFO] [stderr]    Compiling explainsql-core v0.3.0 (/opt/rustwide/workdir)
[INFO] [stderr]     Finished `release` profile [optimized] target(s) in 1m 16s
[INFO] running `Command { std: "docker" "inspect" "69cb05f0f16de0b31705312c75070b88faa2d06c287a9c65359ed97e58bde675", kill_on_drop: false }`
[INFO] running `Command { std: "docker" "exec" "-e" "SOURCE_DIR=/opt/rustwide/workdir" "-e" "CARGO_HOME=/opt/rustwide/cargo-home" "-e" "RUSTUP_HOME=/opt/rustwide/rustup-home" "-e" "CARGO_TARGET_DIR=/opt/rustwide/target" "-e" "CARGO_INCREMENTAL=0" "-e" "RUST_BACKTRACE=full" "-e" "RUSTFLAGS=--cap-lints=warn" "-e" "RUSTDOCFLAGS=--cap-lints=warn" "-w" "/opt/rustwide/workdir" "--user" "0:0" "69cb05f0f16de0b31705312c75070b88faa2d06c287a9c65359ed97e58bde675" "/opt/rustwide/cargo-home/bin/cargo" "+1.99.0-beta.8" "test" "--frozen" "--release", kill_on_drop: false }`
[INFO] [stderr]     Finished `release` profile [optimized] target(s) in 0.08s
[INFO] [stderr]      Running unittests src/lib.rs (/opt/rustwide/target/release/deps/explainsql_core-2329684084090f20)
[INFO] [stdout] 
[INFO] [stdout] running 144 tests
[INFO] [stdout] test advisor::keys::tests::sorts_after_equality ... ok
[INFO] [stdout] test advisor::keys::tests::orders_keys_by_equality_then_range ... ok
[INFO] [stdout] test advisor::keys::tests::picks_the_operator_class ... ok
[INFO] [stdout] test advisor::refine::tests::explains_an_existing_index ... ok
[INFO] [stdout] test advisor::refine::tests::turns_a_foreign_key_into_an_index ... ok
[INFO] [stdout] test advisor::refine::tests::drops_pattern_ops_for_the_c_collation ... ok
[INFO] [stdout] test advisor::keys::tests::notices_what_no_index_serves ... ok
[INFO] [stdout] test advisor::keys::tests::takes_this_side_of_a_join ... ok
[INFO] [stdout] test anonymize::tests::keeps_names_when_asked ... ok
[INFO] [stdout] test anonymize::tests::counts_in_letters ... ok
[INFO] [stdout] test analysis::tests::sums_up_where_the_time_went ... ok
[INFO] [stdout] test anonymize::tests::keeps_every_reserved_keyword ... ok
[INFO] [stdout] test anonymize::tests::refuses_an_input_without_a_plan ... ok
[INFO] [stdout] test anonymize::tests::leaves_out_what_surrounds_a_plan ... ok
[INFO] [stdout] test anonymize::tests::names_the_same_thing_the_same_way_in_every_plan ... ok
[INFO] [stdout] test anonymize::tests::keeps_plan_words_types_and_functions ... ok
[INFO] [stdout] test anonymize::tests::keeps_what_aggregates_windows_and_subplans_print ... ok
[INFO] [stdout] test anonymize::tests::fences_plans_of_both_formats ... ok
[INFO] [stdout] test anonymize::tests::keeps_partitions_alike_and_other_names_apart ... ok
[INFO] [stdout] test anonymize::tests::names_a_statement_as_its_plan_does ... ok
[INFO] [stdout] test anonymize::tests::replaces_what_it_does_not_know_in_json ... ok
[INFO] [stdout] test anonymize::tests::replaces_names_in_lines_it_does_not_place ... ok
[INFO] [stdout] test anonymize::tests::replaces_names_and_values_in_a_text_plan ... ok
[INFO] [stdout] test check::tests::findings_fail_a_plan_from_the_severity_asked ... ok
[INFO] [stdout] test compare::tests::compares_two_plans ... ok
[INFO] [stdout] test compare::tests::estimated_plans_compare_by_cost ... ok
[INFO] [stdout] test check::tests::locks_plans ... ok
[INFO] [stdout] test anonymize::tests::rewrites_json_values_and_keeps_the_layout ... ok
[INFO] [stdout] test compare::tests::spills_count_like_pages ... ok
[INFO] [stdout] test check::tests::time_alone_does_not_fail_a_plan ... ok
[INFO] [stdout] test check::tests::a_plan_worse_than_its_locked_one_fails ... ok
[INFO] [stdout] test compare::tests::pages_decide_before_time ... ok
[INFO] [stdout] test counterfactual::tests::asks_about_the_hot_scans ... ok
[INFO] [stdout] test counterfactual::tests::asks_whether_more_memory_helps ... ok
[INFO] [stdout] test compare::tests::several_runs_compare_by_their_medians ... ok
[INFO] [stdout] test compare::tests::small_differences_are_noise ... ok
[INFO] [stdout] test counterfactual::tests::measurements_say_whether_the_planner_is_right ... ok
[INFO] [stdout] test counterfactual::tests::asks_why_a_nested_loop ... ok
[INFO] [stdout] test counterfactual::tests::an_index_that_cannot_serve_the_condition ... ok
[INFO] [stdout] test counterfactual::tests::estimates_say_how_much_the_planner_preferred_its_plan ... ok
[INFO] [stdout] test counterfactual::tests::puts_the_reason_into_the_advice ... ok
[INFO] [stdout] test counterfactual::tests::says_when_the_settings_changed_more_than_the_node ... ok
[INFO] [stdout] test counterfactual::tests::names_what_keeps_an_index_out ... ok
[INFO] [stdout] test diff::tests::names_partitions_by_what_they_share ... ok
[INFO] [stdout] test diff::tests::nodes_that_come_and_go ... ok
[INFO] [stdout] test diff::tests::another_join_order ... ok
[INFO] [stdout] test diff::tests::joins_that_go_away ... ok
[INFO] [stdout] test diff::tests::parallelism_and_partitions ... ok
[INFO] [stdout] test diff::tests::the_same_plan_has_no_changes ... ok
[INFO] [stdout] test expr::tests::classifies_access ... ok
[INFO] [stdout] test expr::tests::finds_comparisons ... ok
[INFO] [stdout] test expr::tests::splits_qualified_columns ... ok
[INFO] [stdout] test fingerprint::tests::a_plan_pruned_as_it_starts_has_the_shape_of_one_pruned_as_planned ... ok
[INFO] [stdout] test fingerprint::tests::blanks_numbers ... ok
[INFO] [stdout] test diff::tests::another_join_method ... ok
[INFO] [stdout] test fingerprint::tests::finds_the_same_scan_and_join_in_another_plan ... ok
[INFO] [stdout] test fingerprint::tests::tells_index_conditions_from_whole_index_reads ... ok
[INFO] [stdout] test fingerprint::tests::the_same_plan_has_the_same_shape_whatever_its_numbers ... ok
[INFO] [stdout] test check::tests::sums_up ... ok
[INFO] [stdout] test counterfactual::tests::points_at_the_advice_only_when_there_is_one ... ok
[INFO] [stdout] test diff::tests::another_access_path ... ok
[INFO] [stdout] test diff::tests::misestimates_and_spills ... ok
[INFO] [stdout] test expr::tests::splits_conditions ... ok
[INFO] [stdout] test format::tests::formats_numbers ... ok
[INFO] [stdout] test locks::tests::lists_locks_on_other_things ... ok
[INFO] [stdout] test locks::tests::modes_conflict_as_documented ... ok
[INFO] [stdout] test locks::tests::sizes_the_fast_path_by_version ... ok
[INFO] [stdout] test locks::tests::suggests_dropping_indexes_nothing_uses ... ok
[INFO] [stdout] test memory::tests::says_what_work_mem_may_take ... ok
[INFO] [stdout] test memory::tests::suggests_enough_work_mem ... ok
[INFO] [stdout] test metrics::tests::absorbs_rounding_in_the_least_precise_figures ... ok
[INFO] [stdout] test metrics::tests::accounts_for_time_outside_the_tree ... ok
[INFO] [stdout] test metrics::tests::charges_a_cte_to_the_scans_that_read_it ... ok
[INFO] [stdout] test metrics::tests::charges_an_initplan_to_the_node_that_reads_its_result ... ok
[INFO] [stdout] test metrics::tests::compares_io_with_the_time_of_every_process ... ok
[INFO] [stdout] test metrics::tests::divides_parallel_time_by_the_processes ... ok
[INFO] [stdout] test metrics::tests::misestimates_and_early_stops ... ok
[INFO] [stdout] test metrics::tests::multiplies_time_by_loops_but_not_buffers ... ok
[INFO] [stdout] test format::tests::names_nodes ... ok
[INFO] [stdout] test metrics::tests::splits_io_time_between_nodes ... ok
[INFO] [stdout] test locks::tests::counts_locks_outside_the_fast_path ... ok
[INFO] [stdout] test metrics::tests::subtracts_subplans_from_the_node_they_run_in ... ok
[INFO] [stdout] test metrics::tests::works_without_timing ... ok
[INFO] [stdout] test params::tests::finds_the_parameters_that_count_rows ... ok
[INFO] [stdout] test params::tests::maps_parameters_to_columns ... ok
[INFO] [stdout] test params::tests::picks_values_from_the_statistics ... ok
[INFO] [stdout] test params::tests::says_which_parameters_have_no_value ... ok
[INFO] [stdout] test params::tests::shows_values_as_sql_does ... ok
[INFO] [stdout] test locks::tests::names_the_generic_plans_cost ... ok
[INFO] [stdout] test metrics::tests::subtracts_children_from_time_and_buffers ... ok
[INFO] [stdout] test locks::tests::reports_sessions_in_the_way ... ok
[INFO] [stdout] test params::tests::tells_whether_the_plan_depends_on_the_values ... ok
[INFO] [stdout] test params::tests::tries_one_parameter_at_a_time_the_others_held ... ok
[INFO] [stdout] test params::tests::measured_values_say_what_the_generic_plan_costs ... ok
[INFO] [stdout] test pg::json::tests::accepts_an_auto_explain_object ... ok
[INFO] [stdout] test pg::json::tests::ignores_text_after_the_plan ... ok
[INFO] [stdout] test params::tests::partitions_pruned_as_the_generic_plan_starts_are_the_same_plan ... ok
[INFO] [stdout] test params::tests::reads_placeholders ... ok
[INFO] [stdout] test pg::log::tests::adds_the_steps_of_log_statement_to_its_duration ... ok
[INFO] [stdout] test pg::json::tests::numbers_nodes_in_plan_order ... ok
[INFO] [stdout] test pg::log::tests::reads_log_statement_with_log_duration ... ok
[INFO] [stdout] test pg::log::tests::reads_sessions_and_transactions_from_the_prefix ... ok
[INFO] [stdout] test pg::json::tests::rejects_what_is_not_a_plan ... ok
[INFO] [stdout] test pg::log::tests::leaves_out_a_record_cut_short ... ok
[INFO] [stdout] test pg::json::tests::repairs_a_truncated_plan ... ok
[INFO] [stdout] test pg::log::tests::reads_statement_logging ... FAILED
[INFO] [stdout] test pg::normalize::tests::cleans_line_endings_and_odd_characters ... ok
[INFO] [stdout] test pg::log::tests::reads_the_lines_of_statement_logging ... ok
[INFO] [stdout] test pg::log::tests::reads_the_line_prefix ... ok
[INFO] [stdout] test pg::log::tests::tells_a_stderr_log_with_many_commas_from_a_csvlog ... ok
[INFO] [stdout] test pg::normalize::tests::finds_auto_explain_entries_in_csvlog_records ... ok
[INFO] [stdout] test pg::normalize::tests::reads_csv_records ... ok
[INFO] [stdout] test pg::normalize::tests::reads_psql_aligned_text_and_drops_the_prompt ... ok
[INFO] [stdout] test pg::normalize::tests::recognizes_row_counts_and_separators ... ok
[INFO] [stdout] test pg::normalize::tests::removes_shared_indentation ... ok
[INFO] [stdout] test pg::normalize::tests::unquotes_copied_cells ... ok
[INFO] [stdout] test requests::tests::batches_carefully ... ok
[INFO] [stdout] test requests::tests::batches_with_any ... ok
[INFO] [stdout] test pg::normalize::tests::splits_a_multiline_query_text ... ok
[INFO] [stdout] test requests::tests::batches_with_lateral_what_works_per_value ... ok
[INFO] [stdout] test pg::normalize::tests::detects_json_and_text ... ok
[INFO] [stdout] test pg::normalize::tests::strips_a_markdown_fence ... ok
[INFO] [stdout] test requests::tests::calls_runs_without_values_a_loop ... ok
[INFO] [stdout] test pg::normalize::tests::joins_psql_continuation_marks ... ok
[INFO] [stdout] test requests::tests::finds_the_foreign_key ... ok
[INFO] [stdout] test pg::normalize::tests::reads_psql_border_zero ... ok
[INFO] [stdout] test requests::tests::tells_repeats_from_loops ... ok
[INFO] [stdout] test requests::tests::reads_tokens ... ok
[INFO] [stdout] test rules::es013_forced_plan::tests::names_the_node_postgresql_had_to_use_anyway ... ok
[INFO] [stdout] test rules::es013_forced_plan::tests::names_the_settings_when_no_node_is_disabled ... ok
[INFO] [stdout] test scenario::tests::refuses_everything_else ... ok
[INFO] [stdout] test timeline::tests::orders_timestamps ... ok
[INFO] [stdout] test requests::tests::groups_by_session_and_gaps ... ok
[INFO] [stdout] test top::tests::tells_what_cannot_be_planned ... ok
[INFO] [stdout] test rules::tests::rules_are_in_id_order ... ok
[INFO] [stdout] test timeline::tests::tells_statements_apart_by_their_text ... ok
[INFO] [stdout] test scenario::tests::accepts_planner_settings ... ok
[INFO] [stdout] test timeline::tests::reads_sqlcommenter_tags ... ok
[INFO] [stdout] test pg::json::tests::reads_plans_up_to_the_depth_limit ... ok
[INFO] [stdout] test writes::tests::names_the_indexes_that_keep_updates_from_being_hot ... ok
[INFO] [stdout] test writes::tests::reads_the_columns_an_update_sets ... ok
[INFO] [stdout] test writes::tests::records_the_proof ... ok
[INFO] [stdout] test writes::tests::says_when_the_page_had_no_room ... ok
[INFO] [stderr] error: test failed, to rerun pass `--lib`
[INFO] [stdout] test writes::tests::words_the_rows_and_the_full_page_images ... ok
[INFO] [stdout] 
[INFO] [stdout] failures:
[INFO] [stdout] 
[INFO] [stdout] ---- pg::log::tests::reads_statement_logging stdout ----
[INFO] [stdout] 
[INFO] [stdout] thread 'pg::log::tests::reads_statement_logging' (619) panicked at src/pg/log.rs:775:55:
[INFO] [stdout] called `Result::unwrap()` on an `Err` value: Os { code: 2, kind: NotFound, message: "No such file or directory" }
[INFO] [stdout] stack backtrace:
[INFO] [stdout]    0:     0x599c088f1bc1 - <<std[70759c8f55707aa4]::sys::backtrace::BacktraceLock>::print::DisplayBacktrace as core[df12db4294e9bfd3]::fmt::Display>::fmt
[INFO] [stdout]    1:     0x599c0890a6fa - core[df12db4294e9bfd3]::fmt::write
[INFO] [stdout]    2:     0x599c088f65cc - <alloc[2182bb758b4b3781]::vec::Vec<u8> as core[df12db4294e9bfd3]::io::write::Write>::write_fmt
[INFO] [stdout]    3:     0x599c088caef6 - std[70759c8f55707aa4]::panicking::default_hook::{closure#0}
[INFO] [stdout]    4:     0x599c088e8db9 - std[70759c8f55707aa4]::panicking::default_hook
[INFO] [stdout]    5:     0x599c0887a610 - test[9d35eded1c95d3be]::test_main_inner::<test[9d35eded1c95d3be]::test_main_static::{closure#0}>::{closure#0}
[INFO] [stdout]    6:     0x599c088e8f72 - std[70759c8f55707aa4]::panicking::panic_with_hook
[INFO] [stdout]    7:     0x599c088cafa2 - std[70759c8f55707aa4]::panicking::panic_handler::{closure#0}
[INFO] [stdout]    8:     0x599c088c3849 - std[70759c8f55707aa4]::sys::backtrace::__rust_end_short_backtrace::<std[70759c8f55707aa4]::panicking::panic_handler::{closure#0}, !>
[INFO] [stdout]    9:     0x599c088cbc3d - __rustc[8fa7c3cbc660c2b3]::rust_begin_unwind
[INFO] [stdout]   10:     0x599c0890ae5c - core[df12db4294e9bfd3]::panicking::panic_fmt
[INFO] [stdout]   11:     0x599c0890ac32 - core[df12db4294e9bfd3]::result::unwrap_failed
[INFO] [stdout]   12:     0x599c087d7e8d - explainsql_core[ee91af36d9465957]::pg::log::tests::reads_statement_logging::{closure#0}
[INFO] [stdout]   13:     0x599c087e0c77 - explainsql_core[ee91af36d9465957]::pg::log::tests::reads_statement_logging
[INFO] [stdout]   14:     0x599c08720109 - <explainsql_core[ee91af36d9465957]::pg::log::tests::reads_statement_logging::{closure#0} as core[df12db4294e9bfd3]::ops::function::FnOnce<()>>::call_once
[INFO] [stdout]   15:     0x599c0886d8fb - test[9d35eded1c95d3be]::__rust_begin_short_backtrace::<core[df12db4294e9bfd3]::result::Result<(), alloc[2182bb758b4b3781]::string::String>, fn() -> core[df12db4294e9bfd3]::result::Result<(), alloc[2182bb758b4b3781]::string::String>>
[INFO] [stdout]   16:     0x599c0887af65 - test[9d35eded1c95d3be]::run_test::{closure#0}
[INFO] [stdout]   17:     0x599c08874824 - std[70759c8f55707aa4]::sys::backtrace::__rust_begin_short_backtrace::<test[9d35eded1c95d3be]::run_test::{closure#1}, ()>
[INFO] [stdout]   18:     0x599c0887e0c2 - <std[70759c8f55707aa4]::thread::lifecycle::spawn_unchecked<test[9d35eded1c95d3be]::run_test::{closure#1}, ()>::{closure#1} as core[df12db4294e9bfd3]::ops::function::FnOnce<()>>::call_once::{shim:vtable#0}
[INFO] [stdout]   19:     0x599c088f0be9 - <std[70759c8f55707aa4]::sys::thread::unix::Thread>::new::thread_start
[INFO] [stdout]   20:     0x73623aa1adfa - <unknown>
[INFO] [stdout]   21:     0x73623aaae3d4 - clone
[INFO] [stdout]   22:                0x0 - <unknown>
[INFO] [stdout] 
[INFO] [stdout] 
[INFO] [stdout] failures:
[INFO] [stdout]     pg::log::tests::reads_statement_logging
[INFO] [stdout] 
[INFO] [stdout] test result: FAILED. 143 passed; 1 failed; 0 ignored; 0 measured; 0 filtered out; finished in 0.17s
[INFO] [stdout] 
[INFO] running `Command { std: "docker" "inspect" "69cb05f0f16de0b31705312c75070b88faa2d06c287a9c65359ed97e58bde675", kill_on_drop: false }`
[INFO] running `Command { std: "docker" "rm" "-f" "69cb05f0f16de0b31705312c75070b88faa2d06c287a9c65359ed97e58bde675", kill_on_drop: false }`
[INFO] [stdout] 69cb05f0f16de0b31705312c75070b88faa2d06c287a9c65359ed97e58bde675
