[INFO] fetching crate expire_set 0.1.10...
[INFO] testing expire_set-0.1.10 against 1.100.0-beta.1+cargoflags=--release for beta-release-1.100-2
[INFO] extracting crate expire_set 0.1.10 into /workspace/builds/worker-5-tc2/source
[INFO] started tweaking crates.io crate expire_set 0.1.10
[INFO] removed 0 missing tests
[INFO] finished tweaking crates.io crate expire_set 0.1.10
[INFO] tweaked toml for crates.io crate expire_set 0.1.10 written to /workspace/builds/worker-5-tc2/source/Cargo.toml
[INFO] validating manifest of crates.io crate expire_set 0.1.10 on toolchain 1.100.0-beta.1
[INFO] running `Command { std: CARGO_HOME="/workspace/cargo-home" RUSTUP_HOME="/workspace/rustup-home" "/workspace/cargo-home/bin/cargo" "+1.100.0-beta.1" "metadata" "--manifest-path" "Cargo.toml" "--no-deps", kill_on_drop: false }`
[INFO] crate crates.io crate expire_set 0.1.10 already has a lockfile, it will not be regenerated
[INFO] running `Command { std: CARGO_HOME="/workspace/cargo-home" RUSTUP_HOME="/workspace/rustup-home" "/workspace/cargo-home/bin/cargo" "+1.100.0-beta.1" "fetch" "--manifest-path" "Cargo.toml", kill_on_drop: false }`
[INFO] running `Command { std: "docker" "create" "-v" "/var/lib/crater-agent-workspace/builds/worker-5-tc2/source:/opt/rustwide/workdir:ro,Z" "-v" "/var/lib/crater-agent-workspace/builds/worker-5-tc2/target:/opt/rustwide/target:rw,Z" "-v" "/var/lib/crater-agent-workspace/cargo-home:/opt/rustwide/cargo-home:ro,Z" "-v" "/var/lib/crater-agent-workspace/rustup-home:/opt/rustwide/rustup-home:ro,Z" "-m" "1610612736" "--network" "none" "ghcr.io/rust-lang/crates-build-env/linux@sha256:77db811e55d90add9212f6832c23229e3de5f1c1f9905e8cb07319ea15df73ac" "sleep" "infinity", kill_on_drop: false }`
[INFO] [stdout] 63c77f550c44c4cb784816ce508acb8c8d54f60474a3db0bfbf68e7601f953c1
[INFO] running `Command { std: "docker" "start" "63c77f550c44c4cb784816ce508acb8c8d54f60474a3db0bfbf68e7601f953c1", kill_on_drop: false }`
[INFO] running `Command { std: "docker" "inspect" "63c77f550c44c4cb784816ce508acb8c8d54f60474a3db0bfbf68e7601f953c1", kill_on_drop: false }`
[INFO] running `Command { std: "docker" "exec" "-e" "SOURCE_DIR=/opt/rustwide/workdir" "-e" "CARGO_HOME=/opt/rustwide/cargo-home" "-e" "RUSTUP_HOME=/opt/rustwide/rustup-home" "-e" "CARGO_TARGET_DIR=/opt/rustwide/target" "-w" "/opt/rustwide/workdir" "--user" "0:0" "63c77f550c44c4cb784816ce508acb8c8d54f60474a3db0bfbf68e7601f953c1" "/opt/rustwide/cargo-home/bin/cargo" "+1.100.0-beta.1" "metadata" "--no-deps" "--format-version=1", kill_on_drop: false }`
[INFO] running `Command { std: "docker" "inspect" "63c77f550c44c4cb784816ce508acb8c8d54f60474a3db0bfbf68e7601f953c1", kill_on_drop: false }`
[INFO] running `Command { std: "docker" "exec" "-e" "SOURCE_DIR=/opt/rustwide/workdir" "-e" "CARGO_HOME=/opt/rustwide/cargo-home" "-e" "RUSTUP_HOME=/opt/rustwide/rustup-home" "-e" "CARGO_TARGET_DIR=/opt/rustwide/target" "-e" "CARGO_INCREMENTAL=0" "-e" "RUST_BACKTRACE=full" "-e" "RUSTFLAGS=--cap-lints=warn" "-e" "RUSTDOCFLAGS=--cap-lints=warn" "-w" "/opt/rustwide/workdir" "--user" "0:0" "63c77f550c44c4cb784816ce508acb8c8d54f60474a3db0bfbf68e7601f953c1" "/opt/rustwide/cargo-home/bin/cargo" "+1.100.0-beta.1" "build" "--frozen" "--message-format=json" "--release", kill_on_drop: false }`
[INFO] [stderr]    Compiling smallvec v1.15.2
[INFO] [stderr]    Compiling sendptr v0.1.3
[INFO] [stderr]    Compiling seize v0.5.1
[INFO] [stderr]    Compiling syn v2.0.118
[INFO] [stderr]    Compiling aok v0.1.18
[INFO] [stderr]    Compiling boxleak v0.1.2
[INFO] [stderr]    Compiling parking_lot_core v0.9.12
[INFO] [stderr]    Compiling papaya v0.2.4
[INFO] [stderr]    Compiling parking_lot v0.12.5
[INFO] [stderr]    Compiling tokio-macros v2.7.0
[INFO] [stderr]    Compiling tokio v1.52.3
[INFO] [stderr]    Compiling expire_cache v0.1.26
[INFO] [stderr]    Compiling expire_set v0.1.10 (/opt/rustwide/workdir)
[INFO] [stderr]     Finished `release` profile [optimized] target(s) in 10.62s
[INFO] running `Command { std: "docker" "inspect" "63c77f550c44c4cb784816ce508acb8c8d54f60474a3db0bfbf68e7601f953c1", kill_on_drop: false }`
[INFO] running `Command { std: "docker" "exec" "-e" "SOURCE_DIR=/opt/rustwide/workdir" "-e" "CARGO_HOME=/opt/rustwide/cargo-home" "-e" "RUSTUP_HOME=/opt/rustwide/rustup-home" "-e" "CARGO_TARGET_DIR=/opt/rustwide/target" "-e" "CARGO_INCREMENTAL=0" "-e" "RUST_BACKTRACE=full" "-e" "RUSTFLAGS=--cap-lints=warn" "-e" "RUSTDOCFLAGS=--cap-lints=warn" "-w" "/opt/rustwide/workdir" "--user" "0:0" "63c77f550c44c4cb784816ce508acb8c8d54f60474a3db0bfbf68e7601f953c1" "/opt/rustwide/cargo-home/bin/cargo" "+1.100.0-beta.1" "test" "--frozen" "--no-run" "--message-format=json" "--release", kill_on_drop: false }`
[INFO] [stderr]    Compiling serde_derive v1.0.228
[INFO] [stderr]    Compiling syn v1.0.109
[INFO] [stderr]    Compiling jiff v0.2.28
[INFO] [stderr]    Compiling memchr v2.8.2
[INFO] [stderr]    Compiling static_init_macro v1.0.4
[INFO] [stderr]    Compiling static_init v1.0.4
[INFO] [stderr]    Compiling colored v3.1.1
[INFO] [stderr]    Compiling log v0.4.32
[INFO] [stderr]    Compiling coarsetime v0.1.37
[INFO] [stderr]    Compiling serde_json v1.0.150
[INFO] [stderr]    Compiling serde v1.0.228
[INFO] [stderr]    Compiling logforth-core v0.4.0
[INFO] [stderr]    Compiling logforth-filter-rustlog v0.4.0
[INFO] [stderr]    Compiling logforth-bridge-log v0.4.1
[INFO] [stderr]    Compiling logforth-append-file v0.4.0
[INFO] [stderr]    Compiling logforth-layout-json v0.4.0
[INFO] [stderr]    Compiling logforth-layout-text v0.4.0
[INFO] [stderr]    Compiling logforth v0.30.1
[INFO] [stderr]    Compiling log_init v0.1.38
[INFO] [stderr]    Compiling expire_set v0.1.10 (/opt/rustwide/workdir)
[INFO] [stderr]     Finished `release` profile [optimized] target(s) in 22.99s
[INFO] [stderr] warning: the following packages contain code that will be rejected by a future version of Rust: static_init v1.0.4, static_init_macro v1.0.4
[INFO] [stderr] note: to see what the problems were, use the option `--future-incompat-report`, or run `cargo report future-incompatibilities --id 2`
[INFO] running `Command { std: "docker" "inspect" "63c77f550c44c4cb784816ce508acb8c8d54f60474a3db0bfbf68e7601f953c1", kill_on_drop: false }`
[INFO] running `Command { std: "docker" "exec" "-e" "SOURCE_DIR=/opt/rustwide/workdir" "-e" "CARGO_HOME=/opt/rustwide/cargo-home" "-e" "RUSTUP_HOME=/opt/rustwide/rustup-home" "-e" "CARGO_TARGET_DIR=/opt/rustwide/target" "-e" "CARGO_INCREMENTAL=0" "-e" "RUST_BACKTRACE=full" "-e" "RUSTFLAGS=--cap-lints=warn" "-e" "RUSTDOCFLAGS=--cap-lints=warn" "-w" "/opt/rustwide/workdir" "--user" "0:0" "63c77f550c44c4cb784816ce508acb8c8d54f60474a3db0bfbf68e7601f953c1" "/opt/rustwide/cargo-home/bin/cargo" "+1.100.0-beta.1" "test" "--frozen" "--release", kill_on_drop: false }`
[INFO] [stderr]     Finished `release` profile [optimized] target(s) in 0.16s
[INFO] [stderr] warning: the following packages contain code that will be rejected by a future version of Rust: static_init v1.0.4, static_init_macro v1.0.4
[INFO] [stderr] note: to see what the problems were, use the option `--future-incompat-report`, or run `cargo report future-incompatibilities --id 2`
[INFO] [stderr]      Running unittests src/lib.rs (/opt/rustwide/target/release/build/expire_set/78a4b72f47d6a397/out/expire_set-78a4b72f47d6a397)
[INFO] [stdout] 
[INFO] [stderr]      Running tests/main.rs (/opt/rustwide/target/release/build/expire_set/d6aeaee69dc5893e/out/main-d6aeaee69dc5893e)
[INFO] [stdout] running 0 tests
[INFO] [stdout] 
[INFO] [stdout] test result: ok. 0 passed; 0 failed; 0 ignored; 0 measured; 0 filtered out; finished in 0.00s
[INFO] [stdout] 
[INFO] [stdout] 
[INFO] [stdout] running 6 tests
[INFO] [stdout] test test_basic_insert_and_contains ... ok
[INFO] [stdout] test test_duplicate_inserts ... ok
[INFO] [stdout] test test_concurrent_access ... ok
[INFO] [stdout] test test_sync ... ok
[INFO] [stdout] test test_cache_rotation ... FAILED
[INFO] [stdout] test test_expiration ... FAILED
[INFO] [stderr] error: test failed, to rerun pass `--test main`
[INFO] [stdout] 
[INFO] [stdout] failures:
[INFO] [stdout] 
[INFO] [stdout] ---- test_cache_rotation stdout ----
[INFO] [stdout] 
[INFO] [stdout] thread 'test_cache_rotation' (785) panicked at tests/main.rs:93:3:
[INFO] [stdout] assertion failed: set.contains(&5)
[INFO] [stdout] stack backtrace:
[INFO] [stdout]    0:     0x6528928f2041 - <<std[617be2ca0a6fd877]::sys::backtrace::BacktraceLock>::print::DisplayBacktrace as core[a373ad73a504971]::fmt::Display>::fmt
[INFO] [stdout]    1:     0x65289290814a - core[a373ad73a504971]::fmt::write
[INFO] [stdout]    2:     0x6528928f6b4c - <alloc[2e1b2a31b91974c5]::vec::Vec<u8> as core[a373ad73a504971]::io::write::Write>::write_fmt
[INFO] [stdout]    3:     0x6528928ccb16 - std[617be2ca0a6fd877]::panicking::default_hook::{closure#0}
[INFO] [stdout]    4:     0x6528928e9cc9 - std[617be2ca0a6fd877]::panicking::default_hook
[INFO] [stdout]    5:     0x652892866300 - test[aada8e7e76ba119b]::test_main_inner::{closure#0}
[INFO] [stdout]    6:     0x6528928e9ff2 - std[617be2ca0a6fd877]::panicking::panic_with_hook
[INFO] [stdout]    7:     0x6528928ccbf4 - std[617be2ca0a6fd877]::panicking::panic_handler::{closure#0}
[INFO] [stdout]    8:     0x6528928c5099 - std[617be2ca0a6fd877]::sys::backtrace::__rust_end_short_backtrace::<std[617be2ca0a6fd877]::panicking::panic_handler::{closure#0}, !>
[INFO] [stdout]    9:     0x6528928cd95d - __rustc[ea4f61d10b84890b]::rust_begin_unwind
[INFO] [stdout]   10:     0x65289290892c - core[a373ad73a504971]::panicking::panic_fmt
[INFO] [stdout]   11:     0x6528929088f2 - core[a373ad73a504971]::panicking::panic
[INFO] [stdout]   12:     0x6528928108ff - main[b1dfc34901cc4c47]::test_cache_rotation::{closure#0}
[INFO] [stdout]   13:     0x6528928150f8 - <tokio[8a1ea430b760ac51]::runtime::scheduler::current_thread::Context>::enter::<core[a373ad73a504971]::task::poll::Poll<core[a373ad73a504971]::result::Result<(), anyhow[3c0f068ba3553bf4]::Error>>, <tokio[8a1ea430b760ac51]::runtime::scheduler::current_thread::CoreGuard>::block_on<core[a373ad73a504971]::pin::Pin<&mut core[a373ad73a504971]::pin::Pin<&mut dyn core[a373ad73a504971]::future::future::Future<Output = core[a373ad73a504971]::result::Result<(), anyhow[3c0f068ba3553bf4]::Error>>>>>::{closure#0}::{closure#0}>
[INFO] [stdout]   14:     0x6528928177c9 - <std[617be2ca0a6fd877]::thread::local::LocalKey<tokio[8a1ea430b760ac51]::runtime::context::Context>>::with::<tokio[8a1ea430b760ac51]::runtime::context::set_scheduler<(alloc[2e1b2a31b91974c5]::boxed::Box<tokio[8a1ea430b760ac51]::runtime::scheduler::current_thread::Core>, core[a373ad73a504971]::option::Option<core[a373ad73a504971]::result::Result<(), anyhow[3c0f068ba3553bf4]::Error>>), <tokio[8a1ea430b760ac51]::runtime::scheduler::current_thread::CoreGuard>::enter<<tokio[8a1ea430b760ac51]::runtime::scheduler::current_thread::CoreGuard>::block_on<core[a373ad73a504971]::pin::Pin<&mut core[a373ad73a504971]::pin::Pin<&mut dyn core[a373ad73a504971]::future::future::Future<Output = core[a373ad73a504971]::result::Result<(), anyhow[3c0f068ba3553bf4]::Error>>>>>::{closure#0}, core[a373ad73a504971]::option::Option<core[a373ad73a504971]::result::Result<(), anyhow[3c0f068ba3553bf4]::Error>>>::{closure#0}>::{closure#0}, (alloc[2e1b2a31b91974c5]::boxed::Box<tokio[8a1ea430b760ac51]::runtime::scheduler::current_thread::Core>, core[a373ad73a504971]::option::Option<core[a373ad73a504971]::result::Result<(), anyhow[3c0f068ba3553bf4]::Error>>)>
[INFO] [stdout]   15:     0x6528928158ee - <tokio[8a1ea430b760ac51]::runtime::scheduler::current_thread::CoreGuard>::block_on::<core[a373ad73a504971]::pin::Pin<&mut core[a373ad73a504971]::pin::Pin<&mut dyn core[a373ad73a504971]::future::future::Future<Output = core[a373ad73a504971]::result::Result<(), anyhow[3c0f068ba3553bf4]::Error>>>>>
[INFO] [stdout]   16:     0x65289281ae2e - tokio[8a1ea430b760ac51]::runtime::context::runtime::enter_runtime::<<tokio[8a1ea430b760ac51]::runtime::scheduler::current_thread::CurrentThread>::block_on<core[a373ad73a504971]::pin::Pin<&mut dyn core[a373ad73a504971]::future::future::Future<Output = core[a373ad73a504971]::result::Result<(), anyhow[3c0f068ba3553bf4]::Error>>>>::{closure#0}, core[a373ad73a504971]::result::Result<(), anyhow[3c0f068ba3553bf4]::Error>>
[INFO] [stdout]   17:     0x652892819dea - <tokio[8a1ea430b760ac51]::runtime::runtime::Runtime>::block_on::<core[a373ad73a504971]::pin::Pin<&mut dyn core[a373ad73a504971]::future::future::Future<Output = core[a373ad73a504971]::result::Result<(), anyhow[3c0f068ba3553bf4]::Error>>>>
[INFO] [stdout]   18:     0x652892812dc3 - <main[b1dfc34901cc4c47]::test_cache_rotation::{closure#0} as core[a373ad73a504971]::ops::function::FnOnce<()>>::call_once
[INFO] [stdout]   19:     0x65289285974b - test[aada8e7e76ba119b]::__rust_begin_short_backtrace::<core[a373ad73a504971]::result::Result<(), alloc[2e1b2a31b91974c5]::string::String>, fn() -> core[a373ad73a504971]::result::Result<(), alloc[2e1b2a31b91974c5]::string::String>>
[INFO] [stdout]   20:     0x652892866925 - test[aada8e7e76ba119b]::run_test::{closure#0}
[INFO] [stdout]   21:     0x652892860214 - std[617be2ca0a6fd877]::sys::backtrace::__rust_begin_short_backtrace::<test[aada8e7e76ba119b]::run_test::{closure#1}, ()>
[INFO] [stdout]   22:     0x6528928699b2 - <std[617be2ca0a6fd877]::thread::lifecycle::spawn_unchecked<test[aada8e7e76ba119b]::run_test::{closure#1}, ()>::{closure#1} as core[a373ad73a504971]::ops::function::FnOnce<()>>::call_once::{shim:vtable#0}
[INFO] [stdout]   23:     0x6528928f14df - <std[617be2ca0a6fd877]::sys::thread::unix::Thread>::new::thread_start
[INFO] [stdout]   24:     0x7a0c780f7dfa - <unknown>
[INFO] [stdout]   25:     0x7a0c7818b3d4 - clone
[INFO] [stdout]   26:                0x0 - <unknown>
[INFO] [stdout] 
[INFO] [stdout] ---- test_expiration stdout ----
[INFO] [stdout] 
[INFO] [stdout] thread 'test_expiration' (788) panicked at tests/main.rs:58:3:
[INFO] [stdout] assertion failed: set.contains(&"expire1".to_string())
[INFO] [stdout] stack backtrace:
[INFO] [stdout]    0:     0x6528928f2041 - <<std[617be2ca0a6fd877]::sys::backtrace::BacktraceLock>::print::DisplayBacktrace as core[a373ad73a504971]::fmt::Display>::fmt
[INFO] [stdout]    1:     0x65289290814a - core[a373ad73a504971]::fmt::write
[INFO] [stdout]    2:     0x6528928f6b4c - <alloc[2e1b2a31b91974c5]::vec::Vec<u8> as core[a373ad73a504971]::io::write::Write>::write_fmt
[INFO] [stdout]    3:     0x6528928ccb16 - std[617be2ca0a6fd877]::panicking::default_hook::{closure#0}
[INFO] [stdout]    4:     0x6528928e9cc9 - std[617be2ca0a6fd877]::panicking::default_hook
[INFO] [stdout]    5:     0x652892866300 - test[aada8e7e76ba119b]::test_main_inner::{closure#0}
[INFO] [stdout]    6:     0x6528928e9ff2 - std[617be2ca0a6fd877]::panicking::panic_with_hook
[INFO] [stdout]    7:     0x6528928ccbf4 - std[617be2ca0a6fd877]::panicking::panic_handler::{closure#0}
[INFO] [stdout]    8:     0x6528928c5099 - std[617be2ca0a6fd877]::sys::backtrace::__rust_end_short_backtrace::<std[617be2ca0a6fd877]::panicking::panic_handler::{closure#0}, !>
[INFO] [stdout]    9:     0x6528928cd95d - __rustc[ea4f61d10b84890b]::rust_begin_unwind
[INFO] [stdout]   10:     0x65289290892c - core[a373ad73a504971]::panicking::panic_fmt
[INFO] [stdout]   11:     0x6528929088f2 - core[a373ad73a504971]::panicking::panic
[INFO] [stdout]   12:     0x65289280fce5 - main[b1dfc34901cc4c47]::test_expiration::{closure#0}
[INFO] [stdout]   13:     0x6528928150f8 - <tokio[8a1ea430b760ac51]::runtime::scheduler::current_thread::Context>::enter::<core[a373ad73a504971]::task::poll::Poll<core[a373ad73a504971]::result::Result<(), anyhow[3c0f068ba3553bf4]::Error>>, <tokio[8a1ea430b760ac51]::runtime::scheduler::current_thread::CoreGuard>::block_on<core[a373ad73a504971]::pin::Pin<&mut core[a373ad73a504971]::pin::Pin<&mut dyn core[a373ad73a504971]::future::future::Future<Output = core[a373ad73a504971]::result::Result<(), anyhow[3c0f068ba3553bf4]::Error>>>>>::{closure#0}::{closure#0}>
[INFO] [stdout]   14:     0x6528928177c9 - <std[617be2ca0a6fd877]::thread::local::LocalKey<tokio[8a1ea430b760ac51]::runtime::context::Context>>::with::<tokio[8a1ea430b760ac51]::runtime::context::set_scheduler<(alloc[2e1b2a31b91974c5]::boxed::Box<tokio[8a1ea430b760ac51]::runtime::scheduler::current_thread::Core>, core[a373ad73a504971]::option::Option<core[a373ad73a504971]::result::Result<(), anyhow[3c0f068ba3553bf4]::Error>>), <tokio[8a1ea430b760ac51]::runtime::scheduler::current_thread::CoreGuard>::enter<<tokio[8a1ea430b760ac51]::runtime::scheduler::current_thread::CoreGuard>::block_on<core[a373ad73a504971]::pin::Pin<&mut core[a373ad73a504971]::pin::Pin<&mut dyn core[a373ad73a504971]::future::future::Future<Output = core[a373ad73a504971]::result::Result<(), anyhow[3c0f068ba3553bf4]::Error>>>>>::{closure#0}, core[a373ad73a504971]::option::Option<core[a373ad73a504971]::result::Result<(), anyhow[3c0f068ba3553bf4]::Error>>>::{closure#0}>::{closure#0}, (alloc[2e1b2a31b91974c5]::boxed::Box<tokio[8a1ea430b760ac51]::runtime::scheduler::current_thread::Core>, core[a373ad73a504971]::option::Option<core[a373ad73a504971]::result::Result<(), anyhow[3c0f068ba3553bf4]::Error>>)>
[INFO] [stdout]   15:     0x6528928158ee - <tokio[8a1ea430b760ac51]::runtime::scheduler::current_thread::CoreGuard>::block_on::<core[a373ad73a504971]::pin::Pin<&mut core[a373ad73a504971]::pin::Pin<&mut dyn core[a373ad73a504971]::future::future::Future<Output = core[a373ad73a504971]::result::Result<(), anyhow[3c0f068ba3553bf4]::Error>>>>>
[INFO] [stdout]   16:     0x65289281ae2e - tokio[8a1ea430b760ac51]::runtime::context::runtime::enter_runtime::<<tokio[8a1ea430b760ac51]::runtime::scheduler::current_thread::CurrentThread>::block_on<core[a373ad73a504971]::pin::Pin<&mut dyn core[a373ad73a504971]::future::future::Future<Output = core[a373ad73a504971]::result::Result<(), anyhow[3c0f068ba3553bf4]::Error>>>>::{closure#0}, core[a373ad73a504971]::result::Result<(), anyhow[3c0f068ba3553bf4]::Error>>
[INFO] [stdout]   17:     0x652892819dea - <tokio[8a1ea430b760ac51]::runtime::runtime::Runtime>::block_on::<core[a373ad73a504971]::pin::Pin<&mut dyn core[a373ad73a504971]::future::future::Future<Output = core[a373ad73a504971]::result::Result<(), anyhow[3c0f068ba3553bf4]::Error>>>>
[INFO] [stdout]   18:     0x652892812b63 - <main[b1dfc34901cc4c47]::test_expiration::{closure#0} as core[a373ad73a504971]::ops::function::FnOnce<()>>::call_once
[INFO] [stdout]   19:     0x65289285974b - test[aada8e7e76ba119b]::__rust_begin_short_backtrace::<core[a373ad73a504971]::result::Result<(), alloc[2e1b2a31b91974c5]::string::String>, fn() -> core[a373ad73a504971]::result::Result<(), alloc[2e1b2a31b91974c5]::string::String>>
[INFO] [stdout]   20:     0x652892866925 - test[aada8e7e76ba119b]::run_test::{closure#0}
[INFO] [stdout]   21:     0x652892860214 - std[617be2ca0a6fd877]::sys::backtrace::__rust_begin_short_backtrace::<test[aada8e7e76ba119b]::run_test::{closure#1}, ()>
[INFO] [stdout]   22:     0x6528928699b2 - <std[617be2ca0a6fd877]::thread::lifecycle::spawn_unchecked<test[aada8e7e76ba119b]::run_test::{closure#1}, ()>::{closure#1} as core[a373ad73a504971]::ops::function::FnOnce<()>>::call_once::{shim:vtable#0}
[INFO] [stdout]   23:     0x6528928f14df - <std[617be2ca0a6fd877]::sys::thread::unix::Thread>::new::thread_start
[INFO] [stdout]   24:     0x7a0c780f7dfa - <unknown>
[INFO] [stdout]   25:     0x7a0c7818b3d4 - clone
[INFO] [stdout]   26:                0x0 - <unknown>
[INFO] [stdout] 
[INFO] [stdout] 
[INFO] [stdout] failures:
[INFO] [stdout]     test_cache_rotation
[INFO] [stdout]     test_expiration
[INFO] [stdout] 
[INFO] [stdout] test result: FAILED. 4 passed; 2 failed; 0 ignored; 0 measured; 0 filtered out; finished in 3.52s
[INFO] [stdout] 
[INFO] running `Command { std: "docker" "inspect" "63c77f550c44c4cb784816ce508acb8c8d54f60474a3db0bfbf68e7601f953c1", kill_on_drop: false }`
[INFO] running `Command { std: "docker" "rm" "-f" "63c77f550c44c4cb784816ce508acb8c8d54f60474a3db0bfbf68e7601f953c1", kill_on_drop: false }`
[INFO] [stdout] 63c77f550c44c4cb784816ce508acb8c8d54f60474a3db0bfbf68e7601f953c1
