[INFO] fetching crate expectrl 0.9.0...
[INFO] testing expectrl-0.9.0 against 1.99.0-beta.8+cargoflags=--release for beta-release-1.100-2
[INFO] extracting crate expectrl 0.9.0 into /workspace/builds/worker-3-tc1/source
[INFO] started tweaking crates.io crate expectrl 0.9.0
[INFO] removed 0 missing examples
[INFO] removed 0 missing tests
[INFO] finished tweaking crates.io crate expectrl 0.9.0
[INFO] tweaked toml for crates.io crate expectrl 0.9.0 written to /workspace/builds/worker-3-tc1/source/Cargo.toml
[INFO] validating manifest of crates.io crate expectrl 0.9.0 on toolchain 1.99.0-beta.8
[INFO] running `Command { std: CARGO_HOME="/workspace/cargo-home" RUSTUP_HOME="/workspace/rustup-home" "/workspace/cargo-home/bin/cargo" "+1.99.0-beta.8" "metadata" "--manifest-path" "Cargo.toml" "--no-deps", kill_on_drop: false }`
[INFO] crate crates.io crate expectrl 0.9.0 already has a lockfile, it will not be regenerated
[INFO] running `Command { std: CARGO_HOME="/workspace/cargo-home" RUSTUP_HOME="/workspace/rustup-home" "/workspace/cargo-home/bin/cargo" "+1.99.0-beta.8" "fetch" "--manifest-path" "Cargo.toml", kill_on_drop: false }`
[INFO] [stderr]     Updating crates.io index
[INFO] [stderr]  Downloading crates ...
[INFO] [stderr]   Downloaded crossbeam-channel v0.5.14
[INFO] [stderr]   Downloaded ptyprocess v0.5.0
[INFO] [stderr]   Downloaded conpty v0.5.1
[INFO] [stderr]   Downloaded log v0.4.25
[INFO] [stderr]   Downloaded async-channel v2.3.1
[INFO] [stderr]   Downloaded event-listener-strategy v0.5.3
[INFO] [stderr]   Downloaded blocking v1.6.1
[INFO] [stderr]   Downloaded futures-lite v2.6.0
[INFO] [stderr]   Downloaded event-listener v5.4.0
[INFO] [stderr]   Downloaded windows v0.44.0
[INFO] running `Command { std: "docker" "create" "-v" "/var/lib/crater-agent-workspace/builds/worker-3-tc1/source:/opt/rustwide/workdir:ro,Z" "-v" "/var/lib/crater-agent-workspace/builds/worker-3-tc1/target:/opt/rustwide/target:rw,Z" "-v" "/var/lib/crater-agent-workspace/cargo-home:/opt/rustwide/cargo-home:ro,Z" "-v" "/var/lib/crater-agent-workspace/rustup-home:/opt/rustwide/rustup-home:ro,Z" "-m" "1610612736" "--network" "none" "ghcr.io/rust-lang/crates-build-env/linux@sha256:77db811e55d90add9212f6832c23229e3de5f1c1f9905e8cb07319ea15df73ac" "sleep" "infinity", kill_on_drop: false }`
[INFO] [stdout] 34074a7e47ec8b95f1af57ae14a7ce5ffd3e26291c707304dcd8af4386b9ebd9
[INFO] running `Command { std: "docker" "start" "34074a7e47ec8b95f1af57ae14a7ce5ffd3e26291c707304dcd8af4386b9ebd9", kill_on_drop: false }`
[INFO] running `Command { std: "docker" "inspect" "34074a7e47ec8b95f1af57ae14a7ce5ffd3e26291c707304dcd8af4386b9ebd9", kill_on_drop: false }`
[INFO] running `Command { std: "docker" "exec" "-e" "SOURCE_DIR=/opt/rustwide/workdir" "-e" "CARGO_HOME=/opt/rustwide/cargo-home" "-e" "RUSTUP_HOME=/opt/rustwide/rustup-home" "-e" "CARGO_TARGET_DIR=/opt/rustwide/target" "-w" "/opt/rustwide/workdir" "--user" "0:0" "34074a7e47ec8b95f1af57ae14a7ce5ffd3e26291c707304dcd8af4386b9ebd9" "/opt/rustwide/cargo-home/bin/cargo" "+1.99.0-beta.8" "metadata" "--no-deps" "--format-version=1", kill_on_drop: false }`
[INFO] running `Command { std: "docker" "inspect" "34074a7e47ec8b95f1af57ae14a7ce5ffd3e26291c707304dcd8af4386b9ebd9", kill_on_drop: false }`
[INFO] running `Command { std: "docker" "exec" "-e" "SOURCE_DIR=/opt/rustwide/workdir" "-e" "CARGO_HOME=/opt/rustwide/cargo-home" "-e" "RUSTUP_HOME=/opt/rustwide/rustup-home" "-e" "CARGO_TARGET_DIR=/opt/rustwide/target" "-e" "CARGO_INCREMENTAL=0" "-e" "RUST_BACKTRACE=full" "-e" "RUSTFLAGS=--cap-lints=warn" "-e" "RUSTDOCFLAGS=--cap-lints=warn" "-w" "/opt/rustwide/workdir" "--user" "0:0" "34074a7e47ec8b95f1af57ae14a7ce5ffd3e26291c707304dcd8af4386b9ebd9" "/opt/rustwide/cargo-home/bin/cargo" "+1.99.0-beta.8" "build" "--frozen" "--message-format=json" "--release", kill_on_drop: false }`
[INFO] [stderr]    Compiling memoffset v0.7.1
[INFO] [stderr]    Compiling libc v0.2.186
[INFO] [stderr]    Compiling memchr v2.7.4
[INFO] [stderr]    Compiling regex-syntax v0.8.5
[INFO] [stderr]    Compiling aho-corasick v1.1.3
[INFO] [stderr]    Compiling nix v0.26.4
[INFO] [stderr]    Compiling regex-automata v0.4.9
[INFO] [stderr]    Compiling regex v1.11.1
[INFO] [stderr]    Compiling ptyprocess v0.5.0
[INFO] [stderr]    Compiling expectrl v0.9.0 (/opt/rustwide/workdir)
[INFO] [stderr]     Finished `release` profile [optimized] target(s) in 21.91s
[INFO] running `Command { std: "docker" "inspect" "34074a7e47ec8b95f1af57ae14a7ce5ffd3e26291c707304dcd8af4386b9ebd9", kill_on_drop: false }`
[INFO] running `Command { std: "docker" "exec" "-e" "SOURCE_DIR=/opt/rustwide/workdir" "-e" "CARGO_HOME=/opt/rustwide/cargo-home" "-e" "RUSTUP_HOME=/opt/rustwide/rustup-home" "-e" "CARGO_TARGET_DIR=/opt/rustwide/target" "-e" "CARGO_INCREMENTAL=0" "-e" "RUST_BACKTRACE=full" "-e" "RUSTFLAGS=--cap-lints=warn" "-e" "RUSTDOCFLAGS=--cap-lints=warn" "-w" "/opt/rustwide/workdir" "--user" "0:0" "34074a7e47ec8b95f1af57ae14a7ce5ffd3e26291c707304dcd8af4386b9ebd9" "/opt/rustwide/cargo-home/bin/cargo" "+1.99.0-beta.8" "test" "--frozen" "--no-run" "--message-format=json" "--release", kill_on_drop: false }`
[INFO] [stderr]    Compiling expectrl v0.9.0 (/opt/rustwide/workdir)
[INFO] [stderr]     Finished `release` profile [optimized] target(s) in 5.49s
[INFO] running `Command { std: "docker" "inspect" "34074a7e47ec8b95f1af57ae14a7ce5ffd3e26291c707304dcd8af4386b9ebd9", kill_on_drop: false }`
[INFO] running `Command { std: "docker" "exec" "-e" "SOURCE_DIR=/opt/rustwide/workdir" "-e" "CARGO_HOME=/opt/rustwide/cargo-home" "-e" "RUSTUP_HOME=/opt/rustwide/rustup-home" "-e" "CARGO_TARGET_DIR=/opt/rustwide/target" "-e" "CARGO_INCREMENTAL=0" "-e" "RUST_BACKTRACE=full" "-e" "RUSTFLAGS=--cap-lints=warn" "-e" "RUSTDOCFLAGS=--cap-lints=warn" "-w" "/opt/rustwide/workdir" "--user" "0:0" "34074a7e47ec8b95f1af57ae14a7ce5ffd3e26291c707304dcd8af4386b9ebd9" "/opt/rustwide/cargo-home/bin/cargo" "+1.99.0-beta.8" "test" "--frozen" "--release", kill_on_drop: false }`
[INFO] [stderr]     Finished `release` profile [optimized] target(s) in 0.06s
[INFO] [stderr]      Running unittests src/lib.rs (/opt/rustwide/target/release/deps/expectrl-192f1437d1b204cb)
[INFO] [stdout] 
[INFO] [stdout] running 23 tests
[INFO] [stdout] test check_macros::tests::test_check ... ignored, Testing in compile time
[INFO] [stdout] test captures::tests::test_captures_index ... ok
[INFO] [stdout] test captures::tests::test_before ... ok
[INFO] [stdout] test needle::tests::test_bytes ... ok
[INFO] [stdout] test needle::tests::test_char ... ok
[INFO] [stdout] test captures::tests::test_captures_into_iter ... ok
[INFO] [stdout] test needle::tests::test_any ... ok
[INFO] [stdout] test captures::tests::test_matches ... ok
[INFO] [stdout] test needle::tests::test_bytes_ref ... ok
[INFO] [stdout] test needle::tests::test_eof ... ok
[INFO] [stdout] test needle::tests::test_n_bytes ... ok
[INFO] [stdout] test needle::tests::test_str ... ok
[INFO] [stdout] test captures::tests::test_captures_index_panics_on_empty_match - should panic ... ok
[INFO] [stdout] test captures::tests::test_captures_index_panics_on_empty_captures - should panic ... ok
[INFO] [stdout] test captures::tests::test_captures_index_panics_on_invalid_match - should panic ... ok
[INFO] [stdout] test captures::tests::test_captures_index_panics_on_invalid_index - should panic ... ok
[INFO] [stdout] test captures::tests::test_captures_get_panics_on_invalid_match - should panic ... ok
[INFO] [stdout] test captures::tests::test_captures_into_iter_panics_on_invalid_match - should panic ... ok
[INFO] [stdout] test needle::tests::test_byte ... ok
[INFO] [stdout] test captures::tests::test_captures_matches ... ok
[INFO] [stdout] test captures::tests::test_captures_get ... ok
[INFO] [stdout] test needle::tests::test_regex ... ok
[INFO] [stdout] test process::unix::tests::test_tokenize_command ... ok
[INFO] [stdout] 
[INFO] [stdout] test result: ok. 22 passed; 0 failed; 1 ignored; 0 measured; 0 filtered out; finished in 0.01s
[INFO] [stdout] 
[INFO] [stderr]      Running tests/check.rs (/opt/rustwide/target/release/deps/check-2b24cf3456bc3838)
[INFO] [stdout] 
[INFO] [stdout] running 9 tests
[INFO] [stdout] test check_eof_timeout ... ok
[INFO] [stdout] test check_str ... ok
[INFO] [stdout] test check_eof ... ok
[INFO] [stdout] test read_after_check_str ... ok
[INFO] [stdout] test check_regex ... ok
[INFO] [stdout] test check_n_bytes ... ok
[INFO] [stdout] test check_macro ... ok
[INFO] [stdout] test check_macro_doest_consume_missmatch ... ok
[INFO] [stdout] test check_macro_with_different_needles ... ok
[INFO] [stderr]      Running tests/expect.rs (/opt/rustwide/target/release/deps/expect-0f2a87269fcff590)
[INFO] [stdout] 
[INFO] [stdout] test result: ok. 9 passed; 0 failed; 0 ignored; 0 measured; 0 filtered out; finished in 1.32s
[INFO] [stdout] 
[INFO] [stdout] 
[INFO] [stdout] running 7 tests
[INFO] [stdout] test expect_str ... ok
[INFO] [stdout] test expect_regex_lazy ... ok
[INFO] [stdout] test expect_regex ... ok
[INFO] [stdout] test expect_n_bytes ... ok
[INFO] [stdout] test expect_eof ... ok
[INFO] [stdout] test read_after_expect_str ... ok
[INFO] [stdout] test expect_eof_timeout ... ok
[INFO] [stdout] 
[INFO] [stdout] test result: ok. 7 passed; 0 failed; 0 ignored; 0 measured; 0 filtered out; finished in 0.23s
[INFO] [stdout] 
[INFO] [stderr]      Running tests/interact.rs (/opt/rustwide/target/release/deps/interact-cabaabdd56a27335)
[INFO] [stdout] 
[INFO] [stdout] running 7 tests
[INFO] [stdout] test interact_callback ... ignored, It requires manual interaction; Or it's necessary to redirect an stdin of current process
[INFO] [stdout] test interact_callbacks_called_after_exit ... ok
[INFO] [stdout] test interact_output_callback ... ok
[INFO] [stdout] test interact_on_output_not_matched ... ok
[INFO] [stdout] test interact_callbacks_with_stream_redirection ... ok
[INFO] [stdout] test interact_context ... ok
[INFO] [stderr]      Running tests/io.rs (/opt/rustwide/target/release/deps/io-3773efa51e930f23)
[INFO] [stdout] test interact_filters ... ok
[INFO] [stdout] 
[INFO] [stdout] test result: ok. 6 passed; 0 failed; 1 ignored; 0 measured; 0 filtered out; finished in 4.11s
[INFO] [stdout] 
[INFO] [stdout] 
[INFO] [stdout] running 13 tests
[INFO] [stdout] test send_controll ... ok
[INFO] [stdout] test try_read_after_process_exit ... ok
[INFO] [stdout] test automatic_stop_of_interact_on_eof ... ok
[INFO] [stdout] test try_read_to_end ... ok
[INFO] [stdout] test spawn_after_interact ... ok
[INFO] [stdout] test try_read ... ok
[INFO] [stdout] test send ... ok
[INFO] [stdout] test try_read_after_eof ... ok
[INFO] [stdout] test try_read_by_byte ... ok
[INFO] [stdout] test blocking_read_after_non_blocking_try_read ... ok
[INFO] [stdout] test send_line ... ok
[INFO] [stdout] test blocking_read_after_non_blocking ... ok
[INFO] [stdout] test read_line_test ... ok
[INFO] [stdout] 
[INFO] [stdout] test result: ok. 13 passed; 0 failed; 0 ignored; 0 measured; 0 filtered out; finished in 0.32s
[INFO] [stdout] 
[INFO] [stderr]      Running tests/is_matched.rs (/opt/rustwide/target/release/deps/is_matched-ac2b27b6ae3c968d)
[INFO] [stdout] 
[INFO] [stdout] running 7 tests
[INFO] [stdout] test is_matched_eof ... ok
[INFO] [stdout] test expect_after_is_matched_eof ... ok
[INFO] [stdout] test check_after_is_matched_eof ... ok
[INFO] [stdout] test is_matched_str ... ok
[INFO] [stdout] test is_matched_bytes ... ok
[INFO] [stdout] test read_after_is_matched ... ok
[INFO] [stdout] test is_matched_regex ... ok
[INFO] [stdout] 
[INFO] [stdout] test result: ok. 7 passed; 0 failed; 0 ignored; 0 measured; 0 filtered out; finished in 0.72s
[INFO] [stdout] 
[INFO] [stderr]      Running tests/log.rs (/opt/rustwide/target/release/deps/log-c796bc488dbb26b5)
[INFO] [stdout] 
[INFO] [stdout] running 2 tests
[INFO] [stdout] test log_read_line ... ok
[INFO] [stdout] test log ... ok
[INFO] [stdout] 
[INFO] [stdout] test result: ok. 2 passed; 0 failed; 0 ignored; 0 measured; 0 filtered out; finished in 0.41s
[INFO] [stdout] 
[INFO] [stderr]      Running tests/repl.rs (/opt/rustwide/target/release/deps/repl-e846decf70989acf)
[INFO] [stdout] 
[INFO] [stdout] running 5 tests
[INFO] [stdout] test python ... FAILED
[INFO] [stderr] write: "echo Hello World"
[INFO] [stderr] write: "\n"
[INFO] [stderr] read: "Hello World\r\nEXPECT_PROMPT"
[INFO] [stdout] test bash ... ok
[INFO] [stdout] test bash_pwd ... ok
[INFO] [stdout] test bash_with_log ... ok
[INFO] [stderr] write: "\u{4}"
[INFO] [stdout] test bash_control_chars ... ok
[INFO] [stdout] 
[INFO] [stdout] failures:
[INFO] [stdout] 
[INFO] [stdout] ---- python stdout ----
[INFO] [stdout] 
[INFO] [stdout] thread 'python' (1181) panicked at tests/repl.rs:120:32:
[INFO] [stdout] called `Result::unwrap()` on an `Err` value: IO(Custom { kind: Other, error: "Failed to spawn a command; ENOENT: No such file or directory" })
[INFO] [stdout] stack backtrace:
[INFO] [stdout]    0:     0x63252c184121 - <<std[70759c8f55707aa4]::sys::backtrace::BacktraceLock>::print::DisplayBacktrace as core[df12db4294e9bfd3]::fmt::Display>::fmt
[INFO] [stdout]    1:     0x63252c199b1a - core[df12db4294e9bfd3]::fmt::write
[INFO] [stdout]    2:     0x63252c18866c - <alloc[2182bb758b4b3781]::vec::Vec<u8> as core[df12db4294e9bfd3]::io::write::Write>::write_fmt
[INFO] [stdout]    3:     0x63252c1603c6 - std[70759c8f55707aa4]::panicking::default_hook::{closure#0}
[INFO] [stdout]    4:     0x63252c17c639 - std[70759c8f55707aa4]::panicking::default_hook
[INFO] [stdout]    5:     0x63252c04f890 - test[9d35eded1c95d3be]::test_main_inner::<test[9d35eded1c95d3be]::test_main_static::{closure#0}>::{closure#0}
[INFO] [stdout]    6:     0x63252c17c7f2 - std[70759c8f55707aa4]::panicking::panic_with_hook
[INFO] [stdout]    7:     0x63252c160472 - std[70759c8f55707aa4]::panicking::panic_handler::{closure#0}
[INFO] [stdout]    8:     0x63252c1591c9 - std[70759c8f55707aa4]::sys::backtrace::__rust_end_short_backtrace::<std[70759c8f55707aa4]::panicking::panic_handler::{closure#0}, !>
[INFO] [stdout]    9:     0x63252c16106d - __rustc[8fa7c3cbc660c2b3]::rust_begin_unwind
[INFO] [stdout]   10:     0x63252c19a2fc - core[df12db4294e9bfd3]::panicking::panic_fmt
[INFO] [stdout]   11:     0x63252c19a0d2 - core[df12db4294e9bfd3]::result::unwrap_failed
[INFO] [stdout]   12:     0x63252c03eb34 - <repl[9394c1e283fb485b]::python::{closure#0} as core[df12db4294e9bfd3]::ops::function::FnOnce<()>>::call_once
[INFO] [stdout]   13:     0x63252c042b7b - test[9d35eded1c95d3be]::__rust_begin_short_backtrace::<core[df12db4294e9bfd3]::result::Result<(), alloc[2182bb758b4b3781]::string::String>, fn() -> core[df12db4294e9bfd3]::result::Result<(), alloc[2182bb758b4b3781]::string::String>>
[INFO] [stdout]   14:     0x63252c0501e5 - test[9d35eded1c95d3be]::run_test::{closure#0}
[INFO] [stdout]   15:     0x63252c049aa4 - std[70759c8f55707aa4]::sys::backtrace::__rust_begin_short_backtrace::<test[9d35eded1c95d3be]::run_test::{closure#1}, ()>
[INFO] [stdout]   16:     0x63252c053342 - <std[70759c8f55707aa4]::thread::lifecycle::spawn_unchecked<test[9d35eded1c95d3be]::run_test::{closure#1}, ()>::{closure#1} as core[df12db4294e9bfd3]::ops::function::FnOnce<()>>::call_once::{shim:vtable#0}
[INFO] [stdout]   17:     0x63252c183859 - <std[70759c8f55707aa4]::sys::thread::unix::Thread>::new::thread_start
[INFO] [stdout]   18:     0x7e5444f93dfa - <unknown>
[INFO] [stdout]   19:     0x7e54450273d4 - clone
[INFO] [stdout]   20:                0x0 - <unknown>
[INFO] [stdout] 
[INFO] [stdout] 
[INFO] [stdout] failures:
[INFO] [stdout]     python
[INFO] [stdout] 
[INFO] [stdout] test result: FAILED. 4 passed; 1 failed; 0 ignored; 0 measured; 0 filtered out; finished in 0.67s
[INFO] [stdout] 
[INFO] [stderr] error: test failed, to rerun pass `--test repl`
[INFO] running `Command { std: "docker" "inspect" "34074a7e47ec8b95f1af57ae14a7ce5ffd3e26291c707304dcd8af4386b9ebd9", kill_on_drop: false }`
[INFO] running `Command { std: "docker" "rm" "-f" "34074a7e47ec8b95f1af57ae14a7ce5ffd3e26291c707304dcd8af4386b9ebd9", kill_on_drop: false }`
[INFO] [stdout] 34074a7e47ec8b95f1af57ae14a7ce5ffd3e26291c707304dcd8af4386b9ebd9
