[INFO] fetching crate expecto 0.0.1...
[INFO] testing expecto-0.0.1 against 1.100.0-beta.1+cargoflags=--release for beta-release-1.100-2
[INFO] extracting crate expecto 0.0.1 into /workspace/builds/worker-3-tc2/source
[INFO] started tweaking crates.io crate expecto 0.0.1
[INFO] finished tweaking crates.io crate expecto 0.0.1
[INFO] tweaked toml for crates.io crate expecto 0.0.1 written to /workspace/builds/worker-3-tc2/source/Cargo.toml
[INFO] validating manifest of crates.io crate expecto 0.0.1 on toolchain 1.100.0-beta.1
[INFO] running `Command { std: CARGO_HOME="/workspace/cargo-home" RUSTUP_HOME="/workspace/rustup-home" "/workspace/cargo-home/bin/cargo" "+1.100.0-beta.1" "metadata" "--manifest-path" "Cargo.toml" "--no-deps", kill_on_drop: false }`
[INFO] crate crates.io crate expecto 0.0.1 already has a lockfile, it will not be regenerated
[INFO] running `Command { std: CARGO_HOME="/workspace/cargo-home" RUSTUP_HOME="/workspace/rustup-home" "/workspace/cargo-home/bin/cargo" "+1.100.0-beta.1" "fetch" "--manifest-path" "Cargo.toml", kill_on_drop: false }`
[INFO] running `Command { std: "docker" "create" "-v" "/var/lib/crater-agent-workspace/builds/worker-3-tc2/source:/opt/rustwide/workdir:ro,Z" "-v" "/var/lib/crater-agent-workspace/builds/worker-3-tc2/target:/opt/rustwide/target:rw,Z" "-v" "/var/lib/crater-agent-workspace/cargo-home:/opt/rustwide/cargo-home:ro,Z" "-v" "/var/lib/crater-agent-workspace/rustup-home:/opt/rustwide/rustup-home:ro,Z" "-m" "1610612736" "--network" "none" "ghcr.io/rust-lang/crates-build-env/linux@sha256:77db811e55d90add9212f6832c23229e3de5f1c1f9905e8cb07319ea15df73ac" "sleep" "infinity", kill_on_drop: false }`
[INFO] [stdout] 069c7bc39e33e44c273cdd12c059a2bc8e4d07487652a13d6fcd04c6cb984785
[INFO] running `Command { std: "docker" "start" "069c7bc39e33e44c273cdd12c059a2bc8e4d07487652a13d6fcd04c6cb984785", kill_on_drop: false }`
[INFO] running `Command { std: "docker" "inspect" "069c7bc39e33e44c273cdd12c059a2bc8e4d07487652a13d6fcd04c6cb984785", kill_on_drop: false }`
[INFO] running `Command { std: "docker" "exec" "-e" "SOURCE_DIR=/opt/rustwide/workdir" "-e" "CARGO_HOME=/opt/rustwide/cargo-home" "-e" "RUSTUP_HOME=/opt/rustwide/rustup-home" "-e" "CARGO_TARGET_DIR=/opt/rustwide/target" "-w" "/opt/rustwide/workdir" "--user" "0:0" "069c7bc39e33e44c273cdd12c059a2bc8e4d07487652a13d6fcd04c6cb984785" "/opt/rustwide/cargo-home/bin/cargo" "+1.100.0-beta.1" "metadata" "--no-deps" "--format-version=1", kill_on_drop: false }`
[INFO] running `Command { std: "docker" "inspect" "069c7bc39e33e44c273cdd12c059a2bc8e4d07487652a13d6fcd04c6cb984785", kill_on_drop: false }`
[INFO] running `Command { std: "docker" "exec" "-e" "SOURCE_DIR=/opt/rustwide/workdir" "-e" "CARGO_HOME=/opt/rustwide/cargo-home" "-e" "RUSTUP_HOME=/opt/rustwide/rustup-home" "-e" "CARGO_TARGET_DIR=/opt/rustwide/target" "-e" "CARGO_INCREMENTAL=0" "-e" "RUST_BACKTRACE=full" "-e" "RUSTFLAGS=--cap-lints=warn" "-e" "RUSTDOCFLAGS=--cap-lints=warn" "-w" "/opt/rustwide/workdir" "--user" "0:0" "069c7bc39e33e44c273cdd12c059a2bc8e4d07487652a13d6fcd04c6cb984785" "/opt/rustwide/cargo-home/bin/cargo" "+1.100.0-beta.1" "build" "--frozen" "--message-format=json" "--release", kill_on_drop: false }`
[INFO] [stderr]    Compiling libc v0.2.104
[INFO] [stderr]    Compiling autocfg v1.0.1
[INFO] [stderr]    Compiling memchr v2.4.1
[INFO] [stderr]    Compiling cc v1.0.71
[INFO] [stderr]    Compiling gimli v0.25.0
[INFO] [stderr]    Compiling rustc-demangle v0.1.21
[INFO] [stderr]    Compiling miniz_oxide v0.4.4
[INFO] [stderr]    Compiling backtrace v0.3.62
[INFO] [stderr]    Compiling object v0.27.0
[INFO] [stderr]    Compiling atty v0.2.14
[INFO] [stderr]    Compiling colored v2.0.0
[INFO] [stderr]    Compiling addr2line v0.16.0
[INFO] [stderr]    Compiling expecto v0.0.1 (/opt/rustwide/workdir)
[INFO] [stdout] warning: unused import: `colored::*`
[INFO] [stdout]  --> src/code_locator.rs:1:5
[INFO] [stdout]   |
[INFO] [stdout] 1 | use colored::*;
[INFO] [stdout]   |     ^^^^^^^^^^
[INFO] [stdout]   |
[INFO] [stdout]   = note: `#[warn(unused_imports)]` (part of `#[warn(unused)]`) on by default
[INFO] [stdout] 
[INFO] [stdout] 
[INFO] [stdout] warning: function `square` is never used
[INFO] [stdout]   --> src/main.rs:16:4
[INFO] [stdout]    |
[INFO] [stdout] 16 | fn square(x: i32) -> i32 {
[INFO] [stdout]    |    ^^^^^^
[INFO] [stdout]    |
[INFO] [stdout]    = note: `#[warn(dead_code)]` (part of `#[warn(unused)]`) on by default
[INFO] [stdout] 
[INFO] [stdout] 
[INFO] [stdout] warning: struct `Age` is never constructed
[INFO] [stdout]   --> src/main.rs:58:8
[INFO] [stdout]    |
[INFO] [stdout] 58 | struct Age(u8);
[INFO] [stdout]    |        ^^^
[INFO] [stdout] 
[INFO] [stdout] 
[INFO] [stderr]     Finished `release` profile [optimized] target(s) in 12.63s
[INFO] running `Command { std: "docker" "inspect" "069c7bc39e33e44c273cdd12c059a2bc8e4d07487652a13d6fcd04c6cb984785", kill_on_drop: false }`
[INFO] running `Command { std: "docker" "exec" "-e" "SOURCE_DIR=/opt/rustwide/workdir" "-e" "CARGO_HOME=/opt/rustwide/cargo-home" "-e" "RUSTUP_HOME=/opt/rustwide/rustup-home" "-e" "CARGO_TARGET_DIR=/opt/rustwide/target" "-e" "CARGO_INCREMENTAL=0" "-e" "RUST_BACKTRACE=full" "-e" "RUSTFLAGS=--cap-lints=warn" "-e" "RUSTDOCFLAGS=--cap-lints=warn" "-w" "/opt/rustwide/workdir" "--user" "0:0" "069c7bc39e33e44c273cdd12c059a2bc8e4d07487652a13d6fcd04c6cb984785" "/opt/rustwide/cargo-home/bin/cargo" "+1.100.0-beta.1" "test" "--frozen" "--no-run" "--message-format=json" "--release", kill_on_drop: false }`
[INFO] [stderr]    Compiling expecto v0.0.1 (/opt/rustwide/workdir)
[INFO] [stdout] warning: unused import: `colored::*`
[INFO] [stdout]  --> src/code_locator.rs:1:5
[INFO] [stdout]   |
[INFO] [stdout] 1 | use colored::*;
[INFO] [stdout]   |     ^^^^^^^^^^
[INFO] [stdout]   |
[INFO] [stdout]   = note: `#[warn(unused_imports)]` (part of `#[warn(unused)]`) on by default
[INFO] [stdout] 
[INFO] [stdout] 
[INFO] [stdout] warning: unused import: `colored::*`
[INFO] [stdout]  --> src/code_locator.rs:1:5
[INFO] [stdout]   |
[INFO] [stdout] 1 | use colored::*;
[INFO] [stdout]   |     ^^^^^^^^^^
[INFO] [stdout]   |
[INFO] [stdout]   = note: `#[warn(unused_imports)]` (part of `#[warn(unused)]`) on by default
[INFO] [stdout] 
[INFO] [stdout] 
[INFO] [stderr]     Finished `release` profile [optimized] target(s) in 1.43s
[INFO] running `Command { std: "docker" "inspect" "069c7bc39e33e44c273cdd12c059a2bc8e4d07487652a13d6fcd04c6cb984785", kill_on_drop: false }`
[INFO] running `Command { std: "docker" "exec" "-e" "SOURCE_DIR=/opt/rustwide/workdir" "-e" "CARGO_HOME=/opt/rustwide/cargo-home" "-e" "RUSTUP_HOME=/opt/rustwide/rustup-home" "-e" "CARGO_TARGET_DIR=/opt/rustwide/target" "-e" "CARGO_INCREMENTAL=0" "-e" "RUST_BACKTRACE=full" "-e" "RUSTFLAGS=--cap-lints=warn" "-e" "RUSTDOCFLAGS=--cap-lints=warn" "-w" "/opt/rustwide/workdir" "--user" "0:0" "069c7bc39e33e44c273cdd12c059a2bc8e4d07487652a13d6fcd04c6cb984785" "/opt/rustwide/cargo-home/bin/cargo" "+1.100.0-beta.1" "test" "--frozen" "--release", kill_on_drop: false }`
[INFO] [stderr] warning: unused import: `colored::*`
[INFO] [stderr]  --> src/code_locator.rs:1:5
[INFO] [stderr]   |
[INFO] [stderr] 1 | use colored::*;
[INFO] [stderr]   |     ^^^^^^^^^^
[INFO] [stderr]   |
[INFO] [stderr]   = note: `#[warn(unused_imports)]` (part of `#[warn(unused)]`) on by default
[INFO] [stderr] 
[INFO] [stderr] warning: `expecto` (lib) generated 1 warning (run `cargo fix --lib -p expecto` to apply 1 suggestion)
[INFO] [stderr] warning: `expecto` (lib test) generated 1 warning (1 duplicate)
[INFO] [stderr]     Finished `release` profile [optimized] target(s) in 0.05s
[INFO] [stderr]      Running unittests src/lib.rs (/opt/rustwide/target/release/build/expecto/9c278592f926587b/out/expecto-9c278592f926587b)
[INFO] [stdout] 
[INFO] [stderr]      Running unittests src/main.rs (/opt/rustwide/target/release/build/expecto/06256a6ce51070aa/out/expecto-06256a6ce51070aa)
[INFO] [stdout] running 0 tests
[INFO] [stdout] 
[INFO] [stdout] test result: ok. 0 passed; 0 failed; 0 ignored; 0 measured; 0 filtered out; finished in 0.00s
[INFO] [stdout] 
[INFO] [stdout] 
[INFO] [stdout] running 6 tests
[INFO] [stdout] test should_be_within_delta_of_given_value_for_float ... FAILED
[INFO] [stdout] test should_square ... ok
[INFO] [stdout] test should_contain_another_string ... FAILED
[INFO] [stdout] test collection_should_contain_an_element ... FAILED
[INFO] [stdout] test should_be_in_range ... FAILED
[INFO] [stdout] test should_be_within_delta_of_given_value_for_time ... FAILED
[INFO] [stdout] 
[INFO] [stdout] failures:
[INFO] [stdout] 
[INFO] [stdout] ---- should_be_within_delta_of_given_value_for_float stdout ----
[INFO] [stdout] 
[INFO] [stdout] thread 'should_be_within_delta_of_given_value_for_float' (500) panicked at src/base/matcher.rs:134:38:
[INFO] [stdout] called `Option::unwrap()` on a `None` value
[INFO] [stdout] stack backtrace:
[INFO] [stdout]    0:     0x59c428822bb1 - <<std[617be2ca0a6fd877]::sys::backtrace::BacktraceLock>::print::DisplayBacktrace as core[a373ad73a504971]::fmt::Display>::fmt
[INFO] [stdout]    1:     0x59c42883720a - core[a373ad73a504971]::fmt::write
[INFO] [stdout]    2:     0x59c428826f7c - <alloc[2e1b2a31b91974c5]::vec::Vec<u8> as core[a373ad73a504971]::io::write::Write>::write_fmt
[INFO] [stdout]    3:     0x59c4287fe7a6 - std[617be2ca0a6fd877]::panicking::default_hook::{closure#0}
[INFO] [stdout]    4:     0x59c42881ad89 - std[617be2ca0a6fd877]::panicking::default_hook
[INFO] [stdout]    5:     0x59c42878b910 - test[aada8e7e76ba119b]::test_main_inner::{closure#0}
[INFO] [stdout]    6:     0x59c42881af42 - std[617be2ca0a6fd877]::panicking::panic_with_hook
[INFO] [stdout]    7:     0x59c4287fe884 - std[617be2ca0a6fd877]::panicking::panic_handler::{closure#0}
[INFO] [stdout]    8:     0x59c4287f73a9 - std[617be2ca0a6fd877]::sys::backtrace::__rust_end_short_backtrace::<std[617be2ca0a6fd877]::panicking::panic_handler::{closure#0}, !>
[INFO] [stdout]    9:     0x59c4287ff45d - __rustc[ea4f61d10b84890b]::rust_begin_unwind
[INFO] [stdout]   10:     0x59c42883793c - core[a373ad73a504971]::panicking::panic_fmt
[INFO] [stdout]   11:     0x59c428837902 - core[a373ad73a504971]::panicking::panic
[INFO] [stdout]   12:     0x59c4288376b9 - core[a373ad73a504971]::option::unwrap_failed
[INFO] [stdout]   13:     0x59c4287bfa56 - expecto[bac92e245f482e9f]::base::matcher::resolve_backtrace
[INFO] [stdout]   14:     0x59c4287744fc - <expecto[bac92e245f482e9f]::base::matcher::MatcherGuard<expecto[bac92e245f482e9f]::matchers::to_be_around::ToBeAroundMatcher<f64, f64>> as core[a373ad73a504971]::ops::drop::Drop>::drop
[INFO] [stdout]   15:     0x59c42877b534 - <expecto[acef7ba2eaf83700]::should_be_within_delta_of_given_value_for_float::{closure#0} as core[a373ad73a504971]::ops::function::FnOnce<()>>::call_once
[INFO] [stdout]   16:     0x59c42877ed5b - test[aada8e7e76ba119b]::__rust_begin_short_backtrace::<core[a373ad73a504971]::result::Result<(), alloc[2e1b2a31b91974c5]::string::String>, fn() -> core[a373ad73a504971]::result::Result<(), alloc[2e1b2a31b91974c5]::string::String>>
[INFO] [stdout]   17:     0x59c42878bf35 - test[aada8e7e76ba119b]::run_test::{closure#0}
[INFO] [stdout]   18:     0x59c428785824 - std[617be2ca0a6fd877]::sys::backtrace::__rust_begin_short_backtrace::<test[aada8e7e76ba119b]::run_test::{closure#1}, ()>
[INFO] [stdout]   19:     0x59c42878efc2 - <std[617be2ca0a6fd877]::thread::lifecycle::spawn_unchecked<test[aada8e7e76ba119b]::run_test::{closure#1}, ()>::{closure#1} as core[a373ad73a504971]::ops::function::FnOnce<()>>::call_once::{shim:vtable#0}
[INFO] [stdout]   20:     0x59c4288220af - <std[617be2ca0a6fd877]::sys::thread::unix::Thread>::new::thread_start
[INFO] [stdout]   21:     0x72870aa68dfa - <unknown>
[INFO] [stdout]   22:     0x72870aafc3d4 - clone
[INFO] [stdout]   23:                0x0 - <unknown>
[INFO] [stdout] 
[INFO] [stdout] ---- should_contain_another_string stdout ----
[INFO] [stdout] 
[INFO] [stdout] thread 'should_contain_another_string' (502) panicked at src/base/matcher.rs:134:38:
[INFO] [stdout] called `Option::unwrap()` on a `None` value
[INFO] [stdout] stack backtrace:
[INFO] [stdout]    0:     0x59c428822bb1 - <<std[617be2ca0a6fd877]::sys::backtrace::BacktraceLock>::print::DisplayBacktrace as core[a373ad73a504971]::fmt::Display>::fmt
[INFO] [stdout]    1:     0x59c42883720a - core[a373ad73a504971]::fmt::write
[INFO] [stdout]    2:     0x59c428826f7c - <alloc[2e1b2a31b91974c5]::vec::Vec<u8> as core[a373ad73a504971]::io::write::Write>::write_fmt
[INFO] [stdout]    3:     0x59c4287fe7a6 - std[617be2ca0a6fd877]::panicking::default_hook::{closure#0}
[INFO] [stdout]    4:     0x59c42881ad89 - std[617be2ca0a6fd877]::panicking::default_hook
[INFO] [stdout]    5:     0x59c42878b910 - test[aada8e7e76ba119b]::test_main_inner::{closure#0}
[INFO] [stdout]    6:     0x59c42881af42 - std[617be2ca0a6fd877]::panicking::panic_with_hook
[INFO] [stdout]    7:     0x59c4287fe884 - std[617be2ca0a6fd877]::panicking::panic_handler::{closure#0}
[INFO] [stdout]    8:     0x59c4287f73a9 - std[617be2ca0a6fd877]::sys::backtrace::__rust_end_short_backtrace::<std[617be2ca0a6fd877]::panicking::panic_handler::{closure#0}, !>
[INFO] [stdout]    9:     0x59c4287ff45d - __rustc[ea4f61d10b84890b]::rust_begin_unwind
[INFO] [stdout]   10:     0x59c42883793c - core[a373ad73a504971]::panicking::panic_fmt
[INFO] [stdout]   11:     0x59c428837902 - core[a373ad73a504971]::panicking::panic
[INFO] [stdout]   12:     0x59c4288376b9 - core[a373ad73a504971]::option::unwrap_failed
[INFO] [stdout]   13:     0x59c4287bfa56 - expecto[bac92e245f482e9f]::base::matcher::resolve_backtrace
[INFO] [stdout]   14:     0x59c428776e70 - <expecto[bac92e245f482e9f]::base::matcher::MatcherGuard<expecto[bac92e245f482e9f]::matchers::to_contain_str::ToContainStrMatcher<&str, alloc[2e1b2a31b91974c5]::string::String>> as core[a373ad73a504971]::ops::drop::Drop>::drop
[INFO] [stdout]   15:     0x59c42877ab38 - <expecto[acef7ba2eaf83700]::should_contain_another_string::{closure#0} as core[a373ad73a504971]::ops::function::FnOnce<()>>::call_once
[INFO] [stdout]   16:     0x59c42877ed5b - test[aada8e7e76ba119b]::__rust_begin_short_backtrace::<core[a373ad73a504971]::result::Result<(), alloc[2e1b2a31b91974c5]::string::String>, fn() -> core[a373ad73a504971]::result::Result<(), alloc[2e1b2a31b91974c5]::string::String>>
[INFO] [stdout]   17:     0x59c42878bf35 - test[aada8e7e76ba119b]::run_test::{closure#0}
[INFO] [stdout]   18:     0x59c428785824 - std[617be2ca0a6fd877]::sys::backtrace::__rust_begin_short_backtrace::<test[aada8e7e76ba119b]::run_test::{closure#1}, ()>
[INFO] [stdout]   19:     0x59c42878efc2 - <std[617be2ca0a6fd877]::thread::lifecycle::spawn_unchecked<test[aada8e7e76ba119b]::run_test::{closure#1}, ()>::{closure#1} as core[a373ad73a504971]::ops::function::FnOnce<()>>::call_once::{shim:vtable#0}
[INFO] [stdout]   20:     0x59c4288220af - <std[617be2ca0a6fd877]::sys::thread::unix::Thread>::new::thread_start
[INFO] [stdout]   21:     0x72870aa68dfa - <unknown>
[INFO] [stdout]   22:     0x72870aafc3d4 - clone
[INFO] [stdout]   23:                0x0 - <unknown>
[INFO] [stdout] 
[INFO] [stdout] ---- collection_should_contain_an_element stdout ----
[INFO] [stdout] 
[INFO] [stdout] thread 'collection_should_contain_an_element' (498) panicked at src/base/matcher.rs:134:38:
[INFO] [stdout] called `Option::unwrap()` on a `None` value
[INFO] [stdout] stack backtrace:
[INFO] [stdout]    0:     0x59c428822bb1 - <<std[617be2ca0a6fd877]::sys::backtrace::BacktraceLock>::print::DisplayBacktrace as core[a373ad73a504971]::fmt::Display>::fmt
[INFO] [stdout]    1:     0x59c42883720a - core[a373ad73a504971]::fmt::write
[INFO] [stdout]    2:     0x59c428826f7c - <alloc[2e1b2a31b91974c5]::vec::Vec<u8> as core[a373ad73a504971]::io::write::Write>::write_fmt
[INFO] [stdout]    3:     0x59c4287fe7a6 - std[617be2ca0a6fd877]::panicking::default_hook::{closure#0}
[INFO] [stdout]    4:     0x59c42881ad89 - std[617be2ca0a6fd877]::panicking::default_hook
[INFO] [stdout]    5:     0x59c42878b910 - test[aada8e7e76ba119b]::test_main_inner::{closure#0}
[INFO] [stdout]    6:     0x59c42881af42 - std[617be2ca0a6fd877]::panicking::panic_with_hook
[INFO] [stdout]    7:     0x59c4287fe884 - std[617be2ca0a6fd877]::panicking::panic_handler::{closure#0}
[INFO] [stdout]    8:     0x59c4287f73a9 - std[617be2ca0a6fd877]::sys::backtrace::__rust_end_short_backtrace::<std[617be2ca0a6fd877]::panicking::panic_handler::{closure#0}, !>
[INFO] [stdout]    9:     0x59c4287ff45d - __rustc[ea4f61d10b84890b]::rust_begin_unwind
[INFO] [stdout]   10:     0x59c42883793c - core[a373ad73a504971]::panicking::panic_fmt
[INFO] [stdout]   11:     0x59c428837902 - core[a373ad73a504971]::panicking::panic
[INFO] [stdout]   12:     0x59c4288376b9 - core[a373ad73a504971]::option::unwrap_failed
[INFO] [stdout]   13:     0x59c4287bfa56 - expecto[bac92e245f482e9f]::base::matcher::resolve_backtrace
[INFO] [stdout]   14:     0x59c428770b05 - <expecto[bac92e245f482e9f]::base::matcher::MatcherGuard<expecto[bac92e245f482e9f]::matchers::to_contain::ToContainMatcher<alloc[2e1b2a31b91974c5]::vec::Vec<expecto[acef7ba2eaf83700]::Age>, expecto[acef7ba2eaf83700]::Age>> as core[a373ad73a504971]::ops::drop::Drop>::drop
[INFO] [stdout]   15:     0x59c42877adc2 - <expecto[acef7ba2eaf83700]::collection_should_contain_an_element::{closure#0} as core[a373ad73a504971]::ops::function::FnOnce<()>>::call_once
[INFO] [stdout]   16:     0x59c42877ed5b - test[aada8e7e76ba119b]::__rust_begin_short_backtrace::<core[a373ad73a504971]::result::Result<(), alloc[2e1b2a31b91974c5]::string::String>, fn() -> core[a373ad73a504971]::result::Result<(), alloc[2e1b2a31b91974c5]::string::String>>
[INFO] [stdout]   17:     0x59c42878bf35 - test[aada8e7e76ba119b]::run_test::{closure#0}
[INFO] [stdout]   18:     0x59c428785824 - std[617be2ca0a6fd877]::sys::backtrace::__rust_begin_short_backtrace::<test[aada8e7e76ba119b]::run_test::{closure#1}, ()>
[INFO] [stdout]   19:     0x59c42878efc2 - <std[617be2ca0a6fd877]::thread::lifecycle::spawn_unchecked<test[aada8e7e76ba119b]::run_test::{closure#1}, ()>::{closure#1} as core[a373ad73a504971]::ops::function::FnOnce<()>>::call_once::{shim:vtable#0}
[INFO] [stdout]   20:     0x59c4288220af - <std[617be2ca0a6fd877]::sys::thread::unix::Thread>::new::thread_start
[INFO] [stdout]   21:     0x72870aa68dfa - <unknown>
[INFO] [stdout]   22:     0x72870aafc3d4 - clone
[INFO] [stdout]   23:                0x0 - <unknown>
[INFO] [stdout] 
[INFO] [stdout] ---- should_be_in_range stdout ----
[INFO] [stdout] 
[INFO] [stdout] thread 'should_be_in_range' (499) panicked at src/base/matcher.rs:134:38:
[INFO] [stdout] called `Option::unwrap()` on a `None` value
[INFO] [stdout] stack backtrace:
[INFO] [stdout]    0:     0x59c428822bb1 - <<std[617be2ca0a6fd877]::sys::backtrace::BacktraceLock>::print::DisplayBacktrace as core[a373ad73a504971]::fmt::Display>::fmt
[INFO] [stdout]    1:     0x59c42883720a - core[a373ad73a504971]::fmt::write
[INFO] [stdout]    2:     0x59c428826f7c - <alloc[2e1b2a31b91974c5]::vec::Vec<u8> as core[a373ad73a504971]::io::write::Write>::write_fmt
[INFO] [stdout]    3:     0x59c4287fe7a6 - std[617be2ca0a6fd877]::panicking::default_hook::{closure#0}
[INFO] [stdout]    4:     0x59c42881ad89 - std[617be2ca0a6fd877]::panicking::default_hook
[INFO] [stdout]    5:     0x59c42878b910 - test[aada8e7e76ba119b]::test_main_inner::{closure#0}
[INFO] [stdout]    6:     0x59c42881af42 - std[617be2ca0a6fd877]::panicking::panic_with_hook
[INFO] [stdout]    7:     0x59c4287fe884 - std[617be2ca0a6fd877]::panicking::panic_handler::{closure#0}
[INFO] [stdout]    8:     0x59c4287f73a9 - std[617be2ca0a6fd877]::sys::backtrace::__rust_end_short_backtrace::<std[617be2ca0a6fd877]::panicking::panic_handler::{closure#0}, !>
[INFO] [stdout]    9:     0x59c4287ff45d - __rustc[ea4f61d10b84890b]::rust_begin_unwind
[INFO] [stdout]   10:     0x59c42883793c - core[a373ad73a504971]::panicking::panic_fmt
[INFO] [stdout]   11:     0x59c428837902 - core[a373ad73a504971]::panicking::panic
[INFO] [stdout]   12:     0x59c4288376b9 - core[a373ad73a504971]::option::unwrap_failed
[INFO] [stdout]   13:     0x59c4287bfa56 - expecto[bac92e245f482e9f]::base::matcher::resolve_backtrace
[INFO] [stdout]   14:     0x59c4287752e2 - <expecto[bac92e245f482e9f]::base::matcher::MatcherGuard<expecto[bac92e245f482e9f]::matchers::to_be_in_range::ToBeInRangeMatcher<f64, core[a373ad73a504971]::ops::range::RangeInclusive<f64>>> as core[a373ad73a504971]::ops::drop::Drop>::drop
[INFO] [stdout]   15:     0x59c42877a9de - <expecto[acef7ba2eaf83700]::should_be_in_range::{closure#0} as core[a373ad73a504971]::ops::function::FnOnce<()>>::call_once
[INFO] [stdout]   16:     0x59c42877ed5b - test[aada8e7e76ba119b]::__rust_begin_short_backtrace::<core[a373ad73a504971]::result::Result<(), alloc[2e1b2a31b91974c5]::string::String>, fn() -> core[a373ad73a504971]::result::Result<(), alloc[2e1b2a31b91974c5]::string::String>>
[INFO] [stdout]   17:     0x59c42878bf35 - test[aada8e7e76ba119b]::run_test::{closure#0}
[INFO] [stdout]   18:     0x59c428785824 - std[617be2ca0a6fd877]::sys::backtrace::__rust_begin_short_backtrace::<test[aada8e7e76ba119b]::run_test::{closure#1}, ()>
[INFO] [stdout]   19:     0x59c42878efc2 - <std[617be2ca0a6fd877]::thread::lifecycle::spawn_unchecked<test[aada8e7e76ba119b]::run_test::{closure#1}, ()>::{closure#1} as core[a373ad73a504971]::ops::function::FnOnce<()>>::call_once::{shim:vtable#0}
[INFO] [stdout]   20:     0x59c4288220af - <std[617be2ca0a6fd877]::sys::thread::unix::Thread>::new::thread_start
[INFO] [stdout]   21:     0x72870aa68dfa - <unknown>
[INFO] [stdout]   22:     0x72870aafc3d4 - clone
[INFO] [stdout]   23:                0x0 - <unknown>
[INFO] [stdout] 
[INFO] [stdout] ---- should_be_within_delta_of_given_value_for_time stdout ----
[INFO] [stdout] 
[INFO] [stdout] thread 'should_be_within_delta_of_given_value_for_time' (501) panicked at src/base/matcher.rs:134:38:
[INFO] [stdout] called `Option::unwrap()` on a `None` value
[INFO] [stdout] stack backtrace:
[INFO] [stdout]    0:     0x59c428822bb1 - <<std[617be2ca0a6fd877]::sys::backtrace::BacktraceLock>::print::DisplayBacktrace as core[a373ad73a504971]::fmt::Display>::fmt
[INFO] [stdout]    1:     0x59c42883720a - core[a373ad73a504971]::fmt::write
[INFO] [stdout]    2:     0x59c428826f7c - <alloc[2e1b2a31b91974c5]::vec::Vec<u8> as core[a373ad73a504971]::io::write::Write>::write_fmt
[INFO] [stdout]    3:     0x59c4287fe7a6 - std[617be2ca0a6fd877]::panicking::default_hook::{closure#0}
[INFO] [stdout]    4:     0x59c42881ad89 - std[617be2ca0a6fd877]::panicking::default_hook
[INFO] [stdout]    5:     0x59c42878b910 - test[aada8e7e76ba119b]::test_main_inner::{closure#0}
[INFO] [stdout]    6:     0x59c42881af42 - std[617be2ca0a6fd877]::panicking::panic_with_hook
[INFO] [stdout]    7:     0x59c4287fe884 - std[617be2ca0a6fd877]::panicking::panic_handler::{closure#0}
[INFO] [stdout]    8:     0x59c4287f73a9 - std[617be2ca0a6fd877]::sys::backtrace::__rust_end_short_backtrace::<std[617be2ca0a6fd877]::panicking::panic_handler::{closure#0}, !>
[INFO] [stdout]    9:     0x59c4287ff45d - __rustc[ea4f61d10b84890b]::rust_begin_unwind
[INFO] [stdout]   10:     0x59c42883793c - core[a373ad73a504971]::panicking::panic_fmt
[INFO] [stdout]   11:     0x59c428837902 - core[a373ad73a504971]::panicking::panic
[INFO] [stdout]   12:     0x59c4288376b9 - core[a373ad73a504971]::option::unwrap_failed
[INFO] [stdout]   13:     0x59c4287bfa56 - expecto[bac92e245f482e9f]::base::matcher::resolve_backtrace
[INFO] [stdout]   14:     0x59c4287736d3 - <expecto[bac92e245f482e9f]::base::matcher::MatcherGuard<expecto[bac92e245f482e9f]::matchers::to_be_around::ToBeAroundMatcher<std[617be2ca0a6fd877]::time::Instant, core[a373ad73a504971]::time::Duration>> as core[a373ad73a504971]::ops::drop::Drop>::drop
[INFO] [stdout]   15:     0x59c42877b41e - <expecto[acef7ba2eaf83700]::should_be_within_delta_of_given_value_for_time::{closure#0} as core[a373ad73a504971]::ops::function::FnOnce<()>>::call_once
[INFO] [stdout]   16:     0x59c42877ed5b - test[aada8e7e76ba119b]::__rust_begin_short_backtrace::<core[a373ad73a504971]::result::Result<(), alloc[2e1b2a31b91974c5]::string::String>, fn() -> core[a373ad73a504971]::result::Result<(), alloc[2e1b2a31b91974c5]::string::String>>
[INFO] [stdout]   17:     0x59c42878bf35 - test[aada8e7e76ba119b]::run_test::{closure#0}
[INFO] [stdout]   18:     0x59c428785824 - std[617be2ca0a6fd877]::sys::backtrace::__rust_begin_short_backtrace::<test[aada8e7e76ba119b]::run_test::{closure#1}, ()>
[INFO] [stdout]   19:     0x59c42878efc2 - <std[617be2ca0a6fd877]::thread::lifecycle::spawn_unchecked<test[aada8e7e76ba119b]::run_test::{closure#1}, ()>::{closure#1} as core[a373ad73a504971]::ops::function::FnOnce<()>>::call_once::{shim:vtable#0}
[INFO] [stdout]   20:     0x59c4288220af - <std[617be2ca0a6fd877]::sys::thread::unix::Thread>::new::thread_start
[INFO] [stdout]   21:     0x72870aa68dfa - <unknown>
[INFO] [stdout]   22:     0x72870aafc3d4 - clone
[INFO] [stdout]   23:                0x0 - <unknown>
[INFO] [stdout] 
[INFO] [stdout] 
[INFO] [stdout] failures:
[INFO] [stdout]     collection_should_contain_an_element
[INFO] [stdout]     should_be_in_range
[INFO] [stdout]     should_be_within_delta_of_given_value_for_float
[INFO] [stdout]     should_be_within_delta_of_given_value_for_time
[INFO] [stdout]     should_contain_another_string
[INFO] [stdout] 
[INFO] [stdout] test result: FAILED. 1 passed; 5 failed; 0 ignored; 0 measured; 0 filtered out; finished in 0.01s
[INFO] [stdout] 
[INFO] [stderr] error: test failed, to rerun pass `--bin expecto`
[INFO] running `Command { std: "docker" "inspect" "069c7bc39e33e44c273cdd12c059a2bc8e4d07487652a13d6fcd04c6cb984785", kill_on_drop: false }`
[INFO] running `Command { std: "docker" "rm" "-f" "069c7bc39e33e44c273cdd12c059a2bc8e4d07487652a13d6fcd04c6cb984785", kill_on_drop: false }`
[INFO] [stdout] 069c7bc39e33e44c273cdd12c059a2bc8e4d07487652a13d6fcd04c6cb984785
