[INFO] fetching crate expanda 0.5.0...
[INFO] testing expanda-0.5.0 against 1.99.0-beta.8+cargoflags=--release for beta-release-1.100-2
[INFO] extracting crate expanda 0.5.0 into /workspace/builds/worker-0-tc1/source
[INFO] started tweaking crates.io crate expanda 0.5.0
[INFO] finished tweaking crates.io crate expanda 0.5.0
[INFO] tweaked toml for crates.io crate expanda 0.5.0 written to /workspace/builds/worker-0-tc1/source/Cargo.toml
[INFO] validating manifest of crates.io crate expanda 0.5.0 on toolchain 1.99.0-beta.8
[INFO] running `Command { std: CARGO_HOME="/workspace/cargo-home" RUSTUP_HOME="/workspace/rustup-home" "/workspace/cargo-home/bin/cargo" "+1.99.0-beta.8" "metadata" "--manifest-path" "Cargo.toml" "--no-deps", kill_on_drop: false }`
[INFO] crate crates.io crate expanda 0.5.0 already has a lockfile, it will not be regenerated
[INFO] running `Command { std: CARGO_HOME="/workspace/cargo-home" RUSTUP_HOME="/workspace/rustup-home" "/workspace/cargo-home/bin/cargo" "+1.99.0-beta.8" "fetch" "--manifest-path" "Cargo.toml", kill_on_drop: false }`
[INFO] [stderr]     Updating crates.io index
[INFO] [stderr]  Downloading crates ...
[INFO] [stderr]   Downloaded expanda-macros v0.5.0
[INFO] running `Command { std: "docker" "create" "-v" "/var/lib/crater-agent-workspace/builds/worker-0-tc1/source:/opt/rustwide/workdir:ro,Z" "-v" "/var/lib/crater-agent-workspace/builds/worker-0-tc1/target:/opt/rustwide/target:rw,Z" "-v" "/var/lib/crater-agent-workspace/cargo-home:/opt/rustwide/cargo-home:ro,Z" "-v" "/var/lib/crater-agent-workspace/rustup-home:/opt/rustwide/rustup-home:ro,Z" "-m" "1610612736" "--network" "none" "ghcr.io/rust-lang/crates-build-env/linux@sha256:77db811e55d90add9212f6832c23229e3de5f1c1f9905e8cb07319ea15df73ac" "sleep" "infinity", kill_on_drop: false }`
[INFO] [stdout] 7fa98170d7d70577d4da7afbafde5f217e55d235c8da7ab523af029a06ee1ba1
[INFO] running `Command { std: "docker" "start" "7fa98170d7d70577d4da7afbafde5f217e55d235c8da7ab523af029a06ee1ba1", kill_on_drop: false }`
[INFO] running `Command { std: "docker" "inspect" "7fa98170d7d70577d4da7afbafde5f217e55d235c8da7ab523af029a06ee1ba1", kill_on_drop: false }`
[INFO] running `Command { std: "docker" "exec" "-e" "SOURCE_DIR=/opt/rustwide/workdir" "-e" "CARGO_HOME=/opt/rustwide/cargo-home" "-e" "RUSTUP_HOME=/opt/rustwide/rustup-home" "-e" "CARGO_TARGET_DIR=/opt/rustwide/target" "-w" "/opt/rustwide/workdir" "--user" "0:0" "7fa98170d7d70577d4da7afbafde5f217e55d235c8da7ab523af029a06ee1ba1" "/opt/rustwide/cargo-home/bin/cargo" "+1.99.0-beta.8" "metadata" "--no-deps" "--format-version=1", kill_on_drop: false }`
[INFO] running `Command { std: "docker" "inspect" "7fa98170d7d70577d4da7afbafde5f217e55d235c8da7ab523af029a06ee1ba1", kill_on_drop: false }`
[INFO] running `Command { std: "docker" "exec" "-e" "SOURCE_DIR=/opt/rustwide/workdir" "-e" "CARGO_HOME=/opt/rustwide/cargo-home" "-e" "RUSTUP_HOME=/opt/rustwide/rustup-home" "-e" "CARGO_TARGET_DIR=/opt/rustwide/target" "-e" "CARGO_INCREMENTAL=0" "-e" "RUST_BACKTRACE=full" "-e" "RUSTFLAGS=--cap-lints=warn" "-e" "RUSTDOCFLAGS=--cap-lints=warn" "-w" "/opt/rustwide/workdir" "--user" "0:0" "7fa98170d7d70577d4da7afbafde5f217e55d235c8da7ab523af029a06ee1ba1" "/opt/rustwide/cargo-home/bin/cargo" "+1.99.0-beta.8" "build" "--frozen" "--message-format=json" "--release", kill_on_drop: false }`
[INFO] [stderr]    Compiling expanda-macros v0.5.0
[INFO] [stderr]    Compiling expanda v0.5.0 (/opt/rustwide/workdir)
[INFO] [stderr]     Finished `release` profile [optimized] target(s) in 0.89s
[INFO] running `Command { std: "docker" "inspect" "7fa98170d7d70577d4da7afbafde5f217e55d235c8da7ab523af029a06ee1ba1", kill_on_drop: false }`
[INFO] running `Command { std: "docker" "exec" "-e" "SOURCE_DIR=/opt/rustwide/workdir" "-e" "CARGO_HOME=/opt/rustwide/cargo-home" "-e" "RUSTUP_HOME=/opt/rustwide/rustup-home" "-e" "CARGO_TARGET_DIR=/opt/rustwide/target" "-e" "CARGO_INCREMENTAL=0" "-e" "RUST_BACKTRACE=full" "-e" "RUSTFLAGS=--cap-lints=warn" "-e" "RUSTDOCFLAGS=--cap-lints=warn" "-w" "/opt/rustwide/workdir" "--user" "0:0" "7fa98170d7d70577d4da7afbafde5f217e55d235c8da7ab523af029a06ee1ba1" "/opt/rustwide/cargo-home/bin/cargo" "+1.99.0-beta.8" "test" "--frozen" "--no-run" "--message-format=json" "--release", kill_on_drop: false }`
[INFO] [stderr]    Compiling expanda v0.5.0 (/opt/rustwide/workdir)
[INFO] [stderr]     Finished `release` profile [optimized] target(s) in 0.20s
[INFO] running `Command { std: "docker" "inspect" "7fa98170d7d70577d4da7afbafde5f217e55d235c8da7ab523af029a06ee1ba1", kill_on_drop: false }`
[INFO] running `Command { std: "docker" "exec" "-e" "SOURCE_DIR=/opt/rustwide/workdir" "-e" "CARGO_HOME=/opt/rustwide/cargo-home" "-e" "RUSTUP_HOME=/opt/rustwide/rustup-home" "-e" "CARGO_TARGET_DIR=/opt/rustwide/target" "-e" "CARGO_INCREMENTAL=0" "-e" "RUST_BACKTRACE=full" "-e" "RUSTFLAGS=--cap-lints=warn" "-e" "RUSTDOCFLAGS=--cap-lints=warn" "-w" "/opt/rustwide/workdir" "--user" "0:0" "7fa98170d7d70577d4da7afbafde5f217e55d235c8da7ab523af029a06ee1ba1" "/opt/rustwide/cargo-home/bin/cargo" "+1.99.0-beta.8" "test" "--frozen" "--release", kill_on_drop: false }`
[INFO] [stderr]     Finished `release` profile [optimized] target(s) in 0.03s
[INFO] [stderr]      Running unittests src/lib.rs (/opt/rustwide/target/release/deps/expanda-2235859702048a26)
[INFO] [stdout] 
[INFO] [stdout] running 0 tests
[INFO] [stdout] 
[INFO] [stdout] test result: ok. 0 passed; 0 failed; 0 ignored; 0 measured; 0 filtered out; finished in 0.00s
[INFO] [stdout] 
[INFO] [stderr]    Doc-tests expanda
[INFO] [stdout] 
[INFO] [stdout] running 13 tests
[INFO] [stdout] test src/lib.rs - (line 117) ... FAILED
[INFO] [stdout] test src/lib.rs - (line 175) ... FAILED
[INFO] [stdout] test src/lib.rs - (line 85) ... FAILED
[INFO] [stdout] test src/lib.rs - (line 148) ... FAILED
[INFO] [stdout] test src/lib.rs - (line 98) ... FAILED
[INFO] [stdout] test src/lib.rs - (line 62) ... FAILED
[INFO] [stdout] test src/lib.rs - (line 160) ... FAILED
[INFO] [stdout] test src/lib.rs - declare (line 327) ... FAILED
[INFO] [stdout] test src/lib.rs - (line 30) ... FAILED
[INFO] [stdout] test src/lib.rs - (line 13) ... FAILED
[INFO] [stdout] test src/lib.rs - (line 179) ... FAILED
[INFO] [stdout] test src/lib.rs - (line 7) ... ok
[INFO] [stdout] test src/lib.rs - declare_item (line 266) ... FAILED
[INFO] [stdout] 
[INFO] [stdout] failures:
[INFO] [stdout] 
[INFO] [stdout] ---- src/lib.rs - (line 117) stdout ----
[INFO] [stdout] error: expected item, found `<-`
[INFO] [stdout]    --> src/lib.rs:118:1
[INFO] [stdout]     |
[INFO] [stdout] 118 | <--match value {
[INFO] [stdout]     | ^^ expected item
[INFO] [stdout]     |
[INFO] [stdout]     = note: for a full list of items that can appear in modules, see <https://doc.rust-lang.org/reference/items.html>
[INFO] [stdout] 
[INFO] [stdout] error: aborting due to 1 previous error
[INFO] [stdout] 
[INFO] [stdout] Couldn't compile the test.
[INFO] [stdout] ---- src/lib.rs - (line 175) stdout ----
[INFO] [stdout] error: expected item, found `<-`
[INFO] [stdout]    --> src/lib.rs:176:1
[INFO] [stdout]     |
[INFO] [stdout] 176 | <--use foo
[INFO] [stdout]     | ^^ expected item
[INFO] [stdout]     |
[INFO] [stdout]     = note: for a full list of items that can appear in modules, see <https://doc.rust-lang.org/reference/items.html>
[INFO] [stdout] 
[INFO] [stdout] error: aborting due to 1 previous error
[INFO] [stdout] 
[INFO] [stdout] Couldn't compile the test.
[INFO] [stdout] ---- src/lib.rs - (line 85) stdout ----
[INFO] [stdout] error: expected item, found `<-`
[INFO] [stdout]   --> src/lib.rs:86:1
[INFO] [stdout]    |
[INFO] [stdout] 86 | <--repeat count {
[INFO] [stdout]    | ^^ expected item
[INFO] [stdout]    |
[INFO] [stdout]    = note: for a full list of items that can appear in modules, see <https://doc.rust-lang.org/reference/items.html>
[INFO] [stdout] 
[INFO] [stdout] error: aborting due to 1 previous error
[INFO] [stdout] 
[INFO] [stdout] Couldn't compile the test.
[INFO] [stdout] ---- src/lib.rs - (line 148) stdout ----
[INFO] [stdout] error: expected item, found `(`
[INFO] [stdout]    --> src/lib.rs:149:1
[INFO] [stdout]     |
[INFO] [stdout] 149 | ($*.) => {}
[INFO] [stdout]     | ^ expected item
[INFO] [stdout]     |
[INFO] [stdout]     = note: for a full list of items that can appear in modules, see <https://doc.rust-lang.org/reference/items.html>
[INFO] [stdout] 
[INFO] [stdout] error: aborting due to 1 previous error
[INFO] [stdout] 
[INFO] [stdout] Couldn't compile the test.
[INFO] [stdout] ---- src/lib.rs - (line 98) stdout ----
[INFO] [stdout] error: expected item, found `<-`
[INFO] [stdout]   --> src/lib.rs:99:1
[INFO] [stdout]    |
[INFO] [stdout] 99 | <--let $variable_name = value
[INFO] [stdout]    | ^^ expected item
[INFO] [stdout]    |
[INFO] [stdout]    = note: for a full list of items that can appear in modules, see <https://doc.rust-lang.org/reference/items.html>
[INFO] [stdout] 
[INFO] [stdout] error: aborting due to 1 previous error
[INFO] [stdout] 
[INFO] [stdout] Couldn't compile the test.
[INFO] [stdout] ---- src/lib.rs - (line 62) stdout ----
[INFO] [stdout] error: expected item, found `<-`
[INFO] [stdout]   --> src/lib.rs:63:1
[INFO] [stdout]    |
[INFO] [stdout] 63 | <--for $loop_variable_name in token_expressions {
[INFO] [stdout]    | ^^ expected item
[INFO] [stdout]    |
[INFO] [stdout]    = note: for a full list of items that can appear in modules, see <https://doc.rust-lang.org/reference/items.html>
[INFO] [stdout] 
[INFO] [stdout] error: aborting due to 1 previous error
[INFO] [stdout] 
[INFO] [stdout] Couldn't compile the test.
[INFO] [stdout] ---- src/lib.rs - (line 160) stdout ----
[INFO] [stdout] error: expected item, found `<-`
[INFO] [stdout]    --> src/lib.rs:161:1
[INFO] [stdout]     |
[INFO] [stdout] 161 | <--use #
[INFO] [stdout]     | ^^ expected item
[INFO] [stdout]     |
[INFO] [stdout]     = note: for a full list of items that can appear in modules, see <https://doc.rust-lang.org/reference/items.html>
[INFO] [stdout] 
[INFO] [stdout] error: aborting due to 1 previous error
[INFO] [stdout] 
[INFO] [stdout] Couldn't compile the test.
[INFO] [stdout] ---- src/lib.rs - declare (line 327) stdout ----
[INFO] [stdout] error: cannot find macro `declare` in this scope
[INFO] [stdout]    --> src/lib.rs:328:1
[INFO] [stdout]     |
[INFO] [stdout] 328 | declare! {
[INFO] [stdout]     | ^^^^^^^
[INFO] [stdout] 
[INFO] [stdout] error: aborting due to 1 previous error
[INFO] [stdout] 
[INFO] [stdout] Couldn't compile the test.
[INFO] [stdout] ---- src/lib.rs - (line 30) stdout ----
[INFO] [stdout] error: cannot find macro `expand` in this scope
[INFO] [stdout]   --> src/lib.rs:31:1
[INFO] [stdout]    |
[INFO] [stdout] 31 | expand! {
[INFO] [stdout]    | ^^^^^^
[INFO] [stdout] 
[INFO] [stdout] error: aborting due to 1 previous error
[INFO] [stdout] 
[INFO] [stdout] Couldn't compile the test.
[INFO] [stdout] ---- src/lib.rs - (line 13) stdout ----
[INFO] [stdout] error[E0405]: cannot find trait `IntAdd` in this scope
[INFO] [stdout]   --> src/lib.rs:16:14
[INFO] [stdout]    |
[INFO] [stdout] 16 |           impl IntAdd for $T {
[INFO] [stdout]    |                ^^^^^^ not found in this scope
[INFO] [stdout] ...
[INFO] [stdout] 24 | / impl_int_add!{
[INFO] [stdout] 25 | |     u8 u16 u32 u64 u128 usize
[INFO] [stdout] 26 | |     i8 i16 i32 i64 i128 isize
[INFO] [stdout] 27 | | }
[INFO] [stdout]    | |_- in this macro invocation
[INFO] [stdout]    |
[INFO] [stdout]    = note: this error originates in the macro `impl_int_add` (in Nightly builds, run with -Z macro-backtrace for more info)
[INFO] [stdout] 
[INFO] [stdout] error: aborting due to 1 previous error
[INFO] [stdout] 
[INFO] [stdout] For more information about this error, try `rustc --explain E0405`.
[INFO] [stdout] Couldn't compile the test.
[INFO] [stdout] ---- src/lib.rs - (line 179) stdout ----
[INFO] [stdout] error: cannot find macro `declare` in this scope
[INFO] [stdout]    --> src/lib.rs:180:1
[INFO] [stdout]     |
[INFO] [stdout] 180 | declare! {
[INFO] [stdout]     | ^^^^^^^
[INFO] [stdout] 
[INFO] [stdout] error: aborting due to 1 previous error
[INFO] [stdout] 
[INFO] [stdout] Couldn't compile the test.
[INFO] [stdout] ---- src/lib.rs - declare_item (line 266) stdout ----
[INFO] [stdout] error: cannot find attribute `declare_item` in this scope
[INFO] [stdout]    --> src/lib.rs:267:3
[INFO] [stdout]     |
[INFO] [stdout] 267 | #[declare_item(foo)]
[INFO] [stdout]     |   ^^^^^^^^^^^^
[INFO] [stdout] 
[INFO] [stdout] error[E0425]: cannot find type `A` in this scope
[INFO] [stdout]    --> src/lib.rs:269:6
[INFO] [stdout]     |
[INFO] [stdout] 269 |    A(A),
[INFO] [stdout]     |      ^ not found in this scope
[INFO] [stdout]     |
[INFO] [stdout] help: you might be missing a type parameter
[INFO] [stdout]     |
[INFO] [stdout] 268 | enum Foo<A> {
[INFO] [stdout]     |         +++
[INFO] [stdout] 
[INFO] [stdout] error[E0425]: cannot find type `B` in this scope
[INFO] [stdout]    --> src/lib.rs:270:6
[INFO] [stdout]     |
[INFO] [stdout] 270 |    B(B),
[INFO] [stdout]     |      ^ not found in this scope
[INFO] [stdout]     |
[INFO] [stdout] help: you might be missing a type parameter
[INFO] [stdout]     |
[INFO] [stdout] 268 | enum Foo<B> {
[INFO] [stdout]     |         +++
[INFO] [stdout] 
[INFO] [stdout] error[E0425]: cannot find type `C` in this scope
[INFO] [stdout]    --> src/lib.rs:271:6
[INFO] [stdout]     |
[INFO] [stdout] 271 |    C(C),
[INFO] [stdout]     |      ^ not found in this scope
[INFO] [stdout]     |
[INFO] [stdout] help: you might be missing a type parameter
[INFO] [stdout]     |
[INFO] [stdout] 268 | enum Foo<C> {
[INFO] [stdout]     |         +++
[INFO] [stdout] 
[INFO] [stdout] error: aborting due to 4 previous errors
[INFO] [stdout] 
[INFO] [stdout] For more information about this error, try `rustc --explain E0425`.
[INFO] [stdout] Couldn't compile the test.
[INFO] [stdout] 
[INFO] [stdout] failures:
[INFO] [stdout]     src/lib.rs - (line 117)
[INFO] [stdout]     src/lib.rs - (line 13)
[INFO] [stdout]     src/lib.rs - (line 148)
[INFO] [stdout]     src/lib.rs - (line 160)
[INFO] [stdout]     src/lib.rs - (line 175)
[INFO] [stdout]     src/lib.rs - (line 179)
[INFO] [stdout]     src/lib.rs - (line 30)
[INFO] [stdout]     src/lib.rs - (line 62)
[INFO] [stdout]     src/lib.rs - (line 85)
[INFO] [stdout]     src/lib.rs - (line 98)
[INFO] [stdout]     src/lib.rs - declare (line 327)
[INFO] [stdout]     src/lib.rs - declare_item (line 266)
[INFO] [stdout] 
[INFO] [stdout] test result: FAILED. 1 passed; 12 failed; 0 ignored; 0 measured; 0 filtered out; finished in 0.34s
[INFO] [stdout] 
[INFO] [stdout] all doctests ran in 0.52s; merged doctests compilation took 0.17s
[INFO] [stderr] error: doctest failed, to rerun pass `--doc`
[INFO] running `Command { std: "docker" "inspect" "7fa98170d7d70577d4da7afbafde5f217e55d235c8da7ab523af029a06ee1ba1", kill_on_drop: false }`
[INFO] running `Command { std: "docker" "rm" "-f" "7fa98170d7d70577d4da7afbafde5f217e55d235c8da7ab523af029a06ee1ba1", kill_on_drop: false }`
[INFO] [stdout] 7fa98170d7d70577d4da7afbafde5f217e55d235c8da7ab523af029a06ee1ba1
