[INFO] fetching crate exocortex-adapter-sdk 0.5.1...
[INFO] testing exocortex-adapter-sdk-0.5.1 against 1.99.0-beta.8+cargoflags=--release for beta-release-1.100-2
[INFO] extracting crate exocortex-adapter-sdk 0.5.1 into /workspace/builds/worker-0-tc1/source
[INFO] started tweaking crates.io crate exocortex-adapter-sdk 0.5.1
[INFO] removed 0 missing tests
[INFO] finished tweaking crates.io crate exocortex-adapter-sdk 0.5.1
[INFO] tweaked toml for crates.io crate exocortex-adapter-sdk 0.5.1 written to /workspace/builds/worker-0-tc1/source/Cargo.toml
[INFO] validating manifest of crates.io crate exocortex-adapter-sdk 0.5.1 on toolchain 1.99.0-beta.8
[INFO] running `Command { std: CARGO_HOME="/workspace/cargo-home" RUSTUP_HOME="/workspace/rustup-home" "/workspace/cargo-home/bin/cargo" "+1.99.0-beta.8" "metadata" "--manifest-path" "Cargo.toml" "--no-deps", kill_on_drop: false }`
[INFO] crate crates.io crate exocortex-adapter-sdk 0.5.1 already has a lockfile, it will not be regenerated
[INFO] running `Command { std: CARGO_HOME="/workspace/cargo-home" RUSTUP_HOME="/workspace/rustup-home" "/workspace/cargo-home/bin/cargo" "+1.99.0-beta.8" "fetch" "--manifest-path" "Cargo.toml", kill_on_drop: false }`
[INFO] [stderr]     Updating crates.io index
[INFO] [stderr]  Downloading crates ...
[INFO] [stderr]   Downloaded h2 v0.4.18
[INFO] [stderr]   Downloaded axum-macros v0.4.2
[INFO] [stderr]   Downloaded exocortex-wire v0.5.1
[INFO] running `Command { std: "docker" "create" "-v" "/var/lib/crater-agent-workspace/builds/worker-0-tc1/source:/opt/rustwide/workdir:ro,Z" "-v" "/var/lib/crater-agent-workspace/builds/worker-0-tc1/target:/opt/rustwide/target:rw,Z" "-v" "/var/lib/crater-agent-workspace/cargo-home:/opt/rustwide/cargo-home:ro,Z" "-v" "/var/lib/crater-agent-workspace/rustup-home:/opt/rustwide/rustup-home:ro,Z" "-m" "1610612736" "--network" "none" "ghcr.io/rust-lang/crates-build-env/linux@sha256:77db811e55d90add9212f6832c23229e3de5f1c1f9905e8cb07319ea15df73ac" "sleep" "infinity", kill_on_drop: false }`
[INFO] [stdout] 5ed02866047971e029beb105afa388ad9f7a2ecd344dcbe52e9cd13f5f7c47fb
[INFO] running `Command { std: "docker" "start" "5ed02866047971e029beb105afa388ad9f7a2ecd344dcbe52e9cd13f5f7c47fb", kill_on_drop: false }`
[INFO] running `Command { std: "docker" "inspect" "5ed02866047971e029beb105afa388ad9f7a2ecd344dcbe52e9cd13f5f7c47fb", kill_on_drop: false }`
[INFO] running `Command { std: "docker" "exec" "-e" "SOURCE_DIR=/opt/rustwide/workdir" "-e" "CARGO_HOME=/opt/rustwide/cargo-home" "-e" "RUSTUP_HOME=/opt/rustwide/rustup-home" "-e" "CARGO_TARGET_DIR=/opt/rustwide/target" "-w" "/opt/rustwide/workdir" "--user" "0:0" "5ed02866047971e029beb105afa388ad9f7a2ecd344dcbe52e9cd13f5f7c47fb" "/opt/rustwide/cargo-home/bin/cargo" "+1.99.0-beta.8" "metadata" "--no-deps" "--format-version=1", kill_on_drop: false }`
[INFO] running `Command { std: "docker" "inspect" "5ed02866047971e029beb105afa388ad9f7a2ecd344dcbe52e9cd13f5f7c47fb", kill_on_drop: false }`
[INFO] running `Command { std: "docker" "exec" "-e" "SOURCE_DIR=/opt/rustwide/workdir" "-e" "CARGO_HOME=/opt/rustwide/cargo-home" "-e" "RUSTUP_HOME=/opt/rustwide/rustup-home" "-e" "CARGO_TARGET_DIR=/opt/rustwide/target" "-e" "CARGO_INCREMENTAL=0" "-e" "RUST_BACKTRACE=full" "-e" "RUSTFLAGS=--cap-lints=warn" "-e" "RUSTDOCFLAGS=--cap-lints=warn" "-w" "/opt/rustwide/workdir" "--user" "0:0" "5ed02866047971e029beb105afa388ad9f7a2ecd344dcbe52e9cd13f5f7c47fb" "/opt/rustwide/cargo-home/bin/cargo" "+1.99.0-beta.8" "build" "--frozen" "--message-format=json" "--release", kill_on_drop: false }`
[INFO] [stderr]    Compiling syn v2.0.119
[INFO] [stderr]    Compiling syn v3.0.4
[INFO] [stderr]    Compiling either v1.18.0
[INFO] [stderr]    Compiling cc v1.4.4
[INFO] [stderr]    Compiling libc v0.2.189
[INFO] [stderr]    Compiling getrandom v0.3.4
[INFO] [stderr]    Compiling bitflags v2.13.1
[INFO] [stderr]    Compiling regex-syntax v0.8.11
[INFO] [stderr]    Compiling bytes v1.12.1
[INFO] [stderr]    Compiling fastrand v2.5.0
[INFO] [stderr]    Compiling petgraph v0.7.1
[INFO] [stderr]    Compiling rustls v0.23.45
[INFO] [stderr]    Compiling crc32fast v1.5.1
[INFO] [stderr]    Compiling log v0.4.34
[INFO] [stderr]    Compiling miniz_oxide v0.8.9
[INFO] [stderr]    Compiling digest v0.10.7
[INFO] [stderr]    Compiling rustix v1.1.4
[INFO] [stderr]    Compiling itertools v0.14.0
[INFO] [stderr]    Compiling rand v0.8.7
[INFO] [stderr]    Compiling tower v0.5.3
[INFO] [stderr]    Compiling rustls-pemfile v2.2.0
[INFO] [stderr]    Compiling arrayvec v0.7.8
[INFO] [stderr]    Compiling constant_time_eq v0.4.2
[INFO] [stderr]    Compiling sha2 v0.10.9
[INFO] [stderr]    Compiling hmac v0.12.1
[INFO] [stderr]    Compiling rapidhash v4.5.1
[INFO] [stderr]    Compiling flate2 v1.1.9
[INFO] [stderr]    Compiling metrics v0.24.6
[INFO] [stderr]    Compiling ring v0.17.14
[INFO] [stderr]    Compiling blake3 v1.8.7
[INFO] [stderr]    Compiling regex-automata v0.4.18
[INFO] [stderr]    Compiling tempfile v3.27.0
[INFO] [stderr]    Compiling regex v1.13.1
[INFO] [stderr]    Compiling tokio-macros v2.7.2
[INFO] [stderr]    Compiling async-trait v0.1.92
[INFO] [stderr]    Compiling serde_derive v1.0.229
[INFO] [stderr]    Compiling tokio v1.53.1
[INFO] [stderr]    Compiling prettyplease v0.2.37
[INFO] [stderr]    Compiling axum-core v0.4.5
[INFO] [stderr]    Compiling prost-derive v0.13.5
[INFO] [stderr]    Compiling tracing-attributes v0.1.31
[INFO] [stderr]    Compiling pin-project-internal v1.1.13
[INFO] [stderr]    Compiling async-stream-impl v0.3.6
[INFO] [stderr]    Compiling thiserror-impl v1.0.69
[INFO] [stderr]    Compiling async-stream v0.3.6
[INFO] [stderr]    Compiling thiserror v1.0.69
[INFO] [stderr]    Compiling pin-project v1.1.13
[INFO] [stderr]    Compiling prost v0.13.5
[INFO] [stderr]    Compiling tracing v0.1.44
[INFO] [stderr]    Compiling prost-types v0.13.5
[INFO] [stderr]    Compiling serde v1.0.229
[INFO] [stderr]    Compiling prost-build v0.13.5
[INFO] [stderr]    Compiling axum v0.7.9
[INFO] [stderr]    Compiling tonic-build v0.12.3
[INFO] [stderr]    Compiling exocortex-wire v0.5.1
[INFO] [stderr]    Compiling tokio-util v0.7.19
[INFO] [stderr]    Compiling tokio-stream v0.1.19
[INFO] [stderr]    Compiling h2 v0.4.18
[INFO] [stderr]    Compiling tower v0.4.13
[INFO] [stderr]    Compiling rustls-webpki v0.103.15
[INFO] [stderr]    Compiling hyper v1.11.0
[INFO] [stderr]    Compiling hyper-util v0.1.20
[INFO] [stderr]    Compiling hyper-timeout v0.5.2
[INFO] [stderr]    Compiling tokio-rustls v0.26.4
[INFO] [stderr]    Compiling tonic v0.12.3
[INFO] [stderr]    Compiling exocortex-adapter-sdk v0.5.1 (/opt/rustwide/workdir)
[INFO] [stderr]     Finished `release` profile [optimized] target(s) in 1m 27s
[INFO] running `Command { std: "docker" "inspect" "5ed02866047971e029beb105afa388ad9f7a2ecd344dcbe52e9cd13f5f7c47fb", kill_on_drop: false }`
[INFO] running `Command { std: "docker" "exec" "-e" "SOURCE_DIR=/opt/rustwide/workdir" "-e" "CARGO_HOME=/opt/rustwide/cargo-home" "-e" "RUSTUP_HOME=/opt/rustwide/rustup-home" "-e" "CARGO_TARGET_DIR=/opt/rustwide/target" "-e" "CARGO_INCREMENTAL=0" "-e" "RUST_BACKTRACE=full" "-e" "RUSTFLAGS=--cap-lints=warn" "-e" "RUSTDOCFLAGS=--cap-lints=warn" "-w" "/opt/rustwide/workdir" "--user" "0:0" "5ed02866047971e029beb105afa388ad9f7a2ecd344dcbe52e9cd13f5f7c47fb" "/opt/rustwide/cargo-home/bin/cargo" "+1.99.0-beta.8" "test" "--frozen" "--no-run" "--message-format=json" "--release", kill_on_drop: false }`
[INFO] [stderr]    Compiling getrandom v0.3.4
[INFO] [stderr]    Compiling fastrand v2.5.0
[INFO] [stderr]    Compiling tempfile v3.27.0
[INFO] [stderr]    Compiling exocortex-adapter-sdk v0.5.1 (/opt/rustwide/workdir)
[INFO] [stderr]     Finished `release` profile [optimized] target(s) in 4.67s
[INFO] running `Command { std: "docker" "inspect" "5ed02866047971e029beb105afa388ad9f7a2ecd344dcbe52e9cd13f5f7c47fb", kill_on_drop: false }`
[INFO] running `Command { std: "docker" "exec" "-e" "SOURCE_DIR=/opt/rustwide/workdir" "-e" "CARGO_HOME=/opt/rustwide/cargo-home" "-e" "RUSTUP_HOME=/opt/rustwide/rustup-home" "-e" "CARGO_TARGET_DIR=/opt/rustwide/target" "-e" "CARGO_INCREMENTAL=0" "-e" "RUST_BACKTRACE=full" "-e" "RUSTFLAGS=--cap-lints=warn" "-e" "RUSTDOCFLAGS=--cap-lints=warn" "-w" "/opt/rustwide/workdir" "--user" "0:0" "5ed02866047971e029beb105afa388ad9f7a2ecd344dcbe52e9cd13f5f7c47fb" "/opt/rustwide/cargo-home/bin/cargo" "+1.99.0-beta.8" "test" "--frozen" "--release", kill_on_drop: false }`
[INFO] [stderr]     Finished `release` profile [optimized] target(s) in 0.18s
[INFO] [stderr]      Running unittests src/lib.rs (/opt/rustwide/target/release/deps/exocortex_adapter_sdk-87b069b1aef8f055)
[INFO] [stdout] 
[INFO] [stdout] running 14 tests
[INFO] [stdout] test retry::tests::delays_grow_and_cap_without_jitter ... ok
[INFO] [stdout] test split::tests::oversized_component_is_unsplittable ... ok
[INFO] [stdout] test retry::tests::jitter_stays_within_bounds ... ok
[INFO] [stdout] test classify::tests::classify_matches_the_wire_table ... ok
[INFO] [stdout] test split::tests::splitting_is_lossless_and_within_budget ... ok
[INFO] [stdout] test split::tests::snapshot_without_external_key_is_invalid ... ok
[INFO] [stdout] test feature_canary::testing_feature_is_enabled_for_this_test_run ... FAILED
[INFO] [stdout] test split::tests::batch_ids_are_deterministic_and_monotonic ... ok
[INFO] [stdout] test split::tests::empty_unit_emits_nothing ... ok
[INFO] [stdout] test split::tests::dangling_relationship_is_invalid ... ok
[INFO] [stdout] test split::tests::a_component_over_an_edge_ceiling_is_unsplittable_before_the_wire ... ok
[INFO] [stdout] test split::m5_tests::duplicate_draft_keys_are_rejected ... ok
[INFO] [stdout] test split::tests::components_stay_together ... ok
[INFO] [stderr] error: test failed, to rerun pass `--lib`
[INFO] [stdout] test split::tests::batches_respect_the_per_batch_count_ceilings ... ok
[INFO] [stdout] 
[INFO] [stdout] failures:
[INFO] [stdout] 
[INFO] [stdout] ---- feature_canary::testing_feature_is_enabled_for_this_test_run stdout ----
[INFO] [stdout] 
[INFO] [stdout] thread 'feature_canary::testing_feature_is_enabled_for_this_test_run' (1874) panicked at src/lib.rs:937:9:
[INFO] [stdout] integration suites are dark: re-run with --features testing              (or `cargo test-sdk`) — see round-3 review C1
[INFO] [stdout] stack backtrace:
[INFO] [stdout]    0:     0x5762b83e9121 - <<std[70759c8f55707aa4]::sys::backtrace::BacktraceLock>::print::DisplayBacktrace as core[df12db4294e9bfd3]::fmt::Display>::fmt
[INFO] [stdout]    1:     0x5762b83fe51a - core[df12db4294e9bfd3]::fmt::write
[INFO] [stdout]    2:     0x5762b83ed5bc - <alloc[2182bb758b4b3781]::vec::Vec<u8> as core[df12db4294e9bfd3]::io::write::Write>::write_fmt
[INFO] [stdout]    3:     0x5762b83c5716 - std[70759c8f55707aa4]::panicking::default_hook::{closure#0}
[INFO] [stdout]    4:     0x5762b83e1889 - std[70759c8f55707aa4]::panicking::default_hook
[INFO] [stdout]    5:     0x5762b83642b0 - test[9d35eded1c95d3be]::test_main_inner::<test[9d35eded1c95d3be]::test_main_static::{closure#0}>::{closure#0}
[INFO] [stdout]    6:     0x5762b83e1a42 - std[70759c8f55707aa4]::panicking::panic_with_hook
[INFO] [stdout]    7:     0x5762b83c57f4 - std[70759c8f55707aa4]::panicking::panic_handler::{closure#0}
[INFO] [stdout]    8:     0x5762b83be549 - std[70759c8f55707aa4]::sys::backtrace::__rust_end_short_backtrace::<std[70759c8f55707aa4]::panicking::panic_handler::{closure#0}, !>
[INFO] [stdout]    9:     0x5762b83c63bd - __rustc[8fa7c3cbc660c2b3]::rust_begin_unwind
[INFO] [stdout]   10:     0x5762b83fec4c - core[df12db4294e9bfd3]::panicking::panic_fmt
[INFO] [stdout]   11:     0x5762b83477ba - exocortex_adapter_sdk[3157c036c107e88c]::feature_canary::testing_feature_is_enabled_for_this_test_run
[INFO] [stdout]   12:     0x5762b834639e - <exocortex_adapter_sdk[3157c036c107e88c]::feature_canary::testing_feature_is_enabled_for_this_test_run::{closure#0} as core[df12db4294e9bfd3]::ops::function::FnOnce<()>>::call_once
[INFO] [stdout]   13:     0x5762b835759b - test[9d35eded1c95d3be]::__rust_begin_short_backtrace::<core[df12db4294e9bfd3]::result::Result<(), alloc[2182bb758b4b3781]::string::String>, fn() -> core[df12db4294e9bfd3]::result::Result<(), alloc[2182bb758b4b3781]::string::String>>
[INFO] [stdout]   14:     0x5762b8364c05 - test[9d35eded1c95d3be]::run_test::{closure#0}
[INFO] [stdout]   15:     0x5762b835e4c4 - std[70759c8f55707aa4]::sys::backtrace::__rust_begin_short_backtrace::<test[9d35eded1c95d3be]::run_test::{closure#1}, ()>
[INFO] [stdout]   16:     0x5762b8367d62 - <std[70759c8f55707aa4]::thread::lifecycle::spawn_unchecked<test[9d35eded1c95d3be]::run_test::{closure#1}, ()>::{closure#1} as core[df12db4294e9bfd3]::ops::function::FnOnce<()>>::call_once::{shim:vtable#0}
[INFO] [stdout]   17:     0x5762b83e89f9 - <std[70759c8f55707aa4]::sys::thread::unix::Thread>::new::thread_start
[INFO] [stdout]   18:     0x762c293b7dfa - <unknown>
[INFO] [stdout]   19:     0x762c2944b3d4 - clone
[INFO] [stdout]   20:                0x0 - <unknown>
[INFO] [stdout] 
[INFO] [stdout] 
[INFO] [stdout] failures:
[INFO] [stdout]     feature_canary::testing_feature_is_enabled_for_this_test_run
[INFO] [stdout] 
[INFO] [stdout] test result: FAILED. 13 passed; 1 failed; 0 ignored; 0 measured; 0 filtered out; finished in 0.02s
[INFO] [stdout] 
[INFO] running `Command { std: "docker" "inspect" "5ed02866047971e029beb105afa388ad9f7a2ecd344dcbe52e9cd13f5f7c47fb", kill_on_drop: false }`
[INFO] running `Command { std: "docker" "rm" "-f" "5ed02866047971e029beb105afa388ad9f7a2ecd344dcbe52e9cd13f5f7c47fb", kill_on_drop: false }`
[INFO] [stdout] 5ed02866047971e029beb105afa388ad9f7a2ecd344dcbe52e9cd13f5f7c47fb
