[INFO] fetching crate exmap 0.0.1...
[INFO] testing exmap-0.0.1 against 1.99.0-beta.8+cargoflags=--release for beta-release-1.100-2
[INFO] extracting crate exmap 0.0.1 into /workspace/builds/worker-0-tc1/source
[INFO] started tweaking crates.io crate exmap 0.0.1
[INFO] finished tweaking crates.io crate exmap 0.0.1
[INFO] tweaked toml for crates.io crate exmap 0.0.1 written to /workspace/builds/worker-0-tc1/source/Cargo.toml
[INFO] validating manifest of crates.io crate exmap 0.0.1 on toolchain 1.99.0-beta.8
[INFO] running `Command { std: CARGO_HOME="/workspace/cargo-home" RUSTUP_HOME="/workspace/rustup-home" "/workspace/cargo-home/bin/cargo" "+1.99.0-beta.8" "metadata" "--manifest-path" "Cargo.toml" "--no-deps", kill_on_drop: false }`
[INFO] crate crates.io crate exmap 0.0.1 already has a lockfile, it will not be regenerated
[INFO] running `Command { std: CARGO_HOME="/workspace/cargo-home" RUSTUP_HOME="/workspace/rustup-home" "/workspace/cargo-home/bin/cargo" "+1.99.0-beta.8" "fetch" "--manifest-path" "Cargo.toml", kill_on_drop: false }`
[INFO] [stderr]     Updating crates.io index
[INFO] [stderr]  Downloading crates ...
[INFO] [stderr]   Downloaded thiserror-impl v1.0.38
[INFO] [stderr]   Downloaded proc-macro2 v1.0.49
[INFO] [stderr]   Downloaded thiserror v1.0.38
[INFO] [stderr]   Downloaded sc v0.2.7
[INFO] [stderr]   Downloaded which v4.3.0
[INFO] [stderr]   Downloaded shlex v1.1.0
[INFO] [stderr]   Downloaded io-lifetimes v1.0.3
[INFO] [stderr]   Downloaded clang-sys v1.4.0
[INFO] [stderr]   Downloaded cc v1.0.78
[INFO] [stderr]   Downloaded nom v7.1.1
[INFO] [stderr]   Downloaded syn v1.0.107
[INFO] [stderr]   Downloaded rustix v0.36.5
[INFO] [stderr]   Downloaded libc v0.2.138
[INFO] running `Command { std: "docker" "create" "-v" "/var/lib/crater-agent-workspace/builds/worker-0-tc1/source:/opt/rustwide/workdir:ro,Z" "-v" "/var/lib/crater-agent-workspace/builds/worker-0-tc1/target:/opt/rustwide/target:rw,Z" "-v" "/var/lib/crater-agent-workspace/cargo-home:/opt/rustwide/cargo-home:ro,Z" "-v" "/var/lib/crater-agent-workspace/rustup-home:/opt/rustwide/rustup-home:ro,Z" "-m" "1610612736" "--network" "none" "ghcr.io/rust-lang/crates-build-env/linux@sha256:77db811e55d90add9212f6832c23229e3de5f1c1f9905e8cb07319ea15df73ac" "sleep" "infinity", kill_on_drop: false }`
[INFO] [stdout] 1d6a5bac38373742511ce3a688023839271e0584ff2bd88badb020d5fa4b8d0e
[INFO] running `Command { std: "docker" "start" "1d6a5bac38373742511ce3a688023839271e0584ff2bd88badb020d5fa4b8d0e", kill_on_drop: false }`
[INFO] running `Command { std: "docker" "inspect" "1d6a5bac38373742511ce3a688023839271e0584ff2bd88badb020d5fa4b8d0e", kill_on_drop: false }`
[INFO] running `Command { std: "docker" "exec" "-e" "SOURCE_DIR=/opt/rustwide/workdir" "-e" "CARGO_HOME=/opt/rustwide/cargo-home" "-e" "RUSTUP_HOME=/opt/rustwide/rustup-home" "-e" "CARGO_TARGET_DIR=/opt/rustwide/target" "-w" "/opt/rustwide/workdir" "--user" "0:0" "1d6a5bac38373742511ce3a688023839271e0584ff2bd88badb020d5fa4b8d0e" "/opt/rustwide/cargo-home/bin/cargo" "+1.99.0-beta.8" "metadata" "--no-deps" "--format-version=1", kill_on_drop: false }`
[INFO] running `Command { std: "docker" "inspect" "1d6a5bac38373742511ce3a688023839271e0584ff2bd88badb020d5fa4b8d0e", kill_on_drop: false }`
[INFO] running `Command { std: "docker" "exec" "-e" "SOURCE_DIR=/opt/rustwide/workdir" "-e" "CARGO_HOME=/opt/rustwide/cargo-home" "-e" "RUSTUP_HOME=/opt/rustwide/rustup-home" "-e" "CARGO_TARGET_DIR=/opt/rustwide/target" "-e" "CARGO_INCREMENTAL=0" "-e" "RUST_BACKTRACE=full" "-e" "RUSTFLAGS=--cap-lints=warn" "-e" "RUSTDOCFLAGS=--cap-lints=warn" "-w" "/opt/rustwide/workdir" "--user" "0:0" "1d6a5bac38373742511ce3a688023839271e0584ff2bd88badb020d5fa4b8d0e" "/opt/rustwide/cargo-home/bin/cargo" "+1.99.0-beta.8" "build" "--frozen" "--message-format=json" "--release", kill_on_drop: false }`
[INFO] [stderr]    Compiling proc-macro2 v1.0.49
[INFO] [stderr]    Compiling unicode-ident v1.0.6
[INFO] [stderr]    Compiling syn v1.0.107
[INFO] [stderr]    Compiling libc v0.2.138
[INFO] [stderr]    Compiling io-lifetimes v1.0.3
[INFO] [stderr]    Compiling thiserror v1.0.38
[INFO] [stderr]    Compiling rustix v0.36.5
[INFO] [stderr]    Compiling linux-raw-sys v0.1.4
[INFO] [stderr]    Compiling sc v0.2.7
[INFO] [stderr]    Compiling quote v1.0.23
[INFO] [stderr]    Compiling thiserror-impl v1.0.38
[INFO] [stderr]    Compiling exmap v0.0.1 (/opt/rustwide/workdir)
[INFO] [stdout] warning: fields `exmap_fd` and `backing_fd` are never read
[INFO] [stdout]    --> src/lib.rs:300:5
[INFO] [stdout]     |
[INFO] [stdout] 299 | pub struct VirtMem<'a, 'b, const PAGE_SIZE: usize> {
[INFO] [stdout]     |            ------- fields in this struct
[INFO] [stdout] 300 |     exmap_fd: BorrowedExmapFd<'a>,
[INFO] [stdout]     |     ^^^^^^^^
[INFO] [stdout] 301 |     backing_fd: Option<BorrowedFd<'b>>,
[INFO] [stdout]     |     ^^^^^^^^^^
[INFO] [stdout]     |
[INFO] [stdout]     = note: `#[warn(dead_code)]` (part of `#[warn(unused)]`) on by default
[INFO] [stdout] 
[INFO] [stdout] 
[INFO] [stdout] warning: this operation will panic at runtime
[INFO] [stdout]   --> src/bin.rs:67:28
[INFO] [stdout]    |
[INFO] [stdout] 67 |         u8::from_le_bytes([self.data[8]]).into()
[INFO] [stdout]    |                            ^^^^^^^^^^^^ index out of bounds: the length is 8 but the index is 8
[INFO] [stdout]    |
[INFO] [stdout]    = note: `#[warn(unconditional_panic)]` on by default
[INFO] [stdout] 
[INFO] [stdout] 
[INFO] [stdout] warning: struct `VMCache` is never constructed
[INFO] [stdout]   --> src/bin.rs:90:8
[INFO] [stdout]    |
[INFO] [stdout] 90 | struct VMCache<const S: usize> {
[INFO] [stdout]    |        ^^^^^^^
[INFO] [stdout]    |
[INFO] [stdout]    = note: `#[warn(dead_code)]` (part of `#[warn(unused)]`) on by default
[INFO] [stdout] 
[INFO] [stdout] 
[INFO] [stdout] warning: associated function `new` is never used
[INFO] [stdout]   --> src/bin.rs:95:12
[INFO] [stdout]    |
[INFO] [stdout] 94 | impl<const S: usize> VMCache<S> {
[INFO] [stdout]    | ------------------------------- associated function in this implementation
[INFO] [stdout] 95 |     pub fn new() -> VMCache<S> {
[INFO] [stdout]    |            ^^^
[INFO] [stdout] 
[INFO] [stdout] 
[INFO] [stderr]     Finished `release` profile [optimized] target(s) in 9.68s
[INFO] running `Command { std: "docker" "inspect" "1d6a5bac38373742511ce3a688023839271e0584ff2bd88badb020d5fa4b8d0e", kill_on_drop: false }`
[INFO] running `Command { std: "docker" "exec" "-e" "SOURCE_DIR=/opt/rustwide/workdir" "-e" "CARGO_HOME=/opt/rustwide/cargo-home" "-e" "RUSTUP_HOME=/opt/rustwide/rustup-home" "-e" "CARGO_TARGET_DIR=/opt/rustwide/target" "-e" "CARGO_INCREMENTAL=0" "-e" "RUST_BACKTRACE=full" "-e" "RUSTFLAGS=--cap-lints=warn" "-e" "RUSTDOCFLAGS=--cap-lints=warn" "-w" "/opt/rustwide/workdir" "--user" "0:0" "1d6a5bac38373742511ce3a688023839271e0584ff2bd88badb020d5fa4b8d0e" "/opt/rustwide/cargo-home/bin/cargo" "+1.99.0-beta.8" "test" "--frozen" "--no-run" "--message-format=json" "--release", kill_on_drop: false }`
[INFO] [stderr]    Compiling exmap v0.0.1 (/opt/rustwide/workdir)
[INFO] [stdout] warning: fields `exmap_fd` and `backing_fd` are never read
[INFO] [stdout]    --> src/lib.rs:300:5
[INFO] [stdout]     |
[INFO] [stdout] 299 | pub struct VirtMem<'a, 'b, const PAGE_SIZE: usize> {
[INFO] [stdout]     |            ------- fields in this struct
[INFO] [stdout] 300 |     exmap_fd: BorrowedExmapFd<'a>,
[INFO] [stdout]     |     ^^^^^^^^
[INFO] [stdout] 301 |     backing_fd: Option<BorrowedFd<'b>>,
[INFO] [stdout]     |     ^^^^^^^^^^
[INFO] [stdout]     |
[INFO] [stdout]     = note: `#[warn(dead_code)]` (part of `#[warn(unused)]`) on by default
[INFO] [stdout] 
[INFO] [stdout] 
[INFO] [stdout] warning: this operation will panic at runtime
[INFO] [stdout]   --> src/bin.rs:67:28
[INFO] [stdout]    |
[INFO] [stdout] 67 |         u8::from_le_bytes([self.data[8]]).into()
[INFO] [stdout]    |                            ^^^^^^^^^^^^ index out of bounds: the length is 8 but the index is 8
[INFO] [stdout]    |
[INFO] [stdout]    = note: `#[warn(unconditional_panic)]` on by default
[INFO] [stdout] 
[INFO] [stdout] 
[INFO] [stdout] warning: struct `VMCache` is never constructed
[INFO] [stdout]   --> src/bin.rs:90:8
[INFO] [stdout]    |
[INFO] [stdout] 90 | struct VMCache<const S: usize> {
[INFO] [stdout]    |        ^^^^^^^
[INFO] [stdout]    |
[INFO] [stdout]    = note: `#[warn(dead_code)]` (part of `#[warn(unused)]`) on by default
[INFO] [stdout] 
[INFO] [stdout] 
[INFO] [stdout] warning: associated function `new` is never used
[INFO] [stdout]   --> src/bin.rs:95:12
[INFO] [stdout]    |
[INFO] [stdout] 94 | impl<const S: usize> VMCache<S> {
[INFO] [stdout]    | ------------------------------- associated function in this implementation
[INFO] [stdout] 95 |     pub fn new() -> VMCache<S> {
[INFO] [stdout]    |            ^^^
[INFO] [stdout] 
[INFO] [stdout] 
[INFO] [stdout] warning: unused variable: `interface_vec`
[INFO] [stdout]    --> src/lib.rs:363:13
[INFO] [stdout]     |
[INFO] [stdout] 363 |         let interface_vec = 2;
[INFO] [stdout]     |             ^^^^^^^^^^^^^ help: if this is intentional, prefix it with an underscore: `_interface_vec`
[INFO] [stdout]     |
[INFO] [stdout]     = note: `#[warn(unused_variables)]` (part of `#[warn(unused)]`) on by default
[INFO] [stdout] 
[INFO] [stdout] 
[INFO] [stdout] warning: unused variable: `exmap`
[INFO] [stdout]    --> src/lib.rs:366:13
[INFO] [stdout]     |
[INFO] [stdout] 366 |         let exmap = exmap_fd
[INFO] [stdout]     |             ^^^^^ help: if this is intentional, prefix it with an underscore: `_exmap`
[INFO] [stdout] 
[INFO] [stdout] 
[INFO] [stdout] warning: fields `exmap_fd` and `backing_fd` are never read
[INFO] [stdout]    --> src/lib.rs:300:5
[INFO] [stdout]     |
[INFO] [stdout] 299 | pub struct VirtMem<'a, 'b, const PAGE_SIZE: usize> {
[INFO] [stdout]     |            ------- fields in this struct
[INFO] [stdout] 300 |     exmap_fd: BorrowedExmapFd<'a>,
[INFO] [stdout]     |     ^^^^^^^^
[INFO] [stdout] 301 |     backing_fd: Option<BorrowedFd<'b>>,
[INFO] [stdout]     |     ^^^^^^^^^^
[INFO] [stdout]     |
[INFO] [stdout]     = note: `#[warn(dead_code)]` (part of `#[warn(unused)]`) on by default
[INFO] [stdout] 
[INFO] [stdout] 
[INFO] [stderr]     Finished `release` profile [optimized] target(s) in 0.46s
[INFO] running `Command { std: "docker" "inspect" "1d6a5bac38373742511ce3a688023839271e0584ff2bd88badb020d5fa4b8d0e", kill_on_drop: false }`
[INFO] running `Command { std: "docker" "exec" "-e" "SOURCE_DIR=/opt/rustwide/workdir" "-e" "CARGO_HOME=/opt/rustwide/cargo-home" "-e" "RUSTUP_HOME=/opt/rustwide/rustup-home" "-e" "CARGO_TARGET_DIR=/opt/rustwide/target" "-e" "CARGO_INCREMENTAL=0" "-e" "RUST_BACKTRACE=full" "-e" "RUSTFLAGS=--cap-lints=warn" "-e" "RUSTDOCFLAGS=--cap-lints=warn" "-w" "/opt/rustwide/workdir" "--user" "0:0" "1d6a5bac38373742511ce3a688023839271e0584ff2bd88badb020d5fa4b8d0e" "/opt/rustwide/cargo-home/bin/cargo" "+1.99.0-beta.8" "test" "--frozen" "--release", kill_on_drop: false }`
[INFO] [stderr] warning: fields `exmap_fd` and `backing_fd` are never read
[INFO] [stderr]    --> src/lib.rs:300:5
[INFO] [stderr]     |
[INFO] [stderr] 299 | pub struct VirtMem<'a, 'b, const PAGE_SIZE: usize> {
[INFO] [stderr]     |            ------- fields in this struct
[INFO] [stderr] 300 |     exmap_fd: BorrowedExmapFd<'a>,
[INFO] [stderr]     |     ^^^^^^^^
[INFO] [stderr] 301 |     backing_fd: Option<BorrowedFd<'b>>,
[INFO] [stderr]     |     ^^^^^^^^^^
[INFO] [stderr]     |
[INFO] [stderr]     = note: `#[warn(dead_code)]` (part of `#[warn(unused)]`) on by default
[INFO] [stderr] 
[INFO] [stderr] warning: unused variable: `interface_vec`
[INFO] [stderr]    --> src/lib.rs:363:13
[INFO] [stderr]     |
[INFO] [stderr] 363 |         let interface_vec = 2;
[INFO] [stderr]     |             ^^^^^^^^^^^^^ help: if this is intentional, prefix it with an underscore: `_interface_vec`
[INFO] [stderr]     |
[INFO] [stderr]     = note: `#[warn(unused_variables)]` (part of `#[warn(unused)]`) on by default
[INFO] [stderr] 
[INFO] [stderr] warning: unused variable: `exmap`
[INFO] [stderr]    --> src/lib.rs:366:13
[INFO] [stderr]     |
[INFO] [stderr] 366 |         let exmap = exmap_fd
[INFO] [stderr]     |             ^^^^^ help: if this is intentional, prefix it with an underscore: `_exmap`
[INFO] [stderr] 
[INFO] [stderr] warning: `exmap` (lib) generated 1 warning
[INFO] [stderr] warning: `exmap` (lib test) generated 3 warnings (1 duplicate) (run `cargo fix --lib -p exmap --tests` to apply 2 suggestions)
[INFO] [stderr] warning: this operation will panic at runtime
[INFO] [stderr]   --> src/bin.rs:67:28
[INFO] [stderr]    |
[INFO] [stderr] 67 |         u8::from_le_bytes([self.data[8]]).into()
[INFO] [stderr]    |                            ^^^^^^^^^^^^ index out of bounds: the length is 8 but the index is 8
[INFO] [stderr]    |
[INFO] [stderr]    = note: `#[warn(unconditional_panic)]` on by default
[INFO] [stderr] 
[INFO] [stderr] warning: struct `VMCache` is never constructed
[INFO] [stderr]   --> src/bin.rs:90:8
[INFO] [stderr]    |
[INFO] [stderr] 90 | struct VMCache<const S: usize> {
[INFO] [stderr]    |        ^^^^^^^
[INFO] [stderr]    |
[INFO] [stderr]    = note: `#[warn(dead_code)]` (part of `#[warn(unused)]`) on by default
[INFO] [stderr] 
[INFO] [stderr] warning: associated function `new` is never used
[INFO] [stderr]   --> src/bin.rs:95:12
[INFO] [stderr]    |
[INFO] [stderr] 94 | impl<const S: usize> VMCache<S> {
[INFO] [stderr]    | ------------------------------- associated function in this implementation
[INFO] [stderr] 95 |     pub fn new() -> VMCache<S> {
[INFO] [stderr]    |            ^^^
[INFO] [stderr] 
[INFO] [stderr] warning: `exmap` (bin "exmap" test) generated 3 warnings
[INFO] [stderr]     Finished `release` profile [optimized] target(s) in 0.05s
[INFO] [stderr]      Running unittests src/lib.rs (/opt/rustwide/target/release/deps/exmap-777363d61416383d)
[INFO] [stdout] 
[INFO] [stdout] running 10 tests
[INFO] [stdout] test sys::bindgen_test_layout_exmap_action_params ... ok
[INFO] [stdout] test sys::bindgen_test_layout_exmap_iov ... ok
[INFO] [stdout] test sys::bindgen_test_layout_exmap_iov__bindgen_ty_1 ... ok
[INFO] [stdout] test sys::bindgen_test_layout_exmap_iov__bindgen_ty_1__bindgen_ty_2 ... ok
[INFO] [stdout] test sys::bindgen_test_layout_exmap_user_interface__bindgen_ty_1 ... ok
[INFO] [stdout] test sys::bindgen_test_layout_exmap_user_interface ... ok
[INFO] [stdout] test tests::it_works ... FAILED
[INFO] [stdout] test sys::bindgen_test_layout_ExmapIov ... ok
[INFO] [stdout] test tests::mmap_vm_fail ... FAILED
[INFO] [stdout] test sys::bindgen_test_layout_exmap_ioctl_setup ... ok
[INFO] [stdout] 
[INFO] [stdout] failures:
[INFO] [stdout] 
[INFO] [stdout] ---- tests::it_works stdout ----
[INFO] [stdout] 
[INFO] [stdout] thread 'tests::it_works' (546) panicked at src/lib.rs:365:53:
[INFO] [stdout] called `Result::unwrap()` on an `Err` value: Os { code: 2, kind: NotFound, message: "No such file or directory" }
[INFO] [stdout] stack backtrace:
[INFO] [stdout]    0:     0x583286e80bb1 - <<std[70759c8f55707aa4]::sys::backtrace::BacktraceLock>::print::DisplayBacktrace as core[df12db4294e9bfd3]::fmt::Display>::fmt
[INFO] [stdout]    1:     0x583286e94d8a - core[df12db4294e9bfd3]::fmt::write
[INFO] [stdout]    2:     0x583286e8504c - <alloc[2182bb758b4b3781]::vec::Vec<u8> as core[df12db4294e9bfd3]::io::write::Write>::write_fmt
[INFO] [stdout]    3:     0x583286e5d0f6 - std[70759c8f55707aa4]::panicking::default_hook::{closure#0}
[INFO] [stdout]    4:     0x583286e79269 - std[70759c8f55707aa4]::panicking::default_hook
[INFO] [stdout]    5:     0x583286e155b0 - test[9d35eded1c95d3be]::test_main_inner::<test[9d35eded1c95d3be]::test_main_static::{closure#0}>::{closure#0}
[INFO] [stdout]    6:     0x583286e79422 - std[70759c8f55707aa4]::panicking::panic_with_hook
[INFO] [stdout]    7:     0x583286e5d1a2 - std[70759c8f55707aa4]::panicking::panic_handler::{closure#0}
[INFO] [stdout]    8:     0x583286e55f29 - std[70759c8f55707aa4]::sys::backtrace::__rust_end_short_backtrace::<std[70759c8f55707aa4]::panicking::panic_handler::{closure#0}, !>
[INFO] [stdout]    9:     0x583286e5dd9d - __rustc[8fa7c3cbc660c2b3]::rust_begin_unwind
[INFO] [stdout]   10:     0x583286e954bc - core[df12db4294e9bfd3]::panicking::panic_fmt
[INFO] [stdout]   11:     0x583286e95292 - core[df12db4294e9bfd3]::result::unwrap_failed
[INFO] [stdout]   12:     0x583286e087b7 - <exmap[d2feaf2f5bdcc496]::tests::it_works::{closure#0} as core[df12db4294e9bfd3]::ops::function::FnOnce<()>>::call_once
[INFO] [stdout]   13:     0x583286e0889b - test[9d35eded1c95d3be]::__rust_begin_short_backtrace::<core[df12db4294e9bfd3]::result::Result<(), alloc[2182bb758b4b3781]::string::String>, fn() -> core[df12db4294e9bfd3]::result::Result<(), alloc[2182bb758b4b3781]::string::String>>
[INFO] [stdout]   14:     0x583286e15f05 - test[9d35eded1c95d3be]::run_test::{closure#0}
[INFO] [stdout]   15:     0x583286e0f7c4 - std[70759c8f55707aa4]::sys::backtrace::__rust_begin_short_backtrace::<test[9d35eded1c95d3be]::run_test::{closure#1}, ()>
[INFO] [stdout]   16:     0x583286e19062 - <std[70759c8f55707aa4]::thread::lifecycle::spawn_unchecked<test[9d35eded1c95d3be]::run_test::{closure#1}, ()>::{closure#1} as core[df12db4294e9bfd3]::ops::function::FnOnce<()>>::call_once::{shim:vtable#0}
[INFO] [stdout]   17:     0x583286e80489 - <std[70759c8f55707aa4]::sys::thread::unix::Thread>::new::thread_start
[INFO] [stdout]   18:     0x7346618aedfa - <unknown>
[INFO] [stdout]   19:     0x7346619423d4 - clone
[INFO] [stdout]   20:                0x0 - <unknown>
[INFO] [stdout] 
[INFO] [stdout] ---- tests::mmap_vm_fail stdout ----
[INFO] [stdout] 
[INFO] [stdout] thread 'tests::mmap_vm_fail' (547) panicked at src/lib.rs:354:53:
[INFO] [stdout] called `Result::unwrap()` on an `Err` value: Os { code: 2, kind: NotFound, message: "No such file or directory" }
[INFO] [stdout] stack backtrace:
[INFO] [stdout]    0:     0x583286e80bb1 - <<std[70759c8f55707aa4]::sys::backtrace::BacktraceLock>::print::DisplayBacktrace as core[df12db4294e9bfd3]::fmt::Display>::fmt
[INFO] [stdout]    1:     0x583286e94d8a - core[df12db4294e9bfd3]::fmt::write
[INFO] [stdout]    2:     0x583286e8504c - <alloc[2182bb758b4b3781]::vec::Vec<u8> as core[df12db4294e9bfd3]::io::write::Write>::write_fmt
[INFO] [stdout]    3:     0x583286e5d0f6 - std[70759c8f55707aa4]::panicking::default_hook::{closure#0}
[INFO] [stdout]    4:     0x583286e79269 - std[70759c8f55707aa4]::panicking::default_hook
[INFO] [stdout]    5:     0x583286e155b0 - test[9d35eded1c95d3be]::test_main_inner::<test[9d35eded1c95d3be]::test_main_static::{closure#0}>::{closure#0}
[INFO] [stdout]    6:     0x583286e79422 - std[70759c8f55707aa4]::panicking::panic_with_hook
[INFO] [stdout]    7:     0x583286e5d1a2 - std[70759c8f55707aa4]::panicking::panic_handler::{closure#0}
[INFO] [stdout]    8:     0x583286e55f29 - std[70759c8f55707aa4]::sys::backtrace::__rust_end_short_backtrace::<std[70759c8f55707aa4]::panicking::panic_handler::{closure#0}, !>
[INFO] [stdout]    9:     0x583286e5dd9d - __rustc[8fa7c3cbc660c2b3]::rust_begin_unwind
[INFO] [stdout]   10:     0x583286e954bc - core[df12db4294e9bfd3]::panicking::panic_fmt
[INFO] [stdout]   11:     0x583286e95292 - core[df12db4294e9bfd3]::result::unwrap_failed
[INFO] [stdout]   12:     0x583286e085a1 - <exmap[d2feaf2f5bdcc496]::tests::mmap_vm_fail::{closure#0} as core[df12db4294e9bfd3]::ops::function::FnOnce<()>>::call_once
[INFO] [stdout]   13:     0x583286e0889b - test[9d35eded1c95d3be]::__rust_begin_short_backtrace::<core[df12db4294e9bfd3]::result::Result<(), alloc[2182bb758b4b3781]::string::String>, fn() -> core[df12db4294e9bfd3]::result::Result<(), alloc[2182bb758b4b3781]::string::String>>
[INFO] [stdout]   14:     0x583286e15f05 - test[9d35eded1c95d3be]::run_test::{closure#0}
[INFO] [stdout]   15:     0x583286e0f7c4 - std[70759c8f55707aa4]::sys::backtrace::__rust_begin_short_backtrace::<test[9d35eded1c95d3be]::run_test::{closure#1}, ()>
[INFO] [stdout]   16:     0x583286e19062 - <std[70759c8f55707aa4]::thread::lifecycle::spawn_unchecked<test[9d35eded1c95d3be]::run_test::{closure#1}, ()>::{closure#1} as core[df12db4294e9bfd3]::ops::function::FnOnce<()>>::call_once::{shim:vtable#0}
[INFO] [stdout]   17:     0x583286e80489 - <std[70759c8f55707aa4]::sys::thread::unix::Thread>::new::thread_start
[INFO] [stdout]   18:     0x7346618aedfa - <unknown>
[INFO] [stdout]   19:     0x7346619423d4 - clone
[INFO] [stdout]   20:                0x0 - <unknown>
[INFO] [stdout] 
[INFO] [stdout] 
[INFO] [stdout] failures:
[INFO] [stdout]     tests::it_works
[INFO] [stdout]     tests::mmap_vm_fail
[INFO] [stdout] 
[INFO] [stdout] test result: FAILED. 8 passed; 2 failed; 0 ignored; 0 measured; 0 filtered out; finished in 0.00s
[INFO] [stdout] 
[INFO] [stderr] error: test failed, to rerun pass `--lib`
[INFO] running `Command { std: "docker" "inspect" "1d6a5bac38373742511ce3a688023839271e0584ff2bd88badb020d5fa4b8d0e", kill_on_drop: false }`
[INFO] running `Command { std: "docker" "rm" "-f" "1d6a5bac38373742511ce3a688023839271e0584ff2bd88badb020d5fa4b8d0e", kill_on_drop: false }`
[INFO] [stdout] 1d6a5bac38373742511ce3a688023839271e0584ff2bd88badb020d5fa4b8d0e
