[INFO] fetching crate exitfailure 0.5.1...
[INFO] testing exitfailure-0.5.1 against 1.100.0-beta.1+cargoflags=--release for beta-release-1.100-2
[INFO] extracting crate exitfailure 0.5.1 into /workspace/builds/worker-2-tc2/source
[INFO] started tweaking crates.io crate exitfailure 0.5.1
[INFO] finished tweaking crates.io crate exitfailure 0.5.1
[INFO] tweaked toml for crates.io crate exitfailure 0.5.1 written to /workspace/builds/worker-2-tc2/source/Cargo.toml
[INFO] validating manifest of crates.io crate exitfailure 0.5.1 on toolchain 1.100.0-beta.1
[INFO] running `Command { std: CARGO_HOME="/workspace/cargo-home" RUSTUP_HOME="/workspace/rustup-home" "/workspace/cargo-home/bin/cargo" "+1.100.0-beta.1" "metadata" "--manifest-path" "Cargo.toml" "--no-deps", kill_on_drop: false }`
[INFO] running `Command { std: CARGO_HOME="/workspace/cargo-home" RUSTUP_HOME="/workspace/rustup-home" "/workspace/cargo-home/bin/cargo" "+1.100.0-beta.1" "generate-lockfile" "--manifest-path" "Cargo.toml", kill_on_drop: false }`
[INFO] [stderr]     Updating crates.io index
[INFO] [stderr]      Locking 41 packages to highest compatible versions
[INFO] [stderr]       Adding assert_cmd v0.9.1 (available: v2.2.2)
[INFO] [stderr]       Adding predicates v0.9.1 (available: v3.1.4)
[INFO] running `Command { std: CARGO_HOME="/workspace/cargo-home" RUSTUP_HOME="/workspace/rustup-home" "/workspace/cargo-home/bin/cargo" "+1.100.0-beta.1" "fetch" "--manifest-path" "Cargo.toml", kill_on_drop: false }`
[INFO] [stderr] warning: Cargo.toml: `package.edition` is unspecified, defaulting to `2015` while the latest is `2024`
[INFO] [stderr] warning: `exitfailure` (manifest) generated 1 warning
[INFO] running `Command { std: "docker" "create" "-v" "/var/lib/crater-agent-workspace/builds/worker-2-tc2/source:/opt/rustwide/workdir:ro,Z" "-v" "/var/lib/crater-agent-workspace/builds/worker-2-tc2/target:/opt/rustwide/target:rw,Z" "-v" "/var/lib/crater-agent-workspace/cargo-home:/opt/rustwide/cargo-home:ro,Z" "-v" "/var/lib/crater-agent-workspace/rustup-home:/opt/rustwide/rustup-home:ro,Z" "-m" "1610612736" "--network" "none" "ghcr.io/rust-lang/crates-build-env/linux@sha256:77db811e55d90add9212f6832c23229e3de5f1c1f9905e8cb07319ea15df73ac" "sleep" "infinity", kill_on_drop: false }`
[INFO] [stdout] e4c79d647dd03e90cf177c6d1c69cb51f1c549248b491af1a0f2b66683bcf88b
[INFO] running `Command { std: "docker" "start" "e4c79d647dd03e90cf177c6d1c69cb51f1c549248b491af1a0f2b66683bcf88b", kill_on_drop: false }`
[INFO] running `Command { std: "docker" "inspect" "e4c79d647dd03e90cf177c6d1c69cb51f1c549248b491af1a0f2b66683bcf88b", kill_on_drop: false }`
[INFO] running `Command { std: "docker" "exec" "-e" "SOURCE_DIR=/opt/rustwide/workdir" "-e" "CARGO_HOME=/opt/rustwide/cargo-home" "-e" "RUSTUP_HOME=/opt/rustwide/rustup-home" "-e" "CARGO_TARGET_DIR=/opt/rustwide/target" "-w" "/opt/rustwide/workdir" "--user" "0:0" "e4c79d647dd03e90cf177c6d1c69cb51f1c549248b491af1a0f2b66683bcf88b" "/opt/rustwide/cargo-home/bin/cargo" "+1.100.0-beta.1" "metadata" "--no-deps" "--format-version=1", kill_on_drop: false }`
[INFO] running `Command { std: "docker" "inspect" "e4c79d647dd03e90cf177c6d1c69cb51f1c549248b491af1a0f2b66683bcf88b", kill_on_drop: false }`
[INFO] running `Command { std: "docker" "exec" "-e" "SOURCE_DIR=/opt/rustwide/workdir" "-e" "CARGO_HOME=/opt/rustwide/cargo-home" "-e" "RUSTUP_HOME=/opt/rustwide/rustup-home" "-e" "CARGO_TARGET_DIR=/opt/rustwide/target" "-e" "CARGO_INCREMENTAL=0" "-e" "RUST_BACKTRACE=full" "-e" "RUSTFLAGS=--cap-lints=warn" "-e" "RUSTDOCFLAGS=--cap-lints=warn" "-w" "/opt/rustwide/workdir" "--user" "0:0" "e4c79d647dd03e90cf177c6d1c69cb51f1c549248b491af1a0f2b66683bcf88b" "/opt/rustwide/cargo-home/bin/cargo" "+1.100.0-beta.1" "build" "--frozen" "--message-format=json" "--release", kill_on_drop: false }`
[INFO] [stderr] warning: Cargo.toml: `package.edition` is unspecified, defaulting to `2015` while the latest is `2024`
[INFO] [stderr] warning: `exitfailure` (manifest) generated 1 warning
[INFO] [stderr]    Compiling syn v1.0.109
[INFO] [stderr]    Compiling object v0.37.3
[INFO] [stderr]    Compiling gimli v0.32.3
[INFO] [stderr]    Compiling failure_derive v0.1.8
[INFO] [stderr]    Compiling adler2 v2.0.1
[INFO] [stderr]    Compiling rustc-demangle v0.1.28
[INFO] [stderr]    Compiling miniz_oxide v0.8.9
[INFO] [stderr]    Compiling synstructure v0.12.6
[INFO] [stderr]    Compiling addr2line v0.25.1
[INFO] [stderr]    Compiling backtrace v0.3.76
[INFO] [stderr]    Compiling failure v0.1.8
[INFO] [stderr]    Compiling exitfailure v0.5.1 (/opt/rustwide/workdir)
[INFO] [stdout] warning: unused extern crate
[INFO] [stdout]   --> src/lib.rs:37:1
[INFO] [stdout]    |
[INFO] [stdout] 37 | extern crate failure;
[INFO] [stdout]    | ^^^^^^^^^^^^^^^^^^^^^ unused
[INFO] [stdout]    |
[INFO] [stdout] note: the lint level is defined here
[INFO] [stdout]   --> src/lib.rs:18:5
[INFO] [stdout]    |
[INFO] [stdout] 18 |     unused_extern_crates,
[INFO] [stdout]    |     ^^^^^^^^^^^^^^^^^^^^
[INFO] [stdout] help: remove the unused `extern crate`
[INFO] [stdout]    |
[INFO] [stdout] 37 - extern crate failure;
[INFO] [stdout]    |
[INFO] [stdout] 
[INFO] [stdout] 
[INFO] [stderr]     Finished `release` profile [optimized] target(s) in 12.96s
[INFO] running `Command { std: "docker" "inspect" "e4c79d647dd03e90cf177c6d1c69cb51f1c549248b491af1a0f2b66683bcf88b", kill_on_drop: false }`
[INFO] running `Command { std: "docker" "exec" "-e" "SOURCE_DIR=/opt/rustwide/workdir" "-e" "CARGO_HOME=/opt/rustwide/cargo-home" "-e" "RUSTUP_HOME=/opt/rustwide/rustup-home" "-e" "CARGO_TARGET_DIR=/opt/rustwide/target" "-e" "CARGO_INCREMENTAL=0" "-e" "RUST_BACKTRACE=full" "-e" "RUSTFLAGS=--cap-lints=warn" "-e" "RUSTDOCFLAGS=--cap-lints=warn" "-w" "/opt/rustwide/workdir" "--user" "0:0" "e4c79d647dd03e90cf177c6d1c69cb51f1c549248b491af1a0f2b66683bcf88b" "/opt/rustwide/cargo-home/bin/cargo" "+1.100.0-beta.1" "test" "--frozen" "--no-run" "--message-format=json" "--release", kill_on_drop: false }`
[INFO] [stderr] warning: Cargo.toml: `package.edition` is unspecified, defaulting to `2015` while the latest is `2024`
[INFO] [stderr] warning: `exitfailure` (manifest) generated 1 warning
[INFO] [stderr]    Compiling syn v3.0.9
[INFO] [stderr]    Compiling escargot v0.3.1
[INFO] [stderr]    Compiling predicates-core v0.9.0
[INFO] [stderr]    Compiling serde_json v1.0.154
[INFO] [stderr]    Compiling regex-automata v0.4.18
[INFO] [stderr]    Compiling float-cmp v0.4.0
[INFO] [stderr]    Compiling normalize-line-endings v0.2.2
[INFO] [stderr]    Compiling treeline v0.1.0
[INFO] [stderr]    Compiling difference v2.0.0
[INFO] [stdout] warning: unused extern crate
[INFO] [stdout]   --> src/lib.rs:37:1
[INFO] [stdout]    |
[INFO] [stdout] 37 | extern crate failure;
[INFO] [stdout]    | ^^^^^^^^^^^^^^^^^^^^^ unused
[INFO] [stdout]    |
[INFO] [stdout] note: the lint level is defined here
[INFO] [stdout]   --> src/lib.rs:18:5
[INFO] [stdout]    |
[INFO] [stdout] 18 |     unused_extern_crates,
[INFO] [stdout]    |     ^^^^^^^^^^^^^^^^^^^^
[INFO] [stdout] help: remove the unused `extern crate`
[INFO] [stdout]    |
[INFO] [stdout] 37 - extern crate failure;
[INFO] [stdout]    |
[INFO] [stdout] 
[INFO] [stdout] 
[INFO] [stderr]    Compiling predicates-tree v0.9.0
[INFO] [stderr]    Compiling serde_derive v1.0.229
[INFO] [stderr]    Compiling regex v1.13.1
[INFO] [stderr]    Compiling predicates v0.9.1
[INFO] [stderr]    Compiling serde v1.0.229
[INFO] [stderr]    Compiling assert_cmd v0.9.1
[INFO] [stderr]    Compiling exitfailure v0.5.1 (/opt/rustwide/workdir)
[INFO] [stderr]     Finished `release` profile [optimized] target(s) in 16.44s
[INFO] running `Command { std: "docker" "inspect" "e4c79d647dd03e90cf177c6d1c69cb51f1c549248b491af1a0f2b66683bcf88b", kill_on_drop: false }`
[INFO] running `Command { std: "docker" "exec" "-e" "SOURCE_DIR=/opt/rustwide/workdir" "-e" "CARGO_HOME=/opt/rustwide/cargo-home" "-e" "RUSTUP_HOME=/opt/rustwide/rustup-home" "-e" "CARGO_TARGET_DIR=/opt/rustwide/target" "-e" "CARGO_INCREMENTAL=0" "-e" "RUST_BACKTRACE=full" "-e" "RUSTFLAGS=--cap-lints=warn" "-e" "RUSTDOCFLAGS=--cap-lints=warn" "-w" "/opt/rustwide/workdir" "--user" "0:0" "e4c79d647dd03e90cf177c6d1c69cb51f1c549248b491af1a0f2b66683bcf88b" "/opt/rustwide/cargo-home/bin/cargo" "+1.100.0-beta.1" "test" "--frozen" "--release", kill_on_drop: false }`
[INFO] [stderr] warning: Cargo.toml: `package.edition` is unspecified, defaulting to `2015` while the latest is `2024`
[INFO] [stderr] warning: `exitfailure` (manifest) generated 1 warning
[INFO] [stderr] warning: unused extern crate
[INFO] [stderr]   --> src/lib.rs:37:1
[INFO] [stderr]    |
[INFO] [stderr] 37 | extern crate failure;
[INFO] [stderr]    | ^^^^^^^^^^^^^^^^^^^^^ unused
[INFO] [stderr]    |
[INFO] [stderr] note: the lint level is defined here
[INFO] [stderr]   --> src/lib.rs:18:5
[INFO] [stderr]    |
[INFO] [stderr] 18 |     unused_extern_crates,
[INFO] [stderr]    |     ^^^^^^^^^^^^^^^^^^^^
[INFO] [stderr] help: remove the unused `extern crate`
[INFO] [stderr]    |
[INFO] [stderr] 37 - extern crate failure;
[INFO] [stderr]    |
[INFO] [stderr] 
[INFO] [stderr] warning: `exitfailure` (lib) generated 1 warning (run `cargo fix --lib -p exitfailure` to apply 1 suggestion)
[INFO] [stderr]     Finished `release` profile [optimized] target(s) in 0.08s
[INFO] [stderr]      Running unittests src/lib.rs (/opt/rustwide/target/release/build/exitfailure/a13c5791e4979b1e/out/exitfailure-a13c5791e4979b1e)
[INFO] [stdout] 
[INFO] [stdout] running 2 tests
[INFO] [stdout] test test::test_exitdisplay ... ok
[INFO] [stderr]      Running tests/test.rs (/opt/rustwide/target/release/build/exitfailure/f31d93fb5d7a82f1/out/test-f31d93fb5d7a82f1)
[INFO] [stdout] test test::test_exitfailure ... ok
[INFO] [stdout] 
[INFO] [stdout] test result: ok. 2 passed; 0 failed; 0 ignored; 0 measured; 0 filtered out; finished in 0.00s
[INFO] [stdout] 
[INFO] [stdout] 
[INFO] [stdout] running 5 tests
[INFO] [stdout] test test_backtrace ... FAILED
[INFO] [stdout] test test_example ... FAILED
[INFO] [stdout] test test_context ... FAILED
[INFO] [stdout] test test_display ... FAILED
[INFO] [stdout] test test_no_backtrace ... FAILED
[INFO] [stderr] error: test failed, to rerun pass `--test test`
[INFO] [stdout] 
[INFO] [stdout] failures:
[INFO] [stdout] 
[INFO] [stdout] ---- test_backtrace stdout ----
[INFO] [stdout] 
[INFO] [stdout] thread 'test_backtrace' (791) panicked at /opt/rustwide/cargo-home/registry/src/index.crates.io-1949cf8c6b5b557f/assert_cmd-0.9.1/src/assert.rs:61:36:
[INFO] [stdout] called `Result::unwrap()` on an `Err` value: Os { code: 2, kind: NotFound, message: "No such file or directory" }
[INFO] [stdout] stack backtrace:
[INFO] [stdout]    0:     0x633cac87cd41 - <<std[617be2ca0a6fd877]::sys::backtrace::BacktraceLock>::print::DisplayBacktrace as core[a373ad73a504971]::fmt::Display>::fmt
[INFO] [stdout]    1:     0x633cac8921ba - core[a373ad73a504971]::fmt::write
[INFO] [stdout]    2:     0x633cac8821ec - <alloc[2e1b2a31b91974c5]::vec::Vec<u8> as core[a373ad73a504971]::io::write::Write>::write_fmt
[INFO] [stdout]    3:     0x633cac858aa6 - std[617be2ca0a6fd877]::panicking::default_hook::{closure#0}
[INFO] [stdout]    4:     0x633cac875359 - std[617be2ca0a6fd877]::panicking::default_hook
[INFO] [stdout]    5:     0x633cac80cee0 - test[aada8e7e76ba119b]::test_main_inner::{closure#0}
[INFO] [stdout]    6:     0x633cac875512 - std[617be2ca0a6fd877]::panicking::panic_with_hook
[INFO] [stdout]    7:     0x633cac858b52 - std[617be2ca0a6fd877]::panicking::panic_handler::{closure#0}
[INFO] [stdout]    8:     0x633cac851869 - std[617be2ca0a6fd877]::sys::backtrace::__rust_end_short_backtrace::<std[617be2ca0a6fd877]::panicking::panic_handler::{closure#0}, !>
[INFO] [stdout]    9:     0x633cac85975d - __rustc[ea4f61d10b84890b]::rust_begin_unwind
[INFO] [stdout]   10:     0x633cac8928ec - core[a373ad73a504971]::panicking::panic_fmt
[INFO] [stdout]   11:     0x633cac8926c2 - core[a373ad73a504971]::result::unwrap_failed
[INFO] [stdout]   12:     0x633cac841719 - <&mut std[617be2ca0a6fd877]::process::Command as assert_cmd[cf7a4113ff4aac3b]::assert::OutputAssertExt>::assert
[INFO] [stdout]   13:     0x633cac7ffdab - <test[9288516c9fa1735f]::test_backtrace::{closure#0} as core[a373ad73a504971]::ops::function::FnOnce<()>>::call_once
[INFO] [stdout]   14:     0x633cac80032b - test[aada8e7e76ba119b]::__rust_begin_short_backtrace::<core[a373ad73a504971]::result::Result<(), alloc[2e1b2a31b91974c5]::string::String>, fn() -> core[a373ad73a504971]::result::Result<(), alloc[2e1b2a31b91974c5]::string::String>>
[INFO] [stdout]   15:     0x633cac80d505 - test[aada8e7e76ba119b]::run_test::{closure#0}
[INFO] [stdout]   16:     0x633cac806df4 - std[617be2ca0a6fd877]::sys::backtrace::__rust_begin_short_backtrace::<test[aada8e7e76ba119b]::run_test::{closure#1}, ()>
[INFO] [stdout]   17:     0x633cac810592 - <std[617be2ca0a6fd877]::thread::lifecycle::spawn_unchecked<test[aada8e7e76ba119b]::run_test::{closure#1}, ()>::{closure#1} as core[a373ad73a504971]::ops::function::FnOnce<()>>::call_once::{shim:vtable#0}
[INFO] [stdout]   18:     0x633cac87c51f - <std[617be2ca0a6fd877]::sys::thread::unix::Thread>::new::thread_start
[INFO] [stdout]   19:     0x73d6c304edfa - <unknown>
[INFO] [stdout]   20:     0x73d6c30e23d4 - clone
[INFO] [stdout]   21:                0x0 - <unknown>
[INFO] [stdout] 
[INFO] [stdout] ---- test_example stdout ----
[INFO] [stdout] 
[INFO] [stdout] thread 'test_example' (796) panicked at /opt/rustwide/cargo-home/registry/src/index.crates.io-1949cf8c6b5b557f/assert_cmd-0.9.1/src/assert.rs:61:36:
[INFO] [stdout] called `Result::unwrap()` on an `Err` value: Os { code: 2, kind: NotFound, message: "No such file or directory" }
[INFO] [stdout] stack backtrace:
[INFO] [stdout]    0:     0x633cac87cd41 - <<std[617be2ca0a6fd877]::sys::backtrace::BacktraceLock>::print::DisplayBacktrace as core[a373ad73a504971]::fmt::Display>::fmt
[INFO] [stdout]    1:     0x633cac8921ba - core[a373ad73a504971]::fmt::write
[INFO] [stdout]    2:     0x633cac8821ec - <alloc[2e1b2a31b91974c5]::vec::Vec<u8> as core[a373ad73a504971]::io::write::Write>::write_fmt
[INFO] [stdout]    3:     0x633cac858aa6 - std[617be2ca0a6fd877]::panicking::default_hook::{closure#0}
[INFO] [stdout]    4:     0x633cac875359 - std[617be2ca0a6fd877]::panicking::default_hook
[INFO] [stdout]    5:     0x633cac80cee0 - test[aada8e7e76ba119b]::test_main_inner::{closure#0}
[INFO] [stdout]    6:     0x633cac875512 - std[617be2ca0a6fd877]::panicking::panic_with_hook
[INFO] [stdout]    7:     0x633cac858b52 - std[617be2ca0a6fd877]::panicking::panic_handler::{closure#0}
[INFO] [stdout]    8:     0x633cac851869 - std[617be2ca0a6fd877]::sys::backtrace::__rust_end_short_backtrace::<std[617be2ca0a6fd877]::panicking::panic_handler::{closure#0}, !>
[INFO] [stdout]    9:     0x633cac85975d - __rustc[ea4f61d10b84890b]::rust_begin_unwind
[INFO] [stdout]   10:     0x633cac8928ec - core[a373ad73a504971]::panicking::panic_fmt
[INFO] [stdout]   11:     0x633cac8926c2 - core[a373ad73a504971]::result::unwrap_failed
[INFO] [stdout]   12:     0x633cac841719 - <&mut std[617be2ca0a6fd877]::process::Command as assert_cmd[cf7a4113ff4aac3b]::assert::OutputAssertExt>::assert
[INFO] [stdout]   13:     0x633cac7ffac2 - <test[9288516c9fa1735f]::test_example::{closure#0} as core[a373ad73a504971]::ops::function::FnOnce<()>>::call_once
[INFO] [stdout]   14:     0x633cac80032b - test[aada8e7e76ba119b]::__rust_begin_short_backtrace::<core[a373ad73a504971]::result::Result<(), alloc[2e1b2a31b91974c5]::string::String>, fn() -> core[a373ad73a504971]::result::Result<(), alloc[2e1b2a31b91974c5]::string::String>>
[INFO] [stdout]   15:     0x633cac80d505 - test[aada8e7e76ba119b]::run_test::{closure#0}
[INFO] [stdout]   16:     0x633cac806df4 - std[617be2ca0a6fd877]::sys::backtrace::__rust_begin_short_backtrace::<test[aada8e7e76ba119b]::run_test::{closure#1}, ()>
[INFO] [stdout]   17:     0x633cac810592 - <std[617be2ca0a6fd877]::thread::lifecycle::spawn_unchecked<test[aada8e7e76ba119b]::run_test::{closure#1}, ()>::{closure#1} as core[a373ad73a504971]::ops::function::FnOnce<()>>::call_once::{shim:vtable#0}
[INFO] [stdout]   18:     0x633cac87c51f - <std[617be2ca0a6fd877]::sys::thread::unix::Thread>::new::thread_start
[INFO] [stdout]   19:     0x73d6c304edfa - <unknown>
[INFO] [stdout]   20:     0x73d6c30e23d4 - clone
[INFO] [stdout]   21:                0x0 - <unknown>
[INFO] [stdout] 
[INFO] [stdout] ---- test_context stdout ----
[INFO] [stdout] 
[INFO] [stdout] thread 'test_context' (792) panicked at /opt/rustwide/cargo-home/registry/src/index.crates.io-1949cf8c6b5b557f/assert_cmd-0.9.1/src/assert.rs:61:36:
[INFO] [stdout] called `Result::unwrap()` on an `Err` value: Os { code: 2, kind: NotFound, message: "No such file or directory" }
[INFO] [stdout] stack backtrace:
[INFO] [stdout]    0:     0x633cac87cd41 - <<std[617be2ca0a6fd877]::sys::backtrace::BacktraceLock>::print::DisplayBacktrace as core[a373ad73a504971]::fmt::Display>::fmt
[INFO] [stdout]    1:     0x633cac8921ba - core[a373ad73a504971]::fmt::write
[INFO] [stdout]    2:     0x633cac8821ec - <alloc[2e1b2a31b91974c5]::vec::Vec<u8> as core[a373ad73a504971]::io::write::Write>::write_fmt
[INFO] [stdout]    3:     0x633cac858aa6 - std[617be2ca0a6fd877]::panicking::default_hook::{closure#0}
[INFO] [stdout]    4:     0x633cac875359 - std[617be2ca0a6fd877]::panicking::default_hook
[INFO] [stdout]    5:     0x633cac80cee0 - test[aada8e7e76ba119b]::test_main_inner::{closure#0}
[INFO] [stdout]    6:     0x633cac875512 - std[617be2ca0a6fd877]::panicking::panic_with_hook
[INFO] [stdout]    7:     0x633cac858b52 - std[617be2ca0a6fd877]::panicking::panic_handler::{closure#0}
[INFO] [stdout]    8:     0x633cac851869 - std[617be2ca0a6fd877]::sys::backtrace::__rust_end_short_backtrace::<std[617be2ca0a6fd877]::panicking::panic_handler::{closure#0}, !>
[INFO] [stdout]    9:     0x633cac85975d - __rustc[ea4f61d10b84890b]::rust_begin_unwind
[INFO] [stdout]   10:     0x633cac8928ec - core[a373ad73a504971]::panicking::panic_fmt
[INFO] [stdout]   11:     0x633cac8926c2 - core[a373ad73a504971]::result::unwrap_failed
[INFO] [stdout]   12:     0x633cac841719 - <&mut std[617be2ca0a6fd877]::process::Command as assert_cmd[cf7a4113ff4aac3b]::assert::OutputAssertExt>::assert
[INFO] [stdout]   13:     0x633cac7ff532 - <test[9288516c9fa1735f]::test_context::{closure#0} as core[a373ad73a504971]::ops::function::FnOnce<()>>::call_once
[INFO] [stdout]   14:     0x633cac80032b - test[aada8e7e76ba119b]::__rust_begin_short_backtrace::<core[a373ad73a504971]::result::Result<(), alloc[2e1b2a31b91974c5]::string::String>, fn() -> core[a373ad73a504971]::result::Result<(), alloc[2e1b2a31b91974c5]::string::String>>
[INFO] [stdout]   15:     0x633cac80d505 - test[aada8e7e76ba119b]::run_test::{closure#0}
[INFO] [stdout]   16:     0x633cac806df4 - std[617be2ca0a6fd877]::sys::backtrace::__rust_begin_short_backtrace::<test[aada8e7e76ba119b]::run_test::{closure#1}, ()>
[INFO] [stdout]   17:     0x633cac810592 - <std[617be2ca0a6fd877]::thread::lifecycle::spawn_unchecked<test[aada8e7e76ba119b]::run_test::{closure#1}, ()>::{closure#1} as core[a373ad73a504971]::ops::function::FnOnce<()>>::call_once::{shim:vtable#0}
[INFO] [stdout]   18:     0x633cac87c51f - <std[617be2ca0a6fd877]::sys::thread::unix::Thread>::new::thread_start
[INFO] [stdout]   19:     0x73d6c304edfa - <unknown>
[INFO] [stdout]   20:     0x73d6c30e23d4 - clone
[INFO] [stdout]   21:                0x0 - <unknown>
[INFO] [stdout] 
[INFO] [stdout] ---- test_display stdout ----
[INFO] [stdout] 
[INFO] [stdout] thread 'test_display' (793) panicked at /opt/rustwide/cargo-home/registry/src/index.crates.io-1949cf8c6b5b557f/assert_cmd-0.9.1/src/assert.rs:61:36:
[INFO] [stdout] called `Result::unwrap()` on an `Err` value: Os { code: 2, kind: NotFound, message: "No such file or directory" }
[INFO] [stdout] stack backtrace:
[INFO] [stdout]    0:     0x633cac87cd41 - <<std[617be2ca0a6fd877]::sys::backtrace::BacktraceLock>::print::DisplayBacktrace as core[a373ad73a504971]::fmt::Display>::fmt
[INFO] [stdout]    1:     0x633cac8921ba - core[a373ad73a504971]::fmt::write
[INFO] [stdout]    2:     0x633cac8821ec - <alloc[2e1b2a31b91974c5]::vec::Vec<u8> as core[a373ad73a504971]::io::write::Write>::write_fmt
[INFO] [stdout]    3:     0x633cac858aa6 - std[617be2ca0a6fd877]::panicking::default_hook::{closure#0}
[INFO] [stdout]    4:     0x633cac875359 - std[617be2ca0a6fd877]::panicking::default_hook
[INFO] [stdout]    5:     0x633cac80cee0 - test[aada8e7e76ba119b]::test_main_inner::{closure#0}
[INFO] [stdout]    6:     0x633cac875512 - std[617be2ca0a6fd877]::panicking::panic_with_hook
[INFO] [stdout]    7:     0x633cac858b52 - std[617be2ca0a6fd877]::panicking::panic_handler::{closure#0}
[INFO] [stdout]    8:     0x633cac851869 - std[617be2ca0a6fd877]::sys::backtrace::__rust_end_short_backtrace::<std[617be2ca0a6fd877]::panicking::panic_handler::{closure#0}, !>
[INFO] [stdout]    9:     0x633cac85975d - __rustc[ea4f61d10b84890b]::rust_begin_unwind
[INFO] [stdout]   10:     0x633cac8928ec - core[a373ad73a504971]::panicking::panic_fmt
[INFO] [stdout]   11:     0x633cac8926c2 - core[a373ad73a504971]::result::unwrap_failed
[INFO] [stdout]   12:     0x633cac841719 - <&mut std[617be2ca0a6fd877]::process::Command as assert_cmd[cf7a4113ff4aac3b]::assert::OutputAssertExt>::assert
[INFO] [stdout]   13:     0x633cac7ff7ec - <test[9288516c9fa1735f]::test_display::{closure#0} as core[a373ad73a504971]::ops::function::FnOnce<()>>::call_once
[INFO] [stdout]   14:     0x633cac80032b - test[aada8e7e76ba119b]::__rust_begin_short_backtrace::<core[a373ad73a504971]::result::Result<(), alloc[2e1b2a31b91974c5]::string::String>, fn() -> core[a373ad73a504971]::result::Result<(), alloc[2e1b2a31b91974c5]::string::String>>
[INFO] [stdout]   15:     0x633cac80d505 - test[aada8e7e76ba119b]::run_test::{closure#0}
[INFO] [stdout]   16:     0x633cac806df4 - std[617be2ca0a6fd877]::sys::backtrace::__rust_begin_short_backtrace::<test[aada8e7e76ba119b]::run_test::{closure#1}, ()>
[INFO] [stdout]   17:     0x633cac810592 - <std[617be2ca0a6fd877]::thread::lifecycle::spawn_unchecked<test[aada8e7e76ba119b]::run_test::{closure#1}, ()>::{closure#1} as core[a373ad73a504971]::ops::function::FnOnce<()>>::call_once::{shim:vtable#0}
[INFO] [stdout]   18:     0x633cac87c51f - <std[617be2ca0a6fd877]::sys::thread::unix::Thread>::new::thread_start
[INFO] [stdout]   19:     0x73d6c304edfa - <unknown>
[INFO] [stdout]   20:     0x73d6c30e23d4 - clone
[INFO] [stdout]   21:                0x0 - <unknown>
[INFO] [stdout] 
[INFO] [stdout] ---- test_no_backtrace stdout ----
[INFO] [stdout] 
[INFO] [stdout] thread 'test_no_backtrace' (797) panicked at /opt/rustwide/cargo-home/registry/src/index.crates.io-1949cf8c6b5b557f/assert_cmd-0.9.1/src/assert.rs:61:36:
[INFO] [stdout] called `Result::unwrap()` on an `Err` value: Os { code: 2, kind: NotFound, message: "No such file or directory" }
[INFO] [stdout] stack backtrace:
[INFO] [stdout]    0:     0x633cac87cd41 - <<std[617be2ca0a6fd877]::sys::backtrace::BacktraceLock>::print::DisplayBacktrace as core[a373ad73a504971]::fmt::Display>::fmt
[INFO] [stdout]    1:     0x633cac8921ba - core[a373ad73a504971]::fmt::write
[INFO] [stdout]    2:     0x633cac8821ec - <alloc[2e1b2a31b91974c5]::vec::Vec<u8> as core[a373ad73a504971]::io::write::Write>::write_fmt
[INFO] [stdout]    3:     0x633cac858aa6 - std[617be2ca0a6fd877]::panicking::default_hook::{closure#0}
[INFO] [stdout]    4:     0x633cac875359 - std[617be2ca0a6fd877]::panicking::default_hook
[INFO] [stdout]    5:     0x633cac80cee0 - test[aada8e7e76ba119b]::test_main_inner::{closure#0}
[INFO] [stdout]    6:     0x633cac875512 - std[617be2ca0a6fd877]::panicking::panic_with_hook
[INFO] [stdout]    7:     0x633cac858b52 - std[617be2ca0a6fd877]::panicking::panic_handler::{closure#0}
[INFO] [stdout]    8:     0x633cac851869 - std[617be2ca0a6fd877]::sys::backtrace::__rust_end_short_backtrace::<std[617be2ca0a6fd877]::panicking::panic_handler::{closure#0}, !>
[INFO] [stdout]    9:     0x633cac85975d - __rustc[ea4f61d10b84890b]::rust_begin_unwind
[INFO] [stdout]   10:     0x633cac8928ec - core[a373ad73a504971]::panicking::panic_fmt
[INFO] [stdout]   11:     0x633cac8926c2 - core[a373ad73a504971]::result::unwrap_failed
[INFO] [stdout]   12:     0x633cac841719 - <&mut std[617be2ca0a6fd877]::process::Command as assert_cmd[cf7a4113ff4aac3b]::assert::OutputAssertExt>::assert
[INFO] [stdout]   13:     0x633cac80008e - <test[9288516c9fa1735f]::test_no_backtrace::{closure#0} as core[a373ad73a504971]::ops::function::FnOnce<()>>::call_once
[INFO] [stdout]   14:     0x633cac80032b - test[aada8e7e76ba119b]::__rust_begin_short_backtrace::<core[a373ad73a504971]::result::Result<(), alloc[2e1b2a31b91974c5]::string::String>, fn() -> core[a373ad73a504971]::result::Result<(), alloc[2e1b2a31b91974c5]::string::String>>
[INFO] [stdout]   15:     0x633cac80d505 - test[aada8e7e76ba119b]::run_test::{closure#0}
[INFO] [stdout]   16:     0x633cac806df4 - std[617be2ca0a6fd877]::sys::backtrace::__rust_begin_short_backtrace::<test[aada8e7e76ba119b]::run_test::{closure#1}, ()>
[INFO] [stdout]   17:     0x633cac810592 - <std[617be2ca0a6fd877]::thread::lifecycle::spawn_unchecked<test[aada8e7e76ba119b]::run_test::{closure#1}, ()>::{closure#1} as core[a373ad73a504971]::ops::function::FnOnce<()>>::call_once::{shim:vtable#0}
[INFO] [stdout]   18:     0x633cac87c51f - <std[617be2ca0a6fd877]::sys::thread::unix::Thread>::new::thread_start
[INFO] [stdout]   19:     0x73d6c304edfa - <unknown>
[INFO] [stdout]   20:     0x73d6c30e23d4 - clone
[INFO] [stdout]   21:                0x0 - <unknown>
[INFO] [stdout] 
[INFO] [stdout] 
[INFO] [stdout] failures:
[INFO] [stdout]     test_backtrace
[INFO] [stdout]     test_context
[INFO] [stdout]     test_display
[INFO] [stdout]     test_example
[INFO] [stdout]     test_no_backtrace
[INFO] [stdout] 
[INFO] [stdout] test result: FAILED. 0 passed; 5 failed; 0 ignored; 0 measured; 0 filtered out; finished in 0.01s
[INFO] [stdout] 
[INFO] running `Command { std: "docker" "inspect" "e4c79d647dd03e90cf177c6d1c69cb51f1c549248b491af1a0f2b66683bcf88b", kill_on_drop: false }`
[INFO] running `Command { std: "docker" "rm" "-f" "e4c79d647dd03e90cf177c6d1c69cb51f1c549248b491af1a0f2b66683bcf88b", kill_on_drop: false }`
[INFO] [stdout] e4c79d647dd03e90cf177c6d1c69cb51f1c549248b491af1a0f2b66683bcf88b
